Results for 3.3.3 (Debian 20040321) testsuite on alpha-unknown-linux-gnu
Matthias Klose
doko@gluck.debian.org
Thu Mar 25 00:54:00 GMT 2004
LAST_UPDATED:
Native configuration is alpha-unknown-linux-gnu
=== libjava tests ===
Running target unix
WARNING: program timed out.
FAIL: SyncTest execution - gij test
WARNING: program timed out.
FAIL: SyncTest -O execution - bytecode->native test
FAIL: initexc execution - gij test
FAIL: initexc execution - gij test
=== libjava Summary ===
# of expected passes 2983
# of unexpected failures 4
# of expected failures 16
# of untested testcases 16
=== libstdc++-v3 check-abi Summary ===
# of added symbols: 40
# of missing symbols: 0
# of incompatible symbols: 0
using: /build/buildd/gcc-3.3-3.3.3ds6/src/libstdc++-v3/config/abi/alpha-linux-gnu/baseline_symbols.txt
=== libstdc++-v3 tests ===
Running target unix
XPASS: 22_locale/collate_byname.cc execution test
XPASS: 22_locale/collate_members_char.cc execution test
XPASS: 22_locale/collate_members_wchar_t.cc execution test
XPASS: 22_locale/ctype_is_char.cc execution test
XPASS: 22_locale/ctype_is_wchar_t.cc execution test
XPASS: 22_locale/members.cc execution test
XPASS: 22_locale/messages_byname.cc execution test
XPASS: 22_locale/messages_members_char.cc execution test
XPASS: 22_locale/moneypunct_byname.cc execution test
XPASS: 22_locale/moneypunct_members_char.cc execution test
XPASS: 22_locale/moneypunct_members_wchar_t.cc execution test
XPASS: 22_locale/numpunct_byname.cc execution test
XPASS: 22_locale/numpunct_members_char.cc execution test
XPASS: 22_locale/numpunct_members_wchar_t.cc execution test
FAIL: 26_numerics/fabs_inline.cc (test for excess errors)
WARNING: 26_numerics/fabs_inline.cc compilation failed to produce executable
=== libstdc++-v3 Summary ===
# of expected passes 451
# of unexpected failures 1
# of unexpected successes 14
# of expected failures 14
=== g++ tests ===
Running target unix
XPASS: g++.other/init5.C Execution test
=== g++ Summary ===
# of expected passes 8197
# of unexpected successes 1
# of expected failures 93
# of untested testcases 22
# of unsupported tests 29
/build/buildd/gcc-3.3-3.3.3ds6/build/gcc/testsuite/../g++ version 3.3.3 (Debian 20040321)
=== g77 tests ===
Running target unix
=== g77 Summary ===
# of expected passes 1720
# of unsupported tests 8
/build/buildd/gcc-3.3-3.3.3ds6/build/gcc/testsuite/../g77 version 3.3.3 (Debian 20040321)
=== gcc tests ===
Running target unix
FAIL: gcc.c-torture/execute/20020227-1.c compilation, -O0
UNRESOLVED: gcc.c-torture/execute/20020227-1.c execution, -O0
FAIL: gcc.c-torture/execute/20020227-1.c compilation, -O1
UNRESOLVED: gcc.c-torture/execute/20020227-1.c execution, -O1
FAIL: gcc.c-torture/execute/20020227-1.c compilation, -O2
UNRESOLVED: gcc.c-torture/execute/20020227-1.c execution, -O2
FAIL: gcc.c-torture/execute/20020227-1.c compilation, -O3 -fomit-frame-pointer
UNRESOLVED: gcc.c-torture/execute/20020227-1.c execution, -O3 -fomit-frame-pointer
FAIL: gcc.c-torture/execute/20020227-1.c compilation, -O3 -g
UNRESOLVED: gcc.c-torture/execute/20020227-1.c execution, -O3 -g
FAIL: gcc.c-torture/execute/20020227-1.c compilation, -Os
UNRESOLVED: gcc.c-torture/execute/20020227-1.c execution, -Os
FAIL: gcc.c-torture/execute/simd-2.c compilation, -O3 -fomit-frame-pointer
UNRESOLVED: gcc.c-torture/execute/simd-2.c execution, -O3 -fomit-frame-pointer
FAIL: gcc.c-torture/execute/simd-2.c compilation, -O3 -g
UNRESOLVED: gcc.c-torture/execute/simd-2.c execution, -O3 -g
FAIL: gcc.dg/duff-2.c (test for excess errors)
=== gcc Summary ===
# of expected passes 21143
# of unexpected failures 9
# of expected failures 72
# of unresolved testcases 8
# of unsupported tests 185
/build/buildd/gcc-3.3-3.3.3ds6/build/gcc/xgcc version 3.3.3 (Debian 20040321)
=== objc tests ===
Running target unix
=== objc Summary ===
# of expected passes 1166
/build/buildd/gcc-3.3-3.3.3ds6/build/gcc/xgcc version 3.3.3 (Debian 20040321)
=== treelang tests ===
Running target unix
=== treelang Summary ===
# of expected passes 1
Compiler version: 3.3.3 (Debian 20040321)
Platform: alpha-unknown-linux-gnu
configure flags: --host=alpha-linux -v --enable-languages=c,c++,java,f77,pascal,objc,ada,treelang --prefix=/usr --mandir=/usr/share/man --infodir=/usr/share/info --with-gxx-include-dir=/usr/include/c++/3.3 --enable-shared --with-system-zlib --enable-nls --without-included-gettext --enable-__cxa_atexit --enable-clocale=gnu --enable-debug --enable-java-gc=boehm --enable-java-awt=xlib,gtk --enable-objc-gc
BOOT_CFLAGS=-g -O2
Build Dependencies:
Desired=Unknown/Install/Remove/Purge/Hold
| Status=Not/Installed/Config-files/Unpacked/Failed-config/Half-installed
|/ Err?=(none)/Hold/Reinst-required/X=both-problems (Status,Err: uppercase=bad)
||/ Name Version Description
+++-==============-==============-============================================
ii binutils 2.14.90.0.7-5 The GNU assembler, linker and binary utiliti
ii libc6.1-dev 2.3.2.ds1-11 GNU C Library: Development Libraries and Hea
Patches that Debian applied in this version:
cvs-updates:
CVS updates from the 3.3 branch upto 20040323.
pr10776-backout:
Revert PR opt/10776:
2004-03-12 Gabriel Dos Reis <gdr@integrable-solutions.net>
Backport:
2004-01-12 Richard Henderson <rth@redhat.com>
PR opt/10776
* typeck2.c (split_nonconstant_init_1, split_nonconstant_init): New.
(store_init_value): Use it.
* decl.c (check_initializer): Expect full initialization code
from store_init_value.
* init.c (expand_aggr_init_1): Likewise.
* decl2.c (maybe_emit_vtables): Abort if runtime init needed.
gcc-version:
Add "(Debian)" to the gcc version string
rename-info-files:
Allow transformations on info file names. Reference the
transformed info file names in the texinfo files.
libstdc++-pic:
Build and install libstdc++_pic.a library.
libstdc++-doclink:
link local libstdc++ documentation to local source-level documentation
gccbug:
Use sensible-editor instead of vi as fallback editor
libtool-rpath:
2003-03-10 Andreas Schwab <schwab at suse dot de>
With the introduction of multi-os-directory the libdir specification in
*.la files have /. appended to \$(libdir). This confuses libtool when it
tries to find out whether to add -rpath, because it only matches literally
against sys_lib_dlsearch_path members. Tested on i386-linux.
mips-branch-fix:
Fix #207915 (PR11716).
Make GCC think that the maximum length of a short branch is
64K instead of 128K. It's a big hammer, but it works.
hppa-libffi:
libffi support for hppa
hppa-libjava:
Enable libjava support for hppa
test-summary:
add libstdc++-v3's check summary to the test summary
gcj-without-rpath:
don't define runtime link path for java binaries and libraries
libffi-install:
Allows libffi to be installed
libffi-no-debug:
Do not build libffi with debug information, although configuring
with --enable-debug
deb-protoize:
build protoize/unprotoize by default
libobjc:
Find gc.h header in /usr/include/gc for --enable-objc-gc enabled builds.
ada-gcc-name:
use gcc-3.3 instead of gcc and gnatXXX-3.15 instead of gnatXXX
as the command names.
gpc-20030830-patch-update:
update the gpc diffs to recent gcc sources
gpc-3.x:
The gpc patch from the gpc tarball.
gpc-names:
versioned gpc names
gpc-only-update1:
gpc-only-update2:
gpc-only-update5:
nonlocal goto patch for gpc
gpc-only-update7:
correction to stabs+ debug info
gpc-update-makefile:
gpc-update9:
- Fix a spurious error message in Extended Pascal mode.
- Correctly handle access to packed fields
gpc-only-update10:
Another gpc update ...
alpha-ieee:
#212912
on alpha-linux, make -mieee default and add -mieee-disable switch
to turn default off
reporting:
<compiler> --help gives hint to /usr/share/doc/debian/bug-reporting.txt
autoreconf:
autoreconf several directories for proper mipsen libtool support
Counting all warnings,
there are 336 warnings in stage3 of this bootstrap.
Number of warnings per file:
225 SYSCALLS.c
49 parse.c
6 ./ffe.texi
5 gcc/treelang/parse.c
4 gcc/p/statements.c
4 gcc/p/lang-specs.h
4 gcc/config/alpha/alpha.c
4 ./intdoc.texi
3 gcc/tlink.c
3 /usr/share/bison/bison.simple
2 gcc/p/rts/endian.pas
2 gcc/p/gpc.c
2 gcc/objc/lang-specs.h
2 gcc/gcc.c
2 gcc/f/sta.c
2 gcc/crtstuff.c
1 libiberty/choose-temp.c
1 insn-conditions.c
1 gt-ada-utils.h
1 gt-ada-decl.h
1 gcc/varasm.c
1 gcc/unwind-pe.h
1 gcc/regrename.c
1 gcc/ra-colorize.c
1 gcc/ra-build.c
1 gcc/p/objects.c
1 gcc/p/gpc-lex.c
1 gcc/java/jvspec.c
1 gcc/cp/init.c
1 gcc/cp/except.c
1 gcc/collect2.c
1 gcc/ada/decl.c
1 ada/b_gnatb.c
Number of warning types:
224 function declaration isn't a prototype
55 traditional C rejects ISO C style function definitions
10 string length `???' is greater than the length `???' ISO C89 compilers are required to support
6 undefined flag: srcdir.
4 comparison of unsigned expression < 0 is always false
3 traditional C rejects the `UL' suffix
3 label `???' defined but not used
3 assignment makes pointer from integer without a cast
2 unused variable `???'
2 unlikely character ) in @var.
2 unlikely character ( in @var.
2 traditional C rejects string concatenation
2 statement with no effect
2 passing arg ??? of `???' discards qualifiers from pointer target type
2 implicit declaration of function `???'
2 dereferencing type-punned pointer will break strict-aliasing rules
2 conflicting types for built-in function `???'
2 comparison between signed and unsigned
2 `???' defined but not used
1 unused parameter `???'
1 the use of `???' is dangerous, better use `???'
1 initialization makes pointer from integer without a cast
1 cast to pointer from integer of different size
1 `long' switch expression not converted to `int' in ISO C
1 `???' might be used uninitialized in this function
More information about the Gcc-testresults
mailing list