Results for 3.3.3 gcc testsuite on sparc-sun-solaris2.8
Mats Jakobsson
Mats.Jakobsson@tietoenator.com
Mon Mar 22 11:07:00 GMT 2004
LAST_UPDATED:
Native configuration is sparc-sun-solaris2.8
=== gcc tests ===
Running target unix
WARNING: gcc.dg/20021014-1.c compilation failed to produce executable
FAIL: gcc.dg/duff-2.c (test for excess errors)
/mod/install/Gcc/gcc-3.3.3/gcc/testsuite/gcc.dg/duff-2.c: In function
`cksum':
/mod/install/Gcc/gcc-3.3.3/gcc/testsuite/gcc.dg/duff-2.c:28: warning:
unreachable code at beginning of switch statement
=== gcc Summary ===
# of expected passes 21484
# of unexpected failures 1
# of expected failures 67
# of unsupported tests 183
/mod/install/Gcc/objdir/gcc/xgcc version 3.3.3
Compiler version: 3.3.3 gcc
Platform: sparc-sun-solaris2.8
configure flags: --host=sparc-sun-solaris2.8
More information about the Gcc-testresults
mailing list