Results for 3.5.0 20040319 (experimental) testsuite on i686-pc-linux-gnu
Christian Joensson
chj@j-son.org
Sat Mar 20 03:31:00 GMT 2004
Fedora Core 1 (FC1) ia32 pentium II single i686:
binutils-2.14.90.0.6-4
bison-1.875-5
dejagnu-1.4.2-10
expect-5.39.0-93
gcc-3.3.2-1
glibc-2.3.2-101.4
glibc-kernheaders-2.4-8.36
kernel-2.4.22-1.2174.nptl
tcl-8.3.5-93
LAST_UPDATED: Fri Mar 19 12:49:49 UTC 2004
Native configuration is i686-pc-linux-gnu
=== binutils tests ===
Running target unix/-fPIC
=== binutils Summary for unix/-fPIC ===
# of expected passes 33
Running target unix
=== binutils Summary for unix ===
# of expected passes 33
=== binutils Summary ===
# of expected passes 66
=== gas tests ===
Running target unix/-fPIC
=== gas Summary for unix/-fPIC ===
# of expected passes 74
Running target unix
=== gas Summary for unix ===
# of expected passes 74
=== gas Summary ===
# of expected passes 148
=== g77 tests ===
Running target unix/-fPIC
=== g77 Summary for unix/-fPIC ===
# of expected passes 1800
Running target unix
=== g77 Summary for unix ===
# of expected passes 1800
=== g77 Summary ===
# of expected passes 3600
/usr/local/src/trunk/objdir/gcc/testsuite/../g77 version 3.5.0 20040319 (experimental)
=== gcc tests ===
Running target unix/-fPIC
FAIL: gcc.c-torture/compile/20000804-1.c (test for excess errors)
FAIL: gcc.c-torture/compile/20000804-1.c (test for excess errors)
FAIL: gcc.c-torture/execute/va-arg-25.c execution, -Os
FAIL: gcc.dg/20011119-1.c (test for excess errors)
WARNING: gcc.dg/20011119-1.c compilation failed to produce executable
WARNING: program timed out.
FAIL: gcc.dg/20020616-1.c execution test
FAIL: gcc.dg/20020919-1.c (test for errors, line 132)
FAIL: gcc.dg/20020919-1.c (test for errors, line 177)
FAIL: gcc.dg/20020919-1.c (test for errors, line 231)
FAIL: gcc.dg/20020919-1.c (test for errors, line 244)
FAIL: gcc.dg/20020919-1.c (test for excess errors)
FAIL: gcc.dg/c99-complit-2.c non-const (test for errors, line 40)
FAIL: gcc.dg/c99-complit-2.c non-const (test for errors, line 42)
FAIL: gcc.dg/c99-complit-2.c non-const (test for errors, line 46)
FAIL: gcc.dg/c99-complit-2.c struct bad init (test for errors, line 51)
FAIL: gcc.dg/c99-complit-2.c union bad init (test for errors, line 53)
FAIL: gcc.dg/c99-complit-2.c array bad init (test for errors, line 58)
FAIL: gcc.dg/c99-complit-2.c array bad init (test for errors, line 66)
FAIL: gcc.dg/c99-complit-2.c (test for excess errors)
FAIL: gcc.dg/clobbers.c (test for excess errors)
WARNING: gcc.dg/clobbers.c compilation failed to produce executable
FAIL: gcc.dg/i386-387-3.c scan-assembler fldpi
FAIL: gcc.dg/i386-387-4.c scan-assembler fldpi
FAIL: gcc.dg/i386-cmov1.c scan-assembler sar[^\\\\n]*magic_namea
FAIL: gcc.dg/i386-cmov1.c scan-assembler sar[^\\\\n]*magic_nameb
FAIL: gcc.dg/i386-cmov1.c scan-assembler sar[^\\\\n]*magic_namec
FAIL: gcc.dg/i386-cmov1.c scan-assembler shr[^\\\\n]*magic_named
FAIL: gcc.dg/i386-cmov1.c scan-assembler shr[^\\\\n]*magic_namee
FAIL: gcc.dg/i386-cmov1.c scan-assembler shr[^\\\\n]*magic_namef
FAIL: gcc.dg/i386-local2.c scan-assembler-not sub[^\\\\n]*sp
FAIL: gcc.dg/i386-mul.c scan-assembler and[^\\\\n]*magic
FAIL: gcc.dg/i386-ssetype-1.c scan-assembler andpd[^\\\\n]*magic
FAIL: gcc.dg/i386-ssetype-1.c scan-assembler andnpd[^\\\\n]*magic
FAIL: gcc.dg/i386-ssetype-1.c scan-assembler xorpd[^\\\\n]*magic
FAIL: gcc.dg/i386-ssetype-1.c scan-assembler orpd[^\\\\n]*magic
FAIL: gcc.dg/i386-ssetype-1.c scan-assembler movapd[^\\\\n]*magic
FAIL: gcc.dg/i386-ssetype-3.c scan-assembler andps[^\\\\n]*magic
FAIL: gcc.dg/i386-ssetype-3.c scan-assembler andnps[^\\\\n]*magic
FAIL: gcc.dg/i386-ssetype-3.c scan-assembler xorps[^\\\\n]*magic
FAIL: gcc.dg/i386-ssetype-3.c scan-assembler orps[^\\\\n]*magic
FAIL: gcc.dg/i386-ssetype-3.c scan-assembler movaps[^\\\\n]*magic
FAIL: gcc.dg/i386-ssetype-5.c scan-assembler pand[^\\\\n]*magic
FAIL: gcc.dg/i386-ssetype-5.c scan-assembler pandn[^\\\\n]*magic
FAIL: gcc.dg/i386-ssetype-5.c scan-assembler pxor[^\\\\n]*magic
FAIL: gcc.dg/i386-ssetype-5.c scan-assembler por[^\\\\n]*magic
FAIL: gcc.dg/sibcall-6.c execution test
=== gcc Summary for unix/-fPIC ===
# of expected passes 24923
# of unexpected failures 44
# of expected failures 64
# of untested testcases 7
# of unsupported tests 186
Running target unix
FAIL: gcc.c-torture/execute/va-arg-25.c execution, -Os
FAIL: gcc.dg/c99-complit-2.c non-const (test for errors, line 40)
FAIL: gcc.dg/c99-complit-2.c non-const (test for errors, line 42)
FAIL: gcc.dg/c99-complit-2.c non-const (test for errors, line 46)
FAIL: gcc.dg/c99-complit-2.c struct bad init (test for errors, line 51)
FAIL: gcc.dg/c99-complit-2.c union bad init (test for errors, line 53)
FAIL: gcc.dg/c99-complit-2.c array bad init (test for errors, line 58)
FAIL: gcc.dg/c99-complit-2.c array bad init (test for errors, line 66)
FAIL: gcc.dg/c99-complit-2.c (test for excess errors)
=== gcc Summary for unix ===
# of expected passes 24960
# of unexpected failures 9
# of expected failures 64
# of untested testcases 7
# of unsupported tests 186
=== gcc Summary ===
# of expected passes 49883
# of unexpected failures 53
# of expected failures 128
# of untested testcases 14
# of unsupported tests 372
/usr/local/src/trunk/objdir/gcc/xgcc version 3.5.0 20040319 (experimental)
=== g++ tests ===
Running target unix/-fPIC
FAIL: g++.dg/other/nontype-1.C (test for errors, line 3)
FAIL: g++.dg/other/nontype-1.C (test for errors, line 4)
FAIL: g++.dg/other/nontype-1.C (test for errors, line 5)
FAIL: g++.dg/other/nontype-1.C (test for excess errors)
WARNING: g++.old-deja/g++.mike/p10769a.C compilation failed to produce executable
WARNING: g++.old-deja/g++.other/enum5.C compilation failed to produce executable
XPASS: g++.old-deja/g++.other/init5.C execution test
FAIL: g++.old-deja/g++.pt/asm1.C (test for excess errors)
FAIL: g++.old-deja/g++.pt/asm2.C (test for excess errors)
WARNING: g++.old-deja/g++.pt/friend44.C compilation failed to produce executable
FAIL: g++.old-deja/g++.pt/ttp20.C (test for excess errors)
WARNING: g++.old-deja/g++.pt/ttp20.C compilation failed to produce executable
FAIL: g++.old-deja/g++.pt/ttp21.C (test for excess errors)
WARNING: g++.old-deja/g++.pt/ttp21.C compilation failed to produce executable
FAIL: g++.old-deja/g++.pt/ttp22.C (test for excess errors)
WARNING: g++.old-deja/g++.pt/ttp22.C compilation failed to produce executable
FAIL: g++.old-deja/g++.pt/ttp23.C (test for excess errors)
WARNING: g++.old-deja/g++.pt/ttp23.C compilation failed to produce executable
FAIL: g++.old-deja/g++.pt/ttp61.C (test for excess errors)
=== g++ Summary for unix/-fPIC ===
# of expected passes 9708
# of unexpected failures 11
# of unexpected successes 1
# of expected failures 78
# of unsupported tests 35
Running target unix
FAIL: g++.dg/other/nontype-1.C (test for errors, line 3)
FAIL: g++.dg/other/nontype-1.C (test for errors, line 4)
FAIL: g++.dg/other/nontype-1.C (test for errors, line 5)
FAIL: g++.dg/other/nontype-1.C (test for excess errors)
WARNING: g++.old-deja/g++.mike/p10769a.C compilation failed to produce executable
WARNING: g++.old-deja/g++.other/enum5.C compilation failed to produce executable
XPASS: g++.old-deja/g++.other/init5.C execution test
WARNING: g++.old-deja/g++.pt/friend44.C compilation failed to produce executable
FAIL: g++.old-deja/g++.pt/ttp20.C (test for excess errors)
WARNING: g++.old-deja/g++.pt/ttp20.C compilation failed to produce executable
FAIL: g++.old-deja/g++.pt/ttp21.C (test for excess errors)
WARNING: g++.old-deja/g++.pt/ttp21.C compilation failed to produce executable
FAIL: g++.old-deja/g++.pt/ttp22.C (test for excess errors)
WARNING: g++.old-deja/g++.pt/ttp22.C compilation failed to produce executable
FAIL: g++.old-deja/g++.pt/ttp23.C (test for excess errors)
WARNING: g++.old-deja/g++.pt/ttp23.C compilation failed to produce executable
FAIL: g++.old-deja/g++.pt/ttp61.C (test for excess errors)
=== g++ Summary for unix ===
# of expected passes 9710
# of unexpected failures 9
# of unexpected successes 1
# of expected failures 78
# of unsupported tests 35
=== g++ Summary ===
# of expected passes 19418
# of unexpected failures 20
# of unexpected successes 2
# of expected failures 156
# of unsupported tests 70
/usr/local/src/trunk/objdir/gcc/testsuite/../g++ version 3.5.0 20040319 (experimental)
=== objc tests ===
Running target unix/-fPIC
=== objc Summary for unix/-fPIC ===
# of expected passes 1341
# of unsupported tests 8
Running target unix
=== objc Summary for unix ===
# of expected passes 1341
# of unsupported tests 8
=== objc Summary ===
# of expected passes 2682
# of unsupported tests 16
/usr/local/src/trunk/objdir/gcc/xgcc version 3.5.0 20040319 (experimental)
=== ld tests ===
Running target unix/-fPIC
ERROR: /usr/local/src/trunk/gcc-binutils/ld/testsuite/ld-cdtest/cdtest-foo.cc: compilation failed
UNRESOLVED: cdtest
UNRESOLVED: cdtest with -Ur
FAIL: visibility (hidden_undef_def) (non PIC)
FAIL: visibility (hidden_undef_def) (non PIC, load offset)
FAIL: visibility (hidden_undef_def)
FAIL: visibility (hidden_undef_def) (PIC main, non PIC so)
FAIL: visibility (hidden_undef_def) (PIC main)
FAIL: selective4
FAIL: selective5
FAIL: S-records
FAIL: S-records with constructors
=== ld Summary for unix/-fPIC ===
# of expected passes 190
# of unexpected failures 9
# of expected failures 2
# of unresolved testcases 2
Running target unix
ERROR: /usr/local/src/trunk/gcc-binutils/ld/testsuite/ld-cdtest/cdtest-foo.cc: compilation failed
UNRESOLVED: cdtest
UNRESOLVED: cdtest with -Ur
FAIL: visibility (hidden_undef_def) (non PIC)
FAIL: visibility (hidden_undef_def) (non PIC, load offset)
FAIL: visibility (hidden_undef_def)
FAIL: visibility (hidden_undef_def) (PIC main, non PIC so)
FAIL: visibility (hidden_undef_def) (PIC main)
FAIL: selective4
FAIL: selective5
=== ld Summary for unix ===
# of expected passes 192
# of unexpected failures 7
# of expected failures 2
# of unresolved testcases 2
=== ld Summary ===
# of expected passes 382
# of unexpected failures 16
# of expected failures 4
# of unresolved testcases 4
=== libffi tests ===
Running target unix/-fPIC
=== libffi Summary for unix/-fPIC ===
# of expected passes 212
# of unsupported tests 2
Running target unix
=== libffi Summary for unix ===
# of expected passes 212
# of unsupported tests 2
=== libffi Summary ===
# of expected passes 424
# of unsupported tests 4
=== libjava tests ===
Running target unix/-fPIC
FAIL: linking simple
=== libjava Summary for unix/-fPIC ===
# of expected passes 3306
# of unexpected failures 1
# of expected failures 15
# of untested testcases 16
Running target unix
FAIL: linking simple
=== libjava Summary for unix ===
# of expected passes 3306
# of unexpected failures 1
# of expected failures 15
# of untested testcases 16
=== libjava Summary ===
# of expected passes 6612
# of unexpected failures 2
# of expected failures 30
# of untested testcases 32
=== libstdc++-v3 check-abi Summary ===
# of added symbols: 283
# of missing symbols: 276
# of incompatible symbols: 311
=== libstdc++ tests ===
Running target unix/-fPIC
FAIL: ext/enc_filebuf/char/13189.cc (test for excess errors)
WARNING: ext/enc_filebuf/char/13189.cc compilation failed to produce executable
FAIL: ext/enc_filebuf/wchar_t/13189.cc (test for excess errors)
WARNING: ext/enc_filebuf/wchar_t/13189.cc compilation failed to produce executable
=== libstdc++ Summary for unix/-fPIC ===
# of expected passes 2625
# of unexpected failures 2
# of expected failures 6
Running target unix
XPASS: 26_numerics/c99_classification_macros_c.cc (test for excess errors)
=== libstdc++ Summary for unix ===
# of expected passes 2629
# of unexpected successes 1
# of expected failures 5
=== libstdc++ Summary ===
# of expected passes 5254
# of unexpected failures 2
# of unexpected successes 1
# of expected failures 11
Compiler version: 3.5.0 20040319 (experimental)
Platform: i686-pc-linux-gnu
configure flags: pentium2-linux --prefix=/usr/local/gcc-binutils --enable-__cxa_atexit --enable-shared --enable-threads=posix --with-system-zlib --enable-clocale=gnu --enable-languages=c,c++,f77,java,objc
Counting all warnings,
there are 86 warnings in stage0 of this bootstrap.
Number of warnings per file:
12 libiberty/regex.c
10 /usr/local/src/trunk/gcc-binutils/binutils/bucomm.c
10 libiberty/concat.c
6 fastjar/jartool.c
5 include/xregex2.h
4 libjava/java/lang/strtod.c
4 libjava/java/lang/dtoa.c
4 libiberty/floatformat.c
4 include/fibheap.h
3 libf2c/libI77/rsne.c
3 include/java-signal.h
3 <command line>
2 libtool
2 libjava/java/lang/natClassLoader.cc
2 include/gc_config_macros.h
1 /usr/local/src/trunk/gcc-binutils/boehm-gc/mark_rts.c
1 libobjc/sendmsg.c
1 libobjc/encoding.c
1 libjava/java/lang/e_exp.c
1 libjava/gnu/gcj/io/shs.cc
1 libjava/boehm.cc
1 libf2c/libI77/open.c
1 libf2c/libI77/inquire.c
1 lex.yy.c
1 java/net/natNetworkInterface.cc
1 include/private/../gc_config_macros.h
1 gcc/coretypes.h
Number of warning types:
12 signed and unsigned type in conditional expression
10 traditional C rejects ISO C style function definitions
10 the use of \`???' is dangerous, better use \`???'
5 ISO C90 does not support \`static' or type qualifiers in parameter array declarators
4 use of C99 hexadecimal floating constant
4 this is the location of the previous definition
4 pointer targets in passing arg ??? of \`???' differ in signedness
4 comparison between signed and unsigned integer expressions
4 bit-field \`???' type invalid in ISO C
3 'void restore()' declared \`static' but never defined
3 \`GC_LINUX_THREADS' redefined
2 string length \`???' is greater than the length \`???' ISO C89 compilers are required to support
1 'x' might be used uninitialized in this function
1 'x0' might be used uninitialized in this function
1 'void byteReverse()' declared \`static' but never defined
1 to ensure that POSIX-compatible ar will work
1 'target_flags' defined but not used
1 'spec_case' might be used uninitialized in this function
1 \`rtx' redefined
1 object name conflicts; overriding AR_FLAGS to 'cq'
1 'mlo' might be used uninitialized in this function
1 'k' might be used uninitialized in this function
1 'ilim' might be used uninitialized in this function
1 'ilim1' might be used uninitialized in this function
1 function returns address of local variable
1 'dn' might be used uninitialized in this function
1 'dn0' might be used uninitialized in this function
1 'delta' might be used uninitialized in this function
1 \`???' defined but not used
1 comparison between signed and unsigned
1 'bs' might be used uninitialized in this function
1 'bd' might be used uninitialized in this function
1 'bb' might be used uninitialized in this function
Counting all warnings,
there are 17 warnings in stage3 of this bootstrap.
Number of warnings per file:
5 gcc/config/i386/i386.md
3 insn-conditions.c
3 gengtype-lex.c
3 gcc/gcc.c
2 gcc/objc/lang-specs.h
1 gcc/java/jvspec.c
Number of warning types:
9 string length \`???' is greater than the length \`???' ISO C89 compilers are required to support
4 source missing a mode?
3 old-style parameter declaration
1 operand 1 missing mode?
More information about the Gcc-testresults
mailing list