Results for 3.5.0 20040319 (experimental) testsuite on ia64-suse-linux-gnu
Andreas Schwab
schwab@suse.de
Fri Mar 19 14:40:00 GMT 2004
LAST_UPDATED: Fri Mar 19 09:18:00 UTC 2004
=== acats tests ===
FAIL: ad8011a
FAIL: c380004
FAIL: c91004b
FAIL: c940010
FAIL: c95022b
FAIL: c95072a
FAIL: c95072b
FAIL: c954017
FAIL: c974004
FAIL: c974009
FAIL: c9a009a
FAIL: c9a009c
FAIL: c9a009h
FAIL: c9a010a
FAIL: c9a011a
FAIL: cb1010a
FAIL: cb20001
FAIL: cb20004
FAIL: cb41002
FAIL: cb5001a
FAIL: cb5001b
FAIL: cb5002a
FAIL: cd2a83c
FAIL: cd2a91c
FAIL: cxg2002
FAIL: cxg2003
FAIL: cxg2004
FAIL: cxg2006
FAIL: cxg2007
FAIL: cxg2010
FAIL: cxg2011
FAIL: cxg2012
FAIL: cxg2013
FAIL: cxg2014
FAIL: cxg2015
FAIL: cxg2016
FAIL: cxg2017
FAIL: cxg2018
FAIL: cxg2019
FAIL: cxg2020
FAIL: cxg2021
=== acats Summary ===
# of expected passes 2281
# of unexpected failures 41
Native configuration is ia64-suse-linux-gnu
=== g++ tests ===
Running target unix
FAIL: g++.dg/opt/longbranch1.C (test for excess errors)
FAIL: g++.dg/other/nontype-1.C (test for errors, line 3)
FAIL: g++.dg/other/nontype-1.C (test for errors, line 4)
FAIL: g++.dg/other/nontype-1.C (test for errors, line 5)
FAIL: g++.dg/other/nontype-1.C (test for excess errors)
WARNING: g++.old-deja/g++.mike/p10769a.C compilation failed to produce executable
WARNING: g++.old-deja/g++.other/enum5.C compilation failed to produce executable
WARNING: g++.old-deja/g++.pt/friend44.C compilation failed to produce executable
FAIL: g++.old-deja/g++.pt/ttp20.C (test for excess errors)
WARNING: g++.old-deja/g++.pt/ttp20.C compilation failed to produce executable
FAIL: g++.old-deja/g++.pt/ttp21.C (test for excess errors)
WARNING: g++.old-deja/g++.pt/ttp21.C compilation failed to produce executable
FAIL: g++.old-deja/g++.pt/ttp22.C (test for excess errors)
WARNING: g++.old-deja/g++.pt/ttp22.C compilation failed to produce executable
FAIL: g++.old-deja/g++.pt/ttp23.C (test for excess errors)
WARNING: g++.old-deja/g++.pt/ttp23.C compilation failed to produce executable
FAIL: g++.old-deja/g++.pt/ttp61.C (test for excess errors)
=== g++ Summary ===
# of expected passes 9308
# of unexpected failures 10
# of expected failures 79
# of unsupported tests 73
/tmp/cvs/gcc-20040319/Build/gcc/testsuite/../g++ version 3.5.0 20040319 (experimental)
=== g77 tests ===
Running target unix
=== g77 Summary ===
# of expected passes 1788
# of unsupported tests 6
/tmp/cvs/gcc-20040319/Build/gcc/testsuite/../g77 version 3.5.0 20040319 (experimental)
=== gcc tests ===
Running target unix
FAIL: gcc.c-torture/execute/20030928-1.c compilation, -O1
UNRESOLVED: gcc.c-torture/execute/20030928-1.c execution, -O1
FAIL: gcc.c-torture/execute/20030928-1.c compilation, -O2
UNRESOLVED: gcc.c-torture/execute/20030928-1.c execution, -O2
FAIL: gcc.c-torture/execute/20030928-1.c compilation, -O3 -fomit-frame-pointer
UNRESOLVED: gcc.c-torture/execute/20030928-1.c execution, -O3 -fomit-frame-pointer
FAIL: gcc.c-torture/execute/20030928-1.c compilation, -O3 -fomit-frame-pointer -funroll-loops
UNRESOLVED: gcc.c-torture/execute/20030928-1.c execution, -O3 -fomit-frame-pointer -funroll-loops
FAIL: gcc.c-torture/execute/20030928-1.c compilation, -O3 -fomit-frame-pointer -funroll-all-loops -finline-functions
UNRESOLVED: gcc.c-torture/execute/20030928-1.c execution, -O3 -fomit-frame-pointer -funroll-all-loops -finline-functions
FAIL: gcc.c-torture/execute/20030928-1.c compilation, -O3 -g
UNRESOLVED: gcc.c-torture/execute/20030928-1.c execution, -O3 -g
FAIL: gcc.c-torture/execute/20030928-1.c compilation, -Os
UNRESOLVED: gcc.c-torture/execute/20030928-1.c execution, -Os
FAIL: gcc.dg/compat/scalar-by-value-3 c_compat_x_tst.o compile
UNRESOLVED: gcc.dg/compat/scalar-by-value-3 c_compat_x_tst.o-c_compat_y_tst.o link
UNRESOLVED: gcc.dg/compat/scalar-by-value-3 c_compat_x_tst.o-c_compat_y_tst.o execute
FAIL: gcc.dg/compat/scalar-return-3 c_compat_x_tst.o compile
UNRESOLVED: gcc.dg/compat/scalar-return-3 c_compat_x_tst.o-c_compat_y_tst.o link
UNRESOLVED: gcc.dg/compat/scalar-return-3 c_compat_x_tst.o-c_compat_y_tst.o execute
FAIL: gcc.dg/compat/struct-by-value-18 c_compat_x_tst.o compile
UNRESOLVED: gcc.dg/compat/struct-by-value-18 c_compat_x_tst.o-c_compat_y_tst.o link
UNRESOLVED: gcc.dg/compat/struct-by-value-18 c_compat_x_tst.o-c_compat_y_tst.o execute
FAIL: gcc.dg/compat/struct-by-value-7 c_compat_x_tst.o-c_compat_y_tst.o execute
FAIL: gcc.dg/c99-complit-2.c non-const (test for errors, line 40)
FAIL: gcc.dg/c99-complit-2.c non-const (test for errors, line 42)
FAIL: gcc.dg/c99-complit-2.c non-const (test for errors, line 46)
FAIL: gcc.dg/c99-complit-2.c struct bad init (test for errors, line 51)
FAIL: gcc.dg/c99-complit-2.c union bad init (test for errors, line 53)
FAIL: gcc.dg/c99-complit-2.c array bad init (test for errors, line 58)
FAIL: gcc.dg/c99-complit-2.c array bad init (test for errors, line 66)
FAIL: gcc.dg/c99-complit-2.c (test for excess errors)
FAIL: gcc.dg/i386-sse-8.c (test for excess errors)
FAIL: gcc.dg/special/gcsec-1.c (test for excess errors)
=== gcc Summary ===
# of expected passes 24240
# of unexpected failures 21
# of expected failures 69
# of unresolved testcases 13
# of untested testcases 7
# of unsupported tests 303
/tmp/cvs/gcc-20040319/Build/gcc/xgcc version 3.5.0 20040319 (experimental)
=== objc tests ===
Running target unix
=== objc Summary ===
# of expected passes 1341
# of unsupported tests 8
/tmp/cvs/gcc-20040319/Build/gcc/xgcc version 3.5.0 20040319 (experimental)
=== libffi tests ===
Running target unix
FAIL: libffi.call/cls_12byte.c execution test
FAIL: libffi.call/cls_16byte.c execution test
FAIL: libffi.call/cls_18byte.c execution test
FAIL: libffi.call/cls_19byte.c execution test
FAIL: libffi.call/cls_1_1byte.c execution test
FAIL: libffi.call/cls_20byte.c execution test
FAIL: libffi.call/cls_20byte1.c execution test
FAIL: libffi.call/cls_24byte.c execution test
FAIL: libffi.call/cls_2byte.c execution test
FAIL: libffi.call/cls_3_1byte.c execution test
FAIL: libffi.call/cls_3byte1.c execution test
FAIL: libffi.call/cls_3byte2.c execution test
FAIL: libffi.call/cls_4_1byte.c execution test
FAIL: libffi.call/cls_4byte.c execution test
FAIL: libffi.call/cls_5byte.c execution test
FAIL: libffi.call/cls_64byte.c execution test
FAIL: libffi.call/cls_6byte.c execution test
FAIL: libffi.call/cls_7byte.c execution test
FAIL: libffi.call/cls_8byte.c execution test
FAIL: libffi.call/cls_9byte1.c execution test
FAIL: libffi.call/cls_9byte2.c execution test
FAIL: libffi.call/cls_align_double.c execution test
FAIL: libffi.call/cls_align_float.c execution test
FAIL: libffi.call/cls_align_longdouble.c execution test
FAIL: libffi.call/cls_align_pointer.c execution test
FAIL: libffi.call/cls_align_sint16.c execution test
FAIL: libffi.call/cls_align_sint32.c execution test
FAIL: libffi.call/cls_align_sint64.c execution test
FAIL: libffi.call/cls_align_uint16.c execution test
FAIL: libffi.call/cls_align_uint32.c execution test
FAIL: libffi.call/cls_align_uint64.c execution test
FAIL: libffi.call/float.c execution test
FAIL: libffi.call/float2.c execution test
FAIL: libffi.call/nested_struct.c execution test
FAIL: libffi.call/nested_struct1.c execution test
FAIL: libffi.call/nested_struct2.c execution test
FAIL: libffi.call/nested_struct3.c execution test
FAIL: libffi.call/problem1.c execution test
FAIL: libffi.call/pyobjc-tc.c execution test
FAIL: libffi.call/struct8.c execution test
=== libffi Summary ===
# of expected passes 136
# of unexpected failures 40
# of unsupported tests 2
=== libjava tests ===
Running target unix
FAIL: StringBuffer_overflow -O3 execution - bytecode->native test
=== libjava Summary ===
# of expected passes 3306
# of unexpected failures 1
# of expected failures 14
# of untested testcases 17
=== libstdc++-v3 check-abi Summary ===
# of added symbols: 280
# of missing symbols: 245
# of incompatible symbols: 280
=== libstdc++ tests ===
Running target unix
ERROR: 22_locale/collate/compare/wchar_t/2.cc: can't read "libiconv": no such variable for " dg-require-iconv 23 "ISO8859-1" "
UNRESOLVED: 22_locale/collate/compare/wchar_t/2.cc: can't read "libiconv": no such variable for " dg-require-iconv 23 "ISO8859-1" "
ERROR: 22_locale/collate/compare/wchar_t/wrapped_env.cc: can't read "libiconv": no such variable for " dg-require-iconv 25 "ISO8859-1" "
UNRESOLVED: 22_locale/collate/compare/wchar_t/wrapped_env.cc: can't read "libiconv": no such variable for " dg-require-iconv 25 "ISO8859-1" "
ERROR: 22_locale/collate/compare/wchar_t/wrapped_locale.cc: can't read "libiconv": no such variable for " dg-require-iconv 25 "ISO8859-1" "
UNRESOLVED: 22_locale/collate/compare/wchar_t/wrapped_locale.cc: can't read "libiconv": no such variable for " dg-require-iconv 25 "ISO8859-1" "
ERROR: 22_locale/collate/hash/wchar_t/2.cc: can't read "libiconv": no such variable for " dg-require-iconv 25 "ISO8859-1" "
UNRESOLVED: 22_locale/collate/hash/wchar_t/2.cc: can't read "libiconv": no such variable for " dg-require-iconv 25 "ISO8859-1" "
ERROR: 22_locale/collate/hash/wchar_t/wrapped_env.cc: can't read "libiconv": no such variable for " dg-require-iconv 25 "ISO8859-1" "
UNRESOLVED: 22_locale/collate/hash/wchar_t/wrapped_env.cc: can't read "libiconv": no such variable for " dg-require-iconv 25 "ISO8859-1" "
ERROR: 22_locale/collate/hash/wchar_t/wrapped_locale.cc: can't read "libiconv": no such variable for " dg-require-iconv 25 "ISO8859-1" "
UNRESOLVED: 22_locale/collate/hash/wchar_t/wrapped_locale.cc: can't read "libiconv": no such variable for " dg-require-iconv 25 "ISO8859-1" "
ERROR: 22_locale/collate/transform/wchar_t/2.cc: can't read "libiconv": no such variable for " dg-require-iconv 25 "ISO8859-1" "
UNRESOLVED: 22_locale/collate/transform/wchar_t/2.cc: can't read "libiconv": no such variable for " dg-require-iconv 25 "ISO8859-1" "
ERROR: 22_locale/collate/transform/wchar_t/wrapped_env.cc: can't read "libiconv": no such variable for " dg-require-iconv 25 "ISO8859-1" "
UNRESOLVED: 22_locale/collate/transform/wchar_t/wrapped_env.cc: can't read "libiconv": no such variable for " dg-require-iconv 25 "ISO8859-1" "
ERROR: 22_locale/collate/transform/wchar_t/wrapped_locale.cc: can't read "libiconv": no such variable for " dg-require-iconv 25 "ISO8859-1" "
UNRESOLVED: 22_locale/collate/transform/wchar_t/wrapped_locale.cc: can't read "libiconv": no such variable for " dg-require-iconv 25 "ISO8859-1" "
FAIL: 23_containers/multiset/insert/1.cc execution test
FAIL: 23_containers/multiset/invalidation/2.cc execution test
FAIL: 23_containers/set/invalidation/2.cc execution test
XPASS: 26_numerics/c99_classification_macros_c.cc (test for excess errors)
XPASS: 27_io/fpos/14320-1.cc execution test
=== libstdc++ Summary ===
# of expected passes 2608
# of unexpected failures 3
# of unexpected successes 2
# of expected failures 4
# of unresolved testcases 9
Compiler version: 3.5.0 20040319 (experimental)
Platform: ia64-suse-linux-gnu
configure flags: --host=ia64-suse-linux --enable-shared --enable-threads --with-system-zlib --enable-languages=c,ada,c++,f77,java,objc
More information about the Gcc-testresults
mailing list