Results for 3.5.0 20040317 (experimental) testsuite on mips-sgi-irix6.5
Billinghurst, David (CALCRTS)
david.billinghurst@comalco.riotinto.com.au
Wed Mar 17 22:04:00 GMT 2004
This run on SGI Origin 300 cru300 running IRIX 6.5.22m
Bootstrap compiler MIPSpro Compilers: Version 7.41
Using irix as/ld with -mabi=32 multilib disabled
dejagnu version:
Expect version is 5.40.0
Tcl version is 8.4
Framework version is 1.4.4
LAST_UPDATED: Wed Mar 17 08:07:23 GMT 2004
Native configuration is mips-sgi-irix6.5
=== g++ tests ===
Running target unix
FAIL: g++.dg/pch/system-1.C -g assembly comparison
FAIL: g++.dg/pch/system-2.C -g assembly comparison
XPASS: g++.old-deja/g++.jason/thunk3.C execution test
WARNING: g++.old-deja/g++.mike/p10769a.C compilation failed to produce
executable
WARNING: g++.old-deja/g++.other/enum5.C compilation failed to produce
executable
WARNING: g++.old-deja/g++.pt/friend44.C compilation failed to produce
executable
FAIL: g++.old-deja/g++.robertl/eb21.C execution test
=== g++ Summary for unix ===
# of expected passes 9251
# of unexpected failures 3
# of unexpected successes 1
# of expected failures 80
# of unsupported tests 85
Running target unix/-mabi=64
FAIL: g++.dg/pch/system-1.C -g assembly comparison
FAIL: g++.dg/pch/system-2.C -g assembly comparison
XPASS: g++.old-deja/g++.jason/thunk3.C execution test
WARNING: g++.old-deja/g++.mike/p10769a.C compilation failed to produce
executable
WARNING: g++.old-deja/g++.other/enum5.C compilation failed to produce
executable
WARNING: g++.old-deja/g++.pt/friend44.C compilation failed to produce
executable
FAIL: g++.old-deja/g++.robertl/eb21.C execution test
=== g++ Summary for unix/-mabi=64 ===
# of expected passes 9251
# of unexpected failures 3
# of unexpected successes 1
# of expected failures 80
# of unsupported tests 85
=== g++ Summary ===
# of expected passes 18502
# of unexpected failures 6
# of unexpected successes 2
# of expected failures 160
# of unsupported tests 170
/disk4/billingd/obj/gcc/gcc/testsuite/../g++ version 3.5.0 20040317
(experimental)
=== g77 tests ===
Running target unix
=== g77 Summary for unix ===
# of expected passes 1788
# of unsupported tests 6
Running target unix/-mabi=64
=== g77 Summary for unix/-mabi=64 ===
# of expected passes 1788
# of unsupported tests 6
=== g77 Summary ===
# of expected passes 3576
# of unsupported tests 12
/disk4/billingd/obj/gcc/gcc/testsuite/../g77 version 3.5.0 20040317
(experimental)
=== gcc tests ===
Running target unix
FAIL: gcc.c-torture/execute/ieee/mul-subnormal-single-1.c execution,
-O0
FAIL: gcc.c-torture/execute/ieee/mul-subnormal-single-1.c execution,
-O1
FAIL: gcc.c-torture/execute/ieee/mul-subnormal-single-1.c execution,
-O2
FAIL: gcc.c-torture/execute/ieee/mul-subnormal-single-1.c execution,
-O3 -fomit-frame-pointer
FAIL: gcc.c-torture/execute/ieee/mul-subnormal-single-1.c execution,
-O3 -fomit-frame-pointer -funroll-loops
FAIL: gcc.c-torture/execute/ieee/mul-subnormal-single-1.c execution,
-O3 -fomit-frame-pointer -funroll-all-loops -finline-functions
FAIL: gcc.c-torture/execute/ieee/mul-subnormal-single-1.c execution,
-O3 -g
FAIL: gcc.c-torture/execute/ieee/mul-subnormal-single-1.c execution,
-Os
FAIL: gcc.dg/builtins-18.c (test for excess errors)
FAIL: gcc.dg/builtins-32.c execution test
FAIL: gcc.dg/i386-sse-8.c (test for excess errors)
XPASS: gcc.dg/sibcall-3.c execution test
XPASS: gcc.dg/sibcall-4.c execution test
UNRESOLVED: gcc.dg/visibility-1.c
UNRESOLVED: gcc.dg/visibility-2.c
UNRESOLVED: gcc.dg/visibility-3.c
UNRESOLVED: gcc.dg/visibility-4.c
UNRESOLVED: gcc.dg/visibility-5.c
UNRESOLVED: gcc.dg/visibility-6.c
UNRESOLVED: gcc.dg/visibility-7.c
UNRESOLVED: gcc.dg/visibility-8.c
=== gcc Summary for unix ===
# of expected passes 24158
# of unexpected failures 11
# of unexpected successes 2
# of expected failures 68
# of unresolved testcases 8
# of untested testcases 7
# of unsupported tests 317
Running target unix/-mabi=64
FAIL: gcc.c-torture/compile/20031023-1.c -O0 (test for excess errors)
FAIL: gcc.c-torture/compile/20031023-1.c -O1 (test for excess errors)
FAIL: gcc.c-torture/compile/20031023-1.c -O2 (test for excess errors)
FAIL: gcc.c-torture/compile/20031023-1.c -O3 -fomit-frame-pointer
(test for excess errors)
FAIL: gcc.c-torture/compile/20031023-1.c -O3 -g (test for excess
errors)
FAIL: gcc.c-torture/compile/20031023-1.c -Os (test for excess errors)
FAIL: gcc.c-torture/compile/20031023-2.c -O0 (test for excess errors)
FAIL: gcc.c-torture/compile/20031023-2.c -O1 (test for excess errors)
FAIL: gcc.c-torture/compile/20031023-2.c -O2 (test for excess errors)
FAIL: gcc.c-torture/compile/20031023-2.c -O3 -fomit-frame-pointer
(test for excess errors)
FAIL: gcc.c-torture/compile/20031023-2.c -O3 -g (test for excess
errors)
FAIL: gcc.c-torture/compile/20031023-2.c -Os (test for excess errors)
FAIL: gcc.c-torture/compile/20031023-3.c -O0 (test for excess errors)
FAIL: gcc.c-torture/compile/20031023-3.c -O1 (test for excess errors)
FAIL: gcc.c-torture/compile/20031023-3.c -O2 (test for excess errors)
FAIL: gcc.c-torture/compile/20031023-3.c -O3 -fomit-frame-pointer
(test for excess errors)
FAIL: gcc.c-torture/compile/20031023-3.c -O3 -g (test for excess
errors)
FAIL: gcc.c-torture/compile/20031023-3.c -Os (test for excess errors)
FAIL: gcc.c-torture/execute/ieee/mul-subnormal-single-1.c execution,
-O0
FAIL: gcc.c-torture/execute/ieee/mul-subnormal-single-1.c execution,
-O1
FAIL: gcc.c-torture/execute/ieee/mul-subnormal-single-1.c execution,
-O2
FAIL: gcc.c-torture/execute/ieee/mul-subnormal-single-1.c execution,
-O3 -fomit-frame-pointer
FAIL: gcc.c-torture/execute/ieee/mul-subnormal-single-1.c execution,
-O3 -fomit-frame-pointer -funroll-loops
FAIL: gcc.c-torture/execute/ieee/mul-subnormal-single-1.c execution,
-O3 -fomit-frame-pointer -funroll-all-loops -finline-functions
FAIL: gcc.c-torture/execute/ieee/mul-subnormal-single-1.c execution,
-O3 -g
FAIL: gcc.c-torture/execute/ieee/mul-subnormal-single-1.c execution,
-Os
FAIL: gcc.dg/builtins-18.c (test for excess errors)
FAIL: gcc.dg/builtins-32.c execution test
FAIL: gcc.dg/funcorder.c scan-assembler-not link_error
FAIL: gcc.dg/i386-sse-8.c (test for excess errors)
XPASS: gcc.dg/sibcall-3.c execution test
XPASS: gcc.dg/sibcall-4.c execution test
UNRESOLVED: gcc.dg/visibility-1.c
UNRESOLVED: gcc.dg/visibility-2.c
UNRESOLVED: gcc.dg/visibility-3.c
UNRESOLVED: gcc.dg/visibility-4.c
UNRESOLVED: gcc.dg/visibility-5.c
UNRESOLVED: gcc.dg/visibility-6.c
UNRESOLVED: gcc.dg/visibility-7.c
UNRESOLVED: gcc.dg/visibility-8.c
=== gcc Summary for unix/-mabi=64 ===
# of expected passes 24139
# of unexpected failures 30
# of unexpected successes 2
# of expected failures 68
# of unresolved testcases 8
# of untested testcases 7
# of unsupported tests 317
=== gcc Summary ===
# of expected passes 48297
# of unexpected failures 41
# of unexpected successes 4
# of expected failures 136
# of unresolved testcases 16
# of untested testcases 14
# of unsupported tests 634
/disk4/billingd/obj/gcc/gcc/xgcc version 3.5.0 20040317 (experimental)
=== objc tests ===
Running target unix
=== objc Summary for unix ===
# of expected passes 1341
# of unsupported tests 8
Running target unix/-mabi=64
=== objc Summary for unix/-mabi=64 ===
# of expected passes 1341
# of unsupported tests 8
=== objc Summary ===
# of expected passes 2682
# of unsupported tests 16
/disk4/billingd/obj/gcc/gcc/xgcc version 3.5.0 20040317 (experimental)
=== libstdc++ tests ===
Running target unix
FAIL: 18_support/numeric_limits.cc execution test
FAIL: 20_util/allocator/14176.cc execution test
FAIL: 20_util/allocator/8230.cc execution test
FAIL: 20_util/binders.cc execution test
FAIL: 21_strings/basic_string/inserters_extractors/wchar_t/1.cc
execution test
FAIL: 21_strings/basic_string/inserters_extractors/wchar_t/5.cc
execution test
ERROR: 22_locale/collate/compare/wchar_t/2.cc: can't read "libiconv": no
such variable for " dg-require-iconv 23 "ISO8859-1" "
UNRESOLVED: 22_locale/collate/compare/wchar_t/2.cc: can't read
"libiconv": no such variable for " dg-require-iconv 23 "ISO8859-1" "
ERROR: 22_locale/collate/compare/wchar_t/wrapped_env.cc: can't read
"libiconv": no such variable for " dg-require-iconv 25 "ISO8859-1" "
UNRESOLVED: 22_locale/collate/compare/wchar_t/wrapped_env.cc: can't read
"libiconv": no such variable for " dg-require-iconv 25 "ISO8859-1" "
ERROR: 22_locale/collate/compare/wchar_t/wrapped_locale.cc: can't read
"libiconv": no such variable for " dg-require-iconv 25 "ISO8859-1" "
UNRESOLVED: 22_locale/collate/compare/wchar_t/wrapped_locale.cc: can't
read "libiconv": no such variable for " dg-require-iconv 25 "ISO8859-1"
"
ERROR: 22_locale/collate/hash/wchar_t/2.cc: can't read "libiconv": no
such variable for " dg-require-iconv 25 "ISO8859-1" "
UNRESOLVED: 22_locale/collate/hash/wchar_t/2.cc: can't read "libiconv":
no such variable for " dg-require-iconv 25 "ISO8859-1" "
ERROR: 22_locale/collate/hash/wchar_t/wrapped_env.cc: can't read
"libiconv": no such variable for " dg-require-iconv 25 "ISO8859-1" "
UNRESOLVED: 22_locale/collate/hash/wchar_t/wrapped_env.cc: can't read
"libiconv": no such variable for " dg-require-iconv 25 "ISO8859-1" "
ERROR: 22_locale/collate/hash/wchar_t/wrapped_locale.cc: can't read
"libiconv": no such variable for " dg-require-iconv 25 "ISO8859-1" "
UNRESOLVED: 22_locale/collate/hash/wchar_t/wrapped_locale.cc: can't read
"libiconv": no such variable for " dg-require-iconv 25 "ISO8859-1" "
ERROR: 22_locale/collate/transform/wchar_t/2.cc: can't read "libiconv":
no such variable for " dg-require-iconv 25 "ISO8859-1" "
UNRESOLVED: 22_locale/collate/transform/wchar_t/2.cc: can't read
"libiconv": no such variable for " dg-require-iconv 25 "ISO8859-1" "
ERROR: 22_locale/collate/transform/wchar_t/wrapped_env.cc: can't read
"libiconv": no such variable for " dg-require-iconv 25 "ISO8859-1" "
UNRESOLVED: 22_locale/collate/transform/wchar_t/wrapped_env.cc: can't
read "libiconv": no such variable for " dg-require-iconv 25 "ISO8859-1"
"
ERROR: 22_locale/collate/transform/wchar_t/wrapped_locale.cc: can't read
"libiconv": no such variable for " dg-require-iconv 25 "ISO8859-1" "
UNRESOLVED: 22_locale/collate/transform/wchar_t/wrapped_locale.cc: can't
read "libiconv": no such variable for " dg-require-iconv 25 "ISO8859-1"
"
FAIL: 22_locale/ctype/cons/char/1.cc execution test
FAIL: 22_locale/ctype/is/wchar_t/1.cc execution test
FAIL: 22_locale/ctype/scan/wchar_t/1.cc execution test
FAIL: 22_locale/money_get/get/wchar_t/19.cc execution test
FAIL: 22_locale/money_get/get/wchar_t/8.cc execution test
FAIL: 22_locale/num_get/get/char/10.cc execution test
FAIL: 22_locale/num_get/get/wchar_t/10.cc execution test
FAIL: 23_containers/multiset/insert/1.cc execution test
FAIL: 23_containers/multiset/invalidation/2.cc execution test
FAIL: 23_containers/priority_queue/members/7161.cc execution test
FAIL: 23_containers/set/invalidation/2.cc execution test
FAIL: 23_containers/vector/cons/2.cc execution test
FAIL: 23_containers/vector/modifiers/1.cc execution test
FAIL: 26_numerics/c99_classification_macros_c++.cc (test for excess
errors)
FAIL: 26_numerics/c99_classification_macros_c.cc (test for excess
errors)
FAIL: 27_io/basic_filebuf/seekpos/wchar_t/9874.cc (test for excess
errors)
WARNING: 27_io/basic_filebuf/seekpos/wchar_t/9874.cc compilation failed
to produce executable
=== libstdc++ Summary for unix ===
# of expected passes 2573
# of unexpected failures 22
# of expected failures 5
# of unresolved testcases 9
# of unsupported tests 8
Running target unix/-mabi=64
FAIL: 18_support/numeric_limits.cc execution test
FAIL: 20_util/allocator/14176.cc execution test
FAIL: 20_util/allocator/8230.cc execution test
FAIL: 20_util/binders.cc execution test
FAIL: 21_strings/basic_string/inserters_extractors/wchar_t/1.cc
execution test
FAIL: 21_strings/basic_string/inserters_extractors/wchar_t/5.cc
execution test
ERROR: 22_locale/collate/compare/wchar_t/2.cc: can't read "libiconv": no
such variable for " dg-require-iconv 23 "ISO8859-1" "
UNRESOLVED: 22_locale/collate/compare/wchar_t/2.cc: can't read
"libiconv": no such variable for " dg-require-iconv 23 "ISO8859-1" "
ERROR: 22_locale/collate/compare/wchar_t/wrapped_env.cc: can't read
"libiconv": no such variable for " dg-require-iconv 25 "ISO8859-1" "
UNRESOLVED: 22_locale/collate/compare/wchar_t/wrapped_env.cc: can't read
"libiconv": no such variable for " dg-require-iconv 25 "ISO8859-1" "
ERROR: 22_locale/collate/compare/wchar_t/wrapped_locale.cc: can't read
"libiconv": no such variable for " dg-require-iconv 25 "ISO8859-1" "
UNRESOLVED: 22_locale/collate/compare/wchar_t/wrapped_locale.cc: can't
read "libiconv": no such variable for " dg-require-iconv 25 "ISO8859-1"
"
ERROR: 22_locale/collate/hash/wchar_t/2.cc: can't read "libiconv": no
such variable for " dg-require-iconv 25 "ISO8859-1" "
UNRESOLVED: 22_locale/collate/hash/wchar_t/2.cc: can't read "libiconv":
no such variable for " dg-require-iconv 25 "ISO8859-1" "
ERROR: 22_locale/collate/hash/wchar_t/wrapped_env.cc: can't read
"libiconv": no such variable for " dg-require-iconv 25 "ISO8859-1" "
UNRESOLVED: 22_locale/collate/hash/wchar_t/wrapped_env.cc: can't read
"libiconv": no such variable for " dg-require-iconv 25 "ISO8859-1" "
ERROR: 22_locale/collate/hash/wchar_t/wrapped_locale.cc: can't read
"libiconv": no such variable for " dg-require-iconv 25 "ISO8859-1" "
UNRESOLVED: 22_locale/collate/hash/wchar_t/wrapped_locale.cc: can't read
"libiconv": no such variable for " dg-require-iconv 25 "ISO8859-1" "
ERROR: 22_locale/collate/transform/wchar_t/2.cc: can't read "libiconv":
no such variable for " dg-require-iconv 25 "ISO8859-1" "
UNRESOLVED: 22_locale/collate/transform/wchar_t/2.cc: can't read
"libiconv": no such variable for " dg-require-iconv 25 "ISO8859-1" "
ERROR: 22_locale/collate/transform/wchar_t/wrapped_env.cc: can't read
"libiconv": no such variable for " dg-require-iconv 25 "ISO8859-1" "
UNRESOLVED: 22_locale/collate/transform/wchar_t/wrapped_env.cc: can't
read "libiconv": no such variable for " dg-require-iconv 25 "ISO8859-1"
"
ERROR: 22_locale/collate/transform/wchar_t/wrapped_locale.cc: can't read
"libiconv": no such variable for " dg-require-iconv 25 "ISO8859-1" "
UNRESOLVED: 22_locale/collate/transform/wchar_t/wrapped_locale.cc: can't
read "libiconv": no such variable for " dg-require-iconv 25 "ISO8859-1"
"
FAIL: 22_locale/ctype/cons/char/1.cc execution test
FAIL: 22_locale/ctype/is/wchar_t/1.cc execution test
FAIL: 22_locale/ctype/scan/wchar_t/1.cc execution test
FAIL: 22_locale/money_get/get/wchar_t/19.cc execution test
FAIL: 22_locale/money_get/get/wchar_t/8.cc execution test
FAIL: 22_locale/num_get/get/char/10.cc execution test
FAIL: 22_locale/num_get/get/wchar_t/10.cc execution test
FAIL: 23_containers/multiset/invalidation/2.cc execution test
FAIL: 23_containers/priority_queue/members/7161.cc execution test
FAIL: 23_containers/set/invalidation/2.cc execution test
FAIL: 23_containers/vector/cons/2.cc execution test
FAIL: 23_containers/vector/modifiers/1.cc execution test
FAIL: 24_iterators/iterator.cc execution test
FAIL: 24_iterators/rel_ops.cc execution test
FAIL: 26_numerics/c99_classification_macros_c++.cc (test for excess
errors)
FAIL: 26_numerics/c99_classification_macros_c.cc (test for excess
errors)
FAIL: 27_io/basic_filebuf/seekpos/wchar_t/9874.cc (test for excess
errors)
WARNING: 27_io/basic_filebuf/seekpos/wchar_t/9874.cc compilation failed
to produce executable
=== libstdc++ Summary for unix/-mabi=64 ===
# of expected passes 2572
# of unexpected failures 23
# of expected failures 5
# of unresolved testcases 9
# of unsupported tests 8
=== libstdc++ Summary ===
# of expected passes 5145
# of unexpected failures 45
# of expected failures 10
# of unresolved testcases 18
# of unsupported tests 16
Compiler version: 3.5.0 20040317 (experimental)
Platform: mips-sgi-irix6.5
configure flags: --enable-shared --enable-haifa --enable-threads=single
--enable-libjava --disable-nls --prefix=/disk4/billingd/tmp/gcc
--enable-languages=c,c++,f77,java,objc
Counting all warnings,
there are 164 warnings in stage3 of this bootstrap.
Number of warnings per file:
46 tp-bit.c
46 fp-bit.c
46 dp-bit.c
10 gcc/config/mips/mips.md
5 /usr/local/share/bison/bison.simple
3 gengtype-lex.c
3 gcc/gcc.c
2 insn-conditions.c
2 gcc/objc/lang-specs.h
1 gcc/java/jvspec.c
Number of warning types:
137 conflicting types for built-in function 'nan'
8 string length \`???' is greater than the length \`???' ISO C89
compilers are required to support
6 operand 1 missing mode?
6 old-style parameter declaration
3 operand 0 missing mode?
2 label \`???' defined but not used
1 operand 1 missing mode?stage2/xgcc -Bstage2/
-B/disk4/billingd/tmp/gcc/mips-sgi-irix6.5/bin/ -c -g -O2 -DIN_GCC
-W -Wall -Wwrite-strings -Wstrict-prototypes -Wmissing-prototypes
-pedantic -Wno-long-long -Wold-style-definition -Wno-variadic-macros
-Werror -fno-common -DHAVE_CONFIG_H -I. -I.
-I/disk4/billingd/src/gcc/gcc -I/disk4/billingd/src/gcc/gcc/.
-I/disk4/billingd/src/gcc/gcc/../include
/disk4/billingd/src/gcc/gcc/cfg.c -o cfg.o
1 conflicting types for built-in function 'nan'./xgcc -B./
-B/disk4/billingd/tmp/gcc/mips-sgi-irix6.5/bin/ -isystem
/disk4/billingd/tmp/gcc/mips-sgi-irix6.5/include -isystem
/disk4/billingd/tmp/gcc/mips-sgi-irix6.5/sys-include
-L/disk4/billingd/obj/gcc/gcc/../ld -O2 -DIN_GCC -W -Wall
-Wwrite-strings -Wstrict-prototypes -Wmissing-prototypes
-Wold-style-definition -isystem ./include -g -DIN_LIBGCC2
-D__GCC_FLOAT_NOT_NEEDED -I. -I. -I/disk4/billingd/src/gcc/gcc
-I/disk4/billingd/src/gcc/gcc/. -I/disk4/billingd/src/gcc/gcc/../include
-DFINE_GRAINED_LIBRARIES -mabi=64 -DL_mul_df -c dp-bit.c -o
libgcc/mabi-64/_mul_df.o
More information about the Gcc-testresults
mailing list