Results for 3.4.0 20040312 (prerelease) testsuite on mips-sgi-irix6.2
Rainer Orth
ro@TechFak.Uni-Bielefeld.DE
Wed Mar 17 17:25:00 GMT 2004
LAST_UPDATED: Fri Mar 12 01:18:18 UTC 2004
=== acats tests ===
FAIL: a83a02b
FAIL: a85013b
FAIL: a87b59a
FAIL: a95001c
FAIL: a95074d
FAIL: a97106a
FAIL: a99006a
FAIL: aa2010a
FAIL: ac3207a
FAIL: ad7201a
FAIL: ad7203b
FAIL: ad7205b
FAIL: ada101a
FAIL: c250002
FAIL: c34007j
FAIL: c34008a
FAIL: c35102a
FAIL: c37402a
FAIL: c37403a
FAIL: c380003
FAIL: c380004
FAIL: c38102d
FAIL: c38202a
FAIL: c39008a
FAIL: c39008b
FAIL: c39008c
FAIL: c3a1001
FAIL: c3a1002
FAIL: c410001
FAIL: c41306a
FAIL: c41306b
FAIL: c41306c
FAIL: c41307d
FAIL: c41401a
FAIL: c43204g
FAIL: c45282b
FAIL: c45291a
FAIL: c46051a
FAIL: c51004a
FAIL: c59002c
FAIL: c64201b
FAIL: c64201c
FAIL: c650001
FAIL: c74004a
FAIL: c74401k
FAIL: c74406a
FAIL: c761001
FAIL: c761007
FAIL: c83023a
FAIL: c85004b
FAIL: c85005a
FAIL: c85005b
FAIL: c85005c
FAIL: c85005d
FAIL: c85005e
FAIL: c85006a
FAIL: c85006b
FAIL: c85006c
FAIL: c85006d
FAIL: c85006e
FAIL: c85014a
FAIL: c85014b
FAIL: c85014c
FAIL: c85018a
FAIL: c85018b
FAIL: c87b26b
FAIL: c87b41a
FAIL: c87b45c
FAIL: c87b54a
FAIL: c87b62d
FAIL: c910001
FAIL: c910002
FAIL: c910003
FAIL: c91004b
FAIL: c91004c
FAIL: c91006a
FAIL: c91007a
FAIL: c92002a
FAIL: c92003a
FAIL: c92005a
FAIL: c92005b
FAIL: c92006a
FAIL: c930001
FAIL: c93001a
FAIL: c93002a
FAIL: c93003a
FAIL: c93004a
FAIL: c93004b
FAIL: c93004c
FAIL: c93004d
FAIL: c93004f
FAIL: c93005a
FAIL: c93005b
FAIL: c93005c
FAIL: c93005d
FAIL: c93005e
FAIL: c93005f
FAIL: c93005g
FAIL: c93005h
FAIL: c93006a
FAIL: c93007a
FAIL: c93008a
FAIL: c93008b
FAIL: c940001
FAIL: c940002
FAIL: c940004
FAIL: c940005
FAIL: c940006
FAIL: c940007
FAIL: c940010
FAIL: c940011
FAIL: c940012
FAIL: c940013
FAIL: c940014
FAIL: c940015
FAIL: c940016
FAIL: c94001a
FAIL: c94001b
FAIL: c94001c
FAIL: c94001e
FAIL: c94001f
FAIL: c94001g
FAIL: c94002a
FAIL: c94002b
FAIL: c94002d
FAIL: c94002e
FAIL: c94002f
FAIL: c94002g
FAIL: c94004a
FAIL: c94004b
FAIL: c94004c
FAIL: c94005a
FAIL: c94005b
FAIL: c94006a
FAIL: c94007a
FAIL: c94007b
FAIL: c94008a
FAIL: c94008b
FAIL: c94008c
FAIL: c94008d
FAIL: c94010a
FAIL: c94011a
FAIL: c94020a
FAIL: c940a03
FAIL: c95008a
FAIL: c95009a
FAIL: c95010a
FAIL: c95011a
FAIL: c95012a
FAIL: c95021a
FAIL: c95022a
FAIL: c95022b
FAIL: c95033a
FAIL: c95033b
FAIL: c95034a
FAIL: c95034b
FAIL: c95035a
FAIL: c95040a
FAIL: c95040b
FAIL: c95040c
FAIL: c95040d
FAIL: c95041a
FAIL: c95065a
FAIL: c95065b
FAIL: c95065c
FAIL: c95065d
FAIL: c95065e
FAIL: c95065f
FAIL: c95066a
FAIL: c95067a
FAIL: c95071a
FAIL: c95072a
FAIL: c95072b
FAIL: c95073a
FAIL: c95074c
FAIL: c95076a
FAIL: c95078a
FAIL: c95080b
FAIL: c95082g
FAIL: c95085a
FAIL: c95085b
FAIL: c95085c
FAIL: c95085d
FAIL: c95085e
FAIL: c95085f
FAIL: c95085g
FAIL: c95085h
FAIL: c95085i
FAIL: c95085j
FAIL: c95085k
FAIL: c95085l
FAIL: c95085m
FAIL: c95085n
FAIL: c95085o
FAIL: c95086a
FAIL: c95086b
FAIL: c95086c
FAIL: c95086d
FAIL: c95086e
FAIL: c95086f
FAIL: c95087a
FAIL: c95087b
FAIL: c95087c
FAIL: c95087d
FAIL: c95088a
FAIL: c95089a
FAIL: c95090a
FAIL: c95092a
FAIL: c95093a
FAIL: c95095a
FAIL: c95095b
FAIL: c95095c
FAIL: c95095d
FAIL: c95095e
FAIL: c951001
FAIL: c951002
FAIL: c953001
FAIL: c953002
FAIL: c953003
FAIL: c954001
FAIL: c954010
FAIL: c954011
FAIL: c954012
FAIL: c954013
FAIL: c954014
FAIL: c954015
FAIL: c954016
FAIL: c954017
FAIL: c954018
FAIL: c954019
FAIL: c954020
FAIL: c954021
FAIL: c954022
FAIL: c954023
FAIL: c954024
FAIL: c954025
FAIL: c954026
FAIL: c954a01
FAIL: c954a02
FAIL: c954a03
FAIL: c960001
FAIL: c960002
FAIL: c960004
FAIL: c96008a
FAIL: c96008b
FAIL: c97112a
FAIL: c97113a
FAIL: c97114a
FAIL: c97115a
FAIL: c97116a
FAIL: c97117a
FAIL: c97117b
FAIL: c97117c
FAIL: c97118a
FAIL: c97120a
FAIL: c97120b
FAIL: c97201a
FAIL: c97201b
FAIL: c97201c
FAIL: c97201d
FAIL: c97201e
FAIL: c97201g
FAIL: c97201h
FAIL: c97201x
FAIL: c97202a
FAIL: c97203a
FAIL: c97203b
FAIL: c97203c
FAIL: c97204a
FAIL: c97204b
FAIL: c97205a
FAIL: c97205b
FAIL: c97301a
FAIL: c97301b
FAIL: c97301c
FAIL: c97301d
FAIL: c97301e
FAIL: c97302a
FAIL: c97303a
FAIL: c97303b
FAIL: c97303c
FAIL: c97304a
FAIL: c97304b
FAIL: c97305a
FAIL: c97305b
FAIL: c97305c
FAIL: c97305d
FAIL: c97307a
FAIL: c974001
FAIL: c974002
FAIL: c974003
FAIL: c974004
FAIL: c974005
FAIL: c974006
FAIL: c974007
FAIL: c974008
FAIL: c974009
FAIL: c974010
FAIL: c974011
FAIL: c974012
FAIL: c974013
FAIL: c974014
FAIL: c980001
FAIL: c980002
FAIL: c980003
FAIL: c99004a
FAIL: c99005a
FAIL: c9a003a
FAIL: c9a004a
FAIL: c9a007a
FAIL: c9a009a
FAIL: c9a009c
FAIL: c9a009f
FAIL: c9a009g
FAIL: c9a009h
FAIL: c9a010a
FAIL: c9a011a
FAIL: c9a011b
FAIL: ca13001
FAIL: ca5004a
FAIL: cb1010a
FAIL: cb20001
FAIL: cb20004
FAIL: cb20005
FAIL: cb20006
FAIL: cb20007
FAIL: cb4013a
FAIL: cb41002
FAIL: cb5001a
FAIL: cb5001b
FAIL: cb5002a
FAIL: cc1104c
FAIL: cc1207b
FAIL: cc1225a
FAIL: cc1310a
FAIL: cc3019c
FAIL: cc3106b
FAIL: cc3120b
FAIL: cc3207b
FAIL: cc3225a
FAIL: cc3601c
FAIL: cc3602a
FAIL: cd10002
FAIL: cd1009k
FAIL: cd1009t
FAIL: cd1009u
FAIL: cd1c03e
FAIL: cd1c06a
FAIL: cd2a91c
FAIL: cd2c11a
FAIL: cd2c11d
FAIL: cd5003e
FAIL: cd5014e
FAIL: cd72a02
FAIL: ce3806d
FAIL: ce3806e
FAIL: ce3810a
FAIL: cxaa008
FAIL: cxaa009
FAIL: cxg1003
FAIL: cxg2001
FAIL: cxg2002
FAIL: cxg2003
FAIL: cxg2004
FAIL: cxg2006
FAIL: cxg2007
FAIL: cxg2008
FAIL: cxg2010
FAIL: cxg2011
FAIL: cxg2012
FAIL: cxg2013
FAIL: cxg2014
FAIL: cxg2015
FAIL: cxg2016
FAIL: cxg2017
FAIL: cxg2018
FAIL: cxg2019
FAIL: cxg2020
FAIL: cxg2021
FAIL: cxg2024
FAIL: cxh1001
FAIL: cxh3001
FAIL: cxh3002
FAIL: cxh3003
FAIL: la14010
FAIL: la14027
=== acats Summary ===
# of expected passes 1936
# of unexpected failures 386
Native configuration is mips-sgi-irix6.2
=== g++ tests ===
Running target unix
ERROR: tcl error sourcing /vol/gnu/src/gcc/gcc-3.4-branch-dist/gcc/testsuite/g++.dg/compat/compat.exp.
ERROR: child killed: unknown signal
WARNING: program timed out.
FAIL: g++.dg/parse/stack1.C (test for excess errors)
FAIL: g++.dg/pch/system-1.C -g assembly comparison
FAIL: g++.dg/pch/system-2.C -g assembly comparison
XPASS: g++.old-deja/g++.jason/thunk3.C execution test
WARNING: g++.old-deja/g++.mike/p10769a.C compilation failed to produce executable
WARNING: g++.old-deja/g++.other/enum5.C compilation failed to produce executable
WARNING: g++.old-deja/g++.pt/friend44.C compilation failed to produce executable
=== g++ Summary ===
# of expected passes 9019
# of unexpected failures 3
# of unexpected successes 1
# of expected failures 65
# of unsupported tests 74
/amnt/figaro/volumes/obj-gcc/gcc/obj.irix5/gcc-3.4.0-20040312/6.2-gcc-java/gcc/testsuite/../g++ version 3.4.0 20040312 (prerelease)
=== g77 tests ===
Running target unix
ERROR: tcl error sourcing /vol/gnu/src/gcc/gcc-3.4-branch-dist/gcc/testsuite/g77.f-torture/compile/compile.exp.
ERROR: child killed: unknown signal
ERROR: tcl error sourcing /vol/gnu/src/gcc/gcc-3.4-branch-dist/gcc/testsuite/g77.f-torture/execute/execute.exp.
ERROR: child killed: unknown signal
=== g77 Summary ===
# of expected passes 964
# of unsupported tests 6
/amnt/figaro/volumes/obj-gcc/gcc/obj.irix5/gcc-3.4.0-20040312/6.2-gcc-java/gcc/testsuite/../g77 version 3.4.0 20040312 (prerelease)
=== gcc tests ===
Running target unix
WARNING: program timed out.
FAIL: gcc.c-torture/compile/20001226-1.c (test for excess errors)
WARNING: program timed out.
FAIL: gcc.c-torture/compile/20001226-1.c (test for excess errors)
WARNING: program timed out.
FAIL: gcc.c-torture/compile/20001226-1.c (test for excess errors)
WARNING: program timed out.
FAIL: gcc.c-torture/compile/20001226-1.c (test for excess errors)
WARNING: program timed out.
FAIL: gcc.c-torture/compile/20001226-1.c (test for excess errors)
ERROR: tcl error sourcing /vol/gnu/src/gcc/gcc-3.4-branch-dist/gcc/testsuite/gcc.c-torture/execute/builtins/builtins.exp.
ERROR: child killed: unknown signal
ERROR: tcl error sourcing /vol/gnu/src/gcc/gcc-3.4-branch-dist/gcc/testsuite/gcc.c-torture/execute/execute.exp.
ERROR: child killed: unknown signal
ERROR: tcl error sourcing /vol/gnu/src/gcc/gcc-3.4-branch-dist/gcc/testsuite/gcc.c-torture/execute/ieee/ieee.exp.
ERROR: child killed: unknown signal
ERROR: tcl error sourcing /vol/gnu/src/gcc/gcc-3.4-branch-dist/gcc/testsuite/gcc.c-torture/unsorted/unsorted.exp.
ERROR: child killed: unknown signal
ERROR: tcl error sourcing /vol/gnu/src/gcc/gcc-3.4-branch-dist/gcc/testsuite/gcc.dg/compat/compat.exp.
ERROR: child killed: unknown signal
ERROR: tcl error sourcing /vol/gnu/src/gcc/gcc-3.4-branch-dist/gcc/testsuite/gcc.dg/cpp/trad/trad.exp.
ERROR: integer value too large to represent
=== objc tests ===
Running target unix
ERROR: tcl error sourcing /vol/gnu/src/gcc/gcc-3.4-branch-dist/gcc/testsuite/objc/execute/execute.exp.
ERROR: child killed: unknown signal
=== objc Summary ===
# of expected passes 982
# of unsupported tests 8
/amnt/figaro/volumes/obj-gcc/gcc/obj.irix5/gcc-3.4.0-20040312/6.2-gcc-java/gcc/xgcc version 3.4.0 20040312 (prerelease)
=== libffi tests ===
Running target unix
FAIL: libffi.call/closure_fn0.c (test for excess errors)
WARNING: libffi.call/closure_fn0.c compilation failed to produce executable
FAIL: libffi.call/closure_fn1.c (test for excess errors)
WARNING: libffi.call/closure_fn1.c compilation failed to produce executable
FAIL: libffi.call/closure_fn2.c (test for excess errors)
WARNING: libffi.call/closure_fn2.c compilation failed to produce executable
FAIL: libffi.call/closure_fn3.c (test for excess errors)
WARNING: libffi.call/closure_fn3.c compilation failed to produce executable
FAIL: libffi.call/closure_fn4.c (test for excess errors)
WARNING: libffi.call/closure_fn4.c compilation failed to produce executable
FAIL: libffi.call/closure_fn5.c (test for excess errors)
WARNING: libffi.call/closure_fn5.c compilation failed to produce executable
FAIL: libffi.call/cls_12byte.c (test for excess errors)
WARNING: libffi.call/cls_12byte.c compilation failed to produce executable
FAIL: libffi.call/cls_16byte.c (test for excess errors)
WARNING: libffi.call/cls_16byte.c compilation failed to produce executable
FAIL: libffi.call/cls_18byte.c (test for excess errors)
WARNING: libffi.call/cls_18byte.c compilation failed to produce executable
FAIL: libffi.call/cls_19byte.c (test for excess errors)
WARNING: libffi.call/cls_19byte.c compilation failed to produce executable
FAIL: libffi.call/cls_1_1byte.c (test for excess errors)
WARNING: libffi.call/cls_1_1byte.c compilation failed to produce executable
FAIL: libffi.call/cls_20byte.c (test for excess errors)
WARNING: libffi.call/cls_20byte.c compilation failed to produce executable
FAIL: libffi.call/cls_20byte1.c (test for excess errors)
WARNING: libffi.call/cls_20byte1.c compilation failed to produce executable
FAIL: libffi.call/cls_24byte.c (test for excess errors)
WARNING: libffi.call/cls_24byte.c compilation failed to produce executable
FAIL: libffi.call/cls_2byte.c (test for excess errors)
WARNING: libffi.call/cls_2byte.c compilation failed to produce executable
FAIL: libffi.call/cls_3_1byte.c (test for excess errors)
WARNING: libffi.call/cls_3_1byte.c compilation failed to produce executable
FAIL: libffi.call/cls_3byte1.c (test for excess errors)
WARNING: libffi.call/cls_3byte1.c compilation failed to produce executable
FAIL: libffi.call/cls_3byte2.c (test for excess errors)
WARNING: libffi.call/cls_3byte2.c compilation failed to produce executable
FAIL: libffi.call/cls_4_1byte.c (test for excess errors)
WARNING: libffi.call/cls_4_1byte.c compilation failed to produce executable
FAIL: libffi.call/cls_4byte.c (test for excess errors)
WARNING: libffi.call/cls_4byte.c compilation failed to produce executable
FAIL: libffi.call/cls_5byte.c (test for excess errors)
WARNING: libffi.call/cls_5byte.c compilation failed to produce executable
FAIL: libffi.call/cls_64byte.c (test for excess errors)
WARNING: libffi.call/cls_64byte.c compilation failed to produce executable
FAIL: libffi.call/cls_6byte.c (test for excess errors)
WARNING: libffi.call/cls_6byte.c compilation failed to produce executable
FAIL: libffi.call/cls_7byte.c (test for excess errors)
WARNING: libffi.call/cls_7byte.c compilation failed to produce executable
FAIL: libffi.call/cls_8byte.c (test for excess errors)
WARNING: libffi.call/cls_8byte.c compilation failed to produce executable
FAIL: libffi.call/cls_9byte1.c (test for excess errors)
WARNING: libffi.call/cls_9byte1.c compilation failed to produce executable
FAIL: libffi.call/cls_9byte2.c (test for excess errors)
WARNING: libffi.call/cls_9byte2.c compilation failed to produce executable
FAIL: libffi.call/cls_align_double.c (test for excess errors)
WARNING: libffi.call/cls_align_double.c compilation failed to produce executable
FAIL: libffi.call/cls_align_float.c (test for excess errors)
WARNING: libffi.call/cls_align_float.c compilation failed to produce executable
FAIL: libffi.call/cls_align_longdouble.c (test for excess errors)
WARNING: libffi.call/cls_align_longdouble.c compilation failed to produce executable
FAIL: libffi.call/cls_align_pointer.c (test for excess errors)
WARNING: libffi.call/cls_align_pointer.c compilation failed to produce executable
FAIL: libffi.call/cls_align_sint16.c (test for excess errors)
WARNING: libffi.call/cls_align_sint16.c compilation failed to produce executable
FAIL: libffi.call/cls_align_sint32.c (test for excess errors)
WARNING: libffi.call/cls_align_sint32.c compilation failed to produce executable
FAIL: libffi.call/cls_align_sint64.c (test for excess errors)
WARNING: libffi.call/cls_align_sint64.c compilation failed to produce executable
FAIL: libffi.call/cls_align_uint16.c (test for excess errors)
WARNING: libffi.call/cls_align_uint16.c compilation failed to produce executable
FAIL: libffi.call/cls_align_uint32.c (test for excess errors)
WARNING: libffi.call/cls_align_uint32.c compilation failed to produce executable
FAIL: libffi.call/cls_align_uint64.c (test for excess errors)
WARNING: libffi.call/cls_align_uint64.c compilation failed to produce executable
FAIL: libffi.call/cls_double.c (test for excess errors)
WARNING: libffi.call/cls_double.c compilation failed to produce executable
FAIL: libffi.call/cls_float.c (test for excess errors)
WARNING: libffi.call/cls_float.c compilation failed to produce executable
FAIL: libffi.call/cls_multi_schar.c (test for excess errors)
WARNING: libffi.call/cls_multi_schar.c compilation failed to produce executable
FAIL: libffi.call/cls_multi_sshort.c (test for excess errors)
WARNING: libffi.call/cls_multi_sshort.c compilation failed to produce executable
FAIL: libffi.call/cls_multi_sshortchar.c (test for excess errors)
WARNING: libffi.call/cls_multi_sshortchar.c compilation failed to produce executable
FAIL: libffi.call/cls_multi_uchar.c (test for excess errors)
WARNING: libffi.call/cls_multi_uchar.c compilation failed to produce executable
FAIL: libffi.call/cls_multi_ushort.c (test for excess errors)
WARNING: libffi.call/cls_multi_ushort.c compilation failed to produce executable
FAIL: libffi.call/cls_multi_ushortchar.c (test for excess errors)
WARNING: libffi.call/cls_multi_ushortchar.c compilation failed to produce executable
FAIL: libffi.call/cls_schar.c (test for excess errors)
WARNING: libffi.call/cls_schar.c compilation failed to produce executable
FAIL: libffi.call/cls_sint.c (test for excess errors)
WARNING: libffi.call/cls_sint.c compilation failed to produce executable
FAIL: libffi.call/cls_sshort.c (test for excess errors)
WARNING: libffi.call/cls_sshort.c compilation failed to produce executable
FAIL: libffi.call/cls_uchar.c (test for excess errors)
WARNING: libffi.call/cls_uchar.c compilation failed to produce executable
FAIL: libffi.call/cls_uint.c (test for excess errors)
WARNING: libffi.call/cls_uint.c compilation failed to produce executable
ERROR: tcl error sourcing /vol/gnu/src/gcc/gcc-3.4-branch-dist/libffi/testsuite/libffi.call/call.exp.
ERROR: integer value too large to represent
=== libjava tests ===
Running target unix
WARNING: program timed out.
FAIL: linking PR9577
WARNING: program timed out.
FAIL: linking longfield
WARNING: program timed out.
FAIL: linking shortfield
WARNING: program timed out.
FAIL: ArrayClass compilation from source
WARNING: program timed out.
FAIL: ArrayClass -O3 compilation from source
WARNING: program timed out.
FAIL: Case compilation from source
WARNING: program timed out.
FAIL: Case -O3 compilation from source
WARNING: program timed out.
FAIL: G19990210_1 compilation from source
WARNING: program timed out.
FAIL: G19990210_1 -O3 compilation from source
WARNING: program timed out.
FAIL: G19990210_2 compilation from source
WARNING: program timed out.
FAIL: G19990210_2 -O3 compilation from source
WARNING: program timed out.
FAIL: G19990210_3 compilation from source
WARNING: program timed out.
FAIL: G19990210_3 -O3 compilation from source
WARNING: program timed out.
FAIL: G19990217_01 compilation from source
WARNING: program timed out.
FAIL: G19990217_01 -O3 compilation from source
WARNING: program timed out.
FAIL: G19990225_01 compilation from source
WARNING: program timed out.
FAIL: G19990225_01 -O3 compilation from source
WARNING: program timed out.
FAIL: InnerExcept compilation from source
WARNING: program timed out.
FAIL: InnerExcept -O3 compilation from source
WARNING: program timed out.
FAIL: N19990310_01 compilation from source
WARNING: program timed out.
FAIL: N19990310_01 -O3 compilation from source
WARNING: program timed out.
FAIL: N19990317 compilation from source
WARNING: program timed out.
FAIL: N19990317 -O3 compilation from source
WARNING: program timed out.
FAIL: OperatorBenchmark compilation from source
WARNING: program timed out.
FAIL: OperatorBenchmark -O3 compilation from source
WARNING: program timed out.
FAIL: PR12374 compilation from source
WARNING: program timed out.
FAIL: PR12374 -O3 compilation from source
WARNING: program timed out.
FAIL: PR12857 compilation from source
WARNING: program timed out.
FAIL: PR12857 -O3 compilation from source
WARNING: program timed out.
FAIL: PR13024 compilation from source
WARNING: program timed out.
FAIL: PR13024 -O3 compilation from source
WARNING: program timed out.
FAIL: PR13237 compilation from source
WARNING: program timed out.
FAIL: PR13237 -O3 compilation from source
WARNING: program timed out.
FAIL: PR1343 compilation from source
WARNING: program timed out.
FAIL: PR1343 -O3 compilation from source
WARNING: program timed out.
FAIL: PR206 compilation from source
WARNING: program timed out.
FAIL: PR206 -O3 compilation from source
WARNING: program timed out.
FAIL: PR209 compilation from source
WARNING: program timed out.
FAIL: PR209 -O3 compilation from source
WARNING: program timed out.
FAIL: PR232 compilation from source
WARNING: program timed out.
FAIL: PR232 -O3 compilation from source
WARNING: program timed out.
FAIL: PR232B compilation from source
WARNING: program timed out.
FAIL: PR232B -O3 compilation from source
WARNING: program timed out.
FAIL: PR234 compilation from source
WARNING: program timed out.
FAIL: PR234 -O3 compilation from source
WARNING: program timed out.
FAIL: PR235 compilation from source
WARNING: program timed out.
FAIL: PR235 -O3 compilation from source
WARNING: program timed out.
FAIL: PR295 compilation from source
WARNING: program timed out.
FAIL: PR295 -O3 compilation from source
WARNING: program timed out.
FAIL: PR374 compilation from source
WARNING: program timed out.
FAIL: PR374 -O3 compilation from source
WARNING: program timed out.
FAIL: PR375 compilation from source
WARNING: program timed out.
FAIL: PR375 -O3 compilation from source
WARNING: program timed out.
FAIL: PR4766 compilation from source
WARNING: program timed out.
FAIL: PR4766 -O3 compilation from source
WARNING: program timed out.
FAIL: PR5902 compilation from source
WARNING: program timed out.
FAIL: PR5902 -O3 compilation from source
WARNING: program timed out.
FAIL: PR5913 compilation from source
WARNING: program timed out.
FAIL: PR5913 -O3 compilation from source
WARNING: program timed out.
FAIL: PR6026 compilation from source
WARNING: program timed out.
FAIL: PR6026 -O3 compilation from source
WARNING: program timed out.
FAIL: Semi compilation from source
WARNING: program timed out.
FAIL: Semi -O3 compilation from source
WARNING: program timed out.
FAIL: Statics compilation from source
WARNING: program timed out.
FAIL: Statics -O3 compilation from source
WARNING: program timed out.
FAIL: SuperConstr compilation from source
WARNING: program timed out.
FAIL: SuperConstr -O3 compilation from source
WARNING: program timed out.
FAIL: T20020529 compilation from source
WARNING: program timed out.
FAIL: T20020529 -O3 compilation from source
WARNING: program timed out.
FAIL: T20020604 compilation from source
WARNING: program timed out.
FAIL: T20020604 -O3 compilation from source
WARNING: program timed out.
FAIL: Twice compilation from source
WARNING: program timed out.
FAIL: Twice -O3 compilation from source
WARNING: program timed out.
WARNING: program timed out.
WARNING: program timed out.
FAIL: XercesBug compilation from source
WARNING: program timed out.
FAIL: XercesBug -O3 compilation from source
WARNING: program timed out.
FAIL: assignment compilation from source
WARNING: program timed out.
FAIL: assignment -O3 compilation from source
WARNING: program timed out.
FAIL: assignment_2 compilation from source
WARNING: program timed out.
FAIL: assignment_2 -O3 compilation from source
WARNING: program timed out.
FAIL: comment compilation from source
WARNING: program timed out.
FAIL: comment -O3 compilation from source
WARNING: program timed out.
FAIL: final_initialization_in_ctor compilation from source
WARNING: program timed out.
FAIL: final_initialization_in_ctor -O3 compilation from source
WARNING: program timed out.
FAIL: final_local_switch compilation from source
WARNING: program timed out.
FAIL: final_local_switch -O3 compilation from source
WARNING: program timed out.
FAIL: iface compilation from source
WARNING: program timed out.
FAIL: iface -O3 compilation from source
WARNING: program timed out.
WARNING: program timed out.
WARNING: program timed out.
FAIL: inner_data compilation from source
WARNING: program timed out.
FAIL: inner_data -O3 compilation from source
WARNING: program timed out.
FAIL: inner_inherit compilation from source
WARNING: program timed out.
FAIL: inner_inherit -O3 compilation from source
WARNING: program timed out.
FAIL: inner_priv compilation from source
WARNING: program timed out.
FAIL: inner_priv -O3 compilation from source
WARNING: program timed out.
FAIL: inner_pub compilation from source
WARNING: program timed out.
FAIL: inner_pub -O3 compilation from source
WARNING: program timed out.
FAIL: narrow_case compilation from source
WARNING: program timed out.
FAIL: narrow_case -O3 compilation from source
WARNING: program timed out.
FAIL: perc compilation from source
WARNING: program timed out.
FAIL: perc -O3 compilation from source
WARNING: program timed out.
FAIL: plusplus compilation from source
WARNING: program timed out.
FAIL: plusplus -O3 compilation from source
WARNING: program timed out.
FAIL: pr10459 compilation from source
WARNING: program timed out.
FAIL: pr10459 -O3 compilation from source
WARNING: program timed out.
FAIL: pr10459_2 compilation from source
WARNING: program timed out.
FAIL: pr10459_2 -O3 compilation from source
WARNING: program timed out.
FAIL: pr172 compilation from source
WARNING: program timed out.
FAIL: pr172 -O3 compilation from source
WARNING: program timed out.
FAIL: pr174 compilation from source
WARNING: program timed out.
FAIL: pr174 -O3 compilation from source
WARNING: program timed out.
FAIL: pr176 compilation from source
WARNING: program timed out.
FAIL: pr176 -O3 compilation from source
WARNING: program timed out.
FAIL: pr7912 compilation from source
WARNING: program timed out.
FAIL: pr7912 -O3 compilation from source
WARNING: program timed out.
FAIL: pr8712 compilation from source
WARNING: program timed out.
FAIL: pr8712 -O3 compilation from source
WARNING: program timed out.
FAIL: pr8955 compilation from source
WARNING: program timed out.
FAIL: pr8955 -O3 compilation from source
WARNING: program timed out.
FAIL: static_init2 compilation from source
WARNING: program timed out.
FAIL: static_init2 -O3 compilation from source
WARNING: program timed out.
FAIL: static_inner compilation from source
WARNING: program timed out.
FAIL: static_inner -O3 compilation from source
WARNING: program timed out.
FAIL: zeroexp compilation from source
WARNING: program timed out.
FAIL: zeroexp -O3 compilation from source
FAIL: linking simple
WARNING: program timed out.
FAIL: linking calls
WARNING: program timed out.
FAIL: linking cxxtest
WARNING: program timed out.
FAIL: linking field
WARNING: program timed out.
FAIL: linking final_method
WARNING: program timed out.
FAIL: linking findclass
WARNING: program timed out.
FAIL: linking invoke
WARNING: program timed out.
FAIL: linking jniutf
WARNING: program timed out.
FAIL: linking martin
WARNING: program timed out.
FAIL: linking noclass
WARNING: program timed out.
FAIL: linking overload
WARNING: program timed out.
FAIL: linking pr11951
WARNING: program timed out.
FAIL: linking register
WARNING: program timed out.
FAIL: linking simple_int
WARNING: program timed out.
FAIL: linking throwit
WARNING: program timed out.
FAIL: linking virtual
WARNING: program timed out.
FAIL: ArrayStore compilation from source
WARNING: program timed out.
FAIL: ArrayStore compilation from bytecode
WARNING: program timed out.
FAIL: ArrayStore -O3 compilation from source
WARNING: program timed out.
FAIL: ArrayStore -O3 compilation from bytecode
WARNING: program timed out.
FAIL: ArrayStore2 compilation from source
WARNING: program timed out.
FAIL: ArrayStore2 compilation from bytecode
WARNING: program timed out.
FAIL: ArrayStore2 -O3 compilation from source
WARNING: program timed out.
FAIL: ArrayStore2 -O3 compilation from bytecode
WARNING: program timed out.
FAIL: Array_1 compilation from source
WARNING: program timed out.
FAIL: Array_1 compilation from bytecode
WARNING: program timed out.
FAIL: Array_1 -O3 compilation from source
WARNING: program timed out.
FAIL: Array_1 -O3 compilation from bytecode
WARNING: program timed out.
FAIL: Array_2 compilation from source
WARNING: program timed out.
FAIL: Array_2 compilation from bytecode
WARNING: program timed out.
FAIL: Array_2 -O3 compilation from source
WARNING: program timed out.
FAIL: Array_2 -O3 compilation from bytecode
WARNING: program timed out.
FAIL: Array_3 compilation from source
WARNING: program timed out.
FAIL: Array_3 compilation from bytecode
WARNING: program timed out.
FAIL: Array_3 -O3 compilation from source
WARNING: program timed out.
FAIL: Array_3 -O3 compilation from bytecode
WARNING: program timed out.
FAIL: Class_1 compilation from source
WARNING: program timed out.
FAIL: Class_1 compilation from bytecode
WARNING: program timed out.
FAIL: Class_1 -O3 compilation from source
WARNING: program timed out.
FAIL: Class_1 -O3 compilation from bytecode
WARNING: program timed out.
FAIL: CompareNaN compilation from source
WARNING: program timed out.
FAIL: CompareNaN compilation from bytecode
WARNING: program timed out.
FAIL: CompareNaN -O3 compilation from source
WARNING: program timed out.
FAIL: CompareNaN -O3 compilation from bytecode
WARNING: program timed out.
FAIL: Divide_1 compilation from source
WARNING: program timed out.
FAIL: Divide_1 compilation from bytecode
WARNING: program timed out.
FAIL: Divide_1 -O3 compilation from source
WARNING: program timed out.
FAIL: Divide_1 -O3 compilation from bytecode
WARNING: program timed out.
FAIL: EvaluationOrder compilation from source
WARNING: program timed out.
FAIL: EvaluationOrder compilation from bytecode
WARNING: program timed out.
FAIL: EvaluationOrder -O3 compilation from source
WARNING: program timed out.
FAIL: EvaluationOrder -O3 compilation from bytecode
WARNING: program timed out.
FAIL: FileHandleGcTest compilation from source
WARNING: program timed out.
FAIL: FileHandleGcTest compilation from bytecode
WARNING: program timed out.
FAIL: FileHandleGcTest -O3 compilation from source
WARNING: program timed out.
FAIL: FileHandleGcTest -O3 compilation from bytecode
WARNING: program timed out.
FAIL: Final compilation from source
WARNING: program timed out.
FAIL: Final compilation from bytecode
WARNING: program timed out.
FAIL: Final -O3 compilation from source
WARNING: program timed out.
FAIL: Final -O3 compilation from bytecode
WARNING: program timed out.
FAIL: Float_1 compilation from source
WARNING: program timed out.
FAIL: Float_1 compilation from bytecode
WARNING: program timed out.
FAIL: Float_1 -O3 compilation from source
WARNING: program timed out.
FAIL: Float_1 -O3 compilation from bytecode
WARNING: program timed out.
FAIL: G19990301_01 compilation from source
WARNING: program timed out.
FAIL: G19990301_01 compilation from bytecode
WARNING: program timed out.
FAIL: G19990301_01 -O3 compilation from source
WARNING: program timed out.
FAIL: G19990301_01 -O3 compilation from bytecode
WARNING: program timed out.
FAIL: G19990302_02 compilation from source
WARNING: program timed out.
FAIL: G19990302_02 compilation from bytecode
WARNING: program timed out.
FAIL: G19990302_02 -O3 compilation from source
WARNING: program timed out.
FAIL: G19990302_02 -O3 compilation from bytecode
WARNING: program timed out.
FAIL: G19990303_01 compilation from source
WARNING: program timed out.
FAIL: G19990303_01 compilation from bytecode
WARNING: program timed out.
FAIL: G19990303_01 -O3 compilation from source
WARNING: program timed out.
FAIL: G19990303_01 -O3 compilation from bytecode
WARNING: program timed out.
FAIL: G19990303_02 compilation from source
WARNING: program timed out.
FAIL: G19990303_02 compilation from bytecode
WARNING: program timed out.
FAIL: G19990303_02 -O3 compilation from source
WARNING: program timed out.
FAIL: G19990303_02 -O3 compilation from bytecode
WARNING: program timed out.
FAIL: G19990304_01 compilation from source
WARNING: program timed out.
FAIL: G19990304_01 compilation from bytecode
WARNING: program timed out.
FAIL: G19990304_01 -O3 compilation from source
WARNING: program timed out.
FAIL: G19990304_01 -O3 compilation from bytecode
WARNING: program timed out.
FAIL: G19990310_01 compilation from source
WARNING: program timed out.
FAIL: G19990310_01 compilation from bytecode
WARNING: program timed out.
FAIL: G19990310_01 -O3 compilation from source
WARNING: program timed out.
FAIL: G19990310_01 -O3 compilation from bytecode
WARNING: program timed out.
FAIL: II compilation from source
WARNING: program timed out.
FAIL: II compilation from bytecode
WARNING: program timed out.
FAIL: II -O3 compilation from source
WARNING: program timed out.
FAIL: II -O3 compilation from bytecode
WARNING: program timed out.
FAIL: InterfaceDispatch compilation from source
WARNING: program timed out.
FAIL: InterfaceDispatch compilation from bytecode
WARNING: program timed out.
FAIL: InterfaceDispatch -O3 compilation from source
WARNING: program timed out.
FAIL: InterfaceDispatch -O3 compilation from bytecode
WARNING: program timed out.
FAIL: InvokeReturn compilation from source
WARNING: program timed out.
FAIL: InvokeReturn compilation from bytecode
WARNING: program timed out.
FAIL: InvokeReturn -O3 compilation from source
WARNING: program timed out.
FAIL: InvokeReturn -O3 compilation from bytecode
WARNING: program timed out.
FAIL: Invoke_1 compilation from source
WARNING: program timed out.
FAIL: Invoke_1 compilation from bytecode
WARNING: program timed out.
FAIL: Invoke_1 -O3 compilation from source
WARNING: program timed out.
FAIL: Invoke_1 -O3 compilation from bytecode
WARNING: program timed out.
FAIL: Invoke_2 compilation from source
WARNING: program timed out.
FAIL: Invoke_2 compilation from bytecode
WARNING: program timed out.
FAIL: Invoke_2 -O3 compilation from source
WARNING: program timed out.
FAIL: Invoke_2 -O3 compilation from bytecode
WARNING: program timed out.
FAIL: KeepInline compilation from source
WARNING: program timed out.
FAIL: KeepInline compilation from bytecode
WARNING: program timed out.
FAIL: KeepInline -O3 compilation from source
WARNING: program timed out.
FAIL: KeepInline -O3 compilation from bytecode
WARNING: program timed out.
FAIL: MathBuiltin compilation from source
WARNING: program timed out.
FAIL: MathBuiltin compilation from bytecode
WARNING: program timed out.
FAIL: MathBuiltin -O3 compilation from source
WARNING: program timed out.
FAIL: MathBuiltin -O3 compilation from bytecode
WARNING: program timed out.
FAIL: Matrix4f compilation from source
WARNING: program timed out.
FAIL: Matrix4f compilation from bytecode
WARNING: program timed out.
FAIL: Matrix4f -O3 compilation from source
WARNING: program timed out.
FAIL: Matrix4f -O3 compilation from bytecode
WARNING: program timed out.
FAIL: N19990310_02 compilation from source
WARNING: program timed out.
FAIL: N19990310_02 compilation from bytecode
WARNING: program timed out.
FAIL: N19990310_02 -O3 compilation from source
WARNING: program timed out.
FAIL: N19990310_02 -O3 compilation from bytecode
WARNING: program timed out.
FAIL: N19990310_3 compilation from source
WARNING: program timed out.
FAIL: N19990310_3 compilation from bytecode
WARNING: program timed out.
FAIL: N19990310_3 -O3 compilation from source
WARNING: program timed out.
FAIL: N19990310_3 -O3 compilation from bytecode
WARNING: program timed out.
FAIL: N19990310_4 compilation from source
WARNING: program timed out.
FAIL: N19990310_4 compilation from bytecode
WARNING: program timed out.
FAIL: N19990310_4 -O3 compilation from source
WARNING: program timed out.
FAIL: N19990310_4 -O3 compilation from bytecode
WARNING: program timed out.
FAIL: N19990310_5 compilation from source
WARNING: program timed out.
FAIL: N19990310_5 compilation from bytecode
WARNING: program timed out.
FAIL: N19990310_5 -O3 compilation from source
WARNING: program timed out.
FAIL: N19990310_5 -O3 compilation from bytecode
WARNING: program timed out.
FAIL: Overflow compilation from source
WARNING: program timed out.
FAIL: Overflow compilation from bytecode
WARNING: program timed out.
FAIL: Overflow -O3 compilation from source
WARNING: program timed out.
FAIL: Overflow -O3 compilation from bytecode
WARNING: program timed out.
FAIL: PR12350 compilation from source
WARNING: program timed out.
FAIL: PR12350 compilation from bytecode
WARNING: program timed out.
FAIL: PR12350 -O3 compilation from source
WARNING: program timed out.
FAIL: PR12350 -O3 compilation from bytecode
WARNING: program timed out.
FAIL: PR12416 compilation from source
WARNING: program timed out.
FAIL: PR12416 compilation from bytecode
WARNING: program timed out.
FAIL: PR12416 -O3 compilation from source
WARNING: program timed out.
FAIL: PR12416 -O3 compilation from bytecode
WARNING: program timed out.
FAIL: PR12656 compilation from source
WARNING: program timed out.
FAIL: PR12656 compilation from bytecode
WARNING: program timed out.
FAIL: PR12656 -O3 compilation from source
WARNING: program timed out.
FAIL: PR12656 -O3 compilation from bytecode
WARNING: program timed out.
FAIL: PR12915 compilation from source
WARNING: program timed out.
FAIL: PR12915 compilation from bytecode
WARNING: program timed out.
FAIL: PR12915 -O3 compilation from source
WARNING: program timed out.
FAIL: PR12915 -O3 compilation from bytecode
WARNING: program timed out.
FAIL: PR141 compilation from source
WARNING: program timed out.
FAIL: PR141 compilation from bytecode
WARNING: program timed out.
FAIL: PR141 -O3 compilation from source
WARNING: program timed out.
FAIL: PR141 -O3 compilation from bytecode
WARNING: program timed out.
FAIL: PR160 compilation from source
WARNING: program timed out.
FAIL: PR160 compilation from bytecode
WARNING: program timed out.
FAIL: PR160 -O3 compilation from source
WARNING: program timed out.
FAIL: PR160 -O3 compilation from bytecode
WARNING: program timed out.
FAIL: PR162 compilation from source
WARNING: program timed out.
FAIL: PR162 compilation from bytecode
WARNING: program timed out.
FAIL: PR162 -O3 compilation from source
WARNING: program timed out.
FAIL: PR162 -O3 compilation from bytecode
WARNING: program timed out.
FAIL: PR218 compilation from source
WARNING: program timed out.
FAIL: PR218 compilation from bytecode
WARNING: program timed out.
FAIL: PR218 -O3 compilation from source
WARNING: program timed out.
FAIL: PR218 -O3 compilation from bytecode
WARNING: program timed out.
FAIL: PR242 compilation from source
WARNING: program timed out.
FAIL: PR242 compilation from bytecode
WARNING: program timed out.
FAIL: PR242 -O3 compilation from source
WARNING: program timed out.
FAIL: PR242 -O3 compilation from bytecode
WARNING: program timed out.
FAIL: PR260 compilation from source
WARNING: program timed out.
FAIL: PR260 compilation from bytecode
WARNING: program timed out.
FAIL: PR260 -O3 compilation from source
WARNING: program timed out.
FAIL: PR260 -O3 compilation from bytecode
WARNING: program timed out.
FAIL: PR3096 compilation from source
WARNING: program timed out.
FAIL: PR3096 compilation from bytecode
WARNING: program timed out.
FAIL: PR3096 -O3 compilation from source
WARNING: program timed out.
FAIL: PR3096 -O3 compilation from bytecode
WARNING: program timed out.
FAIL: PR3731 compilation from source
WARNING: program timed out.
FAIL: PR3731 compilation from bytecode
WARNING: program timed out.
FAIL: PR3731 -O3 compilation from source
WARNING: program timed out.
FAIL: PR3731 -O3 compilation from bytecode
WARNING: program timed out.
FAIL: PR5057 compilation from source
WARNING: program timed out.
FAIL: PR5057 compilation from bytecode
WARNING: program timed out.
FAIL: PR5057 -O3 compilation from source
WARNING: program timed out.
FAIL: PR5057 -O3 compilation from bytecode
WARNING: program timed out.
FAIL: PR5057_2 compilation from source
WARNING: program timed out.
FAIL: PR5057_2 compilation from bytecode
WARNING: program timed out.
FAIL: PR5057_2 -O3 compilation from source
WARNING: program timed out.
FAIL: PR5057_2 -O3 compilation from bytecode
WARNING: program timed out.
FAIL: PR55 compilation from source
WARNING: program timed out.
FAIL: PR55 compilation from bytecode
WARNING: program timed out.
FAIL: PR55 -O3 compilation from source
WARNING: program timed out.
FAIL: PR55 -O3 compilation from bytecode
WARNING: program timed out.
FAIL: PR56 compilation from source
WARNING: program timed out.
FAIL: PR56 compilation from bytecode
WARNING: program timed out.
FAIL: PR56 -O3 compilation from source
WARNING: program timed out.
FAIL: PR56 -O3 compilation from bytecode
WARNING: program timed out.
FAIL: PR6085 compilation from source
WARNING: program timed out.
FAIL: PR6085 compilation from bytecode
WARNING: program timed out.
FAIL: PR6085 -O3 compilation from source
WARNING: program timed out.
FAIL: PR6085 -O3 compilation from bytecode
WARNING: program timed out.
FAIL: PR6204 compilation from source
WARNING: program timed out.
FAIL: PR6204 compilation from bytecode
WARNING: program timed out.
FAIL: PR6204 -O3 compilation from source
WARNING: program timed out.
FAIL: PR6204 -O3 compilation from bytecode
WARNING: program timed out.
FAIL: PR6729 compilation from source
WARNING: program timed out.
FAIL: PR6729 compilation from bytecode
WARNING: program timed out.
FAIL: PR6729 -O3 compilation from source
WARNING: program timed out.
FAIL: PR6729 -O3 compilation from bytecode
WARNING: program timed out.
FAIL: PR6820 compilation from source
WARNING: program timed out.
FAIL: PR6820 compilation from bytecode
WARNING: program timed out.
FAIL: PR6820 -O3 compilation from source
WARNING: program timed out.
FAIL: PR6820 -O3 compilation from bytecode
WARNING: program timed out.
FAIL: PR7482 compilation from source
WARNING: program timed out.
FAIL: PR7482 compilation from bytecode
WARNING: program timed out.
FAIL: PR7482 -O3 compilation from source
WARNING: program timed out.
FAIL: PR7482 -O3 compilation from bytecode
WARNING: program timed out.
FAIL: Shazam compilation from source
WARNING: program timed out.
FAIL: Shazam compilation from bytecode
WARNING: program timed out.
FAIL: Shazam -O3 compilation from source
WARNING: program timed out.
FAIL: Shazam -O3 compilation from bytecode
WARNING: program timed out.
FAIL: StaticConstructor compilation from source
WARNING: program timed out.
FAIL: StaticConstructor compilation from bytecode
WARNING: program timed out.
FAIL: StaticConstructor -O3 compilation from source
WARNING: program timed out.
FAIL: StaticConstructor -O3 compilation from bytecode
WARNING: program timed out.
FAIL: StringBuffer_1 compilation from source
WARNING: program timed out.
FAIL: StringBuffer_1 compilation from bytecode
WARNING: program timed out.
FAIL: StringBuffer_1 -O3 compilation from source
WARNING: program timed out.
FAIL: StringBuffer_1 -O3 compilation from bytecode
WARNING: program timed out.
FAIL: StringBuffer_overflow compilation from source
WARNING: program timed out.
FAIL: StringBuffer_overflow compilation from bytecode
WARNING: program timed out.
FAIL: StringBuffer_overflow -O3 compilation from source
WARNING: program timed out.
FAIL: StringBuffer_overflow -O3 compilation from bytecode
WARNING: program timed out.
FAIL: String_overflow compilation from source
WARNING: program timed out.
FAIL: String_overflow compilation from bytecode
WARNING: program timed out.
FAIL: String_overflow -O3 compilation from source
WARNING: program timed out.
FAIL: String_overflow -O3 compilation from bytecode
WARNING: program timed out.
FAIL: SyncGlobal compilation from source
WARNING: program timed out.
FAIL: SyncGlobal compilation from bytecode
WARNING: program timed out.
FAIL: SyncGlobal -O3 compilation from source
WARNING: program timed out.
FAIL: SyncGlobal -O3 compilation from bytecode
WARNING: program timed out.
FAIL: SyncTest compilation from source
WARNING: program timed out.
FAIL: SyncTest -O3 compilation from source
WARNING: program timed out.
FAIL: Synch compilation from source
WARNING: program timed out.
FAIL: Synch compilation from bytecode
WARNING: program timed out.
FAIL: Synch -O3 compilation from source
WARNING: program timed out.
FAIL: Synch -O3 compilation from bytecode
WARNING: program timed out.
FAIL: TLtest compilation from source
WARNING: program timed out.
FAIL: TLtest -O3 compilation from source
WARNING: program timed out.
FAIL: TestProxy compilation from source
WARNING: program timed out.
FAIL: TestProxy compilation from bytecode
WARNING: program timed out.
FAIL: TestProxy -O3 compilation from source
WARNING: program timed out.
FAIL: TestProxy -O3 compilation from bytecode
WARNING: program timed out.
FAIL: Thread_Alive compilation from source
WARNING: program timed out.
FAIL: Thread_Alive -O3 compilation from source
WARNING: program timed out.
FAIL: Thread_Interrupt compilation from source
WARNING: program timed out.
FAIL: Thread_Interrupt -O3 compilation from source
WARNING: program timed out.
FAIL: Thread_Join compilation from source
WARNING: program timed out.
FAIL: Thread_Join -O3 compilation from source
WARNING: program timed out.
FAIL: Thread_Monitor compilation from source
WARNING: program timed out.
FAIL: Thread_Monitor -O3 compilation from source
WARNING: program timed out.
FAIL: Thread_Sleep compilation from source
WARNING: program timed out.
FAIL: Thread_Sleep -O3 compilation from source
WARNING: program timed out.
FAIL: Thread_Wait compilation from source
WARNING: program timed out.
FAIL: Thread_Wait -O3 compilation from source
WARNING: program timed out.
FAIL: Thread_Wait_2 compilation from source
WARNING: program timed out.
FAIL: Thread_Wait_2 -O3 compilation from source
WARNING: program timed out.
FAIL: Thread_Wait_Interrupt compilation from source
WARNING: program timed out.
FAIL: Thread_Wait_Interrupt -O3 compilation from source
WARNING: program timed out.
FAIL: Throw_1 compilation from source
WARNING: program timed out.
FAIL: Throw_1 compilation from bytecode
WARNING: program timed out.
FAIL: Throw_1 -O3 compilation from source
WARNING: program timed out.
FAIL: Throw_1 -O3 compilation from bytecode
WARNING: program timed out.
FAIL: Throw_2 compilation from source
WARNING: program timed out.
FAIL: Throw_2 compilation from bytecode
WARNING: program timed out.
FAIL: Throw_2 -O3 compilation from source
WARNING: program timed out.
FAIL: Throw_2 -O3 compilation from bytecode
WARNING: program timed out.
FAIL: anfi compilation from source
WARNING: program timed out.
FAIL: anfi compilation from bytecode
WARNING: program timed out.
FAIL: anfi -O3 compilation from source
WARNING: program timed out.
FAIL: anfi -O3 compilation from bytecode
WARNING: program timed out.
FAIL: anon compilation from source
WARNING: program timed out.
FAIL: anon compilation from bytecode
WARNING: program timed out.
FAIL: anon -O3 compilation from source
WARNING: program timed out.
FAIL: anon -O3 compilation from bytecode
WARNING: program timed out.
FAIL: anon2 compilation from source
WARNING: program timed out.
FAIL: anon2 compilation from bytecode
WARNING: program timed out.
FAIL: anon2 -O3 compilation from source
WARNING: program timed out.
FAIL: anon2 -O3 compilation from bytecode
WARNING: program timed out.
FAIL: anon3 compilation from source
WARNING: program timed out.
FAIL: anon3 compilation from bytecode
WARNING: program timed out.
FAIL: anon3 -O3 compilation from source
WARNING: program timed out.
FAIL: anon3 -O3 compilation from bytecode
WARNING: program timed out.
FAIL: anon4 compilation from source
WARNING: program timed out.
FAIL: anon4 compilation from bytecode
WARNING: program timed out.
FAIL: anon4 -O3 compilation from source
WARNING: program timed out.
FAIL: anon4 -O3 compilation from bytecode
WARNING: program timed out.
FAIL: anon_ctor_itf_arg compilation from source
WARNING: program timed out.
FAIL: anon_ctor_itf_arg compilation from bytecode
WARNING: program timed out.
FAIL: anon_ctor_itf_arg -O3 compilation from source
WARNING: program timed out.
FAIL: anon_ctor_itf_arg -O3 compilation from bytecode
WARNING: program timed out.
FAIL: anonarray compilation from source
WARNING: program timed out.
FAIL: anonarray compilation from bytecode
WARNING: program timed out.
FAIL: anonarray -O3 compilation from source
WARNING: program timed out.
FAIL: anonarray -O3 compilation from bytecode
WARNING: program timed out.
FAIL: anonarray2 compilation from source
WARNING: program timed out.
FAIL: anonarray2 compilation from bytecode
WARNING: program timed out.
FAIL: anonarray2 -O3 compilation from source
WARNING: program timed out.
FAIL: anonarray2 -O3 compilation from bytecode
WARNING: program timed out.
FAIL: anonarray3 compilation from source
WARNING: program timed out.
FAIL: anonarray3 compilation from bytecode
WARNING: program timed out.
FAIL: anonarray3 -O3 compilation from source
WARNING: program timed out.
FAIL: anonarray3 -O3 compilation from bytecode
WARNING: program timed out.
FAIL: assign compilation from source
WARNING: program timed out.
FAIL: assign compilation from bytecode
WARNING: program timed out.
FAIL: assign -O3 compilation from source
WARNING: program timed out.
FAIL: assign -O3 compilation from bytecode
WARNING: program timed out.
FAIL: direct_read compilation from source
WARNING: program timed out.
FAIL: direct_read compilation from bytecode
WARNING: program timed out.
FAIL: direct_read -O3 compilation from source
WARNING: program timed out.
FAIL: direct_read -O3 compilation from bytecode
WARNING: program timed out.
FAIL: direct_write compilation from source
WARNING: program timed out.
FAIL: direct_write compilation from bytecode
WARNING: program timed out.
FAIL: direct_write -O3 compilation from source
WARNING: program timed out.
FAIL: direct_write -O3 compilation from bytecode
WARNING: program timed out.
FAIL: emptystring compilation from source
WARNING: program timed out.
FAIL: emptystring compilation from bytecode
WARNING: program timed out.
FAIL: emptystring -O3 compilation from source
WARNING: program timed out.
FAIL: emptystring -O3 compilation from bytecode
WARNING: program timed out.
FAIL: err1 compilation from source
WARNING: program timed out.
FAIL: err1 compilation from bytecode
WARNING: program timed out.
FAIL: err1 -O3 compilation from source
WARNING: program timed out.
FAIL: err1 -O3 compilation from bytecode
WARNING: program timed out.
FAIL: err10 compilation from source
WARNING: program timed out.
FAIL: err10 compilation from bytecode
WARNING: program timed out.
FAIL: err10 -O3 compilation from source
WARNING: program timed out.
FAIL: err10 -O3 compilation from bytecode
WARNING: program timed out.
FAIL: err11 compilation from source
WARNING: program timed out.
FAIL: err11 compilation from bytecode
WARNING: program timed out.
FAIL: err11 -O3 compilation from source
WARNING: program timed out.
FAIL: err11 -O3 compilation from bytecode
WARNING: program timed out.
FAIL: err12 compilation from source
WARNING: program timed out.
FAIL: err12 compilation from bytecode
WARNING: program timed out.
FAIL: err12 -O3 compilation from source
WARNING: program timed out.
FAIL: err12 -O3 compilation from bytecode
WARNING: program timed out.
FAIL: err13 compilation from source
WARNING: program timed out.
FAIL: err13 compilation from bytecode
WARNING: program timed out.
FAIL: err13 -O3 compilation from source
WARNING: program timed out.
FAIL: err13 -O3 compilation from bytecode
WARNING: program timed out.
FAIL: err2 compilation from source
WARNING: program timed out.
FAIL: err2 compilation from bytecode
WARNING: program timed out.
FAIL: err2 -O3 compilation from source
WARNING: program timed out.
FAIL: err2 -O3 compilation from bytecode
WARNING: program timed out.
FAIL: err3 compilation from source
WARNING: program timed out.
FAIL: err3 compilation from bytecode
WARNING: program timed out.
FAIL: err3 -O3 compilation from source
WARNING: program timed out.
FAIL: err3 -O3 compilation from bytecode
WARNING: program timed out.
FAIL: err4 compilation from source
WARNING: program timed out.
FAIL: err4 compilation from bytecode
WARNING: program timed out.
FAIL: err4 -O3 compilation from source
WARNING: program timed out.
FAIL: err4 -O3 compilation from bytecode
WARNING: program timed out.
FAIL: err5 compilation from source
WARNING: program timed out.
FAIL: err5 compilation from bytecode
WARNING: program timed out.
FAIL: err5 -O3 compilation from source
WARNING: program timed out.
FAIL: err5 -O3 compilation from bytecode
WARNING: program timed out.
FAIL: err6 compilation from source
WARNING: program timed out.
FAIL: err6 compilation from bytecode
WARNING: program timed out.
FAIL: err6 -O3 compilation from source
WARNING: program timed out.
FAIL: err6 -O3 compilation from bytecode
WARNING: program timed out.
FAIL: err7 compilation from source
WARNING: program timed out.
FAIL: err7 compilation from bytecode
WARNING: program timed out.
FAIL: err7 -O3 compilation from source
WARNING: program timed out.
FAIL: err7 -O3 compilation from bytecode
WARNING: program timed out.
FAIL: err8 compilation from source
WARNING: program timed out.
FAIL: err8 compilation from bytecode
WARNING: program timed out.
FAIL: err8 -O3 compilation from source
WARNING: program timed out.
FAIL: err8 -O3 compilation from bytecode
WARNING: program timed out.
FAIL: err9 compilation from source
WARNING: program timed out.
FAIL: err9 compilation from bytecode
WARNING: program timed out.
FAIL: err9 -O3 compilation from source
WARNING: program timed out.
FAIL: err9 -O3 compilation from bytecode
WARNING: program timed out.
FAIL: final_inner compilation from source
WARNING: program timed out.
FAIL: final_inner compilation from bytecode
WARNING: program timed out.
FAIL: final_inner -O3 compilation from source
WARNING: program timed out.
FAIL: final_inner -O3 compilation from bytecode
WARNING: program timed out.
FAIL: final_int compilation from source
WARNING: program timed out.
FAIL: final_int compilation from bytecode
WARNING: program timed out.
FAIL: final_int -O3 compilation from source
WARNING: program timed out.
FAIL: final_int -O3 compilation from bytecode
WARNING: program timed out.
FAIL: final_static_and_friend compilation from source
WARNING: program timed out.
FAIL: final_static_and_friend compilation from bytecode
WARNING: program timed out.
FAIL: final_static_and_friend -O3 compilation from source
WARNING: program timed out.
FAIL: final_static_and_friend -O3 compilation from bytecode
WARNING: program timed out.
FAIL: indirect compilation from source
WARNING: program timed out.
FAIL: indirect compilation from bytecode
WARNING: program timed out.
FAIL: indirect -O3 compilation from source
WARNING: program timed out.
FAIL: indirect -O3 compilation from bytecode
WARNING: program timed out.
FAIL: indirect_read compilation from source
WARNING: program timed out.
FAIL: indirect_read compilation from bytecode
WARNING: program timed out.
FAIL: indirect_read -O3 compilation from source
WARNING: program timed out.
FAIL: indirect_read -O3 compilation from bytecode
WARNING: program timed out.
FAIL: indirect_write compilation from source
WARNING: program timed out.
FAIL: indirect_write compilation from bytecode
WARNING: program timed out.
FAIL: indirect_write -O3 compilation from source
WARNING: program timed out.
FAIL: indirect_write -O3 compilation from bytecode
WARNING: program timed out.
FAIL: initexc compilation from source
WARNING: program timed out.
FAIL: initexc compilation from bytecode
WARNING: program timed out.
FAIL: initexc -O3 compilation from source
WARNING: program timed out.
FAIL: initexc -O3 compilation from bytecode
WARNING: program timed out.
FAIL: initfield compilation from source
WARNING: program timed out.
FAIL: initfield compilation from bytecode
WARNING: program timed out.
FAIL: initfield -O3 compilation from source
WARNING: program timed out.
FAIL: initfield -O3 compilation from bytecode
WARNING: program timed out.
FAIL: inline compilation from source
WARNING: program timed out.
FAIL: inline compilation from bytecode
WARNING: program timed out.
FAIL: inline -O3 compilation from source
WARNING: program timed out.
FAIL: inline -O3 compilation from bytecode
WARNING: program timed out.
FAIL: inner1 compilation from source
WARNING: program timed out.
FAIL: inner1 compilation from bytecode
WARNING: program timed out.
FAIL: inner1 -O3 compilation from source
WARNING: program timed out.
FAIL: inner1 -O3 compilation from bytecode
WARNING: program timed out.
FAIL: inner2 compilation from source
WARNING: program timed out.
FAIL: inner2 compilation from bytecode
WARNING: program timed out.
FAIL: inner2 -O3 compilation from source
WARNING: program timed out.
FAIL: inner2 -O3 compilation from bytecode
WARNING: program timed out.
FAIL: inner3 compilation from source
WARNING: program timed out.
FAIL: inner3 compilation from bytecode
WARNING: program timed out.
FAIL: inner3 -O3 compilation from source
WARNING: program timed out.
FAIL: inner3 -O3 compilation from bytecode
WARNING: program timed out.
FAIL: inner4 compilation from source
WARNING: program timed out.
FAIL: inner4 compilation from bytecode
WARNING: program timed out.
FAIL: inner4 -O3 compilation from source
WARNING: program timed out.
FAIL: inner4 -O3 compilation from bytecode
WARNING: program timed out.
FAIL: inner_array compilation from source
WARNING: program timed out.
FAIL: inner_array compilation from bytecode
WARNING: program timed out.
FAIL: inner_array -O3 compilation from source
WARNING: program timed out.
FAIL: inner_array -O3 compilation from bytecode
WARNING: program timed out.
FAIL: inner_interface compilation from source
WARNING: program timed out.
FAIL: inner_interface compilation from bytecode
WARNING: program timed out.
FAIL: inner_interface -O3 compilation from source
WARNING: program timed out.
FAIL: inner_interface -O3 compilation from bytecode
WARNING: program timed out.
FAIL: instance compilation from source
WARNING: program timed out.
FAIL: instance compilation from bytecode
WARNING: program timed out.
FAIL: instance -O3 compilation from source
WARNING: program timed out.
FAIL: instance -O3 compilation from bytecode
WARNING: program timed out.
FAIL: instinit compilation from source
WARNING: program timed out.
FAIL: instinit compilation from bytecode
WARNING: program timed out.
FAIL: instinit -O3 compilation from source
WARNING: program timed out.
FAIL: instinit -O3 compilation from bytecode
WARNING: program timed out.
FAIL: instinit2 compilation from source
WARNING: program timed out.
FAIL: instinit2 compilation from bytecode
WARNING: program timed out.
FAIL: instinit2 -O3 compilation from source
WARNING: program timed out.
FAIL: instinit2 -O3 compilation from bytecode
WARNING: program timed out.
FAIL: invoke_from_inner compilation from source
WARNING: program timed out.
FAIL: invoke_from_inner compilation from bytecode
WARNING: program timed out.
FAIL: invoke_from_inner -O3 compilation from source
WARNING: program timed out.
FAIL: invoke_from_inner -O3 compilation from bytecode
WARNING: program timed out.
FAIL: invokethrow compilation from source
WARNING: program timed out.
FAIL: invokethrow compilation from bytecode
WARNING: program timed out.
FAIL: invokethrow -O3 compilation from source
WARNING: program timed out.
FAIL: invokethrow -O3 compilation from bytecode
WARNING: program timed out.
FAIL: klass compilation from source
WARNING: program timed out.
FAIL: klass compilation from bytecode
WARNING: program timed out.
FAIL: klass -O3 compilation from source
WARNING: program timed out.
FAIL: klass -O3 compilation from bytecode
WARNING: program timed out.
FAIL: multiple_finit compilation from source
WARNING: program timed out.
FAIL: multiple_finit compilation from bytecode
WARNING: program timed out.
FAIL: multiple_finit -O3 compilation from source
WARNING: program timed out.
FAIL: multiple_finit -O3 compilation from bytecode
WARNING: program timed out.
FAIL: negzero compilation from source
WARNING: program timed out.
FAIL: negzero compilation from bytecode
WARNING: program timed out.
FAIL: negzero -O3 compilation from source
WARNING: program timed out.
FAIL: negzero -O3 compilation from bytecode
WARNING: program timed out.
FAIL: nested_with_ctor compilation from source
WARNING: program timed out.
FAIL: nested_with_ctor compilation from bytecode
WARNING: program timed out.
FAIL: nested_with_ctor -O3 compilation from source
WARNING: program timed out.
FAIL: nested_with_ctor -O3 compilation from bytecode
WARNING: program timed out.
FAIL: newarray_overflow compilation from source
WARNING: program timed out.
FAIL: newarray_overflow compilation from bytecode
WARNING: program timed out.
FAIL: newarray_overflow -O3 compilation from source
WARNING: program timed out.
FAIL: newarray_overflow -O3 compilation from bytecode
WARNING: program timed out.
FAIL: override compilation from source
WARNING: program timed out.
FAIL: override compilation from bytecode
WARNING: program timed out.
FAIL: override -O3 compilation from source
WARNING: program timed out.
FAIL: override -O3 compilation from bytecode
WARNING: program timed out.
FAIL: pr109 compilation from source
WARNING: program timed out.
FAIL: pr109 compilation from bytecode
WARNING: program timed out.
FAIL: pr109 -O3 compilation from source
WARNING: program timed out.
FAIL: pr109 -O3 compilation from bytecode
WARNING: program timed out.
FAIL: pr133 compilation from source
WARNING: program timed out.
FAIL: pr133 compilation from bytecode
WARNING: program timed out.
FAIL: pr133 -O3 compilation from source
WARNING: program timed out.
FAIL: pr133 -O3 compilation from bytecode
WARNING: program timed out.
FAIL: pr179 compilation from source
WARNING: program timed out.
FAIL: pr179 compilation from bytecode
WARNING: program timed out.
FAIL: pr179 -O3 compilation from source
WARNING: program timed out.
FAIL: pr179 -O3 compilation from bytecode
WARNING: program timed out.
FAIL: pr184 compilation from source
WARNING: program timed out.
FAIL: pr184 compilation from bytecode
WARNING: program timed out.
FAIL: pr184 -O3 compilation from source
WARNING: program timed out.
FAIL: pr184 -O3 compilation from bytecode
WARNING: program timed out.
FAIL: pr6388 compilation from source
WARNING: program timed out.
FAIL: pr6388 compilation from bytecode
WARNING: program timed out.
FAIL: pr6388 -O3 compilation from source
WARNING: program timed out.
FAIL: pr6388 -O3 compilation from bytecode
WARNING: program timed out.
FAIL: pr83 compilation from source
WARNING: program timed out.
FAIL: pr83 compilation from bytecode
WARNING: program timed out.
FAIL: pr83 -O3 compilation from source
WARNING: program timed out.
FAIL: pr83 -O3 compilation from bytecode
WARNING: program timed out.
FAIL: pr8415 compilation from source
WARNING: program timed out.
FAIL: pr8415 compilation from bytecode
WARNING: program timed out.
FAIL: pr8415 -O3 compilation from source
WARNING: program timed out.
FAIL: pr8415 -O3 compilation from bytecode
WARNING: program timed out.
FAIL: pr8676 compilation from source
WARNING: program timed out.
FAIL: pr8676 compilation from bytecode
WARNING: program timed out.
FAIL: pr8676 -O3 compilation from source
WARNING: program timed out.
FAIL: pr8676 -O3 compilation from bytecode
WARNING: program timed out.
FAIL: pr8823 compilation from source
WARNING: program timed out.
FAIL: pr8823 compilation from bytecode
WARNING: program timed out.
FAIL: pr8823 -O3 compilation from source
WARNING: program timed out.
FAIL: pr8823 -O3 compilation from bytecode
WARNING: program timed out.
FAIL: pr8945 compilation from source
WARNING: program timed out.
FAIL: pr8945 compilation from bytecode
WARNING: program timed out.
FAIL: pr8945 -O3 compilation from source
WARNING: program timed out.
FAIL: pr8945 -O3 compilation from bytecode
WARNING: program timed out.
FAIL: private_direct_read compilation from source
WARNING: program timed out.
FAIL: private_direct_read compilation from bytecode
WARNING: program timed out.
FAIL: private_direct_read -O3 compilation from source
WARNING: program timed out.
FAIL: private_direct_read -O3 compilation from bytecode
WARNING: program timed out.
FAIL: search_outer compilation from source
WARNING: program timed out.
FAIL: search_outer compilation from bytecode
WARNING: program timed out.
FAIL: search_outer -O3 compilation from source
WARNING: program timed out.
FAIL: search_outer -O3 compilation from bytecode
WARNING: program timed out.
FAIL: stringconst compilation from source
WARNING: program timed out.
FAIL: stringconst compilation from bytecode
WARNING: program timed out.
FAIL: stringconst -O3 compilation from source
WARNING: program timed out.
FAIL: stringconst -O3 compilation from bytecode
WARNING: program timed out.
FAIL: stringconst2 compilation from source
WARNING: program timed out.
FAIL: stringconst2 compilation from bytecode
WARNING: program timed out.
FAIL: stringconst2 -O3 compilation from source
WARNING: program timed out.
FAIL: stringconst2 -O3 compilation from bytecode
WARNING: program timed out.
FAIL: stub compilation from source
WARNING: program timed out.
FAIL: stub compilation from bytecode
WARNING: program timed out.
FAIL: stub -O3 compilation from source
WARNING: program timed out.
FAIL: stub -O3 compilation from bytecode
WARNING: program timed out.
FAIL: test_long compilation from source
WARNING: program timed out.
FAIL: test_long compilation from bytecode
WARNING: program timed out.
FAIL: test_long -O3 compilation from source
WARNING: program timed out.
FAIL: test_long -O3 compilation from bytecode
WARNING: program timed out.
FAIL: tmi compilation from source
WARNING: program timed out.
FAIL: tmi compilation from bytecode
WARNING: program timed out.
FAIL: tmi -O3 compilation from source
WARNING: program timed out.
FAIL: tmi -O3 compilation from bytecode
WARNING: program timed out.
FAIL: tp compilation from source
WARNING: program timed out.
FAIL: tp compilation from bytecode
WARNING: program timed out.
FAIL: tp -O3 compilation from source
WARNING: program timed out.
FAIL: tp -O3 compilation from bytecode
WARNING: program timed out.
FAIL: update_outer compilation from source
WARNING: program timed out.
FAIL: update_outer compilation from bytecode
WARNING: program timed out.
FAIL: update_outer -O3 compilation from source
WARNING: program timed out.
FAIL: update_outer -O3 compilation from bytecode
WARNING: program timed out.
FAIL: utf8concat compilation from source
WARNING: program timed out.
FAIL: utf8concat compilation from bytecode
WARNING: program timed out.
FAIL: utf8concat -O3 compilation from source
WARNING: program timed out.
FAIL: utf8concat -O3 compilation from bytecode
WARNING: program timed out.
FAIL: utilTest compilation from source
WARNING: program timed out.
FAIL: utilTest compilation from bytecode
WARNING: program timed out.
FAIL: utilTest -O3 compilation from source
WARNING: program timed out.
FAIL: utilTest -O3 compilation from bytecode
WARNING: program timed out.
FAIL: verify compilation from source
WARNING: program timed out.
FAIL: verify compilation from bytecode
WARNING: program timed out.
FAIL: verify -O3 compilation from source
WARNING: program timed out.
FAIL: verify -O3 compilation from bytecode
WARNING: program timed out.
FAIL: TestEarlyGC compilation from source
WARNING: program timed out.
FAIL: TestLeak compilation from source
WARNING: program timed out.
FAIL: TestMultiple compilation from source
WARNING: program timed out.
FAIL: TestParent compilation from source
=== libjava Summary ===
# of expected passes 780
# of unexpected failures 707
# of expected failures 23
# of untested testcases 1182
=== libstdc++ tests ===
Running target unix
WARNING: program timed out.
FAIL: 23_containers/deque/cons/2.cc (test for excess errors)
WARNING: program timed out.
FAIL: 23_containers/deque/invalidation/4.cc (test for excess errors)
WARNING: 23_containers/deque/invalidation/4.cc compilation failed to produce executable
FAIL: 25_algorithms/rotate.cc execution test
WARNING: program timed out.
FAIL: 26_numerics/complex_inserters_extractors.cc (test for excess errors)
WARNING: 26_numerics/complex_inserters_extractors.cc compilation failed to produce executable
FAIL: 27_io/basic_filebuf/sgetn/char/1-in.cc execution test
FAIL: 27_io/basic_filebuf/sgetn/char/1-io.cc execution test
FAIL: 27_io/basic_filebuf/sgetn/char/2-in.cc execution test
FAIL: 27_io/basic_filebuf/sgetn/char/2-io.cc execution test
WARNING: program timed out.
FAIL: 27_io/basic_ios/imbue/14072.cc (test for excess errors)
WARNING: 27_io/basic_ios/imbue/14072.cc compilation failed to produce executable
FAIL: 27_io/basic_istream/readsome/char/6746-2.cc execution test
=== libstdc++ Summary ===
# of expected passes 1904
# of unexpected failures 10
# of expected failures 4
# of unsupported tests 7
Compiler version: 3.4.0 20040312 (prerelease)
Platform: mips-sgi-irix6.2
configure flags: --prefix=/vol/gcc --with-local-prefix=/vol/gcc --disable-multilib --enable-libgcj --disable-nls
-----------------------------------------------------------------------------
Rainer Orth, Faculty of Technology, Bielefeld University
More information about the Gcc-testresults
mailing list