Results for 3.4.0 20040314 (prerelease) testsuite on alpha-unknown-linux-gnu
Matthias Klose
doko@gluck.debian.org
Tue Mar 16 00:55:00 GMT 2004
LAST_UPDATED: Sun Mar 14 11:12:57 UTC 2004
Native configuration is alpha-unknown-linux-gnu
=== libffi tests ===
Running target unix
=== libffi Summary ===
# of expected passes 212
# of unsupported tests 2
=== libjava tests ===
Running target unix
FAIL: initexc execution - gij test
FAIL: initexc execution - gij test
=== libjava Summary ===
# of expected passes 3258
# of unexpected failures 2
# of expected failures 10
# of untested testcases 10
=== libstdc++-v3 check-abi Summary ===
# of added symbols: 262
# of missing symbols: 226
# of incompatible symbols: 257
using: /build/buildd/gcc-snapshot-20040314/src/libstdc++-v3/config/abi/alpha-linux-gnu/baseline_symbols.txt
=== libstdc++ tests ===
Running target unix
FAIL: 26_numerics/complex/pow.cc execution test
FAIL: 26_numerics/fabs_inline.cc (test for excess errors)
WARNING: 26_numerics/fabs_inline.cc compilation failed to produce executable
XPASS: 27_io/fpos/14320-1.cc execution test
=== libstdc++ Summary ===
# of expected passes 2570
# of unexpected failures 2
# of unexpected successes 1
# of expected failures 5
=== acats tests ===
FAIL: c37213f
FAIL: c37215f
FAIL: c45624a
FAIL: c45624b
FAIL: c460010
FAIL: c4a013a
FAIL: cd2a83c
FAIL: cd2a91c
FAIL: cxa5a03
FAIL: cxg2002
FAIL: cxg2017
FAIL: cxg2020
=== acats Summary ===
# of expected passes 1954
# of unexpected failures 12
# of unsupported tests 356
=== g++ tests ===
Running target unix
WARNING: g++.old-deja/g++.mike/p10769a.C compilation failed to produce executable
WARNING: g++.old-deja/g++.other/enum5.C compilation failed to produce executable
XPASS: g++.old-deja/g++.other/init5.C execution test
WARNING: g++.old-deja/g++.pt/friend44.C compilation failed to produce executable
=== g++ Summary ===
# of expected passes 9482
# of unexpected successes 1
# of expected failures 63
# of unsupported tests 69
/build/buildd/gcc-snapshot-20040314/build/gcc/testsuite/../g++ version 3.4.0 20040314 (prerelease)
=== g77 tests ===
Running target unix
=== g77 Summary ===
# of expected passes 1800
# of unsupported tests 6
/build/buildd/gcc-snapshot-20040314/build/gcc/testsuite/../g77 version 3.4.0 20040314 (prerelease)
=== gcc tests ===
Running target unix
FAIL: gcc.dg/20040123-1.c scan-assembler abort
FAIL: gcc.dg/cleanup-11.c execution test
FAIL: gcc.dg/cleanup-9.c execution test
=== gcc Summary ===
# of expected passes 24199
# of unexpected failures 3
# of expected failures 79
# of untested testcases 7
# of unsupported tests 301
/build/buildd/gcc-snapshot-20040314/build/gcc/xgcc version 3.4.0 20040314 (prerelease)
=== objc tests ===
Running target unix
=== objc Summary ===
# of expected passes 1341
# of unsupported tests 8
/build/buildd/gcc-snapshot-20040314/build/gcc/xgcc version 3.4.0 20040314 (prerelease)
=== treelang tests ===
Running target unix
=== treelang Summary ===
# of expected passes 1
Compiler version: 3.4.0 20040314 (prerelease)
Platform: alpha-unknown-linux-gnu
configure flags: -v --enable-languages=c,c++,java,f77,objc,ada,treelang --prefix=/usr/lib/gcc-snapshot --enable-shared --with-system-zlib --enable-nls --enable-threads=posix --without-included-gettext --enable-__cxa_atexit --enable-clocale=gnu --enable-libstdcxx-debug --enable-java-gc=boehm --enable-java-awt=xlib,gtk --with-cpp-install-dir=bin --disable-werror alpha-linux
BOOT_CFLAGS=-O2
Build Dependencies:
Desired=Unknown/Install/Remove/Purge/Hold
| Status=Not/Installed/Config-files/Unpacked/Failed-config/Half-installed
|/ Err?=(none)/Hold/Reinst-required/X=both-problems (Status,Err: uppercase=bad)
||/ Name Version Description
+++-==============-==============-============================================
ii binutils 2.14.90.0.7-5 The GNU assembler, linker and binary utiliti
ii libc6.1-dev 2.3.2.ds1-11 GNU C Library: Development Libraries and Hea
Patches that Debian applied in this version:
test-summary:
add libstdc++-v3's abi baseline to the test summary
amd64-specs:
Use 64bits mode assembly except with -m32
hppa-toplevel:
For hppa-linux enable libgcj and dependent libs in the toplevel directory
hppa-libffi:
libffi support for hppa
hppa-libjava:
Enable libjava support for hppa
More information about the Gcc-testresults
mailing list