Results for 3.3.4 20040313 (prerelease) testsuite on sparc-sun-solaris2.7
Eric Botcazou
eric@localhost.localdomain
Sun Mar 14 00:09:00 GMT 2004
LAST_UPDATED: Sat Mar 13 09:17:56 UTC 2004
Native configuration is sparc-sun-solaris2.7
=== g++ tests ===
Running target unix
FAIL: g++.other/decl5.C caused compiler crash
=== g++ Summary ===
# of expected passes 8164
# of unexpected failures 1
# of expected failures 91
# of untested testcases 21
# of unsupported tests 28
/opt/build/eric/gcc-3_3-branch/gcc/testsuite/../g++ version 3.3.4 20040313 (prerelease)
=== g77 tests ===
Running target unix
=== g77 Summary ===
# of expected passes 1720
# of unsupported tests 8
/opt/build/eric/gcc-3_3-branch/gcc/testsuite/../g77 version 3.3.4 20040313 (prerelease)
=== gcc tests ===
Running target unix
WARNING: gcc.dg/20021014-1.c compilation failed to produce executable
FAIL: gcc.dg/duff-2.c (test for excess errors)
=== gcc Summary ===
# of expected passes 21082
# of unexpected failures 1
# of expected failures 67
# of unsupported tests 185
/opt/build/eric/gcc-3_3-branch/gcc/xgcc version 3.3.4 20040313 (prerelease)
=== objc tests ===
Running target unix
=== objc Summary ===
# of expected passes 1166
/opt/build/eric/gcc-3_3-branch/gcc/xgcc version 3.3.4 20040313 (prerelease)
=== libstdc++-v3 tests ===
Running target unix
=== libstdc++-v3 Summary ===
# of expected passes 429
# of expected failures 18
Compiler version: 3.3.4 20040313 (prerelease)
Platform: sparc-sun-solaris2.7
configure flags: --host=sparc-sun-solaris2.7 --prefix=/opt/build/eric/gcc334 --enable-languages=c,c++,objc,f77,java --enable-checking=misc,tree,rtlflag --disable-multilib --disable-libgcj
More information about the Gcc-testresults
mailing list