Results for 3.4.0 20040222 (prerelease) (Debian) testsuite on hppa-unknown-linux-gnu
Matthias Klose
doko@gluck.debian.org
Sat Mar 13 08:39:00 GMT 2004
LAST_UPDATED: Sun Feb 22 14:48:35 UTC 2004
=== acats tests ===
=== acats Summary ===
# of expected passes 1965
# of unexpected failures 0
# of unsupported tests 357
Native configuration is hppa-unknown-linux-gnu
=== g++ tests ===
Running target unix
XPASS: g++.dg/other/packed1.C execution test
WARNING: g++.old-deja/g++.mike/p10769a.C compilation failed to produce executable
WARNING: g++.old-deja/g++.other/enum5.C compilation failed to produce executable
XPASS: g++.old-deja/g++.other/init5.C execution test
WARNING: g++.old-deja/g++.pt/friend44.C compilation failed to produce executable
=== g++ Summary ===
# of expected passes 9395
# of unexpected successes 2
# of expected failures 62
# of unsupported tests 71
/build/packages/gcc/3.4/gcc-3.4-3.4ds0/build/gcc/testsuite/../g++ version 3.4.0 20040222 (prerelease) (Debian)
=== g77 tests ===
Running target unix
=== g77 Summary ===
# of expected passes 1800
# of unsupported tests 6
/build/packages/gcc/3.4/gcc-3.4-3.4ds0/build/gcc/testsuite/../g77 version 3.4.0 20040222 (prerelease) (Debian)
=== gcc tests ===
Running target unix
FAIL: gcc.dg/20031202-1.c execution test
FAIL: gcc.dg/const-elim-1.c scan-assembler-not L\\\\\$?C[^A-Z]
=== gcc Summary ===
# of expected passes 24037
# of unexpected failures 2
# of expected failures 68
# of untested testcases 7
# of unsupported tests 311
/build/packages/gcc/3.4/gcc-3.4-3.4ds0/build/gcc/xgcc version 3.4.0 20040222 (prerelease) (Debian)
=== objc tests ===
Running target unix
=== objc Summary ===
# of expected passes 1341
# of unsupported tests 8
/build/packages/gcc/3.4/gcc-3.4-3.4ds0/build/gcc/xgcc version 3.4.0 20040222 (prerelease) (Debian)
=== libffi tests ===
Running target unix
FAIL: libffi.call/cls_5byte.c output pattern test, is 127 120 1 12 128 9: 139 248 10
FAIL: libffi.call/cls_6byte.c output pattern test, is 127 120 1 128 12 128 9 127: 139 248 10 255
FAIL: libffi.call/cls_align_sint16.c output pattern test, is 12 4951 127 1 9320 13: 13 14271 140
FAIL: libffi.call/cls_align_uint16.c output pattern test, is 12 4951 127 1 9320 13: 13 14271 140
=== libffi Summary ===
# of expected passes 208
# of unexpected failures 4
# of unsupported tests 2
=== libjava tests ===
Running target unix
FAIL: linking cxxtest
FAIL: SyncTest execution - source compiled test
FAIL: SyncTest execution - gij test
WARNING: program timed out.
FAIL: SyncTest execution - bytecode->native test
FAIL: SyncTest -O3 execution - source compiled test
WARNING: program timed out.
FAIL: SyncTest execution - gij test
WARNING: program timed out.
FAIL: SyncTest -O3 execution - bytecode->native test
FAIL: Thread_Monitor execution - source compiled test
FAIL: Thread_Monitor execution - bytecode->native test
FAIL: Thread_Monitor -O3 execution - source compiled test
FAIL: Thread_Monitor execution - gij test
FAIL: Thread_Monitor -O3 execution - bytecode->native test
FAIL: Throw_2 execution - source compiled test
FAIL: Throw_2 execution - gij test
FAIL: Throw_2 execution - bytecode->native test
FAIL: Throw_2 -O3 execution - source compiled test
FAIL: Throw_2 execution - gij test
FAIL: Throw_2 -O3 execution - bytecode->native test
=== libjava Summary ===
# of expected passes 3226
# of unexpected failures 18
# of expected failures 11
# of untested testcases 25
=== libstdc++-v3 check-abi Summary ===
# of added symbols: 256
# of missing symbols: 257
# of incompatible symbols: 288
using: /build/packages/gcc/3.4/gcc-3.4-3.4ds0/src/libstdc++-v3/config/abi/hppa-linux-gnu/baseline_symbols.txt
=== libstdc++ tests ===
Running target unix
XPASS: 26_numerics/c99_classification_macros_c.cc (test for excess errors)
FAIL: thread/pthread6.cc execution test
WARNING: program timed out.
FAIL: thread/pthread7-rope.cc execution test
=== libstdc++ Summary ===
# of expected passes 2554
# of unexpected failures 2
# of unexpected successes 1
# of expected failures 2
Compiler version: 3.4.0 20040222 (prerelease) (Debian)
Platform: hppa-unknown-linux-gnu
configure flags: -v --enable-languages=c,c++,java,f77,objc,ada,treelang --prefix=/usr --libexecdir=/usr/lib --with-gxx-include-dir=/usr/include/c++/3.4 --enable-shared --with-system-zlib --enable-nls --enable-threads=posix --without-included-gettext --program-suffix=-3.4 --enable-__cxa_atexit --enable-clocale=gnu --enable-libstdcxx-debug --enable-java-gc=boehm --enable-java-awt=xlib,gtk --disable-werror hppa-linux
BOOT_CFLAGS=-O2
Build Dependencies:
Desired=Unknown/Install/Remove/Purge/Hold
| Status=Not/Installed/Config-files/Unpacked/Failed-config/Half-installed
|/ Err?=(none)/Hold/Reinst-required/X=both-problems (Status,Err: uppercase=bad)
||/ Name Version Description
+++-==============-==============-============================================
ii binutils 2.14.90.0.7-5 The GNU assembler, linker and binary utiliti
ii libc6-dev 2.3.2.ds1-11 GNU C Library: Development Libraries and Hea
Patches that Debian applied in this version:
gcc-version:
Add "(Debian)" to the gcc version string
rename-updates:
rename files on installation (backport from mainline)
rename-info-files:
Allow transformations on info file names. Reference the
transformed info file names in the texinfo files.
libstdc++-pic:
Build and install libstdc++_pic.a library.
libstdc++-doclink:
adjust hrefs to point to the local documentation
amd64-specs:
On x86-64 use 64bits mode assembly except with -m32.
reporting:
<compiler> --help gives hint to /usr/share/doc/debian/bug-reporting.txt
gccbug:
Use sensible-editor instead of vi as fallback editor
libjava-no-rpath:
work around libtool adding ld run path to gcj tools
test-summary:
add libstdc++-v3's check summary to the test summary
libffi-soversion:
Install libffi with soversion 2. Debian used this name before it
was installed upstream as 2.0beta.
libffi-no-debug:
Do not build libffi with debug information, although configuring
with --enable-debug
deb-protoize:
build protoize/unprotoize binaries
ada-gcc-name:
use gcc-3.4 instead of gcc as the command name.
hppa-toplevel:
For hppa-linux enable libgcj and dependent libs in the toplevel directory
hppa-libffi:
libffi support for hppa
hppa-libjava:
Enable libjava support for hppa
More information about the Gcc-testresults
mailing list