Results for 3.5-tree-ssa 20040312 (merged 20040307) testsuite on mn10300-unknown-elf
Diego Novillo
dnovillo@toohappy.toronto.redhat.com
Sat Mar 13 02:01:00 GMT 2004
LAST_UPDATED:
Target is mn10300-unknown-elf
Host is i686-pc-linux-gnu
=== binutils tests ===
Running target mn10300-sim
=== binutils Summary for mn10300-sim ===
# of expected passes 32
# of unsupported tests 1
Running target mn10300
ERROR: couldn't load description file for mn10300
Host is i686-pc-linux-gnu
=== gcc tests ===
Running target mn10300-sim
FAIL: gcc.c-torture/compile/20010605-1.c (test for excess errors)
FAIL: gcc.c-torture/compile/20010605-1.c (test for excess errors)
FAIL: gcc.c-torture/execute/builtins/string-asm-1.c compilation, -O0
UNRESOLVED: gcc.c-torture/execute/builtins/string-asm-1.c execution, -O0
FAIL: gcc.c-torture/execute/builtins/string-asm-1.c compilation, -O1
UNRESOLVED: gcc.c-torture/execute/builtins/string-asm-1.c execution, -O1
FAIL: gcc.c-torture/execute/builtins/string-asm-1.c compilation, -O2
UNRESOLVED: gcc.c-torture/execute/builtins/string-asm-1.c execution, -O2
FAIL: gcc.c-torture/execute/builtins/string-asm-1.c compilation, -O3 -fomit-frame-pointer
UNRESOLVED: gcc.c-torture/execute/builtins/string-asm-1.c execution, -O3 -fomit-frame-pointer
FAIL: gcc.c-torture/execute/builtins/string-asm-1.c compilation, -O3 -g
UNRESOLVED: gcc.c-torture/execute/builtins/string-asm-1.c execution, -O3 -g
FAIL: gcc.c-torture/execute/builtins/string-asm-1.c compilation, -Os
UNRESOLVED: gcc.c-torture/execute/builtins/string-asm-1.c execution, -Os
FAIL: gcc.c-torture/execute/builtins/string-asm-2.c compilation, -O0
UNRESOLVED: gcc.c-torture/execute/builtins/string-asm-2.c execution, -O0
FAIL: gcc.c-torture/execute/builtins/string-asm-2.c compilation, -O1
UNRESOLVED: gcc.c-torture/execute/builtins/string-asm-2.c execution, -O1
FAIL: gcc.c-torture/execute/builtins/string-asm-2.c compilation, -O2
UNRESOLVED: gcc.c-torture/execute/builtins/string-asm-2.c execution, -O2
FAIL: gcc.c-torture/execute/builtins/string-asm-2.c compilation, -O3 -fomit-frame-pointer
UNRESOLVED: gcc.c-torture/execute/builtins/string-asm-2.c execution, -O3 -fomit-frame-pointer
FAIL: gcc.c-torture/execute/builtins/string-asm-2.c compilation, -O3 -g
UNRESOLVED: gcc.c-torture/execute/builtins/string-asm-2.c execution, -O3 -g
FAIL: gcc.c-torture/execute/builtins/string-asm-2.c compilation, -Os
UNRESOLVED: gcc.c-torture/execute/builtins/string-asm-2.c execution, -Os
FAIL: gcc.c-torture/execute/builtins/string-asm-1.c compilation, -O0
UNRESOLVED: gcc.c-torture/execute/builtins/string-asm-1.c execution, -O0
FAIL: gcc.c-torture/execute/builtins/string-asm-1.c compilation, -O1
UNRESOLVED: gcc.c-torture/execute/builtins/string-asm-1.c execution, -O1
FAIL: gcc.c-torture/execute/builtins/string-asm-1.c compilation, -O2
UNRESOLVED: gcc.c-torture/execute/builtins/string-asm-1.c execution, -O2
FAIL: gcc.c-torture/execute/builtins/string-asm-1.c compilation, -O3 -fomit-frame-pointer
UNRESOLVED: gcc.c-torture/execute/builtins/string-asm-1.c execution, -O3 -fomit-frame-pointer
FAIL: gcc.c-torture/execute/builtins/string-asm-1.c compilation, -O3 -g
UNRESOLVED: gcc.c-torture/execute/builtins/string-asm-1.c execution, -O3 -g
FAIL: gcc.c-torture/execute/builtins/string-asm-1.c compilation, -Os
UNRESOLVED: gcc.c-torture/execute/builtins/string-asm-1.c execution, -Os
FAIL: gcc.c-torture/execute/builtins/string-asm-2.c compilation, -O0
UNRESOLVED: gcc.c-torture/execute/builtins/string-asm-2.c execution, -O0
FAIL: gcc.c-torture/execute/builtins/string-asm-2.c compilation, -O1
UNRESOLVED: gcc.c-torture/execute/builtins/string-asm-2.c execution, -O1
FAIL: gcc.c-torture/execute/builtins/string-asm-2.c compilation, -O2
UNRESOLVED: gcc.c-torture/execute/builtins/string-asm-2.c execution, -O2
FAIL: gcc.c-torture/execute/builtins/string-asm-2.c compilation, -O3 -fomit-frame-pointer
UNRESOLVED: gcc.c-torture/execute/builtins/string-asm-2.c execution, -O3 -fomit-frame-pointer
FAIL: gcc.c-torture/execute/builtins/string-asm-2.c compilation, -O3 -g
UNRESOLVED: gcc.c-torture/execute/builtins/string-asm-2.c execution, -O3 -g
FAIL: gcc.c-torture/execute/builtins/string-asm-2.c compilation, -Os
UNRESOLVED: gcc.c-torture/execute/builtins/string-asm-2.c execution, -Os
FAIL: gcc.c-torture/execute/20020412-1.c execution, -O0
FAIL: gcc.c-torture/execute/20020412-1.c execution, -O1
FAIL: gcc.c-torture/execute/20020412-1.c execution, -O2
FAIL: gcc.c-torture/execute/20020412-1.c execution, -O3 -fomit-frame-pointer
FAIL: gcc.c-torture/execute/20020412-1.c execution, -O3 -fomit-frame-pointer -funroll-loops
FAIL: gcc.c-torture/execute/20020412-1.c execution, -O3 -fomit-frame-pointer -funroll-all-loops -finline-functions
FAIL: gcc.c-torture/execute/20020412-1.c execution, -O3 -g
FAIL: gcc.c-torture/execute/20020412-1.c execution, -Os
FAIL: gcc.c-torture/execute/20020720-1.c compilation, -O1
UNRESOLVED: gcc.c-torture/execute/20020720-1.c execution, -O1
FAIL: gcc.c-torture/execute/20020720-1.c compilation, -O2
UNRESOLVED: gcc.c-torture/execute/20020720-1.c execution, -O2
FAIL: gcc.c-torture/execute/20020720-1.c compilation, -O3 -fomit-frame-pointer
UNRESOLVED: gcc.c-torture/execute/20020720-1.c execution, -O3 -fomit-frame-pointer
FAIL: gcc.c-torture/execute/20020720-1.c compilation, -O3 -g
UNRESOLVED: gcc.c-torture/execute/20020720-1.c execution, -O3 -g
FAIL: gcc.c-torture/execute/20020720-1.c compilation, -Os
UNRESOLVED: gcc.c-torture/execute/20020720-1.c execution, -Os
FAIL: gcc.c-torture/execute/920501-8.c execution, -O0
FAIL: gcc.c-torture/execute/920501-8.c execution, -O1
FAIL: gcc.c-torture/execute/920501-8.c execution, -O2
FAIL: gcc.c-torture/execute/920501-8.c execution, -O3 -fomit-frame-pointer
FAIL: gcc.c-torture/execute/920501-8.c execution, -O3 -g
FAIL: gcc.c-torture/execute/920501-8.c execution, -Os
FAIL: gcc.c-torture/execute/920501-9.c execution, -O0
FAIL: gcc.c-torture/execute/920501-9.c execution, -O1
FAIL: gcc.c-torture/execute/920501-9.c execution, -O2
FAIL: gcc.c-torture/execute/920501-9.c execution, -O3 -fomit-frame-pointer
FAIL: gcc.c-torture/execute/920501-9.c execution, -O3 -g
FAIL: gcc.c-torture/execute/920501-9.c execution, -Os
FAIL: gcc.c-torture/execute/920726-1.c execution, -O0
FAIL: gcc.c-torture/execute/920726-1.c execution, -O1
FAIL: gcc.c-torture/execute/920726-1.c execution, -O2
FAIL: gcc.c-torture/execute/920726-1.c execution, -O3 -fomit-frame-pointer
FAIL: gcc.c-torture/execute/920726-1.c execution, -O3 -fomit-frame-pointer -funroll-loops
FAIL: gcc.c-torture/execute/920726-1.c execution, -O3 -fomit-frame-pointer -funroll-all-loops -finline-functions
FAIL: gcc.c-torture/execute/920726-1.c execution, -O3 -g
FAIL: gcc.c-torture/execute/920726-1.c execution, -Os
FAIL: gcc.c-torture/execute/multi-ix.c execution, -Os
FAIL: gcc.c-torture/execute/struct-ret-1.c execution, -O0
FAIL: gcc.c-torture/execute/struct-ret-1.c execution, -O2
FAIL: gcc.c-torture/execute/struct-ret-1.c execution, -O3 -fomit-frame-pointer
FAIL: gcc.c-torture/execute/struct-ret-1.c execution, -O3 -g
FAIL: gcc.c-torture/execute/struct-ret-1.c execution, -Os
FAIL: gcc.c-torture/execute/va-arg-22.c execution, -O0
FAIL: gcc.c-torture/execute/va-arg-22.c execution, -O1
FAIL: gcc.c-torture/execute/va-arg-22.c execution, -O2
FAIL: gcc.c-torture/execute/va-arg-22.c execution, -O3 -fomit-frame-pointer
FAIL: gcc.c-torture/execute/va-arg-22.c execution, -O3 -fomit-frame-pointer -funroll-loops
FAIL: gcc.c-torture/execute/va-arg-22.c execution, -O3 -fomit-frame-pointer -funroll-all-loops -finline-functions
FAIL: gcc.c-torture/execute/va-arg-22.c execution, -O3 -g
FAIL: gcc.c-torture/execute/va-arg-22.c execution, -Os
FAIL: gcc.dg/compat/scalar-return-1 c_compat_x_tst.o-c_compat_y_tst.o execute
FAIL: gcc.dg/compat/scalar-return-3 c_compat_x_tst.o-c_compat_y_tst.o execute
FAIL: gcc.dg/compat/struct-return-19 c_compat_x_tst.o-c_compat_y_tst.o execute
FAIL: gcc.dg/compat/struct-return-2 c_compat_x_tst.o-c_compat_y_tst.o execute
FAIL: gcc.dg/compat/struct-return-3 c_compat_x_tst.o-c_compat_y_tst.o execute
FAIL: gcc.dg/cpp/assert4.c (test for excess errors)
FAIL: gcc.dg/20021014-1.c (test for excess errors)
WARNING: gcc.dg/20021014-1.c compilation failed to produce executable
FAIL: gcc.dg/builtins-10.c (test for excess errors)
FAIL: gcc.dg/builtins-26.c (test for excess errors)
FAIL: gcc.dg/builtins-7.c (test for excess errors)
FAIL: gcc.dg/c90-intconst-1.c (test for excess errors)
WARNING: program timed out.
FAIL: gcc.dg/c99-intconst-1.c (test for excess errors)
FAIL: gcc.dg/nest.c (test for excess errors)
WARNING: gcc.dg/nest.c compilation failed to produce executable
XPASS: gcc.dg/uninit-1.c uninitialized variable warning (test for bogus messages, line 16)
XPASS: gcc.dg/uninit-3.c uninitialized variable warning (test for bogus messages, line 11)
XPASS: gcc.dg/uninit-8.c uninitialized variable warning (test for bogus messages, line 14)
XPASS: gcc.dg/uninit-9.c uninitialized variable warning (test for bogus messages, line 26)
FAIL: gcc.dg/uninit-H.c (test for bogus messages, line 18)
FAIL: gcc.dg/visibility-1.c (test for excess errors)
FAIL: gcc.dg/visibility-1.c scan-assembler \\\\.hidden.*foo
FAIL: gcc.dg/visibility-2.c (test for excess errors)
FAIL: gcc.dg/visibility-2.c scan-assembler \\\\.hidden.*foo
FAIL: gcc.dg/visibility-3.c (test for excess errors)
FAIL: gcc.dg/visibility-3.c scan-assembler \\\\.hidden.*xyzzy
FAIL: gcc.dg/visibility-4.c (test for excess errors)
FAIL: gcc.dg/visibility-4.c scan-assembler \\\\.hidden.*xyzzy
FAIL: gcc.dg/visibility-5.c (test for excess errors)
FAIL: gcc.dg/visibility-5.c scan-assembler \\\\.hidden.*foo
FAIL: gcc.dg/visibility-6.c (test for excess errors)
FAIL: gcc.dg/visibility-6.c scan-assembler \\\\.hidden.*xyzzy
FAIL: gcc.dg/visibility-7.c (test for excess errors)
FAIL: gcc.dg/visibility-7.c scan-assembler \\\\.hidden.*xyzzy
FAIL: gcc.dg/visibility-8.c (test for excess errors)
FAIL: gcc.dg/visibility-8.c scan-assembler \\\\.hidden.*__GI_fputs_unlocked
FAIL: gcc.dg/torture/builtin-explog-1.c (test for excess errors)
FAIL: gcc.dg/torture/builtin-explog-1.c (test for excess errors)
FAIL: gcc.dg/torture/builtin-explog-1.c (test for excess errors)
FAIL: gcc.dg/torture/builtin-explog-1.c (test for excess errors)
FAIL: gcc.dg/torture/builtin-explog-1.c (test for excess errors)
FAIL: gcc.dg/torture/builtin-explog-1.c (test for excess errors)
XPASS: gcc.dg/tree-ssa/20040204-1.c scan-tree-dump-times link_error 0
FAIL: gcc.misc-tests/bprob-1.c execution: file bprob-1.gcda does not exist, -g -fprofile-arcs
UNRESOLVED: gcc.misc-tests/bprob-1.c compilation, -g -fbranch-probabilities
UNRESOLVED: gcc.misc-tests/bprob-1.c execution, -g -fbranch-probabilities
FAIL: gcc.misc-tests/bprob-1.c execution: file bprob-1.gcda does not exist, -O0 -fprofile-arcs
UNRESOLVED: gcc.misc-tests/bprob-1.c compilation, -O0 -fbranch-probabilities
UNRESOLVED: gcc.misc-tests/bprob-1.c execution, -O0 -fbranch-probabilities
FAIL: gcc.misc-tests/bprob-1.c execution: file bprob-1.gcda does not exist, -O1 -fprofile-arcs
UNRESOLVED: gcc.misc-tests/bprob-1.c compilation, -O1 -fbranch-probabilities
UNRESOLVED: gcc.misc-tests/bprob-1.c execution, -O1 -fbranch-probabilities
FAIL: gcc.misc-tests/bprob-1.c execution: file bprob-1.gcda does not exist, -O2 -DPERFTIME -fprofile-arcs
UNRESOLVED: gcc.misc-tests/bprob-1.c compilation, -O2 -DPERFTIME -fbranch-probabilities
UNRESOLVED: gcc.misc-tests/bprob-1.c execution, -O2 -DPERFTIME -fbranch-probabilities
FAIL: gcc.misc-tests/bprob-1.c execution: file bprob-1.gcda does not exist, -O3 -DPERFTIME -fprofile-arcs
UNRESOLVED: gcc.misc-tests/bprob-1.c compilation, -O3 -DPERFTIME -fbranch-probabilities
UNRESOLVED: gcc.misc-tests/bprob-1.c execution, -O3 -DPERFTIME -fbranch-probabilities
FAIL: gcc.misc-tests/bprob-1.c execution: file bprob-1.gcda does not exist, -O3 -g -DPERFTIME -fprofile-arcs
UNRESOLVED: gcc.misc-tests/bprob-1.c compilation, -O3 -g -DPERFTIME -fbranch-probabilities
UNRESOLVED: gcc.misc-tests/bprob-1.c execution, -O3 -g -DPERFTIME -fbranch-probabilities
FAIL: gcc.misc-tests/bprob-1.c execution: file bprob-1.gcda does not exist, -Os -fprofile-arcs
UNRESOLVED: gcc.misc-tests/bprob-1.c compilation, -Os -fbranch-probabilities
UNRESOLVED: gcc.misc-tests/bprob-1.c execution, -Os -fbranch-probabilities
FAIL: gcc.misc-tests/bprob-2.c execution: file bprob-2.gcda does not exist, -g -fprofile-arcs
UNRESOLVED: gcc.misc-tests/bprob-2.c compilation, -g -fbranch-probabilities
UNRESOLVED: gcc.misc-tests/bprob-2.c execution, -g -fbranch-probabilities
FAIL: gcc.misc-tests/bprob-2.c execution: file bprob-2.gcda does not exist, -O0 -fprofile-arcs
UNRESOLVED: gcc.misc-tests/bprob-2.c compilation, -O0 -fbranch-probabilities
UNRESOLVED: gcc.misc-tests/bprob-2.c execution, -O0 -fbranch-probabilities
FAIL: gcc.misc-tests/bprob-2.c execution: file bprob-2.gcda does not exist, -O1 -fprofile-arcs
UNRESOLVED: gcc.misc-tests/bprob-2.c compilation, -O1 -fbranch-probabilities
UNRESOLVED: gcc.misc-tests/bprob-2.c execution, -O1 -fbranch-probabilities
FAIL: gcc.misc-tests/bprob-2.c execution: file bprob-2.gcda does not exist, -O2 -DPERFTIME -fprofile-arcs
UNRESOLVED: gcc.misc-tests/bprob-2.c compilation, -O2 -DPERFTIME -fbranch-probabilities
UNRESOLVED: gcc.misc-tests/bprob-2.c execution, -O2 -DPERFTIME -fbranch-probabilities
FAIL: gcc.misc-tests/bprob-2.c execution: file bprob-2.gcda does not exist, -O3 -DPERFTIME -fprofile-arcs
UNRESOLVED: gcc.misc-tests/bprob-2.c compilation, -O3 -DPERFTIME -fbranch-probabilities
UNRESOLVED: gcc.misc-tests/bprob-2.c execution, -O3 -DPERFTIME -fbranch-probabilities
FAIL: gcc.misc-tests/bprob-2.c execution: file bprob-2.gcda does not exist, -O3 -g -DPERFTIME -fprofile-arcs
UNRESOLVED: gcc.misc-tests/bprob-2.c compilation, -O3 -g -DPERFTIME -fbranch-probabilities
UNRESOLVED: gcc.misc-tests/bprob-2.c execution, -O3 -g -DPERFTIME -fbranch-probabilities
FAIL: gcc.misc-tests/bprob-2.c execution: file bprob-2.gcda does not exist, -Os -fprofile-arcs
UNRESOLVED: gcc.misc-tests/bprob-2.c compilation, -Os -fbranch-probabilities
UNRESOLVED: gcc.misc-tests/bprob-2.c execution, -Os -fbranch-probabilities
=== gcc Summary for mn10300-sim ===
# of expected passes 25443
# of unexpected failures 123
# of unexpected successes 5
# of expected failures 69
# of unresolved testcases 57
# of untested testcases 7
# of unsupported tests 338
Running target mn10300
ERROR: couldn't load description file for mn10300
Host is i686-pc-linux-gnu
=== gfortran tests ===
Running target mn10300-sim
FAIL: gfortran.fortran-torture/compile/actual.f90, -O2
FAIL: gfortran.fortran-torture/compile/actual.f90, -O2 -fomit-frame-pointer -finline-functions
FAIL: gfortran.fortran-torture/compile/actual.f90, -O2 -fomit-frame-pointer -finline-functions -funroll-loops
FAIL: gfortran.fortran-torture/compile/actual.f90, -O2 -fomit-frame-pointer -finline-functions -funroll-all-loops
FAIL: gfortran.fortran-torture/compile/actual.f90, -O2 -fno-repack-arrays
FAIL: gfortran.fortran-torture/compile/actual.f90, -O2 -fg77-calls
FAIL: gfortran.fortran-torture/compile/actual.f90, -O3 -g
FAIL: gfortran.fortran-torture/compile/actual.f90, -Os
FAIL: gfortran.fortran-torture/execute/allocate.f90 compilation, -O0
FAIL: gfortran.fortran-torture/execute/allocate.f90 compilation, -O1
FAIL: gfortran.fortran-torture/execute/allocate.f90 compilation, -O2
FAIL: gfortran.fortran-torture/execute/allocate.f90 compilation, -O2 -fomit-frame-pointer -finline-functions
FAIL: gfortran.fortran-torture/execute/allocate.f90 compilation, -O2 -fomit-frame-pointer -finline-functions -funroll-loops
FAIL: gfortran.fortran-torture/execute/allocate.f90 compilation, -O2 -fomit-frame-pointer -finline-functions -funroll-all-loops
FAIL: gfortran.fortran-torture/execute/allocate.f90 compilation, -O2 -fno-repack-arrays
FAIL: gfortran.fortran-torture/execute/allocate.f90 compilation, -O2 -fg77-calls
FAIL: gfortran.fortran-torture/execute/allocate.f90 compilation, -O3 -g
FAIL: gfortran.fortran-torture/execute/allocate.f90 compilation, -Os
FAIL: gfortran.fortran-torture/execute/alternate_return.f90 compilation, -O0
FAIL: gfortran.fortran-torture/execute/alternate_return.f90 compilation, -O1
FAIL: gfortran.fortran-torture/execute/alternate_return.f90 compilation, -O2
FAIL: gfortran.fortran-torture/execute/alternate_return.f90 compilation, -O2 -fomit-frame-pointer -finline-functions
FAIL: gfortran.fortran-torture/execute/alternate_return.f90 compilation, -O2 -fomit-frame-pointer -finline-functions -funroll-loops
FAIL: gfortran.fortran-torture/execute/alternate_return.f90 compilation, -O2 -fomit-frame-pointer -finline-functions -funroll-all-loops
FAIL: gfortran.fortran-torture/execute/alternate_return.f90 compilation, -O2 -fno-repack-arrays
FAIL: gfortran.fortran-torture/execute/alternate_return.f90 compilation, -O2 -fg77-calls
FAIL: gfortran.fortran-torture/execute/alternate_return.f90 compilation, -O3 -g
FAIL: gfortran.fortran-torture/execute/alternate_return.f90 compilation, -Os
FAIL: gfortran.fortran-torture/execute/args.f90 compilation, -O0
FAIL: gfortran.fortran-torture/execute/args.f90 compilation, -O1
FAIL: gfortran.fortran-torture/execute/args.f90 compilation, -O2
FAIL: gfortran.fortran-torture/execute/args.f90 compilation, -O2 -fomit-frame-pointer -finline-functions
FAIL: gfortran.fortran-torture/execute/args.f90 compilation, -O2 -fomit-frame-pointer -finline-functions -funroll-loops
FAIL: gfortran.fortran-torture/execute/args.f90 compilation, -O2 -fomit-frame-pointer -finline-functions -funroll-all-loops
FAIL: gfortran.fortran-torture/execute/args.f90 compilation, -O2 -fno-repack-arrays
FAIL: gfortran.fortran-torture/execute/args.f90 compilation, -O2 -fg77-calls
FAIL: gfortran.fortran-torture/execute/args.f90 compilation, -O3 -g
FAIL: gfortran.fortran-torture/execute/args.f90 compilation, -Os
FAIL: gfortran.fortran-torture/execute/arithmeticif.f90 compilation, -O0
FAIL: gfortran.fortran-torture/execute/arithmeticif.f90 compilation, -O1
FAIL: gfortran.fortran-torture/execute/arithmeticif.f90 compilation, -O2
FAIL: gfortran.fortran-torture/execute/arithmeticif.f90 compilation, -O2 -fomit-frame-pointer -finline-functions
FAIL: gfortran.fortran-torture/execute/arithmeticif.f90 compilation, -O2 -fomit-frame-pointer -finline-functions -funroll-loops
FAIL: gfortran.fortran-torture/execute/arithmeticif.f90 compilation, -O2 -fomit-frame-pointer -finline-functions -funroll-all-loops
FAIL: gfortran.fortran-torture/execute/arithmeticif.f90 compilation, -O2 -fno-repack-arrays
FAIL: gfortran.fortran-torture/execute/arithmeticif.f90 compilation, -O2 -fg77-calls
FAIL: gfortran.fortran-torture/execute/arithmeticif.f90 compilation, -O3 -g
FAIL: gfortran.fortran-torture/execute/arithmeticif.f90 compilation, -Os
FAIL: gfortran.fortran-torture/execute/arrayarg.f90 compilation, -O0
FAIL: gfortran.fortran-torture/execute/arrayarg.f90 compilation, -O1
FAIL: gfortran.fortran-torture/execute/arrayarg.f90 compilation, -O2
FAIL: gfortran.fortran-torture/execute/arrayarg.f90 compilation, -O2 -fomit-frame-pointer -finline-functions
FAIL: gfortran.fortran-torture/execute/arrayarg.f90 compilation, -O2 -fomit-frame-pointer -finline-functions -funroll-loops
FAIL: gfortran.fortran-torture/execute/arrayarg.f90 compilation, -O2 -fomit-frame-pointer -finline-functions -funroll-all-loops
FAIL: gfortran.fortran-torture/execute/arrayarg.f90 compilation, -O2 -fno-repack-arrays
FAIL: gfortran.fortran-torture/execute/arrayarg.f90 compilation, -O2 -fg77-calls
FAIL: gfortran.fortran-torture/execute/arrayarg.f90 compilation, -O3 -g
FAIL: gfortran.fortran-torture/execute/arrayarg.f90 compilation, -Os
FAIL: gfortran.fortran-torture/execute/arrayarg2.f90 compilation, -O0
FAIL: gfortran.fortran-torture/execute/arrayarg2.f90 compilation, -O1
FAIL: gfortran.fortran-torture/execute/arrayarg2.f90 compilation, -O2
FAIL: gfortran.fortran-torture/execute/arrayarg2.f90 compilation, -O2 -fomit-frame-pointer -finline-functions
FAIL: gfortran.fortran-torture/execute/arrayarg2.f90 compilation, -O2 -fomit-frame-pointer -finline-functions -funroll-loops
FAIL: gfortran.fortran-torture/execute/arrayarg2.f90 compilation, -O2 -fomit-frame-pointer -finline-functions -funroll-all-loops
FAIL: gfortran.fortran-torture/execute/arrayarg2.f90 compilation, -O2 -fno-repack-arrays
FAIL: gfortran.fortran-torture/execute/arrayarg2.f90 compilation, -O2 -fg77-calls
FAIL: gfortran.fortran-torture/execute/arrayarg2.f90 compilation, -O3 -g
FAIL: gfortran.fortran-torture/execute/arrayarg2.f90 compilation, -Os
FAIL: gfortran.fortran-torture/execute/arraysave.f90 compilation, -O0
FAIL: gfortran.fortran-torture/execute/arraysave.f90 compilation, -O1
FAIL: gfortran.fortran-torture/execute/arraysave.f90 compilation, -O2
FAIL: gfortran.fortran-torture/execute/arraysave.f90 compilation, -O2 -fomit-frame-pointer -finline-functions
FAIL: gfortran.fortran-torture/execute/arraysave.f90 compilation, -O2 -fomit-frame-pointer -finline-functions -funroll-loops
FAIL: gfortran.fortran-torture/execute/arraysave.f90 compilation, -O2 -fomit-frame-pointer -finline-functions -funroll-all-loops
FAIL: gfortran.fortran-torture/execute/arraysave.f90 compilation, -O2 -fno-repack-arrays
FAIL: gfortran.fortran-torture/execute/arraysave.f90 compilation, -O2 -fg77-calls
FAIL: gfortran.fortran-torture/execute/arraysave.f90 compilation, -O3 -g
FAIL: gfortran.fortran-torture/execute/arraysave.f90 compilation, -Os
FAIL: gfortran.fortran-torture/execute/assumed_size.f90 compilation, -O0
FAIL: gfortran.fortran-torture/execute/assumed_size.f90 compilation, -O1
FAIL: gfortran.fortran-torture/execute/assumed_size.f90 compilation, -O2
FAIL: gfortran.fortran-torture/execute/assumed_size.f90 compilation, -O2 -fomit-frame-pointer -finline-functions
FAIL: gfortran.fortran-torture/execute/assumed_size.f90 compilation, -O2 -fomit-frame-pointer -finline-functions -funroll-loops
FAIL: gfortran.fortran-torture/execute/assumed_size.f90 compilation, -O2 -fomit-frame-pointer -finline-functions -funroll-all-loops
FAIL: gfortran.fortran-torture/execute/assumed_size.f90 compilation, -O2 -fno-repack-arrays
FAIL: gfortran.fortran-torture/execute/assumed_size.f90 compilation, -O2 -fg77-calls
FAIL: gfortran.fortran-torture/execute/assumed_size.f90 compilation, -O3 -g
FAIL: gfortran.fortran-torture/execute/assumed_size.f90 compilation, -Os
FAIL: gfortran.fortran-torture/execute/bounds.f90 compilation, -O0
FAIL: gfortran.fortran-torture/execute/bounds.f90 compilation, -O1
FAIL: gfortran.fortran-torture/execute/bounds.f90 compilation, -O2
FAIL: gfortran.fortran-torture/execute/bounds.f90 compilation, -O2 -fomit-frame-pointer -finline-functions
FAIL: gfortran.fortran-torture/execute/bounds.f90 compilation, -O2 -fomit-frame-pointer -finline-functions -funroll-loops
FAIL: gfortran.fortran-torture/execute/bounds.f90 compilation, -O2 -fomit-frame-pointer -finline-functions -funroll-all-loops
FAIL: gfortran.fortran-torture/execute/bounds.f90 compilation, -O2 -fno-repack-arrays
FAIL: gfortran.fortran-torture/execute/bounds.f90 compilation, -O2 -fg77-calls
FAIL: gfortran.fortran-torture/execute/bounds.f90 compilation, -O3 -g
FAIL: gfortran.fortran-torture/execute/bounds.f90 compilation, -Os
FAIL: gfortran.fortran-torture/execute/character_select_1.f90 compilation, -O0
FAIL: gfortran.fortran-torture/execute/character_select_1.f90 compilation, -O1
FAIL: gfortran.fortran-torture/execute/character_select_1.f90 compilation, -O2
FAIL: gfortran.fortran-torture/execute/character_select_1.f90 compilation, -O2 -fomit-frame-pointer -finline-functions
FAIL: gfortran.fortran-torture/execute/character_select_1.f90 compilation, -O2 -fomit-frame-pointer -finline-functions -funroll-loops
FAIL: gfortran.fortran-torture/execute/character_select_1.f90 compilation, -O2 -fomit-frame-pointer -finline-functions -funroll-all-loops
FAIL: gfortran.fortran-torture/execute/character_select_1.f90 compilation, -O2 -fno-repack-arrays
FAIL: gfortran.fortran-torture/execute/character_select_1.f90 compilation, -O2 -fg77-calls
FAIL: gfortran.fortran-torture/execute/character_select_1.f90 compilation, -O3 -g
FAIL: gfortran.fortran-torture/execute/character_select_1.f90 compilation, -Os
FAIL: gfortran.fortran-torture/execute/cmplx.f90 compilation, -O0
FAIL: gfortran.fortran-torture/execute/cmplx.f90 compilation, -O1
FAIL: gfortran.fortran-torture/execute/cmplx.f90 compilation, -O2
FAIL: gfortran.fortran-torture/execute/cmplx.f90 compilation, -O2 -fomit-frame-pointer -finline-functions
FAIL: gfortran.fortran-torture/execute/cmplx.f90 compilation, -O2 -fomit-frame-pointer -finline-functions -funroll-loops
FAIL: gfortran.fortran-torture/execute/cmplx.f90 compilation, -O2 -fomit-frame-pointer -finline-functions -funroll-all-loops
FAIL: gfortran.fortran-torture/execute/cmplx.f90 compilation, -O2 -fno-repack-arrays
FAIL: gfortran.fortran-torture/execute/cmplx.f90 compilation, -O2 -fg77-calls
FAIL: gfortran.fortran-torture/execute/cmplx.f90 compilation, -O3 -g
FAIL: gfortran.fortran-torture/execute/cmplx.f90 compilation, -Os
FAIL: gfortran.fortran-torture/execute/common.f90 compilation, -O0
FAIL: gfortran.fortran-torture/execute/common.f90 compilation, -O1
FAIL: gfortran.fortran-torture/execute/common.f90 compilation, -O2
FAIL: gfortran.fortran-torture/execute/common.f90 compilation, -O2 -fomit-frame-pointer -finline-functions
FAIL: gfortran.fortran-torture/execute/common.f90 compilation, -O2 -fomit-frame-pointer -finline-functions -funroll-loops
FAIL: gfortran.fortran-torture/execute/common.f90 compilation, -O2 -fomit-frame-pointer -finline-functions -funroll-all-loops
FAIL: gfortran.fortran-torture/execute/common.f90 compilation, -O2 -fno-repack-arrays
FAIL: gfortran.fortran-torture/execute/common.f90 compilation, -O2 -fg77-calls
FAIL: gfortran.fortran-torture/execute/common.f90 compilation, -O3 -g
FAIL: gfortran.fortran-torture/execute/common.f90 compilation, -Os
FAIL: gfortran.fortran-torture/execute/common_size.f90 compilation, -O0
FAIL: gfortran.fortran-torture/execute/common_size.f90 compilation, -O1
FAIL: gfortran.fortran-torture/execute/common_size.f90 compilation, -O2
FAIL: gfortran.fortran-torture/execute/common_size.f90 compilation, -O2 -fomit-frame-pointer -finline-functions
FAIL: gfortran.fortran-torture/execute/common_size.f90 compilation, -O2 -fomit-frame-pointer -finline-functions -funroll-loops
FAIL: gfortran.fortran-torture/execute/common_size.f90 compilation, -O2 -fomit-frame-pointer -finline-functions -funroll-all-loops
FAIL: gfortran.fortran-torture/execute/common_size.f90 compilation, -O2 -fno-repack-arrays
FAIL: gfortran.fortran-torture/execute/common_size.f90 compilation, -O2 -fg77-calls
FAIL: gfortran.fortran-torture/execute/common_size.f90 compilation, -O3 -g
FAIL: gfortran.fortran-torture/execute/common_size.f90 compilation, -Os
FAIL: gfortran.fortran-torture/execute/constructor.f90 compilation, -O0
FAIL: gfortran.fortran-torture/execute/constructor.f90 compilation, -O1
FAIL: gfortran.fortran-torture/execute/constructor.f90 compilation, -O2
FAIL: gfortran.fortran-torture/execute/constructor.f90 compilation, -O2 -fomit-frame-pointer -finline-functions
FAIL: gfortran.fortran-torture/execute/constructor.f90 compilation, -O2 -fomit-frame-pointer -finline-functions -funroll-loops
FAIL: gfortran.fortran-torture/execute/constructor.f90 compilation, -O2 -fomit-frame-pointer -finline-functions -funroll-all-loops
FAIL: gfortran.fortran-torture/execute/constructor.f90 compilation, -O2 -fno-repack-arrays
FAIL: gfortran.fortran-torture/execute/constructor.f90 compilation, -O2 -fg77-calls
FAIL: gfortran.fortran-torture/execute/constructor.f90 compilation, -O3 -g
FAIL: gfortran.fortran-torture/execute/constructor.f90 compilation, -Os
FAIL: gfortran.fortran-torture/execute/contained.f90 compilation, -O0
FAIL: gfortran.fortran-torture/execute/contained.f90 compilation, -O1
FAIL: gfortran.fortran-torture/execute/contained.f90 compilation, -O2
FAIL: gfortran.fortran-torture/execute/contained.f90 compilation, -O2 -fomit-frame-pointer -finline-functions
FAIL: gfortran.fortran-torture/execute/contained.f90 compilation, -O2 -fomit-frame-pointer -finline-functions -funroll-loops
FAIL: gfortran.fortran-torture/execute/contained.f90 compilation, -O2 -fomit-frame-pointer -finline-functions -funroll-all-loops
FAIL: gfortran.fortran-torture/execute/contained.f90 compilation, -O2 -fno-repack-arrays
FAIL: gfortran.fortran-torture/execute/contained.f90 compilation, -O2 -fg77-calls
FAIL: gfortran.fortran-torture/execute/contained.f90 compilation, -O3 -g
FAIL: gfortran.fortran-torture/execute/contained.f90 compilation, -Os
FAIL: gfortran.fortran-torture/execute/contained2.f90 compilation, -O0
FAIL: gfortran.fortran-torture/execute/contained2.f90 compilation, -O1
FAIL: gfortran.fortran-torture/execute/contained2.f90 compilation, -O2
FAIL: gfortran.fortran-torture/execute/contained2.f90 compilation, -O2 -fomit-frame-pointer -finline-functions
FAIL: gfortran.fortran-torture/execute/contained2.f90 compilation, -O2 -fomit-frame-pointer -finline-functions -funroll-loops
FAIL: gfortran.fortran-torture/execute/contained2.f90 compilation, -O2 -fomit-frame-pointer -finline-functions -funroll-all-loops
FAIL: gfortran.fortran-torture/execute/contained2.f90 compilation, -O2 -fno-repack-arrays
FAIL: gfortran.fortran-torture/execute/contained2.f90 compilation, -O2 -fg77-calls
FAIL: gfortran.fortran-torture/execute/contained2.f90 compilation, -O3 -g
FAIL: gfortran.fortran-torture/execute/contained2.f90 compilation, -Os
FAIL: gfortran.fortran-torture/execute/data.f90 compilation, -O0
FAIL: gfortran.fortran-torture/execute/data.f90 compilation, -O1
FAIL: gfortran.fortran-torture/execute/data.f90 compilation, -O2
FAIL: gfortran.fortran-torture/execute/data.f90 compilation, -O2 -fomit-frame-pointer -finline-functions
FAIL: gfortran.fortran-torture/execute/data.f90 compilation, -O2 -fomit-frame-pointer -finline-functions -funroll-loops
FAIL: gfortran.fortran-torture/execute/data.f90 compilation, -O2 -fomit-frame-pointer -finline-functions -funroll-all-loops
FAIL: gfortran.fortran-torture/execute/data.f90 compilation, -O2 -fno-repack-arrays
FAIL: gfortran.fortran-torture/execute/data.f90 compilation, -O2 -fg77-calls
FAIL: gfortran.fortran-torture/execute/data.f90 compilation, -O3 -g
FAIL: gfortran.fortran-torture/execute/data.f90 compilation, -Os
FAIL: gfortran.fortran-torture/execute/data_2.f90 compilation, -O0
FAIL: gfortran.fortran-torture/execute/data_2.f90 compilation, -O1
FAIL: gfortran.fortran-torture/execute/data_2.f90 compilation, -O2
FAIL: gfortran.fortran-torture/execute/data_2.f90 compilation, -O2 -fomit-frame-pointer -finline-functions
FAIL: gfortran.fortran-torture/execute/data_2.f90 compilation, -O2 -fomit-frame-pointer -finline-functions -funroll-loops
FAIL: gfortran.fortran-torture/execute/data_2.f90 compilation, -O2 -fomit-frame-pointer -finline-functions -funroll-all-loops
FAIL: gfortran.fortran-torture/execute/data_2.f90 compilation, -O2 -fno-repack-arrays
FAIL: gfortran.fortran-torture/execute/data_2.f90 compilation, -O2 -fg77-calls
FAIL: gfortran.fortran-torture/execute/data_2.f90 compilation, -O3 -g
FAIL: gfortran.fortran-torture/execute/data_2.f90 compilation, -Os
FAIL: gfortran.fortran-torture/execute/dep_fails.f90 compilation, -O0
FAIL: gfortran.fortran-torture/execute/dep_fails.f90 compilation, -O1
FAIL: gfortran.fortran-torture/execute/dep_fails.f90 compilation, -O2
FAIL: gfortran.fortran-torture/execute/dep_fails.f90 compilation, -O2 -fomit-frame-pointer -finline-functions
FAIL: gfortran.fortran-torture/execute/dep_fails.f90 compilation, -O2 -fomit-frame-pointer -finline-functions -funroll-loops
FAIL: gfortran.fortran-torture/execute/dep_fails.f90 compilation, -O2 -fomit-frame-pointer -finline-functions -funroll-all-loops
FAIL: gfortran.fortran-torture/execute/dep_fails.f90 compilation, -O2 -fno-repack-arrays
FAIL: gfortran.fortran-torture/execute/dep_fails.f90 compilation, -O2 -fg77-calls
FAIL: gfortran.fortran-torture/execute/dep_fails.f90 compilation, -O3 -g
FAIL: gfortran.fortran-torture/execute/dep_fails.f90 compilation, -Os
FAIL: gfortran.fortran-torture/execute/der_init.f90 compilation, -O0
FAIL: gfortran.fortran-torture/execute/der_init.f90 compilation, -O1
FAIL: gfortran.fortran-torture/execute/der_init.f90 compilation, -O2
FAIL: gfortran.fortran-torture/execute/der_init.f90 compilation, -O2 -fomit-frame-pointer -finline-functions
FAIL: gfortran.fortran-torture/execute/der_init.f90 compilation, -O2 -fomit-frame-pointer -finline-functions -funroll-loops
FAIL: gfortran.fortran-torture/execute/der_init.f90 compilation, -O2 -fomit-frame-pointer -finline-functions -funroll-all-loops
FAIL: gfortran.fortran-torture/execute/der_init.f90 compilation, -O2 -fno-repack-arrays
FAIL: gfortran.fortran-torture/execute/der_init.f90 compilation, -O2 -fg77-calls
FAIL: gfortran.fortran-torture/execute/der_init.f90 compilation, -O3 -g
FAIL: gfortran.fortran-torture/execute/der_init.f90 compilation, -Os
FAIL: gfortran.fortran-torture/execute/der_point.f90 compilation, -O0
FAIL: gfortran.fortran-torture/execute/der_point.f90 compilation, -O1
FAIL: gfortran.fortran-torture/execute/der_point.f90 compilation, -O2
FAIL: gfortran.fortran-torture/execute/der_point.f90 compilation, -O2 -fomit-frame-pointer -finline-functions
FAIL: gfortran.fortran-torture/execute/der_point.f90 compilation, -O2 -fomit-frame-pointer -finline-functions -funroll-loops
FAIL: gfortran.fortran-torture/execute/der_point.f90 compilation, -O2 -fomit-frame-pointer -finline-functions -funroll-all-loops
FAIL: gfortran.fortran-torture/execute/der_point.f90 compilation, -O2 -fno-repack-arrays
FAIL: gfortran.fortran-torture/execute/der_point.f90 compilation, -O2 -fg77-calls
FAIL: gfortran.fortran-torture/execute/der_point.f90 compilation, -O3 -g
FAIL: gfortran.fortran-torture/execute/der_point.f90 compilation, -Os
FAIL: gfortran.fortran-torture/execute/der_type.f90 compilation, -O0
FAIL: gfortran.fortran-torture/execute/der_type.f90 compilation, -O1
FAIL: gfortran.fortran-torture/execute/der_type.f90 compilation, -O2
FAIL: gfortran.fortran-torture/execute/der_type.f90 compilation, -O2 -fomit-frame-pointer -finline-functions
FAIL: gfortran.fortran-torture/execute/der_type.f90 compilation, -O2 -fomit-frame-pointer -finline-functions -funroll-loops
FAIL: gfortran.fortran-torture/execute/der_type.f90 compilation, -O2 -fomit-frame-pointer -finline-functions -funroll-all-loops
FAIL: gfortran.fortran-torture/execute/der_type.f90 compilation, -O2 -fno-repack-arrays
FAIL: gfortran.fortran-torture/execute/der_type.f90 compilation, -O2 -fg77-calls
FAIL: gfortran.fortran-torture/execute/der_type.f90 compilation, -O3 -g
FAIL: gfortran.fortran-torture/execute/der_type.f90 compilation, -Os
FAIL: gfortran.fortran-torture/execute/elemental.f90 compilation, -O0
FAIL: gfortran.fortran-torture/execute/elemental.f90 compilation, -O1
FAIL: gfortran.fortran-torture/execute/elemental.f90 compilation, -O2
FAIL: gfortran.fortran-torture/execute/elemental.f90 compilation, -O2 -fomit-frame-pointer -finline-functions
FAIL: gfortran.fortran-torture/execute/elemental.f90 compilation, -O2 -fomit-frame-pointer -finline-functions -funroll-loops
FAIL: gfortran.fortran-torture/execute/elemental.f90 compilation, -O2 -fomit-frame-pointer -finline-functions -funroll-all-loops
FAIL: gfortran.fortran-torture/execute/elemental.f90 compilation, -O2 -fno-repack-arrays
FAIL: gfortran.fortran-torture/execute/elemental.f90 compilation, -O2 -fg77-calls
FAIL: gfortran.fortran-torture/execute/elemental.f90 compilation, -O3 -g
FAIL: gfortran.fortran-torture/execute/elemental.f90 compilation, -Os
FAIL: gfortran.fortran-torture/execute/emptyif.f90 compilation, -O0
FAIL: gfortran.fortran-torture/execute/emptyif.f90 compilation, -O1
FAIL: gfortran.fortran-torture/execute/emptyif.f90 compilation, -O2
FAIL: gfortran.fortran-torture/execute/emptyif.f90 compilation, -O2 -fomit-frame-pointer -finline-functions
FAIL: gfortran.fortran-torture/execute/emptyif.f90 compilation, -O2 -fomit-frame-pointer -finline-functions -funroll-loops
FAIL: gfortran.fortran-torture/execute/emptyif.f90 compilation, -O2 -fomit-frame-pointer -finline-functions -funroll-all-loops
FAIL: gfortran.fortran-torture/execute/emptyif.f90 compilation, -O2 -fno-repack-arrays
FAIL: gfortran.fortran-torture/execute/emptyif.f90 compilation, -O2 -fg77-calls
FAIL: gfortran.fortran-torture/execute/emptyif.f90 compilation, -O3 -g
FAIL: gfortran.fortran-torture/execute/emptyif.f90 compilation, -Os
FAIL: gfortran.fortran-torture/execute/forall.f90 compilation, -O0
FAIL: gfortran.fortran-torture/execute/forall.f90 compilation, -O1
FAIL: gfortran.fortran-torture/execute/forall.f90 compilation, -O2
FAIL: gfortran.fortran-torture/execute/forall.f90 compilation, -O2 -fomit-frame-pointer -finline-functions
FAIL: gfortran.fortran-torture/execute/forall.f90 compilation, -O2 -fomit-frame-pointer -finline-functions -funroll-loops
FAIL: gfortran.fortran-torture/execute/forall.f90 compilation, -O2 -fomit-frame-pointer -finline-functions -funroll-all-loops
FAIL: gfortran.fortran-torture/execute/forall.f90 compilation, -O2 -fno-repack-arrays
FAIL: gfortran.fortran-torture/execute/forall.f90 compilation, -O2 -fg77-calls
FAIL: gfortran.fortran-torture/execute/forall.f90 compilation, -O3 -g
FAIL: gfortran.fortran-torture/execute/forall.f90 compilation, -Os
FAIL: gfortran.fortran-torture/execute/forall_1.f90 compilation, -O0
FAIL: gfortran.fortran-torture/execute/forall_1.f90 compilation, -O1
FAIL: gfortran.fortran-torture/execute/forall_1.f90 compilation, -O2
FAIL: gfortran.fortran-torture/execute/forall_1.f90 compilation, -O2 -fomit-frame-pointer -finline-functions
FAIL: gfortran.fortran-torture/execute/forall_1.f90 compilation, -O2 -fomit-frame-pointer -finline-functions -funroll-loops
FAIL: gfortran.fortran-torture/execute/forall_1.f90 compilation, -O2 -fomit-frame-pointer -finline-functions -funroll-all-loops
FAIL: gfortran.fortran-torture/execute/forall_1.f90 compilation, -O2 -fno-repack-arrays
FAIL: gfortran.fortran-torture/execute/forall_1.f90 compilation, -O2 -fg77-calls
FAIL: gfortran.fortran-torture/execute/forall_1.f90 compilation, -O3 -g
FAIL: gfortran.fortran-torture/execute/forall_1.f90 compilation, -Os
FAIL: gfortran.fortran-torture/execute/forall_2.f90 compilation, -O0
FAIL: gfortran.fortran-torture/execute/forall_2.f90 compilation, -O1
FAIL: gfortran.fortran-torture/execute/forall_2.f90 compilation, -O2
FAIL: gfortran.fortran-torture/execute/forall_2.f90 compilation, -O2 -fomit-frame-pointer -finline-functions
FAIL: gfortran.fortran-torture/execute/forall_2.f90 compilation, -O2 -fomit-frame-pointer -finline-functions -funroll-loops
FAIL: gfortran.fortran-torture/execute/forall_2.f90 compilation, -O2 -fomit-frame-pointer -finline-functions -funroll-all-loops
FAIL: gfortran.fortran-torture/execute/forall_2.f90 compilation, -O2 -fno-repack-arrays
FAIL: gfortran.fortran-torture/execute/forall_2.f90 compilation, -O2 -fg77-calls
FAIL: gfortran.fortran-torture/execute/forall_2.f90 compilation, -O3 -g
FAIL: gfortran.fortran-torture/execute/forall_2.f90 compilation, -Os
FAIL: gfortran.fortran-torture/execute/forall_3.f90 compilation, -O0
FAIL: gfortran.fortran-torture/execute/forall_3.f90 compilation, -O1
FAIL: gfortran.fortran-torture/execute/forall_3.f90 compilation, -O2
FAIL: gfortran.fortran-torture/execute/forall_3.f90 compilation, -O2 -fomit-frame-pointer -finline-functions
FAIL: gfortran.fortran-torture/execute/forall_3.f90 compilation, -O2 -fomit-frame-pointer -finline-functions -funroll-loops
FAIL: gfortran.fortran-torture/execute/forall_3.f90 compilation, -O2 -fomit-frame-pointer -finline-functions -funroll-all-loops
FAIL: gfortran.fortran-torture/execute/forall_3.f90 compilation, -O2 -fno-repack-arrays
FAIL: gfortran.fortran-torture/execute/forall_3.f90 compilation, -O2 -fg77-calls
FAIL: gfortran.fortran-torture/execute/forall_3.f90 compilation, -O3 -g
FAIL: gfortran.fortran-torture/execute/forall_3.f90 compilation, -Os
FAIL: gfortran.fortran-torture/execute/forall_4.f90 compilation, -O0
FAIL: gfortran.fortran-torture/execute/forall_4.f90 compilation, -O1
FAIL: gfortran.fortran-torture/execute/forall_4.f90 compilation, -O2
FAIL: gfortran.fortran-torture/execute/forall_4.f90 compilation, -O2 -fomit-frame-pointer -finline-functions
FAIL: gfortran.fortran-torture/execute/forall_4.f90 compilation, -O2 -fomit-frame-pointer -finline-functions -funroll-loops
FAIL: gfortran.fortran-torture/execute/forall_4.f90 compilation, -O2 -fomit-frame-pointer -finline-functions -funroll-all-loops
FAIL: gfortran.fortran-torture/execute/forall_4.f90 compilation, -O2 -fno-repack-arrays
FAIL: gfortran.fortran-torture/execute/forall_4.f90 compilation, -O2 -fg77-calls
FAIL: gfortran.fortran-torture/execute/forall_4.f90 compilation, -O3 -g
FAIL: gfortran.fortran-torture/execute/forall_4.f90 compilation, -Os
FAIL: gfortran.fortran-torture/execute/forall_5.f90 compilation, -O0
FAIL: gfortran.fortran-torture/execute/forall_5.f90 compilation, -O1
FAIL: gfortran.fortran-torture/execute/forall_5.f90 compilation, -O2
FAIL: gfortran.fortran-torture/execute/forall_5.f90 compilation, -O2 -fomit-frame-pointer -finline-functions
FAIL: gfortran.fortran-torture/execute/forall_5.f90 compilation, -O2 -fomit-frame-pointer -finline-functions -funroll-loops
FAIL: gfortran.fortran-torture/execute/forall_5.f90 compilation, -O2 -fomit-frame-pointer -finline-functions -funroll-all-loops
FAIL: gfortran.fortran-torture/execute/forall_5.f90 compilation, -O2 -fno-repack-arrays
FAIL: gfortran.fortran-torture/execute/forall_5.f90 compilation, -O2 -fg77-calls
FAIL: gfortran.fortran-torture/execute/forall_5.f90 compilation, -O3 -g
FAIL: gfortran.fortran-torture/execute/forall_5.f90 compilation, -Os
FAIL: gfortran.fortran-torture/execute/forall_6.f90 compilation, -O0
FAIL: gfortran.fortran-torture/execute/forall_6.f90 compilation, -O1
FAIL: gfortran.fortran-torture/execute/forall_6.f90 compilation, -O2
FAIL: gfortran.fortran-torture/execute/forall_6.f90 compilation, -O2 -fomit-frame-pointer -finline-functions
FAIL: gfortran.fortran-torture/execute/forall_6.f90 compilation, -O2 -fomit-frame-pointer -finline-functions -funroll-loops
FAIL: gfortran.fortran-torture/execute/forall_6.f90 compilation, -O2 -fomit-frame-pointer -finline-functions -funroll-all-loops
FAIL: gfortran.fortran-torture/execute/forall_6.f90 compilation, -O2 -fno-repack-arrays
FAIL: gfortran.fortran-torture/execute/forall_6.f90 compilation, -O2 -fg77-calls
FAIL: gfortran.fortran-torture/execute/forall_6.f90 compilation, -O3 -g
FAIL: gfortran.fortran-torture/execute/forall_6.f90 compilation, -Os
FAIL: gfortran.fortran-torture/execute/function_module_1.f90 compilation, -O0
FAIL: gfortran.fortran-torture/execute/function_module_1.f90 compilation, -O1
FAIL: gfortran.fortran-torture/execute/function_module_1.f90 compilation, -O2
FAIL: gfortran.fortran-torture/execute/function_module_1.f90 compilation, -O2 -fomit-frame-pointer -finline-functions
FAIL: gfortran.fortran-torture/execute/function_module_1.f90 compilation, -O2 -fomit-frame-pointer -finline-functions -funroll-loops
FAIL: gfortran.fortran-torture/execute/function_module_1.f90 compilation, -O2 -fomit-frame-pointer -finline-functions -funroll-all-loops
FAIL: gfortran.fortran-torture/execute/function_module_1.f90 compilation, -O2 -fno-repack-arrays
FAIL: gfortran.fortran-torture/execute/function_module_1.f90 compilation, -O2 -fg77-calls
FAIL: gfortran.fortran-torture/execute/function_module_1.f90 compilation, -O3 -g
FAIL: gfortran.fortran-torture/execute/function_module_1.f90 compilation, -Os
FAIL: gfortran.fortran-torture/execute/hollerith.f90 compilation, -O0
FAIL: gfortran.fortran-torture/execute/hollerith.f90 compilation, -O1
FAIL: gfortran.fortran-torture/execute/hollerith.f90 compilation, -O2
FAIL: gfortran.fortran-torture/execute/hollerith.f90 compilation, -O2 -fomit-frame-pointer -finline-functions
FAIL: gfortran.fortran-torture/execute/hollerith.f90 compilation, -O2 -fomit-frame-pointer -finline-functions -funroll-loops
FAIL: gfortran.fortran-torture/execute/hollerith.f90 compilation, -O2 -fomit-frame-pointer -finline-functions -funroll-all-loops
FAIL: gfortran.fortran-torture/execute/hollerith.f90 compilation, -O2 -fno-repack-arrays
FAIL: gfortran.fortran-torture/execute/hollerith.f90 compilation, -O2 -fg77-calls
FAIL: gfortran.fortran-torture/execute/hollerith.f90 compilation, -O3 -g
FAIL: gfortran.fortran-torture/execute/hollerith.f90 compilation, -Os
FAIL: gfortran.fortran-torture/execute/initializer.f90 compilation, -O0
FAIL: gfortran.fortran-torture/execute/initializer.f90 compilation, -O1
FAIL: gfortran.fortran-torture/execute/initializer.f90 compilation, -O2
FAIL: gfortran.fortran-torture/execute/initializer.f90 compilation, -O2 -fomit-frame-pointer -finline-functions
FAIL: gfortran.fortran-torture/execute/initializer.f90 compilation, -O2 -fomit-frame-pointer -finline-functions -funroll-loops
FAIL: gfortran.fortran-torture/execute/initializer.f90 compilation, -O2 -fomit-frame-pointer -finline-functions -funroll-all-loops
FAIL: gfortran.fortran-torture/execute/initializer.f90 compilation, -O2 -fno-repack-arrays
FAIL: gfortran.fortran-torture/execute/initializer.f90 compilation, -O2 -fg77-calls
FAIL: gfortran.fortran-torture/execute/initializer.f90 compilation, -O3 -g
FAIL: gfortran.fortran-torture/execute/initializer.f90 compilation, -Os
FAIL: gfortran.fortran-torture/execute/integer_select.f90 compilation, -O0
FAIL: gfortran.fortran-torture/execute/integer_select.f90 compilation, -O1
FAIL: gfortran.fortran-torture/execute/integer_select.f90 compilation, -O2
FAIL: gfortran.fortran-torture/execute/integer_select.f90 compilation, -O2 -fomit-frame-pointer -finline-functions
FAIL: gfortran.fortran-torture/execute/integer_select.f90 compilation, -O2 -fomit-frame-pointer -finline-functions -funroll-loops
FAIL: gfortran.fortran-torture/execute/integer_select.f90 compilation, -O2 -fomit-frame-pointer -finline-functions -funroll-all-loops
FAIL: gfortran.fortran-torture/execute/integer_select.f90 compilation, -O2 -fno-repack-arrays
FAIL: gfortran.fortran-torture/execute/integer_select.f90 compilation, -O2 -fg77-calls
FAIL: gfortran.fortran-torture/execute/integer_select.f90 compilation, -O3 -g
FAIL: gfortran.fortran-torture/execute/integer_select.f90 compilation, -Os
FAIL: gfortran.fortran-torture/execute/integer_select_1.f90 compilation, -O0
FAIL: gfortran.fortran-torture/execute/integer_select_1.f90 compilation, -O1
FAIL: gfortran.fortran-torture/execute/integer_select_1.f90 compilation, -O2
FAIL: gfortran.fortran-torture/execute/integer_select_1.f90 compilation, -O2 -fomit-frame-pointer -finline-functions
FAIL: gfortran.fortran-torture/execute/integer_select_1.f90 compilation, -O2 -fomit-frame-pointer -finline-functions -funroll-loops
FAIL: gfortran.fortran-torture/execute/integer_select_1.f90 compilation, -O2 -fomit-frame-pointer -finline-functions -funroll-all-loops
FAIL: gfortran.fortran-torture/execute/integer_select_1.f90 compilation, -O2 -fno-repack-arrays
FAIL: gfortran.fortran-torture/execute/integer_select_1.f90 compilation, -O2 -fg77-calls
FAIL: gfortran.fortran-torture/execute/integer_select_1.f90 compilation, -O3 -g
FAIL: gfortran.fortran-torture/execute/integer_select_1.f90 compilation, -Os
FAIL: gfortran.fortran-torture/execute/intrinsic_abs.f90 compilation, -O0
FAIL: gfortran.fortran-torture/execute/intrinsic_abs.f90 compilation, -O1
FAIL: gfortran.fortran-torture/execute/intrinsic_abs.f90 compilation, -O2
FAIL: gfortran.fortran-torture/execute/intrinsic_abs.f90 compilation, -O2 -fomit-frame-pointer -finline-functions
FAIL: gfortran.fortran-torture/execute/intrinsic_abs.f90 compilation, -O2 -fomit-frame-pointer -finline-functions -funroll-loops
FAIL: gfortran.fortran-torture/execute/intrinsic_abs.f90 compilation, -O2 -fomit-frame-pointer -finline-functions -funroll-all-loops
FAIL: gfortran.fortran-torture/execute/intrinsic_abs.f90 compilation, -O2 -fno-repack-arrays
FAIL: gfortran.fortran-torture/execute/intrinsic_abs.f90 compilation, -O2 -fg77-calls
FAIL: gfortran.fortran-torture/execute/intrinsic_abs.f90 compilation, -O3 -g
FAIL: gfortran.fortran-torture/execute/intrinsic_abs.f90 compilation, -Os
FAIL: gfortran.fortran-torture/execute/intrinsic_achar.f90 compilation, -O0
FAIL: gfortran.fortran-torture/execute/intrinsic_achar.f90 compilation, -O1
FAIL: gfortran.fortran-torture/execute/intrinsic_achar.f90 compilation, -O2
FAIL: gfortran.fortran-torture/execute/intrinsic_achar.f90 compilation, -O2 -fomit-frame-pointer -finline-functions
FAIL: gfortran.fortran-torture/execute/intrinsic_achar.f90 compilation, -O2 -fomit-frame-pointer -finline-functions -funroll-loops
FAIL: gfortran.fortran-torture/execute/intrinsic_achar.f90 compilation, -O2 -fomit-frame-pointer -finline-functions -funroll-all-loops
FAIL: gfortran.fortran-torture/execute/intrinsic_achar.f90 compilation, -O2 -fno-repack-arrays
FAIL: gfortran.fortran-torture/execute/intrinsic_achar.f90 compilation, -O2 -fg77-calls
FAIL: gfortran.fortran-torture/execute/intrinsic_achar.f90 compilation, -O3 -g
FAIL: gfortran.fortran-torture/execute/intrinsic_achar.f90 compilation, -Os
FAIL: gfortran.fortran-torture/execute/intrinsic_aint_anint.f90 compilation, -O0
FAIL: gfortran.fortran-torture/execute/intrinsic_aint_anint.f90 compilation, -O1
FAIL: gfortran.fortran-torture/execute/intrinsic_aint_anint.f90 compilation, -O2
FAIL: gfortran.fortran-torture/execute/intrinsic_aint_anint.f90 compilation, -O2 -fomit-frame-pointer -finline-functions
FAIL: gfortran.fortran-torture/execute/intrinsic_aint_anint.f90 compilation, -O2 -fomit-frame-pointer -finline-functions -funroll-loops
FAIL: gfortran.fortran-torture/execute/intrinsic_aint_anint.f90 compilation, -O2 -fomit-frame-pointer -finline-functions -funroll-all-loops
FAIL: gfortran.fortran-torture/execute/intrinsic_aint_anint.f90 compilation, -O2 -fno-repack-arrays
FAIL: gfortran.fortran-torture/execute/intrinsic_aint_anint.f90 compilation, -O2 -fg77-calls
FAIL: gfortran.fortran-torture/execute/intrinsic_aint_anint.f90 compilation, -O3 -g
FAIL: gfortran.fortran-torture/execute/intrinsic_aint_anint.f90 compilation, -Os
FAIL: gfortran.fortran-torture/execute/intrinsic_anyall.f90 compilation, -O0
FAIL: gfortran.fortran-torture/execute/intrinsic_anyall.f90 compilation, -O1
FAIL: gfortran.fortran-torture/execute/intrinsic_anyall.f90 compilation, -O2
FAIL: gfortran.fortran-torture/execute/intrinsic_anyall.f90 compilation, -O2 -fomit-frame-pointer -finline-functions
FAIL: gfortran.fortran-torture/execute/intrinsic_anyall.f90 compilation, -O2 -fomit-frame-pointer -finline-functions -funroll-loops
FAIL: gfortran.fortran-torture/execute/intrinsic_anyall.f90 compilation, -O2 -fomit-frame-pointer -finline-functions -funroll-all-loops
FAIL: gfortran.fortran-torture/execute/intrinsic_anyall.f90 compilation, -O2 -fno-repack-arrays
FAIL: gfortran.fortran-torture/execute/intrinsic_anyall.f90 compilation, -O2 -fg77-calls
FAIL: gfortran.fortran-torture/execute/intrinsic_anyall.f90 compilation, -O3 -g
FAIL: gfortran.fortran-torture/execute/intrinsic_anyall.f90 compilation, -Os
FAIL: gfortran.fortran-torture/execute/intrinsic_associated.f90 compilation, -O0
FAIL: gfortran.fortran-torture/execute/intrinsic_associated.f90 compilation, -O1
FAIL: gfortran.fortran-torture/execute/intrinsic_associated.f90 compilation, -O2
FAIL: gfortran.fortran-torture/execute/intrinsic_associated.f90 compilation, -O2 -fomit-frame-pointer -finline-functions
FAIL: gfortran.fortran-torture/execute/intrinsic_associated.f90 compilation, -O2 -fomit-frame-pointer -finline-functions -funroll-loops
FAIL: gfortran.fortran-torture/execute/intrinsic_associated.f90 compilation, -O2 -fomit-frame-pointer -finline-functions -funroll-all-loops
FAIL: gfortran.fortran-torture/execute/intrinsic_associated.f90 compilation, -O2 -fno-repack-arrays
FAIL: gfortran.fortran-torture/execute/intrinsic_associated.f90 compilation, -O2 -fg77-calls
FAIL: gfortran.fortran-torture/execute/intrinsic_associated.f90 compilation, -O3 -g
FAIL: gfortran.fortran-torture/execute/intrinsic_associated.f90 compilation, -Os
FAIL: gfortran.fortran-torture/execute/intrinsic_associated_2.f90 compilation, -O0
FAIL: gfortran.fortran-torture/execute/intrinsic_associated_2.f90 compilation, -O1
FAIL: gfortran.fortran-torture/execute/intrinsic_associated_2.f90 compilation, -O2
FAIL: gfortran.fortran-torture/execute/intrinsic_associated_2.f90 compilation, -O2 -fomit-frame-pointer -finline-functions
FAIL: gfortran.fortran-torture/execute/intrinsic_associated_2.f90 compilation, -O2 -fomit-frame-pointer -finline-functions -funroll-loops
FAIL: gfortran.fortran-torture/execute/intrinsic_associated_2.f90 compilation, -O2 -fomit-frame-pointer -finline-functions -funroll-all-loops
FAIL: gfortran.fortran-torture/execute/intrinsic_associated_2.f90 compilation, -O2 -fno-repack-arrays
FAIL: gfortran.fortran-torture/execute/intrinsic_associated_2.f90 compilation, -O2 -fg77-calls
FAIL: gfortran.fortran-torture/execute/intrinsic_associated_2.f90 compilation, -O3 -g
FAIL: gfortran.fortran-torture/execute/intrinsic_associated_2.f90 compilation, -Os
FAIL: gfortran.fortran-torture/execute/intrinsic_bitops.f90 compilation, -O0
FAIL: gfortran.fortran-torture/execute/intrinsic_bitops.f90 compilation, -O1
FAIL: gfortran.fortran-torture/execute/intrinsic_bitops.f90 compilation, -O2
FAIL: gfortran.fortran-torture/execute/intrinsic_bitops.f90 compilation, -O2 -fomit-frame-pointer -finline-functions
FAIL: gfortran.fortran-torture/execute/intrinsic_bitops.f90 compilation, -O2 -fomit-frame-pointer -finline-functions -funroll-loops
FAIL: gfortran.fortran-torture/execute/intrinsic_bitops.f90 compilation, -O2 -fomit-frame-pointer -finline-functions -funroll-all-loops
FAIL: gfortran.fortran-torture/execute/intrinsic_bitops.f90 compilation, -O2 -fno-repack-arrays
FAIL: gfortran.fortran-torture/execute/intrinsic_bitops.f90 compilation, -O2 -fg77-calls
FAIL: gfortran.fortran-torture/execute/intrinsic_bitops.f90 compilation, -O3 -g
FAIL: gfortran.fortran-torture/execute/intrinsic_bitops.f90 compilation, -Os
FAIL: gfortran.fortran-torture/execute/intrinsic_count.f90 compilation, -O0
FAIL: gfortran.fortran-torture/execute/intrinsic_count.f90 compilation, -O1
FAIL: gfortran.fortran-torture/execute/intrinsic_count.f90 compilation, -O2
FAIL: gfortran.fortran-torture/execute/intrinsic_count.f90 compilation, -O2 -fomit-frame-pointer -finline-functions
FAIL: gfortran.fortran-torture/execute/intrinsic_count.f90 compilation, -O2 -fomit-frame-pointer -finline-functions -funroll-loops
FAIL: gfortran.fortran-torture/execute/intrinsic_count.f90 compilation, -O2 -fomit-frame-pointer -finline-functions -funroll-all-loops
FAIL: gfortran.fortran-torture/execute/intrinsic_count.f90 compilation, -O2 -fno-repack-arrays
FAIL: gfortran.fortran-torture/execute/intrinsic_count.f90 compilation, -O2 -fg77-calls
FAIL: gfortran.fortran-torture/execute/intrinsic_count.f90 compilation, -O3 -g
FAIL: gfortran.fortran-torture/execute/intrinsic_count.f90 compilation, -Os
FAIL: gfortran.fortran-torture/execute/intrinsic_cshift.f90 compilation, -O0
FAIL: gfortran.fortran-torture/execute/intrinsic_cshift.f90 compilation, -O1
FAIL: gfortran.fortran-torture/execute/intrinsic_cshift.f90 compilation, -O2
FAIL: gfortran.fortran-torture/execute/intrinsic_cshift.f90 compilation, -O2 -fomit-frame-pointer -finline-functions
FAIL: gfortran.fortran-torture/execute/intrinsic_cshift.f90 compilation, -O2 -fomit-frame-pointer -finline-functions -funroll-loops
FAIL: gfortran.fortran-torture/execute/intrinsic_cshift.f90 compilation, -O2 -fomit-frame-pointer -finline-functions -funroll-all-loops
FAIL: gfortran.fortran-torture/execute/intrinsic_cshift.f90 compilation, -O2 -fno-repack-arrays
FAIL: gfortran.fortran-torture/execute/intrinsic_cshift.f90 compilation, -O2 -fg77-calls
FAIL: gfortran.fortran-torture/execute/intrinsic_cshift.f90 compilation, -O3 -g
FAIL: gfortran.fortran-torture/execute/intrinsic_cshift.f90 compilation, -Os
FAIL: gfortran.fortran-torture/execute/intrinsic_dim.f90 compilation, -O0
FAIL: gfortran.fortran-torture/execute/intrinsic_dim.f90 compilation, -O1
FAIL: gfortran.fortran-torture/execute/intrinsic_dim.f90 compilation, -O2
FAIL: gfortran.fortran-torture/execute/intrinsic_dim.f90 compilation, -O2 -fomit-frame-pointer -finline-functions
FAIL: gfortran.fortran-torture/execute/intrinsic_dim.f90 compilation, -O2 -fomit-frame-pointer -finline-functions -funroll-loops
FAIL: gfortran.fortran-torture/execute/intrinsic_dim.f90 compilation, -O2 -fomit-frame-pointer -finline-functions -funroll-all-loops
FAIL: gfortran.fortran-torture/execute/intrinsic_dim.f90 compilation, -O2 -fno-repack-arrays
FAIL: gfortran.fortran-torture/execute/intrinsic_dim.f90 compilation, -O2 -fg77-calls
FAIL: gfortran.fortran-torture/execute/intrinsic_dim.f90 compilation, -O3 -g
FAIL: gfortran.fortran-torture/execute/intrinsic_dim.f90 compilation, -Os
FAIL: gfortran.fortran-torture/execute/intrinsic_dotprod.f90 compilation, -O0
FAIL: gfortran.fortran-torture/execute/intrinsic_dotprod.f90 compilation, -O1
FAIL: gfortran.fortran-torture/execute/intrinsic_dotprod.f90 compilation, -O2
FAIL: gfortran.fortran-torture/execute/intrinsic_dotprod.f90 compilation, -O2 -fomit-frame-pointer -finline-functions
FAIL: gfortran.fortran-torture/execute/intrinsic_dotprod.f90 compilation, -O2 -fomit-frame-pointer -finline-functions -funroll-loops
FAIL: gfortran.fortran-torture/execute/intrinsic_dotprod.f90 compilation, -O2 -fomit-frame-pointer -finline-functions -funroll-all-loops
FAIL: gfortran.fortran-torture/execute/intrinsic_dotprod.f90 compilation, -O2 -fno-repack-arrays
FAIL: gfortran.fortran-torture/execute/intrinsic_dotprod.f90 compilation, -O2 -fg77-calls
FAIL: gfortran.fortran-torture/execute/intrinsic_dotprod.f90 compilation, -O3 -g
FAIL: gfortran.fortran-torture/execute/intrinsic_dotprod.f90 compilation, -Os
FAIL: gfortran.fortran-torture/execute/intrinsic_dprod.f90 compilation, -O0
FAIL: gfortran.fortran-torture/execute/intrinsic_dprod.f90 compilation, -O1
FAIL: gfortran.fortran-torture/execute/intrinsic_dprod.f90 compilation, -O2
FAIL: gfortran.fortran-torture/execute/intrinsic_dprod.f90 compilation, -O2 -fomit-frame-pointer -finline-functions
FAIL: gfortran.fortran-torture/execute/intrinsic_dprod.f90 compilation, -O2 -fomit-frame-pointer -finline-functions -funroll-loops
FAIL: gfortran.fortran-torture/execute/intrinsic_dprod.f90 compilation, -O2 -fomit-frame-pointer -finline-functions -funroll-all-loops
FAIL: gfortran.fortran-torture/execute/intrinsic_dprod.f90 compilation, -O2 -fno-repack-arrays
FAIL: gfortran.fortran-torture/execute/intrinsic_dprod.f90 compilation, -O2 -fg77-calls
FAIL: gfortran.fortran-torture/execute/intrinsic_dprod.f90 compilation, -O3 -g
FAIL: gfortran.fortran-torture/execute/intrinsic_dprod.f90 compilation, -Os
FAIL: gfortran.fortran-torture/execute/intrinsic_dummy.f90 compilation, -O0
FAIL: gfortran.fortran-torture/execute/intrinsic_dummy.f90 compilation, -O1
FAIL: gfortran.fortran-torture/execute/intrinsic_dummy.f90 compilation, -O2
FAIL: gfortran.fortran-torture/execute/intrinsic_dummy.f90 compilation, -O2 -fomit-frame-pointer -finline-functions
FAIL: gfortran.fortran-torture/execute/intrinsic_dummy.f90 compilation, -O2 -fomit-frame-pointer -finline-functions -funroll-loops
FAIL: gfortran.fortran-torture/execute/intrinsic_dummy.f90 compilation, -O2 -fomit-frame-pointer -finline-functions -funroll-all-loops
FAIL: gfortran.fortran-torture/execute/intrinsic_dummy.f90 compilation, -O2 -fno-repack-arrays
FAIL: gfortran.fortran-torture/execute/intrinsic_dummy.f90 compilation, -O2 -fg77-calls
FAIL: gfortran.fortran-torture/execute/intrinsic_dummy.f90 compilation, -O3 -g
FAIL: gfortran.fortran-torture/execute/intrinsic_dummy.f90 compilation, -Os
FAIL: gfortran.fortran-torture/execute/intrinsic_eoshift.f90 compilation, -O0
FAIL: gfortran.fortran-torture/execute/intrinsic_eoshift.f90 compilation, -O1
FAIL: gfortran.fortran-torture/execute/intrinsic_eoshift.f90 compilation, -O2
FAIL: gfortran.fortran-torture/execute/intrinsic_eoshift.f90 compilation, -O2 -fomit-frame-pointer -finline-functions
FAIL: gfortran.fortran-torture/execute/intrinsic_eoshift.f90 compilation, -O2 -fomit-frame-pointer -finline-functions -funroll-loops
FAIL: gfortran.fortran-torture/execute/intrinsic_eoshift.f90 compilation, -O2 -fomit-frame-pointer -finline-functions -funroll-all-loops
FAIL: gfortran.fortran-torture/execute/intrinsic_eoshift.f90 compilation, -O2 -fno-repack-arrays
FAIL: gfortran.fortran-torture/execute/intrinsic_eoshift.f90 compilation, -O2 -fg77-calls
FAIL: gfortran.fortran-torture/execute/intrinsic_eoshift.f90 compilation, -O3 -g
FAIL: gfortran.fortran-torture/execute/intrinsic_eoshift.f90 compilation, -Os
FAIL: gfortran.fortran-torture/execute/intrinsic_fraction_exponent.f90 compilation, -O0
FAIL: gfortran.fortran-torture/execute/intrinsic_fraction_exponent.f90 compilation, -O1
FAIL: gfortran.fortran-torture/execute/intrinsic_fraction_exponent.f90 compilation, -O2
FAIL: gfortran.fortran-torture/execute/intrinsic_fraction_exponent.f90 compilation, -O2 -fomit-frame-pointer -finline-functions
FAIL: gfortran.fortran-torture/execute/intrinsic_fraction_exponent.f90 compilation, -O2 -fomit-frame-pointer -finline-functions -funroll-loops
FAIL: gfortran.fortran-torture/execute/intrinsic_fraction_exponent.f90 compilation, -O2 -fomit-frame-pointer -finline-functions -funroll-all-loops
FAIL: gfortran.fortran-torture/execute/intrinsic_fraction_exponent.f90 compilation, -O2 -fno-repack-arrays
FAIL: gfortran.fortran-torture/execute/intrinsic_fraction_exponent.f90 compilation, -O2 -fg77-calls
FAIL: gfortran.fortran-torture/execute/intrinsic_fraction_exponent.f90 compilation, -O3 -g
FAIL: gfortran.fortran-torture/execute/intrinsic_fraction_exponent.f90 compilation, -Os
FAIL: gfortran.fortran-torture/execute/intrinsic_index.f90 compilation, -O0
FAIL: gfortran.fortran-torture/execute/intrinsic_index.f90 compilation, -O1
FAIL: gfortran.fortran-torture/execute/intrinsic_index.f90 compilation, -O2
FAIL: gfortran.fortran-torture/execute/intrinsic_index.f90 compilation, -O2 -fomit-frame-pointer -finline-functions
FAIL: gfortran.fortran-torture/execute/intrinsic_index.f90 compilation, -O2 -fomit-frame-pointer -finline-functions -funroll-loops
FAIL: gfortran.fortran-torture/execute/intrinsic_index.f90 compilation, -O2 -fomit-frame-pointer -finline-functions -funroll-all-loops
FAIL: gfortran.fortran-torture/execute/intrinsic_index.f90 compilation, -O2 -fno-repack-arrays
FAIL: gfortran.fortran-torture/execute/intrinsic_index.f90 compilation, -O2 -fg77-calls
FAIL: gfortran.fortran-torture/execute/intrinsic_index.f90 compilation, -O3 -g
FAIL: gfortran.fortran-torture/execute/intrinsic_index.f90 compilation, -Os
FAIL: gfortran.fortran-torture/execute/intrinsic_integer.f90 compilation, -O0
FAIL: gfortran.fortran-torture/execute/intrinsic_integer.f90 compilation, -O1
FAIL: gfortran.fortran-torture/execute/intrinsic_integer.f90 compilation, -O2
FAIL: gfortran.fortran-torture/execute/intrinsic_integer.f90 compilation, -O2 -fomit-frame-pointer -finline-functions
FAIL: gfortran.fortran-torture/execute/intrinsic_integer.f90 compilation, -O2 -fomit-frame-pointer -finline-functions -funroll-loops
FAIL: gfortran.fortran-torture/execute/intrinsic_integer.f90 compilation, -O2 -fomit-frame-pointer -finline-functions -funroll-all-loops
FAIL: gfortran.fortran-torture/execute/intrinsic_integer.f90 compilation, -O2 -fno-repack-arrays
FAIL: gfortran.fortran-torture/execute/intrinsic_integer.f90 compilation, -O2 -fg77-calls
FAIL: gfortran.fortran-torture/execute/intrinsic_integer.f90 compilation, -O3 -g
FAIL: gfortran.fortran-torture/execute/intrinsic_integer.f90 compilation, -Os
FAIL: gfortran.fortran-torture/execute/intrinsic_len.f90 compilation, -O0
FAIL: gfortran.fortran-torture/execute/intrinsic_len.f90 compilation, -O1
FAIL: gfortran.fortran-torture/execute/intrinsic_len.f90 compilation, -O2
FAIL: gfortran.fortran-torture/execute/intrinsic_len.f90 compilation, -O2 -fomit-frame-pointer -finline-functions
FAIL: gfortran.fortran-torture/execute/intrinsic_len.f90 compilation, -O2 -fomit-frame-pointer -finline-functions -funroll-loops
FAIL: gfortran.fortran-torture/execute/intrinsic_len.f90 compilation, -O2 -fomit-frame-pointer -finline-functions -funroll-all-loops
FAIL: gfortran.fortran-torture/execute/intrinsic_len.f90 compilation, -O2 -fno-repack-arrays
FAIL: gfortran.fortran-torture/execute/intrinsic_len.f90 compilation, -O2 -fg77-calls
FAIL: gfortran.fortran-torture/execute/intrinsic_len.f90 compilation, -O3 -g
FAIL: gfortran.fortran-torture/execute/intrinsic_len.f90 compilation, -Os
FAIL: gfortran.fortran-torture/execute/intrinsic_matmul.f90 compilation, -O0
FAIL: gfortran.fortran-torture/execute/intrinsic_matmul.f90 compilation, -O1
FAIL: gfortran.fortran-torture/execute/intrinsic_matmul.f90 compilation, -O2
FAIL: gfortran.fortran-torture/execute/intrinsic_matmul.f90 compilation, -O2 -fomit-frame-pointer -finline-functions
FAIL: gfortran.fortran-torture/execute/intrinsic_matmul.f90 compilation, -O2 -fomit-frame-pointer -finline-functions -funroll-loops
FAIL: gfortran.fortran-torture/execute/intrinsic_matmul.f90 compilation, -O2 -fomit-frame-pointer -finline-functions -funroll-all-loops
FAIL: gfortran.fortran-torture/execute/intrinsic_matmul.f90 compilation, -O2 -fno-repack-arrays
FAIL: gfortran.fortran-torture/execute/intrinsic_matmul.f90 compilation, -O2 -fg77-calls
FAIL: gfortran.fortran-torture/execute/intrinsic_matmul.f90 compilation, -O3 -g
FAIL: gfortran.fortran-torture/execute/intrinsic_matmul.f90 compilation, -Os
FAIL: gfortran.fortran-torture/execute/intrinsic_merge.f90 compilation, -O0
FAIL: gfortran.fortran-torture/execute/intrinsic_merge.f90 compilation, -O1
FAIL: gfortran.fortran-torture/execute/intrinsic_merge.f90 compilation, -O2
FAIL: gfortran.fortran-torture/execute/intrinsic_merge.f90 compilation, -O2 -fomit-frame-pointer -finline-functions
FAIL: gfortran.fortran-torture/execute/intrinsic_merge.f90 compilation, -O2 -fomit-frame-pointer -finline-functions -funroll-loops
FAIL: gfortran.fortran-torture/execute/intrinsic_merge.f90 compilation, -O2 -fomit-frame-pointer -finline-functions -funroll-all-loops
FAIL: gfortran.fortran-torture/execute/intrinsic_merge.f90 compilation, -O2 -fno-repack-arrays
FAIL: gfortran.fortran-torture/execute/intrinsic_merge.f90 compilation, -O2 -fg77-calls
FAIL: gfortran.fortran-torture/execute/intrinsic_merge.f90 compilation, -O3 -g
FAIL: gfortran.fortran-torture/execute/intrinsic_merge.f90 compilation, -Os
FAIL: gfortran.fortran-torture/execute/intrinsic_minmax.f90 compilation, -O0
FAIL: gfortran.fortran-torture/execute/intrinsic_minmax.f90 compilation, -O1
FAIL: gfortran.fortran-torture/execute/intrinsic_minmax.f90 compilation, -O2
FAIL: gfortran.fortran-torture/execute/intrinsic_minmax.f90 compilation, -O2 -fomit-frame-pointer -finline-functions
FAIL: gfortran.fortran-torture/execute/intrinsic_minmax.f90 compilation, -O2 -fomit-frame-pointer -finline-functions -funroll-loops
FAIL: gfortran.fortran-torture/execute/intrinsic_minmax.f90 compilation, -O2 -fomit-frame-pointer -finline-functions -funroll-all-loops
FAIL: gfortran.fortran-torture/execute/intrinsic_minmax.f90 compilation, -O2 -fno-repack-arrays
FAIL: gfortran.fortran-torture/execute/intrinsic_minmax.f90 compilation, -O2 -fg77-calls
FAIL: gfortran.fortran-torture/execute/intrinsic_minmax.f90 compilation, -O3 -g
FAIL: gfortran.fortran-torture/execute/intrinsic_minmax.f90 compilation, -Os
FAIL: gfortran.fortran-torture/execute/intrinsic_mmloc.f90 compilation, -O0
FAIL: gfortran.fortran-torture/execute/intrinsic_mmloc.f90 compilation, -O1
FAIL: gfortran.fortran-torture/execute/intrinsic_mmloc.f90 compilation, -O2
FAIL: gfortran.fortran-torture/execute/intrinsic_mmloc.f90 compilation, -O2 -fomit-frame-pointer -finline-functions
FAIL: gfortran.fortran-torture/execute/intrinsic_mmloc.f90 compilation, -O2 -fomit-frame-pointer -finline-functions -funroll-loops
FAIL: gfortran.fortran-torture/execute/intrinsic_mmloc.f90 compilation, -O2 -fomit-frame-pointer -finline-functions -funroll-all-loops
FAIL: gfortran.fortran-torture/execute/intrinsic_mmloc.f90 compilation, -O2 -fno-repack-arrays
FAIL: gfortran.fortran-torture/execute/intrinsic_mmloc.f90 compilation, -O2 -fg77-calls
FAIL: gfortran.fortran-torture/execute/intrinsic_mmloc.f90 compilation, -O3 -g
FAIL: gfortran.fortran-torture/execute/intrinsic_mmloc.f90 compilation, -Os
FAIL: gfortran.fortran-torture/execute/intrinsic_mmloc_2.f90 compilation, -O0
FAIL: gfortran.fortran-torture/execute/intrinsic_mmloc_2.f90 compilation, -O1
FAIL: gfortran.fortran-torture/execute/intrinsic_mmloc_2.f90 compilation, -O2
FAIL: gfortran.fortran-torture/execute/intrinsic_mmloc_2.f90 compilation, -O2 -fomit-frame-pointer -finline-functions
FAIL: gfortran.fortran-torture/execute/intrinsic_mmloc_2.f90 compilation, -O2 -fomit-frame-pointer -finline-functions -funroll-loops
FAIL: gfortran.fortran-torture/execute/intrinsic_mmloc_2.f90 compilation, -O2 -fomit-frame-pointer -finline-functions -funroll-all-loops
FAIL: gfortran.fortran-torture/execute/intrinsic_mmloc_2.f90 compilation, -O2 -fno-repack-arrays
FAIL: gfortran.fortran-torture/execute/intrinsic_mmloc_2.f90 compilation, -O2 -fg77-calls
FAIL: gfortran.fortran-torture/execute/intrinsic_mmloc_2.f90 compilation, -O3 -g
FAIL: gfortran.fortran-torture/execute/intrinsic_mmloc_2.f90 compilation, -Os
FAIL: gfortran.fortran-torture/execute/intrinsic_mmloc_3.f90 compilation, -O0
FAIL: gfortran.fortran-torture/execute/intrinsic_mmloc_3.f90 compilation, -O1
FAIL: gfortran.fortran-torture/execute/intrinsic_mmloc_3.f90 compilation, -O2
FAIL: gfortran.fortran-torture/execute/intrinsic_mmloc_3.f90 compilation, -O2 -fomit-frame-pointer -finline-functions
FAIL: gfortran.fortran-torture/execute/intrinsic_mmloc_3.f90 compilation, -O2 -fomit-frame-pointer -finline-functions -funroll-loops
FAIL: gfortran.fortran-torture/execute/intrinsic_mmloc_3.f90 compilation, -O2 -fomit-frame-pointer -finline-functions -funroll-all-loops
FAIL: gfortran.fortran-torture/execute/intrinsic_mmloc_3.f90 compilation, -O2 -fno-repack-arrays
FAIL: gfortran.fortran-torture/execute/intrinsic_mmloc_3.f90 compilation, -O2 -fg77-calls
FAIL: gfortran.fortran-torture/execute/intrinsic_mmloc_3.f90 compilation, -O3 -g
FAIL: gfortran.fortran-torture/execute/intrinsic_mmloc_3.f90 compilation, -Os
FAIL: gfortran.fortran-torture/execute/intrinsic_mmloc_4.f90 compilation, -O0
FAIL: gfortran.fortran-torture/execute/intrinsic_mmloc_4.f90 compilation, -O1
FAIL: gfortran.fortran-torture/execute/intrinsic_mmloc_4.f90 compilation, -O2
FAIL: gfortran.fortran-torture/execute/intrinsic_mmloc_4.f90 compilation, -O2 -fomit-frame-pointer -finline-functions
FAIL: gfortran.fortran-torture/execute/intrinsic_mmloc_4.f90 compilation, -O2 -fomit-frame-pointer -finline-functions -funroll-loops
FAIL: gfortran.fortran-torture/execute/intrinsic_mmloc_4.f90 compilation, -O2 -fomit-frame-pointer -finline-functions -funroll-all-loops
FAIL: gfortran.fortran-torture/execute/intrinsic_mmloc_4.f90 compilation, -O2 -fno-repack-arrays
FAIL: gfortran.fortran-torture/execute/intrinsic_mmloc_4.f90 compilation, -O2 -fg77-calls
FAIL: gfortran.fortran-torture/execute/intrinsic_mmloc_4.f90 compilation, -O3 -g
FAIL: gfortran.fortran-torture/execute/intrinsic_mmloc_4.f90 compilation, -Os
FAIL: gfortran.fortran-torture/execute/intrinsic_mmval.f90 compilation, -O0
FAIL: gfortran.fortran-torture/execute/intrinsic_mmval.f90 compilation, -O1
FAIL: gfortran.fortran-torture/execute/intrinsic_mmval.f90 compilation, -O2
FAIL: gfortran.fortran-torture/execute/intrinsic_mmval.f90 compilation, -O2 -fomit-frame-pointer -finline-functions
FAIL: gfortran.fortran-torture/execute/intrinsic_mmval.f90 compilation, -O2 -fomit-frame-pointer -finline-functions -funroll-loops
FAIL: gfortran.fortran-torture/execute/intrinsic_mmval.f90 compilation, -O2 -fomit-frame-pointer -finline-functions -funroll-all-loops
FAIL: gfortran.fortran-torture/execute/intrinsic_mmval.f90 compilation, -O2 -fno-repack-arrays
FAIL: gfortran.fortran-torture/execute/intrinsic_mmval.f90 compilation, -O2 -fg77-calls
FAIL: gfortran.fortran-torture/execute/intrinsic_mmval.f90 compilation, -O3 -g
FAIL: gfortran.fortran-torture/execute/intrinsic_mmval.f90 compilation, -Os
FAIL: gfortran.fortran-torture/execute/intrinsic_mod_ulo.f90 compilation, -O0
FAIL: gfortran.fortran-torture/execute/intrinsic_mod_ulo.f90 compilation, -O1
FAIL: gfortran.fortran-torture/execute/intrinsic_mod_ulo.f90 compilation, -O2
FAIL: gfortran.fortran-torture/execute/intrinsic_mod_ulo.f90 compilation, -O2 -fomit-frame-pointer -finline-functions
FAIL: gfortran.fortran-torture/execute/intrinsic_mod_ulo.f90 compilation, -O2 -fomit-frame-pointer -finline-functions -funroll-loops
FAIL: gfortran.fortran-torture/execute/intrinsic_mod_ulo.f90 compilation, -O2 -fomit-frame-pointer -finline-functions -funroll-all-loops
FAIL: gfortran.fortran-torture/execute/intrinsic_mod_ulo.f90 compilation, -O2 -fno-repack-arrays
FAIL: gfortran.fortran-torture/execute/intrinsic_mod_ulo.f90 compilation, -O2 -fg77-calls
FAIL: gfortran.fortran-torture/execute/intrinsic_mod_ulo.f90 compilation, -O3 -g
FAIL: gfortran.fortran-torture/execute/intrinsic_mod_ulo.f90 compilation, -Os
FAIL: gfortran.fortran-torture/execute/intrinsic_nearest.f90 compilation, -O0
FAIL: gfortran.fortran-torture/execute/intrinsic_nearest.f90 compilation, -O1
FAIL: gfortran.fortran-torture/execute/intrinsic_nearest.f90 compilation, -O2
FAIL: gfortran.fortran-torture/execute/intrinsic_nearest.f90 compilation, -O2 -fomit-frame-pointer -finline-functions
FAIL: gfortran.fortran-torture/execute/intrinsic_nearest.f90 compilation, -O2 -fomit-frame-pointer -finline-functions -funroll-loops
FAIL: gfortran.fortran-torture/execute/intrinsic_nearest.f90 compilation, -O2 -fomit-frame-pointer -finline-functions -funroll-all-loops
FAIL: gfortran.fortran-torture/execute/intrinsic_nearest.f90 compilation, -O2 -fno-repack-arrays
FAIL: gfortran.fortran-torture/execute/intrinsic_nearest.f90 compilation, -O2 -fg77-calls
FAIL: gfortran.fortran-torture/execute/intrinsic_nearest.f90 compilation, -O3 -g
FAIL: gfortran.fortran-torture/execute/intrinsic_nearest.f90 compilation, -Os
FAIL: gfortran.fortran-torture/execute/intrinsic_pack.f90 compilation, -O0
FAIL: gfortran.fortran-torture/execute/intrinsic_pack.f90 compilation, -O1
FAIL: gfortran.fortran-torture/execute/intrinsic_pack.f90 compilation, -O2
FAIL: gfortran.fortran-torture/execute/intrinsic_pack.f90 compilation, -O2 -fomit-frame-pointer -finline-functions
FAIL: gfortran.fortran-torture/execute/intrinsic_pack.f90 compilation, -O2 -fomit-frame-pointer -finline-functions -funroll-loops
FAIL: gfortran.fortran-torture/execute/intrinsic_pack.f90 compilation, -O2 -fomit-frame-pointer -finline-functions -funroll-all-loops
FAIL: gfortran.fortran-torture/execute/intrinsic_pack.f90 compilation, -O2 -fno-repack-arrays
FAIL: gfortran.fortran-torture/execute/intrinsic_pack.f90 compilation, -O2 -fg77-calls
FAIL: gfortran.fortran-torture/execute/intrinsic_pack.f90 compilation, -O3 -g
FAIL: gfortran.fortran-torture/execute/intrinsic_pack.f90 compilation, -Os
FAIL: gfortran.fortran-torture/execute/intrinsic_present.f90 compilation, -O0
FAIL: gfortran.fortran-torture/execute/intrinsic_present.f90 compilation, -O1
FAIL: gfortran.fortran-torture/execute/intrinsic_present.f90 compilation, -O2
FAIL: gfortran.fortran-torture/execute/intrinsic_present.f90 compilation, -O2 -fomit-frame-pointer -finline-functions
FAIL: gfortran.fortran-torture/execute/intrinsic_present.f90 compilation, -O2 -fomit-frame-pointer -finline-functions -funroll-loops
FAIL: gfortran.fortran-torture/execute/intrinsic_present.f90 compilation, -O2 -fomit-frame-pointer -finline-functions -funroll-all-loops
FAIL: gfortran.fortran-torture/execute/intrinsic_present.f90 compilation, -O2 -fno-repack-arrays
FAIL: gfortran.fortran-torture/execute/intrinsic_present.f90 compilation, -O2 -fg77-calls
FAIL: gfortran.fortran-torture/execute/intrinsic_present.f90 compilation, -O3 -g
FAIL: gfortran.fortran-torture/execute/intrinsic_present.f90 compilation, -Os
FAIL: gfortran.fortran-torture/execute/intrinsic_product.f90 compilation, -O0
FAIL: gfortran.fortran-torture/execute/intrinsic_product.f90 compilation, -O1
FAIL: gfortran.fortran-torture/execute/intrinsic_product.f90 compilation, -O2
FAIL: gfortran.fortran-torture/execute/intrinsic_product.f90 compilation, -O2 -fomit-frame-pointer -finline-functions
FAIL: gfortran.fortran-torture/execute/intrinsic_product.f90 compilation, -O2 -fomit-frame-pointer -finline-functions -funroll-loops
FAIL: gfortran.fortran-torture/execute/intrinsic_product.f90 compilation, -O2 -fomit-frame-pointer -finline-functions -funroll-all-loops
FAIL: gfortran.fortran-torture/execute/intrinsic_product.f90 compilation, -O2 -fno-repack-arrays
FAIL: gfortran.fortran-torture/execute/intrinsic_product.f90 compilation, -O2 -fg77-calls
FAIL: gfortran.fortran-torture/execute/intrinsic_product.f90 compilation, -O3 -g
FAIL: gfortran.fortran-torture/execute/intrinsic_product.f90 compilation, -Os
FAIL: gfortran.fortran-torture/execute/intrinsic_rrspacing.f90 compilation, -O0
FAIL: gfortran.fortran-torture/execute/intrinsic_rrspacing.f90 compilation, -O1
FAIL: gfortran.fortran-torture/execute/intrinsic_rrspacing.f90 compilation, -O2
FAIL: gfortran.fortran-torture/execute/intrinsic_rrspacing.f90 compilation, -O2 -fomit-frame-pointer -finline-functions
FAIL: gfortran.fortran-torture/execute/intrinsic_rrspacing.f90 compilation, -O2 -fomit-frame-pointer -finline-functions -funroll-loops
FAIL: gfortran.fortran-torture/execute/intrinsic_rrspacing.f90 compilation, -O2 -fomit-frame-pointer -finline-functions -funroll-all-loops
FAIL: gfortran.fortran-torture/execute/intrinsic_rrspacing.f90 compilation, -O2 -fno-repack-arrays
FAIL: gfortran.fortran-torture/execute/intrinsic_rrspacing.f90 compilation, -O2 -fg77-calls
FAIL: gfortran.fortran-torture/execute/intrinsic_rrspacing.f90 compilation, -O3 -g
FAIL: gfortran.fortran-torture/execute/intrinsic_rrspacing.f90 compilation, -Os
FAIL: gfortran.fortran-torture/execute/intrinsic_scale.f90 compilation, -O0
FAIL: gfortran.fortran-torture/execute/intrinsic_scale.f90 compilation, -O1
FAIL: gfortran.fortran-torture/execute/intrinsic_scale.f90 compilation, -O2
FAIL: gfortran.fortran-torture/execute/intrinsic_scale.f90 compilation, -O2 -fomit-frame-pointer -finline-functions
FAIL: gfortran.fortran-torture/execute/intrinsic_scale.f90 compilation, -O2 -fomit-frame-pointer -finline-functions -funroll-loops
FAIL: gfortran.fortran-torture/execute/intrinsic_scale.f90 compilation, -O2 -fomit-frame-pointer -finline-functions -funroll-all-loops
FAIL: gfortran.fortran-torture/execute/intrinsic_scale.f90 compilation, -O2 -fno-repack-arrays
FAIL: gfortran.fortran-torture/execute/intrinsic_scale.f90 compilation, -O2 -fg77-calls
FAIL: gfortran.fortran-torture/execute/intrinsic_scale.f90 compilation, -O3 -g
FAIL: gfortran.fortran-torture/execute/intrinsic_scale.f90 compilation, -Os
FAIL: gfortran.fortran-torture/execute/intrinsic_set_exponent.f90 compilation, -O0
FAIL: gfortran.fortran-torture/execute/intrinsic_set_exponent.f90 compilation, -O1
FAIL: gfortran.fortran-torture/execute/intrinsic_set_exponent.f90 compilation, -O2
FAIL: gfortran.fortran-torture/execute/intrinsic_set_exponent.f90 compilation, -O2 -fomit-frame-pointer -finline-functions
FAIL: gfortran.fortran-torture/execute/intrinsic_set_exponent.f90 compilation, -O2 -fomit-frame-pointer -finline-functions -funroll-loops
FAIL: gfortran.fortran-torture/execute/intrinsic_set_exponent.f90 compilation, -O2 -fomit-frame-pointer -finline-functions -funroll-all-loops
FAIL: gfortran.fortran-torture/execute/intrinsic_set_exponent.f90 compilation, -O2 -fno-repack-arrays
FAIL: gfortran.fortran-torture/execute/intrinsic_set_exponent.f90 compilation, -O2 -fg77-calls
FAIL: gfortran.fortran-torture/execute/intrinsic_set_exponent.f90 compilation, -O3 -g
FAIL: gfortran.fortran-torture/execute/intrinsic_set_exponent.f90 compilation, -Os
FAIL: gfortran.fortran-torture/execute/intrinsic_shape.f90 compilation, -O0
FAIL: gfortran.fortran-torture/execute/intrinsic_shape.f90 compilation, -O1
FAIL: gfortran.fortran-torture/execute/intrinsic_shape.f90 compilation, -O2
FAIL: gfortran.fortran-torture/execute/intrinsic_shape.f90 compilation, -O2 -fomit-frame-pointer -finline-functions
FAIL: gfortran.fortran-torture/execute/intrinsic_shape.f90 compilation, -O2 -fomit-frame-pointer -finline-functions -funroll-loops
FAIL: gfortran.fortran-torture/execute/intrinsic_shape.f90 compilation, -O2 -fomit-frame-pointer -finline-functions -funroll-all-loops
FAIL: gfortran.fortran-torture/execute/intrinsic_shape.f90 compilation, -O2 -fno-repack-arrays
FAIL: gfortran.fortran-torture/execute/intrinsic_shape.f90 compilation, -O2 -fg77-calls
FAIL: gfortran.fortran-torture/execute/intrinsic_shape.f90 compilation, -O3 -g
FAIL: gfortran.fortran-torture/execute/intrinsic_shape.f90 compilation, -Os
FAIL: gfortran.fortran-torture/execute/intrinsic_si_kind.f90 compilation, -O0
FAIL: gfortran.fortran-torture/execute/intrinsic_si_kind.f90 compilation, -O1
FAIL: gfortran.fortran-torture/execute/intrinsic_si_kind.f90 compilation, -O2
FAIL: gfortran.fortran-torture/execute/intrinsic_si_kind.f90 compilation, -O2 -fomit-frame-pointer -finline-functions
FAIL: gfortran.fortran-torture/execute/intrinsic_si_kind.f90 compilation, -O2 -fomit-frame-pointer -finline-functions -funroll-loops
FAIL: gfortran.fortran-torture/execute/intrinsic_si_kind.f90 compilation, -O2 -fomit-frame-pointer -finline-functions -funroll-all-loops
FAIL: gfortran.fortran-torture/execute/intrinsic_si_kind.f90 compilation, -O2 -fno-repack-arrays
FAIL: gfortran.fortran-torture/execute/intrinsic_si_kind.f90 compilation, -O2 -fg77-calls
FAIL: gfortran.fortran-torture/execute/intrinsic_si_kind.f90 compilation, -O3 -g
FAIL: gfortran.fortran-torture/execute/intrinsic_si_kind.f90 compilation, -Os
FAIL: gfortran.fortran-torture/execute/intrinsic_sign.f90 compilation, -O0
FAIL: gfortran.fortran-torture/execute/intrinsic_sign.f90 compilation, -O1
FAIL: gfortran.fortran-torture/execute/intrinsic_sign.f90 compilation, -O2
FAIL: gfortran.fortran-torture/execute/intrinsic_sign.f90 compilation, -O2 -fomit-frame-pointer -finline-functions
FAIL: gfortran.fortran-torture/execute/intrinsic_sign.f90 compilation, -O2 -fomit-frame-pointer -finline-functions -funroll-loops
FAIL: gfortran.fortran-torture/execute/intrinsic_sign.f90 compilation, -O2 -fomit-frame-pointer -finline-functions -funroll-all-loops
FAIL: gfortran.fortran-torture/execute/intrinsic_sign.f90 compilation, -O2 -fno-repack-arrays
FAIL: gfortran.fortran-torture/execute/intrinsic_sign.f90 compilation, -O2 -fg77-calls
FAIL: gfortran.fortran-torture/execute/intrinsic_sign.f90 compilation, -O3 -g
FAIL: gfortran.fortran-torture/execute/intrinsic_sign.f90 compilation, -Os
FAIL: gfortran.fortran-torture/execute/intrinsic_size.f90 compilation, -O0
FAIL: gfortran.fortran-torture/execute/intrinsic_size.f90 compilation, -O1
FAIL: gfortran.fortran-torture/execute/intrinsic_size.f90 compilation, -O2
FAIL: gfortran.fortran-torture/execute/intrinsic_size.f90 compilation, -O2 -fomit-frame-pointer -finline-functions
FAIL: gfortran.fortran-torture/execute/intrinsic_size.f90 compilation, -O2 -fomit-frame-pointer -finline-functions -funroll-loops
FAIL: gfortran.fortran-torture/execute/intrinsic_size.f90 compilation, -O2 -fomit-frame-pointer -finline-functions -funroll-all-loops
FAIL: gfortran.fortran-torture/execute/intrinsic_size.f90 compilation, -O2 -fno-repack-arrays
FAIL: gfortran.fortran-torture/execute/intrinsic_size.f90 compilation, -O2 -fg77-calls
FAIL: gfortran.fortran-torture/execute/intrinsic_size.f90 compilation, -O3 -g
FAIL: gfortran.fortran-torture/execute/intrinsic_size.f90 compilation, -Os
FAIL: gfortran.fortran-torture/execute/intrinsic_spacing.f90 compilation, -O0
FAIL: gfortran.fortran-torture/execute/intrinsic_spacing.f90 compilation, -O1
FAIL: gfortran.fortran-torture/execute/intrinsic_spacing.f90 compilation, -O2
FAIL: gfortran.fortran-torture/execute/intrinsic_spacing.f90 compilation, -O2 -fomit-frame-pointer -finline-functions
FAIL: gfortran.fortran-torture/execute/intrinsic_spacing.f90 compilation, -O2 -fomit-frame-pointer -finline-functions -funroll-loops
FAIL: gfortran.fortran-torture/execute/intrinsic_spacing.f90 compilation, -O2 -fomit-frame-pointer -finline-functions -funroll-all-loops
FAIL: gfortran.fortran-torture/execute/intrinsic_spacing.f90 compilation, -O2 -fno-repack-arrays
FAIL: gfortran.fortran-torture/execute/intrinsic_spacing.f90 compilation, -O2 -fg77-calls
FAIL: gfortran.fortran-torture/execute/intrinsic_spacing.f90 compilation, -O3 -g
FAIL: gfortran.fortran-torture/execute/intrinsic_spacing.f90 compilation, -Os
FAIL: gfortran.fortran-torture/execute/intrinsic_spread.f90 compilation, -O0
FAIL: gfortran.fortran-torture/execute/intrinsic_spread.f90 compilation, -O1
FAIL: gfortran.fortran-torture/execute/intrinsic_spread.f90 compilation, -O2
FAIL: gfortran.fortran-torture/execute/intrinsic_spread.f90 compilation, -O2 -fomit-frame-pointer -finline-functions
FAIL: gfortran.fortran-torture/execute/intrinsic_spread.f90 compilation, -O2 -fomit-frame-pointer -finline-functions -funroll-loops
FAIL: gfortran.fortran-torture/execute/intrinsic_spread.f90 compilation, -O2 -fomit-frame-pointer -finline-functions -funroll-all-loops
FAIL: gfortran.fortran-torture/execute/intrinsic_spread.f90 compilation, -O2 -fno-repack-arrays
FAIL: gfortran.fortran-torture/execute/intrinsic_spread.f90 compilation, -O2 -fg77-calls
FAIL: gfortran.fortran-torture/execute/intrinsic_spread.f90 compilation, -O3 -g
FAIL: gfortran.fortran-torture/execute/intrinsic_spread.f90 compilation, -Os
FAIL: gfortran.fortran-torture/execute/intrinsic_sr_kind.f90 compilation, -O0
FAIL: gfortran.fortran-torture/execute/intrinsic_sr_kind.f90 compilation, -O1
FAIL: gfortran.fortran-torture/execute/intrinsic_sr_kind.f90 compilation, -O2
FAIL: gfortran.fortran-torture/execute/intrinsic_sr_kind.f90 compilation, -O2 -fomit-frame-pointer -finline-functions
FAIL: gfortran.fortran-torture/execute/intrinsic_sr_kind.f90 compilation, -O2 -fomit-frame-pointer -finline-functions -funroll-loops
FAIL: gfortran.fortran-torture/execute/intrinsic_sr_kind.f90 compilation, -O2 -fomit-frame-pointer -finline-functions -funroll-all-loops
FAIL: gfortran.fortran-torture/execute/intrinsic_sr_kind.f90 compilation, -O2 -fno-repack-arrays
FAIL: gfortran.fortran-torture/execute/intrinsic_sr_kind.f90 compilation, -O2 -fg77-calls
FAIL: gfortran.fortran-torture/execute/intrinsic_sr_kind.f90 compilation, -O3 -g
FAIL: gfortran.fortran-torture/execute/intrinsic_sr_kind.f90 compilation, -Os
FAIL: gfortran.fortran-torture/execute/intrinsic_sum.f90 compilation, -O0
FAIL: gfortran.fortran-torture/execute/intrinsic_sum.f90 compilation, -O1
FAIL: gfortran.fortran-torture/execute/intrinsic_sum.f90 compilation, -O2
FAIL: gfortran.fortran-torture/execute/intrinsic_sum.f90 compilation, -O2 -fomit-frame-pointer -finline-functions
FAIL: gfortran.fortran-torture/execute/intrinsic_sum.f90 compilation, -O2 -fomit-frame-pointer -finline-functions -funroll-loops
FAIL: gfortran.fortran-torture/execute/intrinsic_sum.f90 compilation, -O2 -fomit-frame-pointer -finline-functions -funroll-all-loops
FAIL: gfortran.fortran-torture/execute/intrinsic_sum.f90 compilation, -O2 -fno-repack-arrays
FAIL: gfortran.fortran-torture/execute/intrinsic_sum.f90 compilation, -O2 -fg77-calls
FAIL: gfortran.fortran-torture/execute/intrinsic_sum.f90 compilation, -O3 -g
FAIL: gfortran.fortran-torture/execute/intrinsic_sum.f90 compilation, -Os
FAIL: gfortran.fortran-torture/execute/intrinsic_transpose.f90 compilation, -O0
FAIL: gfortran.fortran-torture/execute/intrinsic_transpose.f90 compilation, -O1
FAIL: gfortran.fortran-torture/execute/intrinsic_transpose.f90 compilation, -O2
FAIL: gfortran.fortran-torture/execute/intrinsic_transpose.f90 compilation, -O2 -fomit-frame-pointer -finline-functions
FAIL: gfortran.fortran-torture/execute/intrinsic_transpose.f90 compilation, -O2 -fomit-frame-pointer -finline-functions -funroll-loops
FAIL: gfortran.fortran-torture/execute/intrinsic_transpose.f90 compilation, -O2 -fomit-frame-pointer -finline-functions -funroll-all-loops
FAIL: gfortran.fortran-torture/execute/intrinsic_transpose.f90 compilation, -O2 -fno-repack-arrays
FAIL: gfortran.fortran-torture/execute/intrinsic_transpose.f90 compilation, -O2 -fg77-calls
FAIL: gfortran.fortran-torture/execute/intrinsic_transpose.f90 compilation, -O3 -g
FAIL: gfortran.fortran-torture/execute/intrinsic_transpose.f90 compilation, -Os
FAIL: gfortran.fortran-torture/execute/intrinsic_trim.f90 compilation, -O0
FAIL: gfortran.fortran-torture/execute/intrinsic_trim.f90 compilation, -O1
FAIL: gfortran.fortran-torture/execute/intrinsic_trim.f90 compilation, -O2
FAIL: gfortran.fortran-torture/execute/intrinsic_trim.f90 compilation, -O2 -fomit-frame-pointer -finline-functions
FAIL: gfortran.fortran-torture/execute/intrinsic_trim.f90 compilation, -O2 -fomit-frame-pointer -finline-functions -funroll-loops
FAIL: gfortran.fortran-torture/execute/intrinsic_trim.f90 compilation, -O2 -fomit-frame-pointer -finline-functions -funroll-all-loops
FAIL: gfortran.fortran-torture/execute/intrinsic_trim.f90 compilation, -O2 -fno-repack-arrays
FAIL: gfortran.fortran-torture/execute/intrinsic_trim.f90 compilation, -O2 -fg77-calls
FAIL: gfortran.fortran-torture/execute/intrinsic_trim.f90 compilation, -O3 -g
FAIL: gfortran.fortran-torture/execute/intrinsic_trim.f90 compilation, -Os
FAIL: gfortran.fortran-torture/execute/intrinsic_unpack.f90 compilation, -O0
FAIL: gfortran.fortran-torture/execute/intrinsic_unpack.f90 compilation, -O1
FAIL: gfortran.fortran-torture/execute/intrinsic_unpack.f90 compilation, -O2
FAIL: gfortran.fortran-torture/execute/intrinsic_unpack.f90 compilation, -O2 -fomit-frame-pointer -finline-functions
FAIL: gfortran.fortran-torture/execute/intrinsic_unpack.f90 compilation, -O2 -fomit-frame-pointer -finline-functions -funroll-loops
FAIL: gfortran.fortran-torture/execute/intrinsic_unpack.f90 compilation, -O2 -fomit-frame-pointer -finline-functions -funroll-all-loops
FAIL: gfortran.fortran-torture/execute/intrinsic_unpack.f90 compilation, -O2 -fno-repack-arrays
FAIL: gfortran.fortran-torture/execute/intrinsic_unpack.f90 compilation, -O2 -fg77-calls
FAIL: gfortran.fortran-torture/execute/intrinsic_unpack.f90 compilation, -O3 -g
FAIL: gfortran.fortran-torture/execute/intrinsic_unpack.f90 compilation, -Os
FAIL: gfortran.fortran-torture/execute/logical_select_1.f90 compilation, -O0
FAIL: gfortran.fortran-torture/execute/logical_select_1.f90 compilation, -O1
FAIL: gfortran.fortran-torture/execute/logical_select_1.f90 compilation, -O2
FAIL: gfortran.fortran-torture/execute/logical_select_1.f90 compilation, -O2 -fomit-frame-pointer -finline-functions
FAIL: gfortran.fortran-torture/execute/logical_select_1.f90 compilation, -O2 -fomit-frame-pointer -finline-functions -funroll-loops
FAIL: gfortran.fortran-torture/execute/logical_select_1.f90 compilation, -O2 -fomit-frame-pointer -finline-functions -funroll-all-loops
FAIL: gfortran.fortran-torture/execute/logical_select_1.f90 compilation, -O2 -fno-repack-arrays
FAIL: gfortran.fortran-torture/execute/logical_select_1.f90 compilation, -O2 -fg77-calls
FAIL: gfortran.fortran-torture/execute/logical_select_1.f90 compilation, -O3 -g
FAIL: gfortran.fortran-torture/execute/logical_select_1.f90 compilation, -Os
FAIL: gfortran.fortran-torture/execute/mainsub.f90 compilation, -O0
FAIL: gfortran.fortran-torture/execute/mainsub.f90 compilation, -O1
FAIL: gfortran.fortran-torture/execute/mainsub.f90 compilation, -O2
FAIL: gfortran.fortran-torture/execute/mainsub.f90 compilation, -O2 -fomit-frame-pointer -finline-functions
FAIL: gfortran.fortran-torture/execute/mainsub.f90 compilation, -O2 -fomit-frame-pointer -finline-functions -funroll-loops
FAIL: gfortran.fortran-torture/execute/mainsub.f90 compilation, -O2 -fomit-frame-pointer -finline-functions -funroll-all-loops
FAIL: gfortran.fortran-torture/execute/mainsub.f90 compilation, -O2 -fno-repack-arrays
FAIL: gfortran.fortran-torture/execute/mainsub.f90 compilation, -O2 -fg77-calls
FAIL: gfortran.fortran-torture/execute/mainsub.f90 compilation, -O3 -g
FAIL: gfortran.fortran-torture/execute/mainsub.f90 compilation, -Os
FAIL: gfortran.fortran-torture/execute/math.f90 compilation, -O0
FAIL: gfortran.fortran-torture/execute/math.f90 compilation, -O1
FAIL: gfortran.fortran-torture/execute/math.f90 compilation, -O2
FAIL: gfortran.fortran-torture/execute/math.f90 compilation, -O2 -fomit-frame-pointer -finline-functions
FAIL: gfortran.fortran-torture/execute/math.f90 compilation, -O2 -fomit-frame-pointer -finline-functions -funroll-loops
FAIL: gfortran.fortran-torture/execute/math.f90 compilation, -O2 -fomit-frame-pointer -finline-functions -funroll-all-loops
FAIL: gfortran.fortran-torture/execute/math.f90 compilation, -O2 -fno-repack-arrays
FAIL: gfortran.fortran-torture/execute/math.f90 compilation, -O2 -fg77-calls
FAIL: gfortran.fortran-torture/execute/math.f90 compilation, -O3 -g
FAIL: gfortran.fortran-torture/execute/math.f90 compilation, -Os
FAIL: gfortran.fortran-torture/execute/module_interface.f90 compilation, -O0
FAIL: gfortran.fortran-torture/execute/module_interface.f90 compilation, -O1
FAIL: gfortran.fortran-torture/execute/module_interface.f90 compilation, -O2
FAIL: gfortran.fortran-torture/execute/module_interface.f90 compilation, -O2 -fomit-frame-pointer -finline-functions
FAIL: gfortran.fortran-torture/execute/module_interface.f90 compilation, -O2 -fomit-frame-pointer -finline-functions -funroll-loops
FAIL: gfortran.fortran-torture/execute/module_interface.f90 compilation, -O2 -fomit-frame-pointer -finline-functions -funroll-all-loops
FAIL: gfortran.fortran-torture/execute/module_interface.f90 compilation, -O2 -fno-repack-arrays
FAIL: gfortran.fortran-torture/execute/module_interface.f90 compilation, -O2 -fg77-calls
FAIL: gfortran.fortran-torture/execute/module_interface.f90 compilation, -O3 -g
FAIL: gfortran.fortran-torture/execute/module_interface.f90 compilation, -Os
FAIL: gfortran.fortran-torture/execute/module_interface_2.f90 compilation, -O0
FAIL: gfortran.fortran-torture/execute/module_interface_2.f90 compilation, -O1
FAIL: gfortran.fortran-torture/execute/module_interface_2.f90 compilation, -O2
FAIL: gfortran.fortran-torture/execute/module_interface_2.f90 compilation, -O2 -fomit-frame-pointer -finline-functions
FAIL: gfortran.fortran-torture/execute/module_interface_2.f90 compilation, -O2 -fomit-frame-pointer -finline-functions -funroll-loops
FAIL: gfortran.fortran-torture/execute/module_interface_2.f90 compilation, -O2 -fomit-frame-pointer -finline-functions -funroll-all-loops
FAIL: gfortran.fortran-torture/execute/module_interface_2.f90 compilation, -O2 -fno-repack-arrays
FAIL: gfortran.fortran-torture/execute/module_interface_2.f90 compilation, -O2 -fg77-calls
FAIL: gfortran.fortran-torture/execute/module_interface_2.f90 compilation, -O3 -g
FAIL: gfortran.fortran-torture/execute/module_interface_2.f90 compilation, -Os
FAIL: gfortran.fortran-torture/execute/mystery_proc.f90 compilation, -O0
FAIL: gfortran.fortran-torture/execute/mystery_proc.f90 compilation, -O1
FAIL: gfortran.fortran-torture/execute/mystery_proc.f90 compilation, -O2
FAIL: gfortran.fortran-torture/execute/mystery_proc.f90 compilation, -O2 -fomit-frame-pointer -finline-functions
FAIL: gfortran.fortran-torture/execute/mystery_proc.f90 compilation, -O2 -fomit-frame-pointer -finline-functions -funroll-loops
FAIL: gfortran.fortran-torture/execute/mystery_proc.f90 compilation, -O2 -fomit-frame-pointer -finline-functions -funroll-all-loops
FAIL: gfortran.fortran-torture/execute/mystery_proc.f90 compilation, -O2 -fno-repack-arrays
FAIL: gfortran.fortran-torture/execute/mystery_proc.f90 compilation, -O2 -fg77-calls
FAIL: gfortran.fortran-torture/execute/mystery_proc.f90 compilation, -O3 -g
FAIL: gfortran.fortran-torture/execute/mystery_proc.f90 compilation, -Os
FAIL: gfortran.fortran-torture/execute/nestcons.f90 compilation, -O0
FAIL: gfortran.fortran-torture/execute/nestcons.f90 compilation, -O1
FAIL: gfortran.fortran-torture/execute/nestcons.f90 compilation, -O2
FAIL: gfortran.fortran-torture/execute/nestcons.f90 compilation, -O2 -fomit-frame-pointer -finline-functions
FAIL: gfortran.fortran-torture/execute/nestcons.f90 compilation, -O2 -fomit-frame-pointer -finline-functions -funroll-loops
FAIL: gfortran.fortran-torture/execute/nestcons.f90 compilation, -O2 -fomit-frame-pointer -finline-functions -funroll-all-loops
FAIL: gfortran.fortran-torture/execute/nestcons.f90 compilation, -O2 -fno-repack-arrays
FAIL: gfortran.fortran-torture/execute/nestcons.f90 compilation, -O2 -fg77-calls
FAIL: gfortran.fortran-torture/execute/nestcons.f90 compilation, -O3 -g
FAIL: gfortran.fortran-torture/execute/nestcons.f90 compilation, -Os
FAIL: gfortran.fortran-torture/execute/parameter_1.f90 compilation, -O0
FAIL: gfortran.fortran-torture/execute/parameter_1.f90 compilation, -O1
FAIL: gfortran.fortran-torture/execute/parameter_1.f90 compilation, -O2
FAIL: gfortran.fortran-torture/execute/parameter_1.f90 compilation, -O2 -fomit-frame-pointer -finline-functions
FAIL: gfortran.fortran-torture/execute/parameter_1.f90 compilation, -O2 -fomit-frame-pointer -finline-functions -funroll-loops
FAIL: gfortran.fortran-torture/execute/parameter_1.f90 compilation, -O2 -fomit-frame-pointer -finline-functions -funroll-all-loops
FAIL: gfortran.fortran-torture/execute/parameter_1.f90 compilation, -O2 -fno-repack-arrays
FAIL: gfortran.fortran-torture/execute/parameter_1.f90 compilation, -O2 -fg77-calls
FAIL: gfortran.fortran-torture/execute/parameter_1.f90 compilation, -O3 -g
FAIL: gfortran.fortran-torture/execute/parameter_1.f90 compilation, -Os
FAIL: gfortran.fortran-torture/execute/partparm.f90 compilation, -O0
FAIL: gfortran.fortran-torture/execute/partparm.f90 compilation, -O1
FAIL: gfortran.fortran-torture/execute/partparm.f90 compilation, -O2
FAIL: gfortran.fortran-torture/execute/partparm.f90 compilation, -O2 -fomit-frame-pointer -finline-functions
FAIL: gfortran.fortran-torture/execute/partparm.f90 compilation, -O2 -fomit-frame-pointer -finline-functions -funroll-loops
FAIL: gfortran.fortran-torture/execute/partparm.f90 compilation, -O2 -fomit-frame-pointer -finline-functions -funroll-all-loops
FAIL: gfortran.fortran-torture/execute/partparm.f90 compilation, -O2 -fno-repack-arrays
FAIL: gfortran.fortran-torture/execute/partparm.f90 compilation, -O2 -fg77-calls
FAIL: gfortran.fortran-torture/execute/partparm.f90 compilation, -O3 -g
FAIL: gfortran.fortran-torture/execute/partparm.f90 compilation, -Os
FAIL: gfortran.fortran-torture/execute/power.f90 compilation, -O0
FAIL: gfortran.fortran-torture/execute/power.f90 compilation, -O1
FAIL: gfortran.fortran-torture/execute/power.f90 compilation, -O2
FAIL: gfortran.fortran-torture/execute/power.f90 compilation, -O2 -fomit-frame-pointer -finline-functions
FAIL: gfortran.fortran-torture/execute/power.f90 compilation, -O2 -fomit-frame-pointer -finline-functions -funroll-loops
FAIL: gfortran.fortran-torture/execute/power.f90 compilation, -O2 -fomit-frame-pointer -finline-functions -funroll-all-loops
FAIL: gfortran.fortran-torture/execute/power.f90 compilation, -O2 -fno-repack-arrays
FAIL: gfortran.fortran-torture/execute/power.f90 compilation, -O2 -fg77-calls
FAIL: gfortran.fortran-torture/execute/power.f90 compilation, -O3 -g
FAIL: gfortran.fortran-torture/execute/power.f90 compilation, -Os
FAIL: gfortran.fortran-torture/execute/procarg.f90 compilation, -O0
FAIL: gfortran.fortran-torture/execute/procarg.f90 compilation, -O1
FAIL: gfortran.fortran-torture/execute/procarg.f90 compilation, -O2
FAIL: gfortran.fortran-torture/execute/procarg.f90 compilation, -O2 -fomit-frame-pointer -finline-functions
FAIL: gfortran.fortran-torture/execute/procarg.f90 compilation, -O2 -fomit-frame-pointer -finline-functions -funroll-loops
FAIL: gfortran.fortran-torture/execute/procarg.f90 compilation, -O2 -fomit-frame-pointer -finline-functions -funroll-all-loops
FAIL: gfortran.fortran-torture/execute/procarg.f90 compilation, -O2 -fno-repack-arrays
FAIL: gfortran.fortran-torture/execute/procarg.f90 compilation, -O2 -fg77-calls
FAIL: gfortran.fortran-torture/execute/procarg.f90 compilation, -O3 -g
FAIL: gfortran.fortran-torture/execute/procarg.f90 compilation, -Os
FAIL: gfortran.fortran-torture/execute/ptr.f90 compilation, -O0
FAIL: gfortran.fortran-torture/execute/ptr.f90 compilation, -O1
FAIL: gfortran.fortran-torture/execute/ptr.f90 compilation, -O2
FAIL: gfortran.fortran-torture/execute/ptr.f90 compilation, -O2 -fomit-frame-pointer -finline-functions
FAIL: gfortran.fortran-torture/execute/ptr.f90 compilation, -O2 -fomit-frame-pointer -finline-functions -funroll-loops
FAIL: gfortran.fortran-torture/execute/ptr.f90 compilation, -O2 -fomit-frame-pointer -finline-functions -funroll-all-loops
FAIL: gfortran.fortran-torture/execute/ptr.f90 compilation, -O2 -fno-repack-arrays
FAIL: gfortran.fortran-torture/execute/ptr.f90 compilation, -O2 -fg77-calls
FAIL: gfortran.fortran-torture/execute/ptr.f90 compilation, -O3 -g
FAIL: gfortran.fortran-torture/execute/ptr.f90 compilation, -Os
FAIL: gfortran.fortran-torture/execute/retarray.f90 compilation, -O0
FAIL: gfortran.fortran-torture/execute/retarray.f90 compilation, -O1
FAIL: gfortran.fortran-torture/execute/retarray.f90 compilation, -O2
FAIL: gfortran.fortran-torture/execute/retarray.f90 compilation, -O2 -fomit-frame-pointer -finline-functions
FAIL: gfortran.fortran-torture/execute/retarray.f90 compilation, -O2 -fomit-frame-pointer -finline-functions -funroll-loops
FAIL: gfortran.fortran-torture/execute/retarray.f90 compilation, -O2 -fomit-frame-pointer -finline-functions -funroll-all-loops
FAIL: gfortran.fortran-torture/execute/retarray.f90 compilation, -O2 -fno-repack-arrays
FAIL: gfortran.fortran-torture/execute/retarray.f90 compilation, -O2 -fg77-calls
FAIL: gfortran.fortran-torture/execute/retarray.f90 compilation, -O3 -g
FAIL: gfortran.fortran-torture/execute/retarray.f90 compilation, -Os
FAIL: gfortran.fortran-torture/execute/retarray_2.f90 compilation, -O0
FAIL: gfortran.fortran-torture/execute/retarray_2.f90 compilation, -O1
FAIL: gfortran.fortran-torture/execute/retarray_2.f90 compilation, -O2
FAIL: gfortran.fortran-torture/execute/retarray_2.f90 compilation, -O2 -fomit-frame-pointer -finline-functions
FAIL: gfortran.fortran-torture/execute/retarray_2.f90 compilation, -O2 -fomit-frame-pointer -finline-functions -funroll-loops
FAIL: gfortran.fortran-torture/execute/retarray_2.f90 compilation, -O2 -fomit-frame-pointer -finline-functions -funroll-all-loops
FAIL: gfortran.fortran-torture/execute/retarray_2.f90 compilation, -O2 -fno-repack-arrays
FAIL: gfortran.fortran-torture/execute/retarray_2.f90 compilation, -O2 -fg77-calls
FAIL: gfortran.fortran-torture/execute/retarray_2.f90 compilation, -O3 -g
FAIL: gfortran.fortran-torture/execute/retarray_2.f90 compilation, -Os
FAIL: gfortran.fortran-torture/execute/scalarize.f90 compilation, -O0
FAIL: gfortran.fortran-torture/execute/scalarize.f90 compilation, -O1
FAIL: gfortran.fortran-torture/execute/scalarize.f90 compilation, -O2
FAIL: gfortran.fortran-torture/execute/scalarize.f90 compilation, -O2 -fomit-frame-pointer -finline-functions
FAIL: gfortran.fortran-torture/execute/scalarize.f90 compilation, -O2 -fomit-frame-pointer -finline-functions -funroll-loops
FAIL: gfortran.fortran-torture/execute/scalarize.f90 compilation, -O2 -fomit-frame-pointer -finline-functions -funroll-all-loops
FAIL: gfortran.fortran-torture/execute/scalarize.f90 compilation, -O2 -fno-repack-arrays
FAIL: gfortran.fortran-torture/execute/scalarize.f90 compilation, -O2 -fg77-calls
FAIL: gfortran.fortran-torture/execute/scalarize.f90 compilation, -O3 -g
FAIL: gfortran.fortran-torture/execute/scalarize.f90 compilation, -Os
FAIL: gfortran.fortran-torture/execute/scalarize2.f90 compilation, -O0
FAIL: gfortran.fortran-torture/execute/scalarize2.f90 compilation, -O1
FAIL: gfortran.fortran-torture/execute/scalarize2.f90 compilation, -O2
FAIL: gfortran.fortran-torture/execute/scalarize2.f90 compilation, -O2 -fomit-frame-pointer -finline-functions
FAIL: gfortran.fortran-torture/execute/scalarize2.f90 compilation, -O2 -fomit-frame-pointer -finline-functions -funroll-loops
FAIL: gfortran.fortran-torture/execute/scalarize2.f90 compilation, -O2 -fomit-frame-pointer -finline-functions -funroll-all-loops
FAIL: gfortran.fortran-torture/execute/scalarize2.f90 compilation, -O2 -fno-repack-arrays
FAIL: gfortran.fortran-torture/execute/scalarize2.f90 compilation, -O2 -fg77-calls
FAIL: gfortran.fortran-torture/execute/scalarize2.f90 compilation, -O3 -g
FAIL: gfortran.fortran-torture/execute/scalarize2.f90 compilation, -Os
FAIL: gfortran.fortran-torture/execute/scalarize3.f90 compilation, -O0
FAIL: gfortran.fortran-torture/execute/scalarize3.f90 compilation, -O1
FAIL: gfortran.fortran-torture/execute/scalarize3.f90 compilation, -O2
FAIL: gfortran.fortran-torture/execute/scalarize3.f90 compilation, -O2 -fomit-frame-pointer -finline-functions
FAIL: gfortran.fortran-torture/execute/scalarize3.f90 compilation, -O2 -fomit-frame-pointer -finline-functions -funroll-loops
FAIL: gfortran.fortran-torture/execute/scalarize3.f90 compilation, -O2 -fomit-frame-pointer -finline-functions -funroll-all-loops
FAIL: gfortran.fortran-torture/execute/scalarize3.f90 compilation, -O2 -fno-repack-arrays
FAIL: gfortran.fortran-torture/execute/scalarize3.f90 compilation, -O2 -fg77-calls
FAIL: gfortran.fortran-torture/execute/scalarize3.f90 compilation, -O3 -g
FAIL: gfortran.fortran-torture/execute/scalarize3.f90 compilation, -Os
FAIL: gfortran.fortran-torture/execute/specifics.f90 compilation, -O0
FAIL: gfortran.fortran-torture/execute/specifics.f90 compilation, -O1
FAIL: gfortran.fortran-torture/execute/specifics.f90 compilation, -O2
FAIL: gfortran.fortran-torture/execute/specifics.f90 compilation, -O2 -fomit-frame-pointer -finline-functions
FAIL: gfortran.fortran-torture/execute/specifics.f90 compilation, -O2 -fomit-frame-pointer -finline-functions -funroll-loops
FAIL: gfortran.fortran-torture/execute/specifics.f90 compilation, -O2 -fomit-frame-pointer -finline-functions -funroll-all-loops
FAIL: gfortran.fortran-torture/execute/specifics.f90 compilation, -O2 -fno-repack-arrays
FAIL: gfortran.fortran-torture/execute/specifics.f90 compilation, -O2 -fg77-calls
FAIL: gfortran.fortran-torture/execute/specifics.f90 compilation, -O3 -g
FAIL: gfortran.fortran-torture/execute/specifics.f90 compilation, -Os
FAIL: gfortran.fortran-torture/execute/st_function.f90 compilation, -O0
FAIL: gfortran.fortran-torture/execute/st_function.f90 compilation, -O1
FAIL: gfortran.fortran-torture/execute/st_function.f90 compilation, -O2
FAIL: gfortran.fortran-torture/execute/st_function.f90 compilation, -O2 -fomit-frame-pointer -finline-functions
FAIL: gfortran.fortran-torture/execute/st_function.f90 compilation, -O2 -fomit-frame-pointer -finline-functions -funroll-loops
FAIL: gfortran.fortran-torture/execute/st_function.f90 compilation, -O2 -fomit-frame-pointer -finline-functions -funroll-all-loops
FAIL: gfortran.fortran-torture/execute/st_function.f90 compilation, -O2 -fno-repack-arrays
FAIL: gfortran.fortran-torture/execute/st_function.f90 compilation, -O2 -fg77-calls
FAIL: gfortran.fortran-torture/execute/st_function.f90 compilation, -O3 -g
FAIL: gfortran.fortran-torture/execute/st_function.f90 compilation, -Os
FAIL: gfortran.fortran-torture/execute/stack_varsize.f90 compilation, -O0
FAIL: gfortran.fortran-torture/execute/stack_varsize.f90 compilation, -O1
FAIL: gfortran.fortran-torture/execute/stack_varsize.f90 compilation, -O2
FAIL: gfortran.fortran-torture/execute/stack_varsize.f90 compilation, -O2 -fomit-frame-pointer -finline-functions
FAIL: gfortran.fortran-torture/execute/stack_varsize.f90 compilation, -O2 -fomit-frame-pointer -finline-functions -funroll-loops
FAIL: gfortran.fortran-torture/execute/stack_varsize.f90 compilation, -O2 -fomit-frame-pointer -finline-functions -funroll-all-loops
FAIL: gfortran.fortran-torture/execute/stack_varsize.f90 compilation, -O2 -fno-repack-arrays
FAIL: gfortran.fortran-torture/execute/stack_varsize.f90 compilation, -O2 -fg77-calls
FAIL: gfortran.fortran-torture/execute/stack_varsize.f90 compilation, -O3 -g
FAIL: gfortran.fortran-torture/execute/stack_varsize.f90 compilation, -Os
FAIL: gfortran.fortran-torture/execute/straret.f90 compilation, -O0
FAIL: gfortran.fortran-torture/execute/straret.f90 compilation, -O1
FAIL: gfortran.fortran-torture/execute/straret.f90 compilation, -O2
FAIL: gfortran.fortran-torture/execute/straret.f90 compilation, -O2 -fomit-frame-pointer -finline-functions
FAIL: gfortran.fortran-torture/execute/straret.f90 compilation, -O2 -fomit-frame-pointer -finline-functions -funroll-loops
FAIL: gfortran.fortran-torture/execute/straret.f90 compilation, -O2 -fomit-frame-pointer -finline-functions -funroll-all-loops
FAIL: gfortran.fortran-torture/execute/straret.f90 compilation, -O2 -fno-repack-arrays
FAIL: gfortran.fortran-torture/execute/straret.f90 compilation, -O2 -fg77-calls
FAIL: gfortran.fortran-torture/execute/straret.f90 compilation, -O3 -g
FAIL: gfortran.fortran-torture/execute/straret.f90 compilation, -Os
FAIL: gfortran.fortran-torture/execute/strcmp.f90 compilation, -O0
FAIL: gfortran.fortran-torture/execute/strcmp.f90 compilation, -O1
FAIL: gfortran.fortran-torture/execute/strcmp.f90 compilation, -O2
FAIL: gfortran.fortran-torture/execute/strcmp.f90 compilation, -O2 -fomit-frame-pointer -finline-functions
FAIL: gfortran.fortran-torture/execute/strcmp.f90 compilation, -O2 -fomit-frame-pointer -finline-functions -funroll-loops
FAIL: gfortran.fortran-torture/execute/strcmp.f90 compilation, -O2 -fomit-frame-pointer -finline-functions -funroll-all-loops
FAIL: gfortran.fortran-torture/execute/strcmp.f90 compilation, -O2 -fno-repack-arrays
FAIL: gfortran.fortran-torture/execute/strcmp.f90 compilation, -O2 -fg77-calls
FAIL: gfortran.fortran-torture/execute/strcmp.f90 compilation, -O3 -g
FAIL: gfortran.fortran-torture/execute/strcmp.f90 compilation, -Os
FAIL: gfortran.fortran-torture/execute/string.f90 compilation, -O0
FAIL: gfortran.fortran-torture/execute/string.f90 compilation, -O1
FAIL: gfortran.fortran-torture/execute/string.f90 compilation, -O2
FAIL: gfortran.fortran-torture/execute/string.f90 compilation, -O2 -fomit-frame-pointer -finline-functions
FAIL: gfortran.fortran-torture/execute/string.f90 compilation, -O2 -fomit-frame-pointer -finline-functions -funroll-loops
FAIL: gfortran.fortran-torture/execute/string.f90 compilation, -O2 -fomit-frame-pointer -finline-functions -funroll-all-loops
FAIL: gfortran.fortran-torture/execute/string.f90 compilation, -O2 -fno-repack-arrays
FAIL: gfortran.fortran-torture/execute/string.f90 compilation, -O2 -fg77-calls
FAIL: gfortran.fortran-torture/execute/string.f90 compilation, -O3 -g
FAIL: gfortran.fortran-torture/execute/string.f90 compilation, -Os
FAIL: gfortran.fortran-torture/execute/strlen.f90 compilation, -O0
FAIL: gfortran.fortran-torture/execute/strlen.f90 compilation, -O1
FAIL: gfortran.fortran-torture/execute/strlen.f90 compilation, -O2
FAIL: gfortran.fortran-torture/execute/strlen.f90 compilation, -O2 -fomit-frame-pointer -finline-functions
FAIL: gfortran.fortran-torture/execute/strlen.f90 compilation, -O2 -fomit-frame-pointer -finline-functions -funroll-loops
FAIL: gfortran.fortran-torture/execute/strlen.f90 compilation, -O2 -fomit-frame-pointer -finline-functions -funroll-all-loops
FAIL: gfortran.fortran-torture/execute/strlen.f90 compilation, -O2 -fno-repack-arrays
FAIL: gfortran.fortran-torture/execute/strlen.f90 compilation, -O2 -fg77-calls
FAIL: gfortran.fortran-torture/execute/strlen.f90 compilation, -O3 -g
FAIL: gfortran.fortran-torture/execute/strlen.f90 compilation, -Os
FAIL: gfortran.fortran-torture/execute/strret.f90 compilation, -O0
FAIL: gfortran.fortran-torture/execute/strret.f90 compilation, -O1
FAIL: gfortran.fortran-torture/execute/strret.f90 compilation, -O2
FAIL: gfortran.fortran-torture/execute/strret.f90 compilation, -O2 -fomit-frame-pointer -finline-functions
FAIL: gfortran.fortran-torture/execute/strret.f90 compilation, -O2 -fomit-frame-pointer -finline-functions -funroll-loops
FAIL: gfortran.fortran-torture/execute/strret.f90 compilation, -O2 -fomit-frame-pointer -finline-functions -funroll-all-loops
FAIL: gfortran.fortran-torture/execute/strret.f90 compilation, -O2 -fno-repack-arrays
FAIL: gfortran.fortran-torture/execute/strret.f90 compilation, -O2 -fg77-calls
FAIL: gfortran.fortran-torture/execute/strret.f90 compilation, -O3 -g
FAIL: gfortran.fortran-torture/execute/strret.f90 compilation, -Os
FAIL: gfortran.fortran-torture/execute/test_slice.f90 compilation, -O0
FAIL: gfortran.fortran-torture/execute/test_slice.f90 compilation, -O1
FAIL: gfortran.fortran-torture/execute/test_slice.f90 compilation, -O2
FAIL: gfortran.fortran-torture/execute/test_slice.f90 compilation, -O2 -fomit-frame-pointer -finline-functions
FAIL: gfortran.fortran-torture/execute/test_slice.f90 compilation, -O2 -fomit-frame-pointer -finline-functions -funroll-loops
FAIL: gfortran.fortran-torture/execute/test_slice.f90 compilation, -O2 -fomit-frame-pointer -finline-functions -funroll-all-loops
FAIL: gfortran.fortran-torture/execute/test_slice.f90 compilation, -O2 -fno-repack-arrays
FAIL: gfortran.fortran-torture/execute/test_slice.f90 compilation, -O2 -fg77-calls
FAIL: gfortran.fortran-torture/execute/test_slice.f90 compilation, -O3 -g
FAIL: gfortran.fortran-torture/execute/test_slice.f90 compilation, -Os
FAIL: gfortran.fortran-torture/execute/userop.f90 compilation, -O0
FAIL: gfortran.fortran-torture/execute/userop.f90 compilation, -O1
FAIL: gfortran.fortran-torture/execute/userop.f90 compilation, -O2
FAIL: gfortran.fortran-torture/execute/userop.f90 compilation, -O2 -fomit-frame-pointer -finline-functions
FAIL: gfortran.fortran-torture/execute/userop.f90 compilation, -O2 -fomit-frame-pointer -finline-functions -funroll-loops
FAIL: gfortran.fortran-torture/execute/userop.f90 compilation, -O2 -fomit-frame-pointer -finline-functions -funroll-all-loops
FAIL: gfortran.fortran-torture/execute/userop.f90 compilation, -O2 -fno-repack-arrays
FAIL: gfortran.fortran-torture/execute/userop.f90 compilation, -O2 -fg77-calls
FAIL: gfortran.fortran-torture/execute/userop.f90 compilation, -O3 -g
FAIL: gfortran.fortran-torture/execute/userop.f90 compilation, -Os
FAIL: gfortran.fortran-torture/execute/where_1.f90 compilation, -O0
FAIL: gfortran.fortran-torture/execute/where_1.f90 compilation, -O1
FAIL: gfortran.fortran-torture/execute/where_1.f90 compilation, -O2
FAIL: gfortran.fortran-torture/execute/where_1.f90 compilation, -O2 -fomit-frame-pointer -finline-functions
FAIL: gfortran.fortran-torture/execute/where_1.f90 compilation, -O2 -fomit-frame-pointer -finline-functions -funroll-loops
FAIL: gfortran.fortran-torture/execute/where_1.f90 compilation, -O2 -fomit-frame-pointer -finline-functions -funroll-all-loops
FAIL: gfortran.fortran-torture/execute/where_1.f90 compilation, -O2 -fno-repack-arrays
FAIL: gfortran.fortran-torture/execute/where_1.f90 compilation, -O2 -fg77-calls
FAIL: gfortran.fortran-torture/execute/where_1.f90 compilation, -O3 -g
FAIL: gfortran.fortran-torture/execute/where_1.f90 compilation, -Os
FAIL: gfortran.fortran-torture/execute/where_2.f90 compilation, -O0
FAIL: gfortran.fortran-torture/execute/where_2.f90 compilation, -O1
FAIL: gfortran.fortran-torture/execute/where_2.f90 compilation, -O2
FAIL: gfortran.fortran-torture/execute/where_2.f90 compilation, -O2 -fomit-frame-pointer -finline-functions
FAIL: gfortran.fortran-torture/execute/where_2.f90 compilation, -O2 -fomit-frame-pointer -finline-functions -funroll-loops
FAIL: gfortran.fortran-torture/execute/where_2.f90 compilation, -O2 -fomit-frame-pointer -finline-functions -funroll-all-loops
FAIL: gfortran.fortran-torture/execute/where_2.f90 compilation, -O2 -fno-repack-arrays
FAIL: gfortran.fortran-torture/execute/where_2.f90 compilation, -O2 -fg77-calls
FAIL: gfortran.fortran-torture/execute/where_2.f90 compilation, -O3 -g
FAIL: gfortran.fortran-torture/execute/where_2.f90 compilation, -Os
FAIL: gfortran.fortran-torture/execute/where_3.f90 compilation, -O0
FAIL: gfortran.fortran-torture/execute/where_3.f90 compilation, -O1
FAIL: gfortran.fortran-torture/execute/where_3.f90 compilation, -O2
FAIL: gfortran.fortran-torture/execute/where_3.f90 compilation, -O2 -fomit-frame-pointer -finline-functions
FAIL: gfortran.fortran-torture/execute/where_3.f90 compilation, -O2 -fomit-frame-pointer -finline-functions -funroll-loops
FAIL: gfortran.fortran-torture/execute/where_3.f90 compilation, -O2 -fomit-frame-pointer -finline-functions -funroll-all-loops
FAIL: gfortran.fortran-torture/execute/where_3.f90 compilation, -O2 -fno-repack-arrays
FAIL: gfortran.fortran-torture/execute/where_3.f90 compilation, -O2 -fg77-calls
FAIL: gfortran.fortran-torture/execute/where_3.f90 compilation, -O3 -g
FAIL: gfortran.fortran-torture/execute/where_3.f90 compilation, -Os
FAIL: gfortran.fortran-torture/execute/where_4.f90 compilation, -O0
FAIL: gfortran.fortran-torture/execute/where_4.f90 compilation, -O1
FAIL: gfortran.fortran-torture/execute/where_4.f90 compilation, -O2
FAIL: gfortran.fortran-torture/execute/where_4.f90 compilation, -O2 -fomit-frame-pointer -finline-functions
FAIL: gfortran.fortran-torture/execute/where_4.f90 compilation, -O2 -fomit-frame-pointer -finline-functions -funroll-loops
FAIL: gfortran.fortran-torture/execute/where_4.f90 compilation, -O2 -fomit-frame-pointer -finline-functions -funroll-all-loops
FAIL: gfortran.fortran-torture/execute/where_4.f90 compilation, -O2 -fno-repack-arrays
FAIL: gfortran.fortran-torture/execute/where_4.f90 compilation, -O2 -fg77-calls
FAIL: gfortran.fortran-torture/execute/where_4.f90 compilation, -O3 -g
FAIL: gfortran.fortran-torture/execute/where_4.f90 compilation, -Os
FAIL: gfortran.fortran-torture/execute/where_5.f90 compilation, -O0
FAIL: gfortran.fortran-torture/execute/where_5.f90 compilation, -O1
FAIL: gfortran.fortran-torture/execute/where_5.f90 compilation, -O2
FAIL: gfortran.fortran-torture/execute/where_5.f90 compilation, -O2 -fomit-frame-pointer -finline-functions
FAIL: gfortran.fortran-torture/execute/where_5.f90 compilation, -O2 -fomit-frame-pointer -finline-functions -funroll-loops
FAIL: gfortran.fortran-torture/execute/where_5.f90 compilation, -O2 -fomit-frame-pointer -finline-functions -funroll-all-loops
FAIL: gfortran.fortran-torture/execute/where_5.f90 compilation, -O2 -fno-repack-arrays
FAIL: gfortran.fortran-torture/execute/where_5.f90 compilation, -O2 -fg77-calls
FAIL: gfortran.fortran-torture/execute/where_5.f90 compilation, -O3 -g
FAIL: gfortran.fortran-torture/execute/where_5.f90 compilation, -Os
FAIL: gfortran.fortran-torture/execute/where_6.f90 compilation, -O0
FAIL: gfortran.fortran-torture/execute/where_6.f90 compilation, -O1
FAIL: gfortran.fortran-torture/execute/where_6.f90 compilation, -O2
FAIL: gfortran.fortran-torture/execute/where_6.f90 compilation, -O2 -fomit-frame-pointer -finline-functions
FAIL: gfortran.fortran-torture/execute/where_6.f90 compilation, -O2 -fomit-frame-pointer -finline-functions -funroll-loops
FAIL: gfortran.fortran-torture/execute/where_6.f90 compilation, -O2 -fomit-frame-pointer -finline-functions -funroll-all-loops
FAIL: gfortran.fortran-torture/execute/where_6.f90 compilation, -O2 -fno-repack-arrays
FAIL: gfortran.fortran-torture/execute/where_6.f90 compilation, -O2 -fg77-calls
FAIL: gfortran.fortran-torture/execute/where_6.f90 compilation, -O3 -g
FAIL: gfortran.fortran-torture/execute/where_6.f90 compilation, -Os
=== gfortran Summary ===
# of expected passes 272
# of unexpected failures 1148
# of untested testcases 1140
/notnfs/dnovillo/BLD-devo-mn10300-elf.toohappy.tree-ssa/gcc/testsuite/../gfortran version 3.5-tree-ssa 20040312 (merged 20040307)
Host is i686-pc-linux-gnu
=== g++ tests ===
Running target mn10300-sim
FAIL: g++.dg/bprob/g++-bprob-1.C execution: file g++-bprob-1.gcda does not exist, -g -fprofile-arcs
UNRESOLVED: g++.dg/bprob/g++-bprob-1.C compilation, -g -fbranch-probabilities
UNRESOLVED: g++.dg/bprob/g++-bprob-1.C execution, -g -fbranch-probabilities
FAIL: g++.dg/bprob/g++-bprob-1.C execution: file g++-bprob-1.gcda does not exist, -O0 -fprofile-arcs
UNRESOLVED: g++.dg/bprob/g++-bprob-1.C compilation, -O0 -fbranch-probabilities
UNRESOLVED: g++.dg/bprob/g++-bprob-1.C execution, -O0 -fbranch-probabilities
FAIL: g++.dg/bprob/g++-bprob-1.C execution: file g++-bprob-1.gcda does not exist, -O1 -fprofile-arcs
UNRESOLVED: g++.dg/bprob/g++-bprob-1.C compilation, -O1 -fbranch-probabilities
UNRESOLVED: g++.dg/bprob/g++-bprob-1.C execution, -O1 -fbranch-probabilities
FAIL: g++.dg/bprob/g++-bprob-1.C execution: file g++-bprob-1.gcda does not exist, -O2 -fprofile-arcs
UNRESOLVED: g++.dg/bprob/g++-bprob-1.C compilation, -O2 -fbranch-probabilities
UNRESOLVED: g++.dg/bprob/g++-bprob-1.C execution, -O2 -fbranch-probabilities
FAIL: g++.dg/bprob/g++-bprob-1.C execution: file g++-bprob-1.gcda does not exist, -O3 -fprofile-arcs
UNRESOLVED: g++.dg/bprob/g++-bprob-1.C compilation, -O3 -fbranch-probabilities
UNRESOLVED: g++.dg/bprob/g++-bprob-1.C execution, -O3 -fbranch-probabilities
FAIL: g++.dg/bprob/g++-bprob-1.C execution: file g++-bprob-1.gcda does not exist, -O3 -g -fprofile-arcs
UNRESOLVED: g++.dg/bprob/g++-bprob-1.C compilation, -O3 -g -fbranch-probabilities
UNRESOLVED: g++.dg/bprob/g++-bprob-1.C execution, -O3 -g -fbranch-probabilities
FAIL: g++.dg/bprob/g++-bprob-1.C execution: file g++-bprob-1.gcda does not exist, -Os -fprofile-arcs
UNRESOLVED: g++.dg/bprob/g++-bprob-1.C compilation, -Os -fbranch-probabilities
UNRESOLVED: g++.dg/bprob/g++-bprob-1.C execution, -Os -fbranch-probabilities
FAIL: g++.dg/abi/bitfield4.C (test for excess errors)
WARNING: g++.dg/abi/bitfield4.C compilation failed to produce executable
XPASS: g++.dg/eh/elide1.C execution test
FAIL: g++.dg/inherit/thunk2.C (test for excess errors)
FAIL: g++.dg/init/enum2.C (test for excess errors)
FAIL: g++.dg/special/initp1.C execution test
FAIL: g++.old-deja/g++.benjamin/bool01.C (test for excess errors)
WARNING: g++.old-deja/g++.benjamin/bool01.C compilation failed to produce executable
FAIL: g++.old-deja/g++.benjamin/p12475.C (test for excess errors)
FAIL: g++.old-deja/g++.brendan/crash13.C (test for errors, line 34)
FAIL: g++.old-deja/g++.brendan/nest21.C execution test
FAIL: g++.old-deja/g++.jason/rfg10.C (test for excess errors)
FAIL: g++.old-deja/g++.jason/thunk1.C (test for excess errors)
WARNING: g++.old-deja/g++.jason/thunk1.C compilation failed to produce executable
FAIL: g++.old-deja/g++.jason/thunk2.C (test for excess errors)
WARNING: g++.old-deja/g++.jason/thunk2.C compilation failed to produce executable
FAIL: g++.old-deja/g++.jason/thunk3.C (test for excess errors)
WARNING: g++.old-deja/g++.jason/thunk3.C compilation failed to produce executable
FAIL: g++.old-deja/g++.law/friend5.C (test for errors, line 19)
FAIL: g++.old-deja/g++.law/friend5.C (test for errors, line 24)
FAIL: g++.old-deja/g++.law/profile1.C (test for excess errors)
WARNING: g++.old-deja/g++.law/profile1.C compilation failed to produce executable
WARNING: g++.old-deja/g++.mike/p10769a.C compilation failed to produce executable
FAIL: g++.old-deja/g++.mike/p9732b.C execution test
WARNING: g++.old-deja/g++.other/enum5.C compilation failed to produce executable
FAIL: g++.old-deja/g++.other/vaarg2.C execution test
WARNING: g++.old-deja/g++.pt/friend44.C compilation failed to produce executable
FAIL: g++.old-deja/g++.pt/static11.C execution test
=== g++ Summary for mn10300-sim ===
# of expected passes 9522
# of unexpected failures 25
# of unexpected successes 1
# of expected failures 89
# of unresolved testcases 14
# of unsupported tests 82
Running target mn10300
ERROR: couldn't load description file for mn10300
Host is i686-pc-linux-gnu
=== objc tests ===
Running target mn10300-sim
FAIL: objc/execute/va_method.m execution, -Os
FAIL: objc.dg/bitfield-3.m (test for excess errors)
FAIL: objc.dg/encode-2.m execution test
FAIL: objc.dg/encode-3.m execution test
FAIL: objc.dg/proto-qual-1.m execution test
FAIL: objc.dg/type-size-2.m execution test
=== objc Summary ===
# of expected passes 1335
# of unexpected failures 6
# of unsupported tests 8
/notnfs/dnovillo/BLD-devo-mn10300-elf.toohappy.tree-ssa/gcc/xgcc version 3.5-tree-ssa 20040312 (merged 20040307)
Compiler version: 3.5-tree-ssa 20040312 (merged 20040307)
Platform: mn10300-unknown-elf
configure flags: --prefix=/home/cygnus/dnovillo/devo/mn10300-elf.tree-ssa --target=mn10300-elf
More information about the Gcc-testresults
mailing list