Results for 3.4.0 20040312 (prerelease) testsuite on i386-unknown-freebsd4.9
Loren James Rittle
rittle@latour.rsch.comm.mot.com
Fri Mar 12 22:05:00 GMT 2004
[Rarely looked better...]
LAST_UPDATED:
Native configuration is i386-unknown-freebsd4.9
=== g++ tests ===
Running target unix/-pthread
WARNING: g++.old-deja/g++.mike/p10769a.C compilation failed to produce executable
WARNING: g++.old-deja/g++.other/enum5.C compilation failed to produce executable
WARNING: g++.old-deja/g++.pt/friend44.C compilation failed to produce executable
=== g++ Summary ===
# of expected passes 9533
# of expected failures 64
# of unsupported tests 42
/usr/users/rittle/tmp/gcc-build-latour-3.4-0311/gcc/testsuite/../g++ version 3.4.0 20040312 (prerelease)
=== g77 tests ===
Running target unix/-pthread
=== g77 Summary ===
# of expected passes 1800
# of unsupported tests 6
/usr/users/rittle/tmp/gcc-build-latour-3.4-0311/gcc/testsuite/../g77 version 3.4.0 20040312 (prerelease)
=== gcc tests ===
Running target unix/-pthread
FAIL: gcc.c-torture/compile/930621-1.c -O3 -fomit-frame-pointer (test for excess errors)
FAIL: gcc.c-torture/compile/930621-1.c -O3 -fomit-frame-pointer -funroll-loops (test for excess errors)
FAIL: gcc.c-torture/compile/930621-1.c -O3 -fomit-frame-pointer -funroll-all-loops -finline-functions (test for excess errors)
FAIL: gcc.c-torture/compile/930621-1.c -O3 -g (test for excess errors)
FAIL: gcc.c-torture/execute/conversion.c execution, -O0
FAIL: gcc.c-torture/execute/conversion.c execution, -O1
FAIL: gcc.c-torture/execute/conversion.c execution, -O2
FAIL: gcc.c-torture/execute/conversion.c execution, -Os
FAIL: gcc.dg/builtins-20.c (test for excess errors)
FAIL: gcc.dg/const-elim-1.c scan-assembler-not L\\\\\$?C[^A-Z]
=== gcc Summary ===
# of expected passes 25163
# of unexpected failures 10
# of expected failures 71
# of untested testcases 7
# of unsupported tests 190
/usr/users/rittle/tmp/gcc-build-latour-3.4-0311/gcc/xgcc version 3.4.0 20040312 (prerelease)
=== objc tests ===
Running target unix/-pthread
=== objc Summary ===
# of expected passes 1341
# of unsupported tests 8
/usr/users/rittle/tmp/gcc-build-latour-3.4-0311/gcc/xgcc version 3.4.0 20040312 (prerelease)
=== libffi tests ===
Running target unix/-pthread
FAIL: libffi.call/cls_1_1byte.c output pattern test, is 229 12: 241
FAIL: libffi.call/cls_2byte.c execution test
FAIL: libffi.call/cls_3byte1.c execution test
FAIL: libffi.call/cls_3byte2.c execution test
FAIL: libffi.call/cls_4_1byte.c execution test
FAIL: libffi.call/cls_4byte.c execution test
FAIL: libffi.call/cls_7byte.c execution test
FAIL: libffi.call/cls_8byte.c execution test
FAIL: libffi.call/struct3.c execution test
FAIL: libffi.call/struct5.c execution test
FAIL: libffi.call/struct9.c execution test
=== libffi Summary ===
# of expected passes 194
# of unexpected failures 11
# of unsupported tests 2
=== libjava tests ===
Running target unix/-pthread
FAIL: linking simple
FAIL: Thread_Sleep output - source compiled test
FAIL: Thread_Sleep output - gij test
FAIL: Throw_2 execution - source compiled test
FAIL: Throw_2 execution - gij test
FAIL: Throw_2 execution - bytecode->native test
FAIL: Throw_2 -O3 execution - source compiled test
FAIL: Throw_2 execution - gij test
FAIL: Throw_2 -O3 execution - bytecode->native test
WARNING: program timed out.
FAIL: anonarray2 execution - gij test
WARNING: program timed out.
FAIL: invokethrow execution - gij test
WARNING: program timed out.
FAIL: nested_with_ctor execution - gij test
WARNING: program timed out.
FAIL: pr109 execution - gij test
=== libjava Summary ===
# of expected passes 3238
# of unexpected failures 13
# of expected failures 11
# of untested testcases 18
=== libstdc++-v3 check-abi Summary ===
# of added symbols: 177
# of missing symbols: 185
# of incompatible symbols: 202
=== libstdc++ tests ===
Running target unix/-pthread
=== libstdc++ Summary ===
# of expected passes 1931
# of expected failures 4
Compiler version: 3.4.0 20040312 (prerelease)
Platform: i386-unknown-freebsd4.9
configure flags: --prefix=/usr/local/beta-gcc --with-gnu-as --with-as=/usr/local/beta-gcc/bin/as --with-gnu-ld --with-ld=/usr/local/beta-gcc/bin/ld
BOOT_CFLAGS=-g -O2
More information about the Gcc-testresults
mailing list