Results for 3.4.0 20040312 (prerelease) testsuite on m32r-unknown-elf
Kazuhiro Inaoka
inaoka.kazuhiro@renesas.com
Fri Mar 12 09:04:00 GMT 2004
Target is m32r-unknown-elf
Host is i686-pc-linux-gnu
=== g++ tests ===
Running target m32r-sim
FAIL: g++.dg/bprob/g++-bprob-1.C execution: file g++-bprob-1.gcda does not
exist, -g -fprofile-arcs
UNRESOLVED: g++.dg/bprob/g++-bprob-1.C
ompilation, -g -fbranch-probabilities
UNRESOLVED: g++.dg/bprob/g++-bprob-1.C
xecution, -g -fbranch-probabilities
FAIL: g++.dg/bprob/g++-bprob-1.C execution: file g++-bprob-1.gcda does not
exist, -O0 -fprofile-arcs
UNRESOLVED: g++.dg/bprob/g++-bprob-1.C
ompilation, -O0 -fbranch-probabilities
UNRESOLVED: g++.dg/bprob/g++-bprob-1.C
xecution, -O0 -fbranch-probabilities
FAIL: g++.dg/bprob/g++-bprob-1.C execution: file g++-bprob-1.gcda does not
exist, -O1 -fprofile-arcs
UNRESOLVED: g++.dg/bprob/g++-bprob-1.C
ompilation, -O1 -fbranch-probabilities
UNRESOLVED: g++.dg/bprob/g++-bprob-1.C
xecution, -O1 -fbranch-probabilities
FAIL: g++.dg/bprob/g++-bprob-1.C execution: file g++-bprob-1.gcda does not
exist, -O2 -fprofile-arcs
UNRESOLVED: g++.dg/bprob/g++-bprob-1.C
ompilation, -O2 -fbranch-probabilities
UNRESOLVED: g++.dg/bprob/g++-bprob-1.C
xecution, -O2 -fbranch-probabilities
FAIL: g++.dg/bprob/g++-bprob-1.C execution: file g++-bprob-1.gcda does not
exist, -O3 -fprofile-arcs
UNRESOLVED: g++.dg/bprob/g++-bprob-1.C
ompilation, -O3 -fbranch-probabilities
UNRESOLVED: g++.dg/bprob/g++-bprob-1.C
xecution, -O3 -fbranch-probabilities
FAIL: g++.dg/bprob/g++-bprob-1.C execution: file g++-bprob-1.gcda does not
exist, -O3 -g -fprofile-arcs
UNRESOLVED: g++.dg/bprob/g++-bprob-1.C
ompilation, -O3 -g -fbranch-probabilities
UNRESOLVED: g++.dg/bprob/g++-bprob-1.C
xecution, -O3 -g -fbranch-probabilities
FAIL: g++.dg/bprob/g++-bprob-1.C execution: file g++-bprob-1.gcda does not
exist, -Os -fprofile-arcs
UNRESOLVED: g++.dg/bprob/g++-bprob-1.C
ompilation, -Os -fbranch-probabilities
UNRESOLVED: g++.dg/bprob/g++-bprob-1.C
xecution, -Os -fbranch-probabilities
FAIL: g++.dg/other/packed1.C execution test
FAIL: g++.dg/special/conpr-1.C execution test
FAIL: g++.dg/special/conpr-2.C execution test
FAIL: g++.dg/special/conpr-3.C execution test
FAIL: g++.dg/special/conpr-4.C execution test
FAIL: g++.dg/special/initp1.C execution test
FAIL: g++.old-deja/g++.jason/thunk3.C (test for excess errors)
WARNING: g++.old-deja/g++.jason/thunk3.C compilation failed to produce
executable
FAIL: g++.old-deja/g++.law/profile1.C (test for excess errors)
WARNING: g++.old-deja/g++.law/profile1.C compilation failed to produce
executable
WARNING: g++.old-deja/g++.mike/p10769a.C compilation failed to produce
executable
WARNING: g++.old-deja/g++.other/enum5.C compilation failed to produce
executable
WARNING: g++.old-deja/g++.pt/friend44.C compilation failed to produce
executable
FAIL: g++.old-deja/g++.pt/static11.C execution test
=== g++ Summary ===
# of expected passes 9409
# of unexpected failures 16
# of expected failures 64
# of unresolved testcases 14
# of unsupported tests 78
/home3/FSF/org_src/gcc-3.4/build.flt/gcc/testsuite/../g++ version 3.4.0
20040312 (prerelease)
Host is i686-pc-linux-gnu
=== gcc tests ===
Running target m32r-sim
FAIL: gcc.c-torture/execute/builtins/string-asm-2.c execution, -O0
FAIL: gcc.c-torture/execute/builtins/string-asm-2.c execution, -O1
FAIL: gcc.c-torture/execute/builtins/string-asm-2.c execution, -O2
FAIL: gcc.c-torture/execute/builtins/string-asm-2.c
execution, -O3 -fomit-frame-pointer
FAIL: gcc.c-torture/execute/builtins/string-asm-2.c execution, -O3 -g
FAIL: gcc.c-torture/execute/builtins/string-asm-2.c execution, -Os
FAIL: gcc.c-torture/execute/20010122-1.c execution, -O0
FAIL: gcc.c-torture/execute/20010122-1.c execution, -O1
FAIL: gcc.c-torture/execute/20010122-1.c execution, -O2
FAIL: gcc.c-torture/execute/20010122-1.c execution, -O3 -g
FAIL: gcc.c-torture/execute/20010122-1.c execution, -Os
FAIL: gcc.c-torture/execute/20020720-1.c compilation, -O1
UNRESOLVED: gcc.c-torture/execute/20020720-1.c execution, -O1
FAIL: gcc.c-torture/execute/20020720-1.c compilation, -O2
UNRESOLVED: gcc.c-torture/execute/20020720-1.c execution, -O2
FAIL: gcc.c-torture/execute/20020720-1.c
compilation, -O3 -fomit-frame-pointer
UNRESOLVED: gcc.c-torture/execute/20020720-1.c
execution, -O3 -fomit-frame-pointer
FAIL: gcc.c-torture/execute/20020720-1.c compilation, -O3 -g
UNRESOLVED: gcc.c-torture/execute/20020720-1.c execution, -O3 -g
FAIL: gcc.c-torture/execute/20020720-1.c compilation, -Os
UNRESOLVED: gcc.c-torture/execute/20020720-1.c execution, -Os
XPASS: gcc.c-torture/execute/981130-1.c execution, -O0
XPASS: gcc.c-torture/execute/981130-1.c execution, -O1
XPASS: gcc.c-torture/execute/981130-1.c execution, -O2
XPASS: gcc.c-torture/execute/981130-1.c execution, -Os
FAIL: gcc.c-torture/execute/arith-rand-ll.c execution, -O0
FAIL: gcc.c-torture/execute/arith-rand-ll.c execution, -O1
FAIL: gcc.c-torture/execute/arith-rand-ll.c execution, -O2
FAIL: gcc.c-torture/execute/arith-rand-ll.c
execution, -O3 -fomit-frame-pointer
FAIL: gcc.c-torture/execute/arith-rand-ll.c
execution, -O3 -fomit-frame-pointer -funroll-loops
FAIL: gcc.c-torture/execute/arith-rand-ll.c
execution, -O3 -fomit-frame-pointer -funroll-all-loops -finline-functions
FAIL: gcc.c-torture/execute/arith-rand-ll.c execution, -O3 -g
FAIL: gcc.c-torture/execute/arith-rand-ll.c execution, -Os
FAIL: gcc.dg/20021014-1.c (test for excess errors)
WARNING: gcc.dg/20021014-1.c compilation failed to produce executable
FAIL: gcc.dg/20040123-1.c scan-assembler abort
FAIL: gcc.dg/builtin-apply2.c execution test
FAIL: gcc.dg/builtin-return-1.c execution test
FAIL: gcc.dg/builtins-18.c (test for excess errors)
FAIL: gcc.dg/builtins-20.c (test for excess errors)
FAIL: gcc.dg/const-elim-1.c scan-assembler-not L\\\\\$?C[^A-Z]
XPASS: gcc.dg/decl-5.c PR c/14114 (test for bogus messages, line 13)
FAIL: gcc.dg/nest.c (test for excess errors)
WARNING: gcc.dg/nest.c compilation failed to produce executable
XPASS: gcc.dg/setjmp-1.c spurious clobbered warning (test for bogus
messages, line 16)
XPASS: gcc.dg/sibcall-3.c execution test
XPASS: gcc.dg/sibcall-4.c execution test
FAIL: gcc.misc-tests/bprob-1.c execution: file bprob-1.gcda does not
xist, -g -fprofile-arcs
UNRESOLVED: gcc.misc-tests/bprob-1.c
ompilation, -g -fbranch-probabilities
UNRESOLVED: gcc.misc-tests/bprob-1.c
xecution, -g -fbranch-probabilities
FAIL: gcc.misc-tests/bprob-1.c execution: file bprob-1.gcda does not
xist, -O0 -fprofile-arcs
UNRESOLVED: gcc.misc-tests/bprob-1.c
ompilation, -O0 -fbranch-probabilities
UNRESOLVED: gcc.misc-tests/bprob-1.c
xecution, -O0 -fbranch-probabilities
FAIL: gcc.misc-tests/bprob-1.c execution: file bprob-1.gcda does not
xist, -O1 -fprofile-arcs
UNRESOLVED: gcc.misc-tests/bprob-1.c
ompilation, -O1 -fbranch-probabilities
UNRESOLVED: gcc.misc-tests/bprob-1.c
xecution, -O1 -fbranch-probabilities
FAIL: gcc.misc-tests/bprob-1.c execution: file bprob-1.gcda does not
xist, -O2 -DPERFTIME -fprofile-arcs
UNRESOLVED: gcc.misc-tests/bprob-1.c
ompilation, -O2 -DPERFTIME -fbranch-probabilities
UNRESOLVED: gcc.misc-tests/bprob-1.c
xecution, -O2 -DPERFTIME -fbranch-probabilities
FAIL: gcc.misc-tests/bprob-1.c execution: file bprob-1.gcda does not
xist, -O3 -DPERFTIME -fprofile-arcs
UNRESOLVED: gcc.misc-tests/bprob-1.c
ompilation, -O3 -DPERFTIME -fbranch-probabilities
UNRESOLVED: gcc.misc-tests/bprob-1.c
xecution, -O3 -DPERFTIME -fbranch-probabilities
FAIL: gcc.misc-tests/bprob-1.c execution: file bprob-1.gcda does not
xist, -O3 -g -DPERFTIME -fprofile-arcs
UNRESOLVED: gcc.misc-tests/bprob-1.c
ompilation, -O3 -g -DPERFTIME -fbranch-probabilities
UNRESOLVED: gcc.misc-tests/bprob-1.c
xecution, -O3 -g -DPERFTIME -fbranch-probabilities
FAIL: gcc.misc-tests/bprob-1.c execution: file bprob-1.gcda does not
xist, -Os -fprofile-arcs
UNRESOLVED: gcc.misc-tests/bprob-1.c
ompilation, -Os -fbranch-probabilities
UNRESOLVED: gcc.misc-tests/bprob-1.c
xecution, -Os -fbranch-probabilities
FAIL: gcc.misc-tests/bprob-2.c execution: file bprob-2.gcda does not
xist, -g -fprofile-arcs
UNRESOLVED: gcc.misc-tests/bprob-2.c
ompilation, -g -fbranch-probabilities
UNRESOLVED: gcc.misc-tests/bprob-2.c
xecution, -g -fbranch-probabilities
FAIL: gcc.misc-tests/bprob-2.c execution: file bprob-2.gcda does not
xist, -O0 -fprofile-arcs
UNRESOLVED: gcc.misc-tests/bprob-2.c
ompilation, -O0 -fbranch-probabilities
UNRESOLVED: gcc.misc-tests/bprob-2.c
xecution, -O0 -fbranch-probabilities
FAIL: gcc.misc-tests/bprob-2.c execution: file bprob-2.gcda does not
xist, -O1 -fprofile-arcs
UNRESOLVED: gcc.misc-tests/bprob-2.c
ompilation, -O1 -fbranch-probabilities
UNRESOLVED: gcc.misc-tests/bprob-2.c
xecution, -O1 -fbranch-probabilities
FAIL: gcc.misc-tests/bprob-2.c execution: file bprob-2.gcda does not
xist, -O2 -DPERFTIME -fprofile-arcs
UNRESOLVED: gcc.misc-tests/bprob-2.c
ompilation, -O2 -DPERFTIME -fbranch-probabilities
UNRESOLVED: gcc.misc-tests/bprob-2.c
xecution, -O2 -DPERFTIME -fbranch-probabilities
FAIL: gcc.misc-tests/bprob-2.c execution: file bprob-2.gcda does not
xist, -O3 -DPERFTIME -fprofile-arcs
UNRESOLVED: gcc.misc-tests/bprob-2.c
ompilation, -O3 -DPERFTIME -fbranch-probabilities
UNRESOLVED: gcc.misc-tests/bprob-2.c
xecution, -O3 -DPERFTIME -fbranch-probabilities
FAIL: gcc.misc-tests/bprob-2.c execution: file bprob-2.gcda does not
xist, -O3 -g -DPERFTIME -fprofile-arcs
UNRESOLVED: gcc.misc-tests/bprob-2.c
ompilation, -O3 -g -DPERFTIME -fbranch-probabilities
UNRESOLVED: gcc.misc-tests/bprob-2.c
xecution, -O3 -g -DPERFTIME -fbranch-probabilities
FAIL: gcc.misc-tests/bprob-2.c execution: file bprob-2.gcda does not
xist, -Os -fprofile-arcs
UNRESOLVED: gcc.misc-tests/bprob-2.c
ompilation, -Os -fbranch-probabilities
UNRESOLVED: gcc.misc-tests/bprob-2.c
xecution, -Os -fbranch-probabilities
=== gcc Summary ===
# of expected passes 23967
# of unexpected failures 46
# of unexpected successes 8
# of expected failures 67
# of unresolved testcases 33
# of untested testcases 7
# of unsupported tests 335
/home3/FSF/org_src/gcc-3.4/build.flt/gcc/xgcc version 3.4.0 20040312
(prerelease)
Compiler version: 3.4.0 20040312 (prerelease)
Platform: m32r-unknown-elf
configure
flags: --target=m32r-elf --prefix=/usr/local/m32r-flt --srcdir=/home3/FSF/or
g_src/gcc-3.4/gcc --enable-languages=c,c++ --with-newlib
More information about the Gcc-testresults
mailing list