Results for 3.5.0 20040310 (experimental) on hppa2.0-unknown-linux-gnu

James Morrison ja2morri@csclub.uwaterloo.ca
Fri Mar 12 04:26:00 GMT 2004


Configure flags:  --prefix=/home/jim/var/hppa-linux --target=hppa2.0-unknown-linux-gnu --with-gcc-version-trigger=/home/jim/cvs/gcc.ssh/gcc/gcc/version.c

Here is the diff from yesterday:

New tests that PASS:

gcc.dg/alias-2.c (test for excess errors)
gcc.dg/alias-2.c  (test for warnings, line 14)
gcc.dg/torture/builtin-nonneg-1.c  -O0  (test for excess errors)
gcc.dg/torture/builtin-nonneg-1.c  -O1  (test for excess errors)
gcc.dg/torture/builtin-nonneg-1.c  -O2  (test for excess errors)
gcc.dg/torture/builtin-nonneg-1.c  -O3 -fomit-frame-pointer  (test for excess errors)
gcc.dg/torture/builtin-nonneg-1.c  -O3 -g  (test for excess errors)
gcc.dg/torture/builtin-nonneg-1.c  -Os  (test for excess errors)

Tests that now work, but didn't before:

22_locale/locale/cons/12658_thread.cc execution test

New tests that PASS:

26_numerics/cmath/overloads.cc execution test
26_numerics/cmath/overloads.cc (test for excess errors)
26_numerics/complex/13450.cc execution test
26_numerics/complex/13450.cc (test for excess errors)
26_numerics/complex/pow.cc execution test
26_numerics/complex/pow.cc (test for excess errors)
26_numerics/valarray_subset_assignment.cc execution test
26_numerics/valarray_subset_assignment.cc (test for excess errors)


And now the Actual results:

LAST_UPDATED: Wed Mar 10 21:46:56 UTC 2004

Native configuration is hppa2.0-unknown-linux-gnu

		=== g77 tests ===


Running target unix

		=== g77 Summary ===

# of expected passes		1788
# of unsupported tests		6
/cvs/gcc.ssh/hppa-linux-20040310/gcc/testsuite/../g77 version 3.5.0 20040310 (experimental)

		=== gcc tests ===


Running target unix
FAIL: gcc.dg/20031202-1.c execution test
FAIL: gcc.dg/const-elim-1.c scan-assembler-not L\\\\\$?C[^A-Z]

		=== gcc Summary ===

# of expected passes		24496
# of unexpected failures	2
# of expected failures		62
# of untested testcases		7
# of unsupported tests		323
/cvs/gcc.ssh/hppa-linux-20040310/gcc/xgcc version 3.5.0 20040310 (experimental)

		=== g++ tests ===


Running target unix
XPASS: g++.dg/other/packed1.C execution test
WARNING: g++.old-deja/g++.mike/p10769a.C compilation failed to produce executable
WARNING: g++.old-deja/g++.other/enum5.C compilation failed to produce executable
WARNING: g++.old-deja/g++.pt/friend44.C compilation failed to produce executable

		=== g++ Summary ===

# of expected passes		9599
# of unexpected successes	1
# of expected failures		79
# of unsupported tests		76
/cvs/gcc.ssh/hppa-linux-20040310/gcc/testsuite/../g++ version 3.5.0 20040310 (experimental)

		=== objc tests ===


Running target unix

		=== objc Summary ===

# of expected passes		1341
# of unsupported tests		8
/cvs/gcc.ssh/hppa-linux-20040310/gcc/xgcc version 3.5.0 20040310 (experimental)

		=== libstdc++ tests ===


Running target unix
ERROR: 22_locale/collate/compare/wchar_t/2.cc: can't read "libiconv": no such variable for " dg-require-iconv 23 "ISO8859-1" "
UNRESOLVED: 22_locale/collate/compare/wchar_t/2.cc: can't read "libiconv": no such variable for " dg-require-iconv 23 "ISO8859-1" "
ERROR: 22_locale/collate/compare/wchar_t/wrapped_env.cc: can't read "libiconv": no such variable for " dg-require-iconv 25 "ISO8859-1" "
UNRESOLVED: 22_locale/collate/compare/wchar_t/wrapped_env.cc: can't read "libiconv": no such variable for " dg-require-iconv 25 "ISO8859-1" "
ERROR: 22_locale/collate/compare/wchar_t/wrapped_locale.cc: can't read "libiconv": no such variable for " dg-require-iconv 25 "ISO8859-1" "
UNRESOLVED: 22_locale/collate/compare/wchar_t/wrapped_locale.cc: can't read "libiconv": no such variable for " dg-require-iconv 25 "ISO8859-1" "
ERROR: 22_locale/collate/hash/wchar_t/2.cc: can't read "libiconv": no such variable for " dg-require-iconv 25 "ISO8859-1" "
UNRESOLVED: 22_locale/collate/hash/wchar_t/2.cc: can't read "libiconv": no such variable for " dg-require-iconv 25 "ISO8859-1" "
ERROR: 22_locale/collate/hash/wchar_t/wrapped_env.cc: can't read "libiconv": no such variable for " dg-require-iconv 25 "ISO8859-1" "
UNRESOLVED: 22_locale/collate/hash/wchar_t/wrapped_env.cc: can't read "libiconv": no such variable for " dg-require-iconv 25 "ISO8859-1" "
ERROR: 22_locale/collate/hash/wchar_t/wrapped_locale.cc: can't read "libiconv": no such variable for " dg-require-iconv 25 "ISO8859-1" "
UNRESOLVED: 22_locale/collate/hash/wchar_t/wrapped_locale.cc: can't read "libiconv": no such variable for " dg-require-iconv 25 "ISO8859-1" "
ERROR: 22_locale/collate/transform/wchar_t/2.cc: can't read "libiconv": no such variable for " dg-require-iconv 25 "ISO8859-1" "
UNRESOLVED: 22_locale/collate/transform/wchar_t/2.cc: can't read "libiconv": no such variable for " dg-require-iconv 25 "ISO8859-1" "
ERROR: 22_locale/collate/transform/wchar_t/wrapped_env.cc: can't read "libiconv": no such variable for " dg-require-iconv 25 "ISO8859-1" "
UNRESOLVED: 22_locale/collate/transform/wchar_t/wrapped_env.cc: can't read "libiconv": no such variable for " dg-require-iconv 25 "ISO8859-1" "
ERROR: 22_locale/collate/transform/wchar_t/wrapped_locale.cc: can't read "libiconv": no such variable for " dg-require-iconv 25 "ISO8859-1" "
UNRESOLVED: 22_locale/collate/transform/wchar_t/wrapped_locale.cc: can't read "libiconv": no such variable for " dg-require-iconv 25 "ISO8859-1" "
FAIL: 22_locale/money_get/get/char/5.cc execution test
FAIL: 22_locale/money_get/get/wchar_t/5.cc execution test
FAIL: 22_locale/num_get/get/char/10.cc execution test
FAIL: 22_locale/num_get/get/char/4.cc execution test
FAIL: 22_locale/num_get/get/wchar_t/10.cc execution test
FAIL: 22_locale/num_get/get/wchar_t/4.cc execution test
FAIL: 23_containers/multiset/invalidation/2.cc execution test
FAIL: 23_containers/set/invalidation/2.cc execution test
XPASS: 26_numerics/c99_classification_macros_c.cc (test for excess errors)
FAIL: 26_numerics/complex_inserters_extractors.cc execution test
FAIL: 27_io/basic_istream/extractors_arithmetic/char/01.cc execution test
FAIL: thread/pthread7-rope.cc execution test

		=== libstdc++ Summary ===

# of expected passes		2590
# of unexpected failures	11
# of unexpected successes	1
# of expected failures		5
# of unresolved testcases	9

Compiler version: 3.5.0 20040310 (experimental) 
Platform: hppa2.0-unknown-linux-gnu
configure flags: --prefix=/home/jim/var/hppa-linux --target=hppa2.0-unknown-linux-gnu
true



More information about the Gcc-testresults mailing list