Results for 3.5.0 20040223 (experimental) testsuite on sparc-sun-solaris2.8
Rainer Orth
ro@TechFak.Uni-Bielefeld.DE
Fri Mar 12 01:12:00 GMT 2004
LAST_UPDATED: Mon Feb 23 16:29:31 UTC 2004
=== acats tests ===
FAIL: c34005a
FAIL: c34005d
FAIL: c34005g
FAIL: c34005j
FAIL: c954025
FAIL: c954026
FAIL: cc3601a
FAIL: cxb3010
FAIL: cxb3014
FAIL: cxb3015
=== acats Summary ===
# of expected passes 2312
# of unexpected failures 10
Native configuration is sparc-sun-solaris2.8
=== g++ tests ===
Running target unix
WARNING: g++.old-deja/g++.mike/p10769a.C compilation failed to produce executable
WARNING: g++.old-deja/g++.other/enum5.C compilation failed to produce executable
WARNING: g++.old-deja/g++.pt/friend44.C compilation failed to produce executable
=== g++ Summary for unix ===
# of expected passes 9525
# of expected failures 79
# of unsupported tests 68
Running target unix/-m64
WARNING: g++.old-deja/g++.mike/p10769a.C compilation failed to produce executable
WARNING: g++.old-deja/g++.other/enum5.C compilation failed to produce executable
WARNING: g++.old-deja/g++.pt/friend44.C compilation failed to produce executable
=== g++ Summary for unix/-m64 ===
# of expected passes 9525
# of expected failures 79
# of unsupported tests 68
=== g++ Summary ===
# of expected passes 19050
# of expected failures 158
# of unsupported tests 136
/amnt/figaro/volumes/obj-gcc/gcc/obj.sol2/gcc-3.5.0-20040223/8-gcc/gcc/testsuite/../g++ version 3.5.0 20040223 (experimental)
=== g77 tests ===
Running target unix
=== g77 Summary for unix ===
# of expected passes 1788
# of unsupported tests 6
Running target unix/-m64
=== g77 Summary for unix/-m64 ===
# of expected passes 1788
# of unsupported tests 6
=== g77 Summary ===
# of expected passes 3576
# of unsupported tests 12
/amnt/figaro/volumes/obj-gcc/gcc/obj.sol2/gcc-3.5.0-20040223/8-gcc/gcc/testsuite/../g77 version 3.5.0 20040223 (experimental)
=== gcc tests ===
Running target unix
FAIL: gcc.dg/fwritable-strings-1.c (test for errors, line )
XPASS: gcc.dg/uninit-4.c uninitialized variable warning (test for bogus messages, line 26)
UNRESOLVED: gcc.dg/visibility-1.c
UNRESOLVED: gcc.dg/visibility-2.c
UNRESOLVED: gcc.dg/visibility-3.c
UNRESOLVED: gcc.dg/visibility-4.c
UNRESOLVED: gcc.dg/visibility-5.c
UNRESOLVED: gcc.dg/visibility-6.c
UNRESOLVED: gcc.dg/visibility-7.c
UNRESOLVED: gcc.dg/visibility-8.c
=== gcc Summary for unix ===
# of expected passes 24359
# of unexpected failures 1
# of unexpected successes 1
# of expected failures 60
# of unresolved testcases 8
# of untested testcases 7
# of unsupported tests 310
Running target unix/-m64
FAIL: gcc.dg/fwritable-strings-1.c (test for errors, line )
XPASS: gcc.dg/uninit-4.c uninitialized variable warning (test for bogus messages, line 26)
UNRESOLVED: gcc.dg/visibility-1.c
UNRESOLVED: gcc.dg/visibility-2.c
UNRESOLVED: gcc.dg/visibility-3.c
UNRESOLVED: gcc.dg/visibility-4.c
UNRESOLVED: gcc.dg/visibility-5.c
UNRESOLVED: gcc.dg/visibility-6.c
UNRESOLVED: gcc.dg/visibility-7.c
UNRESOLVED: gcc.dg/visibility-8.c
=== gcc Summary for unix/-m64 ===
# of expected passes 24351
# of unexpected failures 1
# of unexpected successes 1
# of expected failures 66
# of unresolved testcases 8
# of untested testcases 7
# of unsupported tests 310
=== gcc Summary ===
# of expected passes 48710
# of unexpected failures 2
# of unexpected successes 2
# of expected failures 126
# of unresolved testcases 16
# of untested testcases 14
# of unsupported tests 620
/amnt/figaro/volumes/obj-gcc/gcc/obj.sol2/gcc-3.5.0-20040223/8-gcc/gcc/xgcc version 3.5.0 20040223 (experimental)
=== objc tests ===
Running target unix
=== objc Summary for unix ===
# of expected passes 1341
# of unsupported tests 8
Running target unix/-m64
=== objc Summary for unix/-m64 ===
# of expected passes 1341
# of unsupported tests 8
=== objc Summary ===
# of expected passes 2682
# of unsupported tests 16
/amnt/figaro/volumes/obj-gcc/gcc/obj.sol2/gcc-3.5.0-20040223/8-gcc/gcc/xgcc version 3.5.0 20040223 (experimental)
=== libffi tests ===
Running target unix
=== libffi Summary for unix ===
# of expected passes 212
# of unsupported tests 2
Running target unix/-m64
=== libffi Summary for unix/-m64 ===
# of expected passes 212
# of unsupported tests 2
=== libffi Summary ===
# of expected passes 424
# of unsupported tests 4
=== libjava tests ===
Running target unix
FAIL: linking simple
FAIL: Array_3 execution - gij test
FAIL: Array_3 execution - gij test
FAIL: SyncTest execution - gij test
FAIL: TLtest execution - gij test
FAIL: TLtest execution - gij test
FAIL: Thread_Join execution - gij test
FAIL: Thread_Monitor execution - gij test
FAIL: Thread_Wait_2 execution - gij test
FAIL: Thread_Wait_2 execution - gij test
FAIL: Thread_Wait_Interrupt execution - gij test
FAIL: Thread_Wait_Interrupt execution - gij test
ERROR: No \`main' given in program err3
UNRESOLVED: err3 -O3 compilation from source
=== libjava Summary for unix ===
# of expected passes 3278
# of unexpected failures 12
# of expected failures 15
# of unresolved testcases 1
# of untested testcases 27
Running target unix/-m64
FAIL: linking simple
FAIL: Array_3 execution - gij test
FAIL: Array_3 execution - gij test
FAIL: FileHandleGcTest execution - source compiled test
FAIL: FileHandleGcTest execution - gij test
FAIL: FileHandleGcTest execution - bytecode->native test
FAIL: FileHandleGcTest -O3 execution - source compiled test
FAIL: FileHandleGcTest execution - gij test
FAIL: FileHandleGcTest -O3 execution - bytecode->native test
WARNING: program timed out.
FAIL: Thread_Wait_2 execution - gij test
WARNING: program timed out.
FAIL: Thread_Wait_2 execution - gij test
FAIL: Thread_Wait_Interrupt execution - gij test
FAIL: Thread_Wait_Interrupt execution - gij test
=== libjava Summary for unix/-m64 ===
# of expected passes 3282
# of unexpected failures 13
# of expected failures 15
# of untested testcases 28
=== libjava Summary ===
# of expected passes 6560
# of unexpected failures 25
# of expected failures 30
# of unresolved testcases 1
# of untested testcases 55
=== libstdc++ tests ===
Running target unix
FAIL: 22_locale/num_get/get/wchar_t/4.cc execution test
FAIL: 23_containers/multiset/insert/1.cc execution test
=== libstdc++ Summary for unix ===
# of expected passes 2564
# of unexpected failures 2
# of expected failures 3
Running target unix/-m64
=== libstdc++ Summary for unix/-m64 ===
# of expected passes 2566
# of expected failures 3
=== libstdc++ Summary ===
# of expected passes 5130
# of unexpected failures 2
# of expected failures 6
Compiler version: 3.5.0 20040223 (experimental)
Platform: sparc-sun-solaris2.8
configure flags: --prefix=/vol/gcc --with-local-prefix=/vol/gcc --enable-languages=ada,c++,f77,java,objc --disable-nls
More information about the Gcc-testresults
mailing list