Results for 3.5.0 20040311 (experimental) testsuite on hppa-unknown-linux-gnu
John David Anglin
dave@hiauly6.hia.nrc.ca
Fri Mar 12 00:45:00 GMT 2004
LAST_UPDATED: Thu Mar 11 21:29:11 UTC 2004
Native configuration is hppa-unknown-linux-gnu
=== g++ tests ===
Running target unix
XPASS: g++.dg/other/packed1.C execution test
WARNING: g++.old-deja/g++.mike/p10769a.C compilation failed to produce executable
WARNING: g++.old-deja/g++.other/enum5.C compilation failed to produce executable
XPASS: g++.old-deja/g++.other/init5.C execution test
WARNING: g++.old-deja/g++.pt/friend44.C compilation failed to produce executable
=== g++ Summary ===
# of expected passes 9602
# of unexpected successes 2
# of expected failures 78
# of unsupported tests 76
/home/dave/gnu/gcc-3.4/objdir/gcc/testsuite/../g++ version 3.5.0 20040311 (experimental)
=== g77 tests ===
Running target unix
=== g77 Summary ===
# of expected passes 1788
# of unsupported tests 6
/home/dave/gnu/gcc-3.4/objdir/gcc/testsuite/../g77 version 3.5.0 20040311 (experimental)
=== gcc tests ===
Running target unix
FAIL: gcc.dg/20031202-1.c execution test
FAIL: gcc.dg/const-elim-1.c scan-assembler-not L\\\\\$?C[^A-Z]
=== gcc Summary ===
# of expected passes 24530
# of unexpected failures 2
# of expected failures 62
# of untested testcases 7
# of unsupported tests 322
/home/dave/gnu/gcc-3.4/objdir/gcc/xgcc version 3.5.0 20040311 (experimental)
=== objc tests ===
Running target unix
=== objc Summary ===
# of expected passes 1341
# of unsupported tests 8
/home/dave/gnu/gcc-3.4/objdir/gcc/xgcc version 3.5.0 20040311 (experimental)
=== libstdc++-v3 check-abi Summary ===
# of added symbols: 322
# of missing symbols: 321
# of incompatible symbols: 356
=== libstdc++ tests ===
Running target unix
ERROR: 22_locale/collate/compare/wchar_t/2.cc: can't read "libiconv": no such variable for " dg-require-iconv 23 "ISO8859-1" "
UNRESOLVED: 22_locale/collate/compare/wchar_t/2.cc: can't read "libiconv": no such variable for " dg-require-iconv 23 "ISO8859-1" "
ERROR: 22_locale/collate/compare/wchar_t/wrapped_env.cc: can't read "libiconv": no such variable for " dg-require-iconv 25 "ISO8859-1" "
UNRESOLVED: 22_locale/collate/compare/wchar_t/wrapped_env.cc: can't read "libiconv": no such variable for " dg-require-iconv 25 "ISO8859-1" "
ERROR: 22_locale/collate/compare/wchar_t/wrapped_locale.cc: can't read "libiconv": no such variable for " dg-require-iconv 25 "ISO8859-1" "
UNRESOLVED: 22_locale/collate/compare/wchar_t/wrapped_locale.cc: can't read "libiconv": no such variable for " dg-require-iconv 25 "ISO8859-1" "
ERROR: 22_locale/collate/hash/wchar_t/2.cc: can't read "libiconv": no such variable for " dg-require-iconv 25 "ISO8859-1" "
UNRESOLVED: 22_locale/collate/hash/wchar_t/2.cc: can't read "libiconv": no such variable for " dg-require-iconv 25 "ISO8859-1" "
ERROR: 22_locale/collate/hash/wchar_t/wrapped_env.cc: can't read "libiconv": no such variable for " dg-require-iconv 25 "ISO8859-1" "
UNRESOLVED: 22_locale/collate/hash/wchar_t/wrapped_env.cc: can't read "libiconv": no such variable for " dg-require-iconv 25 "ISO8859-1" "
ERROR: 22_locale/collate/hash/wchar_t/wrapped_locale.cc: can't read "libiconv": no such variable for " dg-require-iconv 25 "ISO8859-1" "
UNRESOLVED: 22_locale/collate/hash/wchar_t/wrapped_locale.cc: can't read "libiconv": no such variable for " dg-require-iconv 25 "ISO8859-1" "
ERROR: 22_locale/collate/transform/wchar_t/2.cc: can't read "libiconv": no such variable for " dg-require-iconv 25 "ISO8859-1" "
UNRESOLVED: 22_locale/collate/transform/wchar_t/2.cc: can't read "libiconv": no such variable for " dg-require-iconv 25 "ISO8859-1" "
ERROR: 22_locale/collate/transform/wchar_t/wrapped_env.cc: can't read "libiconv": no such variable for " dg-require-iconv 25 "ISO8859-1" "
UNRESOLVED: 22_locale/collate/transform/wchar_t/wrapped_env.cc: can't read "libiconv": no such variable for " dg-require-iconv 25 "ISO8859-1" "
ERROR: 22_locale/collate/transform/wchar_t/wrapped_locale.cc: can't read "libiconv": no such variable for " dg-require-iconv 25 "ISO8859-1" "
UNRESOLVED: 22_locale/collate/transform/wchar_t/wrapped_locale.cc: can't read "libiconv": no such variable for " dg-require-iconv 25 "ISO8859-1" "
FAIL: 22_locale/money_get/get/char/5.cc execution test
FAIL: 22_locale/money_get/get/wchar_t/5.cc execution test
FAIL: 22_locale/num_get/get/char/10.cc execution test
FAIL: 22_locale/num_get/get/char/4.cc execution test
FAIL: 22_locale/num_get/get/wchar_t/10.cc execution test
FAIL: 22_locale/num_get/get/wchar_t/4.cc execution test
FAIL: 23_containers/multiset/invalidation/2.cc execution test
FAIL: 23_containers/set/invalidation/2.cc execution test
XPASS: 26_numerics/c99_classification_macros_c.cc (test for excess errors)
FAIL: 26_numerics/complex_inserters_extractors.cc execution test
FAIL: 27_io/basic_filebuf/sgetn/char/1-in.cc execution test
FAIL: 27_io/basic_filebuf/sgetn/char/1-io.cc execution test
FAIL: 27_io/basic_filebuf/sgetn/char/2-in.cc execution test
FAIL: 27_io/basic_filebuf/sgetn/char/2-io.cc execution test
FAIL: 27_io/basic_filebuf/underflow/wchar_t/11603.cc execution test
FAIL: 27_io/basic_istream/extractors_arithmetic/char/01.cc execution test
FAIL: 27_io/basic_istream/readsome/char/6746-2.cc execution test
FAIL: thread/pthread7-rope.cc execution test
=== libstdc++ Summary ===
# of expected passes 2584
# of unexpected failures 17
# of unexpected successes 1
# of expected failures 5
# of unresolved testcases 9
Compiler version: 3.5.0 20040311 (experimental)
Platform: hppa-unknown-linux-gnu
configure flags: --with-gnu-as --with-as=/home/dave/opt/gnu/bin/as --with-gnu-ld --with-ld=/home/dave/opt/gnu/bin/ld --enable-shared --prefix=/home/dave/opt/gnu/gcc/gcc-3.5-sjlj --with-local-prefix=/home/dave/opt/gnu --enable-threads=posix --enable-__cxa_atexit --host=hppa-linux --enable-sjlj-exceptions=yes --enable-languages=c,c++,f77,java,objc
More information about the Gcc-testresults
mailing list