Results for 3.5.0 20040311 (experimental) testsuite on i686-pc-linux-gnu
Andrew Pinski
pinskia@physics.uc.edu
Thu Mar 11 13:59:00 GMT 2004
LAST_UPDATED: Thu Mar 11 05:01:46 UTC 2004
Native configuration is i686-pc-linux-gnu
=== g++ tests ===
Running target unix
WARNING: g++.old-deja/g++.mike/p10769a.C compilation failed to produce executable
WARNING: g++.old-deja/g++.other/enum5.C compilation failed to produce executable
XPASS: g++.old-deja/g++.other/init5.C execution test
WARNING: g++.old-deja/g++.pt/friend44.C compilation failed to produce executable
=== g++ Summary ===
# of expected passes 9687
# of unexpected successes 1
# of expected failures 78
# of unsupported tests 42
/home/gates/pinskia/src/gnu/gcc/src/objdir.linux/gcc/testsuite/../g++ version 3.5.0 20040311 (experimental)
=== g77 tests ===
Running target unix
=== g77 Summary ===
# of expected passes 1800
/home/gates/pinskia/src/gnu/gcc/src/objdir.linux/gcc/testsuite/../g77 version 3.5.0 20040311 (experimental)
=== gcc tests ===
Running target unix
FAIL: gcc.c-torture/execute/va-arg-25.c execution, -Os
=== gcc Summary ===
# of expected passes 25604
# of unexpected failures 1
# of expected failures 64
# of untested testcases 7
# of unsupported tests 194
/home/gates/pinskia/src/gnu/gcc/src/objdir.linux/gcc/xgcc version 3.5.0 20040311 (experimental)
=== objc tests ===
Running target unix
=== objc Summary ===
# of expected passes 1341
# of unsupported tests 8
/home/gates/pinskia/src/gnu/gcc/src/objdir.linux/gcc/xgcc version 3.5.0 20040311 (experimental)
=== libffi tests ===
Running target unix
=== libffi Summary ===
# of expected passes 212
# of unsupported tests 2
=== libjava tests ===
Running target unix
FAIL: linking simple
=== libjava Summary ===
# of expected passes 3306
# of unexpected failures 1
# of expected failures 15
# of untested testcases 16
=== libstdc++-v3 check-abi Summary ===
# of added symbols: 322
# of missing symbols: 315
# of incompatible symbols: 350
=== libstdc++ tests ===
Running target unix
ERROR: 22_locale/collate/compare/wchar_t/2.cc: can't read "libiconv": no such variable for " dg-require-iconv 23 "ISO8859-1" "
UNRESOLVED: 22_locale/collate/compare/wchar_t/2.cc: can't read "libiconv": no such variable for " dg-require-iconv 23 "ISO8859-1" "
ERROR: 22_locale/collate/compare/wchar_t/wrapped_env.cc: can't read "libiconv": no such variable for " dg-require-iconv 25 "ISO8859-1" "
UNRESOLVED: 22_locale/collate/compare/wchar_t/wrapped_env.cc: can't read "libiconv": no such variable for " dg-require-iconv 25 "ISO8859-1" "
ERROR: 22_locale/collate/compare/wchar_t/wrapped_locale.cc: can't read "libiconv": no such variable for " dg-require-iconv 25 "ISO8859-1" "
UNRESOLVED: 22_locale/collate/compare/wchar_t/wrapped_locale.cc: can't read "libiconv": no such variable for " dg-require-iconv 25 "ISO8859-1" "
ERROR: 22_locale/collate/hash/wchar_t/2.cc: can't read "libiconv": no such variable for " dg-require-iconv 25 "ISO8859-1" "
UNRESOLVED: 22_locale/collate/hash/wchar_t/2.cc: can't read "libiconv": no such variable for " dg-require-iconv 25 "ISO8859-1" "
ERROR: 22_locale/collate/hash/wchar_t/wrapped_env.cc: can't read "libiconv": no such variable for " dg-require-iconv 25 "ISO8859-1" "
UNRESOLVED: 22_locale/collate/hash/wchar_t/wrapped_env.cc: can't read "libiconv": no such variable for " dg-require-iconv 25 "ISO8859-1" "
ERROR: 22_locale/collate/hash/wchar_t/wrapped_locale.cc: can't read "libiconv": no such variable for " dg-require-iconv 25 "ISO8859-1" "
UNRESOLVED: 22_locale/collate/hash/wchar_t/wrapped_locale.cc: can't read "libiconv": no such variable for " dg-require-iconv 25 "ISO8859-1" "
ERROR: 22_locale/collate/transform/wchar_t/2.cc: can't read "libiconv": no such variable for " dg-require-iconv 25 "ISO8859-1" "
UNRESOLVED: 22_locale/collate/transform/wchar_t/2.cc: can't read "libiconv": no such variable for " dg-require-iconv 25 "ISO8859-1" "
ERROR: 22_locale/collate/transform/wchar_t/wrapped_env.cc: can't read "libiconv": no such variable for " dg-require-iconv 25 "ISO8859-1" "
UNRESOLVED: 22_locale/collate/transform/wchar_t/wrapped_env.cc: can't read "libiconv": no such variable for " dg-require-iconv 25 "ISO8859-1" "
ERROR: 22_locale/collate/transform/wchar_t/wrapped_locale.cc: can't read "libiconv": no such variable for " dg-require-iconv 25 "ISO8859-1" "
UNRESOLVED: 22_locale/collate/transform/wchar_t/wrapped_locale.cc: can't read "libiconv": no such variable for " dg-require-iconv 25 "ISO8859-1" "
XPASS: 26_numerics/c99_classification_macros_c.cc (test for excess errors)
FAIL: thread/pthread7-rope.cc execution test
=== libstdc++ Summary ===
# of expected passes 2600
# of unexpected failures 1
# of unexpected successes 1
# of expected failures 5
# of unresolved testcases 9
Compiler version: 3.5.0 20040311 (experimental)
Platform: i686-pc-linux-gnu
configure flags: --target=i686-pc-linux-gnu --host=i686-pc-linux-gnu --enable-__cxa_atexit --enable-languages=java,objc,f77 --prefix=/home/gates/pinskia/linux --enable-threads=posix --enable-shared
More information about the Gcc-testresults
mailing list