Results for 3.3.4 20040308 (prerelease) testsuite on i686-pc-linux-gnu

David Kredba kredba@ibot.cas.cz
Tue Mar 9 05:54:00 GMT 2004


LAST_UPDATED: Obtained from CVS: -rgcc-ss-3_3-20040308

Native configuration is i686-pc-linux-gnu

                 === gcc tests ===


Running target unix
FAIL: gcc.dg/duff-2.c (test for excess errors)

                 === gcc Summary ===

# of expected passes            21769
# of unexpected failures        1
# of expected failures          69
# of unsupported tests          100
/home/dave/gcc/gcc-3.3.4-build/gcc/xgcc version 3.3.4 20040308 (prerelease)

                 === g++ tests ===


Running target unix
FAIL: g++.other/decl5.C caused compiler crash
XPASS: g++.other/init5.C  Execution test

                 === g++ Summary ===

# of expected passes            8224
# of unexpected failures        1
# of unexpected successes       1
# of expected failures          87
# of untested testcases         9
# of unsupported tests          15
/home/dave/gcc/gcc-3.3.4-build/gcc/testsuite/../g++ version 3.3.4 
20040308 (prerelease)

                 === g77 tests ===


Running target unix

                 === g77 Summary ===

# of expected passes            1736
/home/dave/gcc/gcc-3.3.4-build/gcc/testsuite/../g77 version 3.3.4 
20040308 (prerelease)

                 === objc tests ===


Running target unix

                 === objc Summary ===

# of expected passes            1166
/home/dave/gcc/gcc-3.3.4-build/gcc/xgcc version 3.3.4 20040308 (prerelease)

                 === libjava tests ===


Running target unix
WARNING: program timed out.
FAIL: SyncTest execution - gij test
WARNING: program timed out.
FAIL: SyncTest execution - gij test

                 === libjava Summary ===

# of expected passes            2987
# of unexpected failures        2
# of expected failures          16
# of untested testcases         14

                 === libstdc++-v3 check-abi Summary ===

# of added symbols:              0
# of missing symbols:            0
# of incompatible symbols:       0
                 === libstdc++-v3 tests ===


Running target unix
XPASS: 22_locale/collate_byname.cc execution test
FAIL: 22_locale/ctor_copy_dtor.cc execution test
XPASS: 22_locale/ctype_is_char.cc execution test
XPASS: 22_locale/ctype_is_wchar_t.cc execution test
FAIL: 22_locale/facet.cc execution test
XPASS: 22_locale/moneypunct_byname.cc execution test

                 === libstdc++-v3 Summary ===

# of expected passes            451
# of unexpected failures        2
# of unexpected successes       4
# of expected failures          24

Compiler version: 3.3.4 20040308 (prerelease)
Platform: i686-pc-linux-gnu
configure flags: --host=i686-pc-linux-gnu --prefix=/opt --enable-shared 
--enable-threads=posix --enable-checking --enable-long-long 
--enable-__cxa_atexit --enable-clocale=gnu 
--enable-languages=c,c++,ada,f77,objc,java,pascal --with-system-zlib





-- 
David Kredba  <kredba at ibot.cas.cz>
GPG: ID 1024/BB7FB39D
Fingerprint: F0B3312596BEDCF91DFB 0699E06AACD75B6B02DE



More information about the Gcc-testresults mailing list