Results for 3.5.0 20040308 (experimental) testsuite on i686-suse9-linux-gnu
Manfred Hollstein
mh@suse.com
Mon Mar 8 12:35:00 GMT 2004
Compiler version: 3.5.0 20040308 (experimental)
Platform: i686-suse9-linux-gnu
Sources: HEAD as of 2004/03/08 10:06:34 +0100
LAST_UPDATED: Mon Mar 8 09:06:34 UTC 2004
Patches: [1] `PATCH: Fix to successfully build libjava as a shared library'
<http://gcc.gnu.org/ml/gcc-patches/2001-09/msg00714.html>
Environment: - autoconf-2.13 (FSF release)
- automake-1.7.6-41
- binutils-2.14 (FSF release)
- dejagnu-1.4.3-217
- expect-5.38-98
- SuSE Linux 9.0 + recommended updates as of today
- Linux version 2.4.21-192-smp4G (root@i386.suse.de) (gcc version 3.3.1 (SuSE Linux)) #1 SMP Wed Feb 18 19:27:48 UTC 2004
- glibc-2.3.2-88
Remarks: None.
configure flags: --host=i686-suse9-linux-gnu --target=i686-suse9-linux-gnu --build=i686-suse9-linux-gnu --srcdir=../gcc-20040308 --prefix=/opt/gnu --with-gnu-as --with-gnu-ld --enable-__cxa_atexit --disable-checking --enable-clocale=gnu --enable-interpreter --enable-shared --enable-threads=posix --with-system-zlib --with-local-prefix=/opt/gnu --with-cpu=i686 --enable-languages=c,c++,f77,java,objc,ada --enable-nls --verbose
BOOT_CC: gcc version 3.5.0 20040305 (experimental)
BOOT_CFLAGS: -O9 -march=i386 -mtune=i686 -fomit-frame-pointer
CFLAGS: -O9 -march=i386 -mtune=i686 -fomit-frame-pointer
CXXFLAGS: -O9 -march=i386 -mtune=i686 -fomit-frame-pointer -g
GCJFLAGS: -O9 -march=i386 -mtune=i686 -fomit-frame-pointer -g
Native configuration is i686-suse9-linux-gnu
=== acats tests ===
FAIL: c954026
=== acats Summary ===
# of expected passes 2321
# of unexpected failures 1
=== g++ tests ===
Running target unix
WARNING: g++.old-deja/g++.mike/p10769a.C compilation failed to produce executable
WARNING: g++.old-deja/g++.other/enum5.C compilation failed to produce executable
XPASS: g++.old-deja/g++.other/init5.C execution test
WARNING: g++.old-deja/g++.pt/friend44.C compilation failed to produce executable
=== g++ Summary ===
# of expected passes 9690
# of unexpected successes 1
# of expected failures 78
# of unsupported tests 35
/home/gnu/work/GNU/gcc-20040308-i686-suse9-linux-gnu/gcc/testsuite/../g++ version 3.5.0 20040308 (experimental)
=== g77 tests ===
Running target unix
=== g77 Summary ===
# of expected passes 1800
/home/gnu/work/GNU/gcc-20040308-i686-suse9-linux-gnu/gcc/testsuite/../g77 version 3.5.0 20040308 (experimental)
=== gcc tests ===
Running target unix
FAIL: gcc.c-torture/execute/va-arg-25.c execution, -Os
FAIL: gcc.dg/charset/asm2.c not_a_string (test for errors, line 6)
FAIL: gcc.dg/charset/asm2.c not_a_string (test for errors, line 12)
FAIL: gcc.dg/charset/asm2.c (test for excess errors)
=== gcc Summary ===
# of expected passes 24852
# of unexpected failures 4
# of expected failures 64
# of untested testcases 7
# of unsupported tests 186
/home/gnu/work/GNU/gcc-20040308-i686-suse9-linux-gnu/gcc/xgcc version 3.5.0 20040308 (experimental)
=== objc tests ===
Running target unix
=== objc Summary ===
# of expected passes 1341
# of unsupported tests 8
/home/gnu/work/GNU/gcc-20040308-i686-suse9-linux-gnu/gcc/xgcc version 3.5.0 20040308 (experimental)
=== libffi tests ===
Running target unix
=== libffi Summary ===
# of expected passes 212
# of unsupported tests 2
=== libjava tests ===
Running target unix
FAIL: linking simple
=== libjava Summary ===
# of expected passes 3306
# of unexpected failures 1
# of expected failures 15
# of untested testcases 16
=== libstdc++-v3 check-abi Summary ===
# of added symbols: 281
# of missing symbols: 281
# of incompatible symbols: 316
=== libstdc++ tests ===
Running target unix
XPASS: 26_numerics/c99_classification_macros_c.cc (test for excess errors)
FAIL: thread/pthread7-rope.cc execution test
=== libstdc++ Summary ===
# of expected passes 2590
# of unexpected failures 1
# of unexpected successes 1
# of expected failures 5
Counting all warnings,
there are 22 warnings in stage3 of this bootstrap.
Number of warnings per file:
5 gcc/config/i386/i386.md
3 insn-conditions.c
3 gengtype-lex.c
3 gcc/gcc.c
2 gcc/objc/lang-specs.h
1 objc/objc-parse.c
1 gengtype-yacc.c
1 gcc/java/jvspec.c
1 gcc/ada/tracebak.c
1 gcc/ada/lang-specs.h
1 c-parse.c
Number of warning types:
10 string length `???' is greater than the length `???' ISO C89 compilers are required to support
6 old-style parameter declaration
4 source missing a mode?
1 operand 1 missing mode?
1 comparison of unsigned expression < 0 is always false
More information about the Gcc-testresults
mailing list