Results for 3.4.0 20040305 (prerelease) testsuite on s390x-ibm-linux-gnu
Ulrich Weigand
weigand@i1.informatik.uni-erlangen.de
Sat Mar 6 01:25:00 GMT 2004
LAST_UPDATED:
=== acats tests ===
FAIL: ad8011a
FAIL: c37213f
FAIL: c37215f
FAIL: cd2a83c
FAIL: cd2a91c
=== acats Summary ===
# of expected passes 1961
# of unexpected failures 5
# of unsupported tests 356
Native configuration is s390x-ibm-linux-gnu
=== g++ tests ===
Running target unix
FAIL: g++.dg/abi/empty6.C (test for warnings, line 6)
WARNING: g++.old-deja/g++.mike/p10769a.C compilation failed to produce executable
WARNING: g++.old-deja/g++.other/enum5.C compilation failed to produce executable
XPASS: g++.old-deja/g++.other/init5.C execution test
WARNING: g++.old-deja/g++.pt/friend44.C compilation failed to produce executable
=== g++ Summary ===
# of expected passes 9458
# of unexpected failures 1
# of unexpected successes 1
# of expected failures 63
# of unsupported tests 70
/mnt/dasdc1/fsf/gcc-3_4-build/gcc/testsuite/../g++ version 3.4.0 20040305 (prerelease)
=== g77 tests ===
Running target unix
=== g77 Summary ===
# of expected passes 1800
# of unsupported tests 6
/mnt/dasdc1/fsf/gcc-3_4-build/gcc/testsuite/../g77 version 3.4.0 20040305 (prerelease)
=== gcc tests ===
Running target unix
FAIL: gcc.dg/const-elim-1.c scan-assembler-not L\\\\\$?C[^A-Z]
XPASS: gcc.dg/sibcall-3.c execution test
XPASS: gcc.dg/sibcall-4.c execution test
=== gcc Summary ===
# of expected passes 24111
# of unexpected failures 1
# of unexpected successes 2
# of expected failures 69
# of untested testcases 7
# of unsupported tests 309
/mnt/dasdc1/fsf/gcc-3_4-build/gcc/xgcc version 3.4.0 20040305 (prerelease)
=== objc tests ===
Running target unix
=== objc Summary ===
# of expected passes 1341
# of unsupported tests 8
/mnt/dasdc1/fsf/gcc-3_4-build/gcc/xgcc version 3.4.0 20040305 (prerelease)
=== libffi tests ===
Running target unix
=== libffi Summary ===
# of expected passes 212
# of unsupported tests 2
=== libjava tests ===
Running target unix
FAIL: linking simple
=== libjava Summary ===
# of expected passes 3260
# of unexpected failures 1
# of expected failures 11
# of untested testcases 8
=== libstdc++ tests ===
Running target unix
XPASS: 26_numerics/c99_classification_macros_c.cc (test for excess errors)
XPASS: 27_io/fpos/14320-1.cc execution test
=== libstdc++ Summary ===
# of expected passes 2565
# of unexpected successes 2
# of expected failures 4
Compiler version: 3.4.0 20040305 (prerelease)
Platform: s390x-ibm-linux-gnu
configure flags: --prefix=/home/weigand/fsf/gcc-3_4-install --enable-__cxa_atexit --disable-multilib
More information about the Gcc-testresults
mailing list