Results for 3.4.0 20040305 (prerelease) testsuite on i386-unknown-netbsdelf1.6

Krister Walfridsson cato@df.lth.se
Fri Mar 5 23:34:00 GMT 2004


LAST_UPDATED: Fri Mar  5 10:55:43 UTC 2004

Native configuration is i386-unknown-netbsdelf1.6

		=== g++ tests ===


Running target unix
WARNING: g++.old-deja/g++.mike/p10769a.C compilation failed to produce executable
WARNING: g++.old-deja/g++.other/enum5.C compilation failed to produce executable
WARNING: g++.old-deja/g++.pt/friend44.C compilation failed to produce executable

		=== g++ Summary ===

# of expected passes		9485
# of expected failures		64
# of unsupported tests		45
/gcctmp/34gcc040305/build/gcc/testsuite/../g++ version 3.4.0 20040305 (prerelease)

		=== g77 tests ===


Running target unix

		=== g77 Summary ===

# of expected passes		1800
# of unsupported tests		6
/gcctmp/34gcc040305/build/gcc/testsuite/../g77 version 3.4.0 20040305 (prerelease)

		=== gcc tests ===


Running target unix
FAIL: gcc.c-torture/compile/930621-1.c  -O3 -fomit-frame-pointer  (test for excess errors)
FAIL: gcc.c-torture/compile/930621-1.c  -O3 -fomit-frame-pointer -funroll-loops  (test for excess errors)
FAIL: gcc.c-torture/compile/930621-1.c  -O3 -fomit-frame-pointer -funroll-all-loops -finline-functions  (test for excess errors)
FAIL: gcc.c-torture/compile/930621-1.c  -O3 -g  (test for excess errors)
FAIL: gcc.c-torture/execute/conversion.c execution,  -O0 
FAIL: gcc.c-torture/execute/conversion.c execution,  -O1 
FAIL: gcc.c-torture/execute/conversion.c execution,  -O2 
FAIL: gcc.c-torture/execute/conversion.c execution,  -Os 
FAIL: gcc.c-torture/execute/va-arg-25.c execution,  -Os 
FAIL: gcc.c-torture/execute/ieee/rbug.c execution,  -O0 
FAIL: gcc.c-torture/execute/ieee/rbug.c execution,  -O1 
FAIL: gcc.c-torture/execute/ieee/rbug.c execution,  -O2 
FAIL: gcc.c-torture/execute/ieee/rbug.c execution,  -Os 
FAIL: gcc.dg/cpp/assert4.c (test for excess errors)
FAIL: gcc.dg/builtins-20.c (test for excess errors)
FAIL: gcc.dg/const-elim-1.c scan-assembler-not L\\\\\$?C[^A-Z]
FAIL: gcc.dg/visibility-1.c (test for excess errors)
FAIL: gcc.dg/visibility-1.c scan-assembler \\\\.hidden.*foo
FAIL: gcc.dg/visibility-2.c (test for excess errors)
FAIL: gcc.dg/visibility-2.c scan-assembler \\\\.hidden.*foo
FAIL: gcc.dg/visibility-3.c (test for excess errors)
FAIL: gcc.dg/visibility-3.c scan-assembler \\\\.hidden.*xyzzy
FAIL: gcc.dg/visibility-4.c (test for excess errors)
FAIL: gcc.dg/visibility-4.c scan-assembler \\\\.hidden.*xyzzy
FAIL: gcc.dg/visibility-5.c (test for excess errors)
FAIL: gcc.dg/visibility-5.c scan-assembler \\\\.hidden.*foo
FAIL: gcc.dg/visibility-6.c (test for excess errors)
FAIL: gcc.dg/visibility-6.c scan-assembler \\\\.hidden.*xyzzy
FAIL: gcc.dg/visibility-7.c (test for excess errors)
FAIL: gcc.dg/visibility-7.c scan-assembler \\\\.hidden.*xyzzy
FAIL: gcc.dg/visibility-8.c (test for excess errors)
FAIL: gcc.dg/visibility-8.c scan-assembler \\\\.hidden.*__GI_fputs_unlocked

		=== gcc Summary ===

# of expected passes		24334
# of unexpected failures	32
# of expected failures		69
# of untested testcases		7
# of unsupported tests		188
/gcctmp/34gcc040305/build/gcc/xgcc version 3.4.0 20040305 (prerelease)

		=== objc tests ===


Running target unix

		=== objc Summary ===

# of expected passes		1341
# of unsupported tests		8
/gcctmp/34gcc040305/build/gcc/xgcc version 3.4.0 20040305 (prerelease)

		=== libffi tests ===


Running target unix

		=== libffi Summary ===

# of expected passes		212
# of unsupported tests		2
		=== libjava tests ===


Running target unix
FAIL: CompareNaN -O3 execution - bytecode->native test
FAIL: Divide_1 execution - bytecode->native test
FAIL: N19990310_4 -O3 execution - bytecode->native test
FAIL: PR12915 -O3 execution - bytecode->native test
FAIL: Throw_2 execution - source compiled test
FAIL: Throw_2 execution - gij test
FAIL: Throw_2 execution - bytecode->native test
FAIL: Throw_2 -O3 execution - source compiled test
FAIL: Throw_2 execution - gij test
FAIL: Throw_2 -O3 execution - bytecode->native test
FAIL: err8 -O3 execution - bytecode->native test

		=== libjava Summary ===

# of expected passes		3120
# of unexpected failures	11
# of expected failures		10
# of untested testcases		139
		=== libstdc++ tests ===


Running target unix

		=== libstdc++ Summary ===

# of expected passes		1923
# of expected failures		4

Compiler version: 3.4.0 20040305 (prerelease) 
Platform: i386-unknown-netbsdelf1.6
configure flags: --disable-werror



More information about the Gcc-testresults mailing list