Results for 3.5.0 20040302 (experimental) testsuite on sh64-unknown-elf
Joern Rennecke
joern.rennecke@superh.com
Wed Mar 3 06:54:00 GMT 2004
LAST_UPDATED:
Target is sh64-unknown-elf
Host is i686-pc-linux-gnu
=== g++ tests ===
Running target sh64
ERROR: sim.exp: ./tmp.x to be downloaded does not exist.
UNRESOLVED: g++.dg/charset/asm1.c
ERROR: sim.exp: ./tmp.x to be downloaded does not exist.
UNRESOLVED: g++.dg/charset/asm2.c
ERROR: sim.exp: ./tmp.x to be downloaded does not exist.
UNRESOLVED: g++.dg/charset/asm3.c
ERROR: sim.exp: ./tmp.x to be downloaded does not exist.
UNRESOLVED: g++.dg/charset/asm4.c
ERROR: sim.exp: ./tmp.x to be downloaded does not exist.
UNRESOLVED: g++.dg/charset/attribute1.c
ERROR: sim.exp: ./tmp.x to be downloaded does not exist.
UNRESOLVED: g++.dg/charset/attribute2.c
ERROR: sim.exp: ./tmp.x to be downloaded does not exist.
UNRESOLVED: g++.dg/charset/string.c
WARNING: program timed out.
FAIL: g++.dg/compat/eh/unexpected1 cp_compat_x_tst.o-cp_compat_y_tst.o execute
FAIL: g++.dg/abi/bitfield4.C (test for excess errors)
WARNING: g++.dg/abi/bitfield4.C compilation failed to produce executable
FAIL: g++.dg/abi/bitfield5.C (test for warnings, line 10)
WARNING: program timed out.
WARNING: program timed out.
FAIL: g++.dg/eh/registers1.C execution test
WARNING: program timed out.
FAIL: g++.dg/eh/unexpected1.C execution test
FAIL: g++.dg/init/enum2.C (test for excess errors)
FAIL: g++.dg/other/packed1.C execution test
FAIL: g++.dg/parse/varmod1.C (test for errors, line 5)
FAIL: g++.old-deja/g++.abi/cxa_vec.C execution test
FAIL: g++.old-deja/g++.benjamin/bool01.C (test for excess errors)
WARNING: g++.old-deja/g++.benjamin/bool01.C compilation failed to produce executable
FAIL: g++.old-deja/g++.benjamin/p12475.C (test for excess errors)
FAIL: g++.old-deja/g++.bugs/900322_01.C (test for errors, line 46)
FAIL: g++.old-deja/g++.bugs/900322_01.C (test for errors, line 51)
FAIL: g++.old-deja/g++.bugs/900322_01.C (test for errors, line 52)
FAIL: g++.old-deja/g++.bugs/900322_01.C (test for excess errors)
FAIL: g++.old-deja/g++.eh/spec2.C execution test
FAIL: g++.old-deja/g++.jason/rfg10.C (test for excess errors)
XPASS: g++.old-deja/g++.jason/rfg16.C (test for bogus messages, line 5)
FAIL: g++.old-deja/g++.jason/rfg16.C (test for excess errors)
FAIL: g++.old-deja/g++.jason/thunk2.C (test for excess errors)
WARNING: g++.old-deja/g++.jason/thunk2.C compilation failed to produce executable
XPASS: g++.old-deja/g++.jason/thunk3.C execution test
FAIL: g++.old-deja/g++.law/profile1.C (test for excess errors)
WARNING: program timed out.
FAIL: g++.old-deja/g++.mike/eh33.C execution test
WARNING: program timed out.
FAIL: g++.old-deja/g++.mike/eh50.C execution test
WARNING: program timed out.
FAIL: g++.old-deja/g++.mike/eh51.C execution test
WARNING: g++.old-deja/g++.mike/p10769a.C compilation failed to produce executable
WARNING: g++.old-deja/g++.other/enum5.C compilation failed to produce executable
WARNING: g++.old-deja/g++.pt/friend44.C compilation failed to produce executable
=== g++ Summary for sh64 ===
# of expected passes 9528
# of unexpected failures 23
# of unexpected successes 2
# of expected failures 78
# of unresolved testcases 7
# of unsupported tests 80
Running target sh64/-ml
ERROR: sim.exp: ./tmp.x to be downloaded does not exist.
UNRESOLVED: g++.dg/charset/asm1.c
ERROR: sim.exp: ./tmp.x to be downloaded does not exist.
UNRESOLVED: g++.dg/charset/asm2.c
ERROR: sim.exp: ./tmp.x to be downloaded does not exist.
UNRESOLVED: g++.dg/charset/asm3.c
ERROR: sim.exp: ./tmp.x to be downloaded does not exist.
UNRESOLVED: g++.dg/charset/asm4.c
ERROR: sim.exp: ./tmp.x to be downloaded does not exist.
UNRESOLVED: g++.dg/charset/attribute1.c
ERROR: sim.exp: ./tmp.x to be downloaded does not exist.
UNRESOLVED: g++.dg/charset/attribute2.c
ERROR: sim.exp: ./tmp.x to be downloaded does not exist.
UNRESOLVED: g++.dg/charset/string.c
WARNING: program timed out.
FAIL: g++.dg/compat/eh/unexpected1 cp_compat_x_tst.o-cp_compat_y_tst.o execute
FAIL: g++.dg/abi/bitfield4.C (test for excess errors)
WARNING: g++.dg/abi/bitfield4.C compilation failed to produce executable
FAIL: g++.dg/abi/bitfield5.C (test for warnings, line 10)
WARNING: program timed out.
FAIL: g++.dg/eh/forced1.C execution test
WARNING: program timed out.
FAIL: g++.dg/eh/registers1.C execution test
WARNING: program timed out.
FAIL: g++.dg/eh/unexpected1.C execution test
FAIL: g++.dg/init/enum2.C (test for excess errors)
FAIL: g++.dg/other/packed1.C execution test
FAIL: g++.dg/parse/varmod1.C (test for errors, line 5)
FAIL: g++.dg/parse/varmod1.C (test for excess errors)
FAIL: g++.old-deja/g++.abi/cxa_vec.C execution test
FAIL: g++.old-deja/g++.benjamin/bool01.C (test for excess errors)
WARNING: g++.old-deja/g++.benjamin/bool01.C compilation failed to produce executable
FAIL: g++.old-deja/g++.benjamin/p12475.C (test for excess errors)
FAIL: g++.old-deja/g++.bugs/900322_01.C (test for errors, line 46)
FAIL: g++.old-deja/g++.bugs/900322_01.C (test for errors, line 51)
FAIL: g++.old-deja/g++.bugs/900322_01.C (test for errors, line 52)
FAIL: g++.old-deja/g++.bugs/900322_01.C (test for excess errors)
FAIL: g++.old-deja/g++.eh/spec2.C execution test
FAIL: g++.old-deja/g++.eh/spec3.C execution test
FAIL: g++.old-deja/g++.jason/rfg10.C (test for excess errors)
XPASS: g++.old-deja/g++.jason/rfg16.C (test for bogus messages, line 5)
FAIL: g++.old-deja/g++.jason/rfg16.C (test for excess errors)
FAIL: g++.old-deja/g++.jason/thunk2.C (test for excess errors)
WARNING: g++.old-deja/g++.jason/thunk2.C compilation failed to produce executable
XPASS: g++.old-deja/g++.jason/thunk3.C execution test
FAIL: g++.old-deja/g++.law/profile1.C (test for excess errors)
WARNING: program timed out.
FAIL: g++.old-deja/g++.mike/eh33.C execution test
WARNING: program timed out.
FAIL: g++.old-deja/g++.mike/eh50.C execution test
WARNING: program timed out.
FAIL: g++.old-deja/g++.mike/eh51.C execution test
WARNING: g++.old-deja/g++.mike/p10769a.C compilation failed to produce executable
WARNING: g++.old-deja/g++.other/enum5.C compilation failed to produce executable
WARNING: g++.old-deja/g++.pt/friend44.C compilation failed to produce executable
=== g++ Summary for sh64/-ml ===
# of expected passes 9525
# of unexpected failures 26
# of unexpected successes 2
# of expected failures 78
# of unresolved testcases 7
# of unsupported tests 80
Running target sh64/-m5-compact/-ml
ERROR: sim.exp: ./tmp.x to be downloaded does not exist.
UNRESOLVED: g++.dg/charset/asm1.c
ERROR: sim.exp: ./tmp.x to be downloaded does not exist.
UNRESOLVED: g++.dg/charset/asm2.c
ERROR: sim.exp: ./tmp.x to be downloaded does not exist.
UNRESOLVED: g++.dg/charset/asm3.c
ERROR: sim.exp: ./tmp.x to be downloaded does not exist.
UNRESOLVED: g++.dg/charset/asm4.c
ERROR: sim.exp: ./tmp.x to be downloaded does not exist.
UNRESOLVED: g++.dg/charset/attribute1.c
ERROR: sim.exp: ./tmp.x to be downloaded does not exist.
UNRESOLVED: g++.dg/charset/attribute2.c
ERROR: sim.exp: ./tmp.x to be downloaded does not exist.
UNRESOLVED: g++.dg/charset/string.c
FAIL: g++.dg/compat/eh/unexpected1 cp_compat_x_tst.o-cp_compat_y_tst.o execute
FAIL: g++.dg/abi/bitfield4.C (test for excess errors)
WARNING: g++.dg/abi/bitfield4.C compilation failed to produce executable
FAIL: g++.dg/abi/bitfield5.C (test for warnings, line 10)
FAIL: g++.dg/eh/crossjump1.C execution test
FAIL: g++.dg/eh/registers1.C execution test
FAIL: g++.dg/eh/unexpected1.C execution test
FAIL: g++.dg/init/enum2.C (test for excess errors)
FAIL: g++.dg/opt/reg-stack2.C (test for excess errors)
FAIL: g++.dg/other/packed1.C execution test
FAIL: g++.dg/parse/varmod1.C (test for errors, line 5)
FAIL: g++.dg/parse/varmod1.C (test for excess errors)
FAIL: g++.old-deja/g++.abi/cxa_vec.C execution test
FAIL: g++.old-deja/g++.benjamin/bool01.C (test for excess errors)
WARNING: g++.old-deja/g++.benjamin/bool01.C compilation failed to produce executable
FAIL: g++.old-deja/g++.benjamin/p12475.C (test for excess errors)
FAIL: g++.old-deja/g++.bugs/900322_01.C (test for errors, line 46)
FAIL: g++.old-deja/g++.bugs/900322_01.C (test for errors, line 51)
FAIL: g++.old-deja/g++.bugs/900322_01.C (test for errors, line 52)
FAIL: g++.old-deja/g++.bugs/900322_01.C (test for excess errors)
FAIL: g++.old-deja/g++.eh/badalloc1.C execution test
FAIL: g++.old-deja/g++.eh/fntry1.C execution test
FAIL: g++.old-deja/g++.eh/rethrow1.C execution test
FAIL: g++.old-deja/g++.eh/rethrow2.C execution test
FAIL: g++.old-deja/g++.eh/rethrow3.C execution test
FAIL: g++.old-deja/g++.eh/rethrow4.C execution test
FAIL: g++.old-deja/g++.eh/rethrow5.C execution test
FAIL: g++.old-deja/g++.eh/rethrow6.C execution test
FAIL: g++.old-deja/g++.eh/spec2.C execution test
FAIL: g++.old-deja/g++.eh/spec3.C execution test
FAIL: g++.old-deja/g++.jason/rfg10.C (test for excess errors)
XPASS: g++.old-deja/g++.jason/rfg16.C (test for bogus messages, line 5)
FAIL: g++.old-deja/g++.jason/rfg16.C (test for excess errors)
XPASS: g++.old-deja/g++.jason/thunk3.C execution test
FAIL: g++.old-deja/g++.law/profile1.C (test for excess errors)
FAIL: g++.old-deja/g++.mike/eh33.C execution test
FAIL: g++.old-deja/g++.mike/eh39.C execution test
FAIL: g++.old-deja/g++.mike/eh40.C execution test
FAIL: g++.old-deja/g++.mike/eh50.C execution test
FAIL: g++.old-deja/g++.mike/eh51.C execution test
WARNING: g++.old-deja/g++.mike/p10769a.C compilation failed to produce executable
WARNING: g++.old-deja/g++.other/enum5.C compilation failed to produce executable
WARNING: g++.old-deja/g++.pt/friend44.C compilation failed to produce executable
FAIL: g++.old-deja/g++.robertl/eb31.C execution test
=== g++ Summary for sh64/-m5-compact/-ml ===
# of expected passes 9515
# of unexpected failures 37
# of unexpected successes 2
# of expected failures 78
# of unresolved testcases 7
# of unsupported tests 80
=== g++ Summary ===
# of expected passes 28568
# of unexpected failures 86
# of unexpected successes 6
# of expected failures 234
# of unresolved testcases 21
# of unsupported tests 240
/swbuild/nightly/2004-03-02/sh64-elf/gcc/testsuite/../g++ version 3.5.0 20040302 (experimental)
Host is i686-pc-linux-gnu
=== gcc tests ===
Running target sh64
FAIL: gcc.c-torture/execute/builtin-prefetch-6.c execution, -O0
FAIL: gcc.c-torture/execute/builtin-prefetch-6.c execution, -O1
FAIL: gcc.c-torture/execute/builtin-prefetch-6.c execution, -O2
FAIL: gcc.c-torture/execute/builtin-prefetch-6.c execution, -O3 -fomit-frame-pointer
FAIL: gcc.c-torture/execute/builtin-prefetch-6.c execution, -O3 -fomit-frame-pointer -funroll-loops
FAIL: gcc.c-torture/execute/builtin-prefetch-6.c execution, -O3 -fomit-frame-pointer -funroll-all-loops -finline-functions
FAIL: gcc.c-torture/execute/builtin-prefetch-6.c execution, -O3 -g
FAIL: gcc.c-torture/execute/builtin-prefetch-6.c execution, -Os
WARNING: program timed out.
FAIL: gcc.c-torture/execute/nestfunc-6.c execution, -Os
ERROR: sim.exp: ./tmp.x to be downloaded does not exist.
UNRESOLVED: gcc.dg/charset/asm1.c
ERROR: sim.exp: ./tmp.x to be downloaded does not exist.
UNRESOLVED: gcc.dg/charset/asm2.c
ERROR: sim.exp: ./tmp.x to be downloaded does not exist.
UNRESOLVED: gcc.dg/charset/asm3.c
ERROR: sim.exp: ./tmp.x to be downloaded does not exist.
UNRESOLVED: gcc.dg/charset/asm4.c
ERROR: sim.exp: ./tmp.x to be downloaded does not exist.
UNRESOLVED: gcc.dg/charset/asm5.c
ERROR: sim.exp: ./tmp.x to be downloaded does not exist.
UNRESOLVED: gcc.dg/charset/attribute1.c
ERROR: sim.exp: ./tmp.x to be downloaded does not exist.
UNRESOLVED: gcc.dg/charset/attribute2.c
ERROR: sim.exp: ./tmp.x to be downloaded does not exist.
UNRESOLVED: gcc.dg/charset/string.c
FAIL: gcc.dg/20021014-1.c (test for excess errors)
FAIL: gcc.dg/builtins-32.c execution test
FAIL: gcc.dg/c90-intconst-1.c (test for excess errors)
FAIL: gcc.dg/c99-flex-array-1.c not at end (test for errors, line 7)
FAIL: gcc.dg/c99-flex-array-1.c (test for excess errors)
FAIL: gcc.dg/c99-intconst-1.c (test for excess errors)
FAIL: gcc.dg/nest.c (test for excess errors)
=== gcc Summary for sh64 ===
# of expected passes 24301
# of unexpected failures 16
# of expected failures 67
# of unresolved testcases 8
# of untested testcases 7
# of unsupported tests 332
Running target sh64/-ml
FAIL: gcc.c-torture/execute/builtin-prefetch-6.c execution, -O0
FAIL: gcc.c-torture/execute/builtin-prefetch-6.c execution, -O1
FAIL: gcc.c-torture/execute/builtin-prefetch-6.c execution, -O2
FAIL: gcc.c-torture/execute/builtin-prefetch-6.c execution, -O3 -fomit-frame-pointer
FAIL: gcc.c-torture/execute/builtin-prefetch-6.c execution, -O3 -fomit-frame-pointer -funroll-loops
FAIL: gcc.c-torture/execute/builtin-prefetch-6.c execution, -O3 -fomit-frame-pointer -funroll-all-loops -finline-functions
FAIL: gcc.c-torture/execute/builtin-prefetch-6.c execution, -O3 -g
FAIL: gcc.c-torture/execute/builtin-prefetch-6.c execution, -Os
WARNING: program timed out.
FAIL: gcc.c-torture/execute/nestfunc-6.c execution, -Os
ERROR: sim.exp: ./tmp.x to be downloaded does not exist.
UNRESOLVED: gcc.dg/charset/asm1.c
ERROR: sim.exp: ./tmp.x to be downloaded does not exist.
UNRESOLVED: gcc.dg/charset/asm2.c
ERROR: sim.exp: ./tmp.x to be downloaded does not exist.
UNRESOLVED: gcc.dg/charset/asm3.c
ERROR: sim.exp: ./tmp.x to be downloaded does not exist.
UNRESOLVED: gcc.dg/charset/asm4.c
ERROR: sim.exp: ./tmp.x to be downloaded does not exist.
UNRESOLVED: gcc.dg/charset/asm5.c
ERROR: sim.exp: ./tmp.x to be downloaded does not exist.
UNRESOLVED: gcc.dg/charset/attribute1.c
ERROR: sim.exp: ./tmp.x to be downloaded does not exist.
UNRESOLVED: gcc.dg/charset/attribute2.c
ERROR: sim.exp: ./tmp.x to be downloaded does not exist.
UNRESOLVED: gcc.dg/charset/string.c
FAIL: gcc.dg/20021014-1.c (test for excess errors)
FAIL: gcc.dg/c90-intconst-1.c (test for excess errors)
FAIL: gcc.dg/c99-flex-array-1.c not at end (test for errors, line 7)
FAIL: gcc.dg/c99-flex-array-1.c (test for excess errors)
FAIL: gcc.dg/c99-intconst-1.c (test for excess errors)
FAIL: gcc.dg/nest.c (test for excess errors)
=== gcc Summary for sh64/-ml ===
# of expected passes 24302
# of unexpected failures 15
# of expected failures 67
# of unresolved testcases 8
# of untested testcases 7
# of unsupported tests 332
Running target sh64/-m5-compact/-ml
XPASS: gcc.c-torture/execute/20020227-1.c execution, -O0
XPASS: gcc.c-torture/execute/20020227-1.c execution, -O1
XPASS: gcc.c-torture/execute/20020227-1.c execution, -O2
XPASS: gcc.c-torture/execute/20020227-1.c execution, -O3 -fomit-frame-pointer
XPASS: gcc.c-torture/execute/20020227-1.c execution, -O3 -g
XPASS: gcc.c-torture/execute/20020227-1.c execution, -Os
FAIL: gcc.c-torture/execute/20020720-1.c compilation, -O1
UNRESOLVED: gcc.c-torture/execute/20020720-1.c execution, -O1
FAIL: gcc.c-torture/execute/20020720-1.c compilation, -O2
UNRESOLVED: gcc.c-torture/execute/20020720-1.c execution, -O2
FAIL: gcc.c-torture/execute/20020720-1.c compilation, -O3 -fomit-frame-pointer
UNRESOLVED: gcc.c-torture/execute/20020720-1.c execution, -O3 -fomit-frame-pointer
FAIL: gcc.c-torture/execute/20020720-1.c compilation, -O3 -g
UNRESOLVED: gcc.c-torture/execute/20020720-1.c execution, -O3 -g
FAIL: gcc.c-torture/execute/20020720-1.c compilation, -Os
UNRESOLVED: gcc.c-torture/execute/20020720-1.c execution, -Os
ERROR: sim.exp: ./tmp.x to be downloaded does not exist.
UNRESOLVED: gcc.dg/charset/asm1.c
ERROR: sim.exp: ./tmp.x to be downloaded does not exist.
UNRESOLVED: gcc.dg/charset/asm2.c
ERROR: sim.exp: ./tmp.x to be downloaded does not exist.
UNRESOLVED: gcc.dg/charset/asm3.c
ERROR: sim.exp: ./tmp.x to be downloaded does not exist.
UNRESOLVED: gcc.dg/charset/asm4.c
ERROR: sim.exp: ./tmp.x to be downloaded does not exist.
UNRESOLVED: gcc.dg/charset/asm5.c
ERROR: sim.exp: ./tmp.x to be downloaded does not exist.
UNRESOLVED: gcc.dg/charset/attribute1.c
ERROR: sim.exp: ./tmp.x to be downloaded does not exist.
UNRESOLVED: gcc.dg/charset/attribute2.c
ERROR: sim.exp: ./tmp.x to be downloaded does not exist.
UNRESOLVED: gcc.dg/charset/string.c
FAIL: gcc.dg/20021014-1.c (test for excess errors)
FAIL: gcc.dg/c90-intconst-1.c (test for excess errors)
FAIL: gcc.dg/c99-flex-array-1.c not at end (test for errors, line 7)
FAIL: gcc.dg/c99-flex-array-1.c (test for excess errors)
FAIL: gcc.dg/c99-intconst-1.c (test for excess errors)
FAIL: gcc.dg/nest.c (test for excess errors)
XPASS: gcc.dg/uninit-4.c uninitialized variable warning (test for bogus messages, line 26)
=== gcc Summary for sh64/-m5-compact/-ml ===
# of expected passes 24301
# of unexpected failures 11
# of unexpected successes 7
# of expected failures 60
# of unresolved testcases 13
# of untested testcases 7
# of unsupported tests 332
=== gcc Summary ===
# of expected passes 72904
# of unexpected failures 42
# of unexpected successes 7
# of expected failures 194
# of unresolved testcases 29
# of untested testcases 21
# of unsupported tests 996
/swbuild/nightly/2004-03-02/sh64-elf/gcc/xgcc version 3.5.0 20040302 (experimental)
Host is i686-pc-linux-gnu
=== objc tests ===
Running target sh64
FAIL: objc/execute/bf-10.m execution, -O0
FAIL: objc/execute/bf-10.m execution, -O1
FAIL: objc/execute/bf-10.m execution, -O2
FAIL: objc/execute/bf-10.m execution, -O3 -fomit-frame-pointer
FAIL: objc/execute/bf-10.m execution, -O3 -g
FAIL: objc/execute/bf-10.m execution, -Os
FAIL: objc/execute/bf-11.m execution, -O0
FAIL: objc/execute/bf-11.m execution, -O1
FAIL: objc/execute/bf-11.m execution, -O2
FAIL: objc/execute/bf-11.m execution, -O3 -fomit-frame-pointer
FAIL: objc/execute/bf-11.m execution, -O3 -g
FAIL: objc/execute/bf-11.m execution, -Os
FAIL: objc/execute/bf-12.m execution, -O0
FAIL: objc/execute/bf-12.m execution, -O1
FAIL: objc/execute/bf-12.m execution, -O2
FAIL: objc/execute/bf-12.m execution, -O3 -fomit-frame-pointer
FAIL: objc/execute/bf-12.m execution, -O3 -g
FAIL: objc/execute/bf-12.m execution, -Os
FAIL: objc/execute/bf-5.m execution, -O0
FAIL: objc/execute/bf-5.m execution, -O1
FAIL: objc/execute/bf-5.m execution, -O2
FAIL: objc/execute/bf-5.m execution, -O3 -fomit-frame-pointer
FAIL: objc/execute/bf-5.m execution, -O3 -g
FAIL: objc/execute/bf-5.m execution, -Os
FAIL: objc/execute/bf-6.m execution, -O0
FAIL: objc/execute/bf-6.m execution, -O1
FAIL: objc/execute/bf-6.m execution, -O2
FAIL: objc/execute/bf-6.m execution, -O3 -fomit-frame-pointer
FAIL: objc/execute/bf-6.m execution, -O3 -g
FAIL: objc/execute/bf-6.m execution, -Os
FAIL: objc/execute/bf-7.m execution, -O0
FAIL: objc/execute/bf-7.m execution, -O1
FAIL: objc/execute/bf-7.m execution, -O2
FAIL: objc/execute/bf-7.m execution, -O3 -fomit-frame-pointer
FAIL: objc/execute/bf-7.m execution, -O3 -g
FAIL: objc/execute/bf-7.m execution, -Os
FAIL: objc/execute/bf-8.m execution, -O0
FAIL: objc/execute/bf-8.m execution, -O1
FAIL: objc/execute/bf-8.m execution, -O2
FAIL: objc/execute/bf-8.m execution, -O3 -fomit-frame-pointer
FAIL: objc/execute/bf-8.m execution, -O3 -g
FAIL: objc/execute/bf-8.m execution, -Os
FAIL: objc/execute/bf-9.m execution, -O0
FAIL: objc/execute/bf-9.m execution, -O1
FAIL: objc/execute/bf-9.m execution, -O2
FAIL: objc/execute/bf-9.m execution, -O3 -fomit-frame-pointer
FAIL: objc/execute/bf-9.m execution, -O3 -g
FAIL: objc/execute/bf-9.m execution, -Os
FAIL: objc.dg/bitfield-3.m (test for excess errors)
=== objc Summary for sh64 ===
# of expected passes 1292
# of unexpected failures 49
# of unsupported tests 8
Running target sh64/-ml
FAIL: objc/execute/bf-10.m execution, -O0
FAIL: objc/execute/bf-10.m execution, -O1
FAIL: objc/execute/bf-10.m execution, -O2
FAIL: objc/execute/bf-10.m execution, -O3 -fomit-frame-pointer
FAIL: objc/execute/bf-10.m execution, -O3 -g
FAIL: objc/execute/bf-10.m execution, -Os
FAIL: objc/execute/bf-11.m execution, -O0
FAIL: objc/execute/bf-11.m execution, -O1
FAIL: objc/execute/bf-11.m execution, -O2
FAIL: objc/execute/bf-11.m execution, -O3 -fomit-frame-pointer
FAIL: objc/execute/bf-11.m execution, -O3 -g
FAIL: objc/execute/bf-11.m execution, -Os
FAIL: objc/execute/bf-12.m execution, -O0
FAIL: objc/execute/bf-12.m execution, -O1
FAIL: objc/execute/bf-12.m execution, -O2
FAIL: objc/execute/bf-12.m execution, -O3 -fomit-frame-pointer
FAIL: objc/execute/bf-12.m execution, -O3 -g
FAIL: objc/execute/bf-12.m execution, -Os
FAIL: objc/execute/bf-5.m execution, -O0
FAIL: objc/execute/bf-5.m execution, -O1
FAIL: objc/execute/bf-5.m execution, -O2
FAIL: objc/execute/bf-5.m execution, -O3 -fomit-frame-pointer
FAIL: objc/execute/bf-5.m execution, -O3 -g
FAIL: objc/execute/bf-5.m execution, -Os
FAIL: objc/execute/bf-6.m execution, -O0
FAIL: objc/execute/bf-6.m execution, -O1
FAIL: objc/execute/bf-6.m execution, -O2
FAIL: objc/execute/bf-6.m execution, -O3 -fomit-frame-pointer
FAIL: objc/execute/bf-6.m execution, -O3 -g
FAIL: objc/execute/bf-6.m execution, -Os
FAIL: objc/execute/bf-7.m execution, -O0
FAIL: objc/execute/bf-7.m execution, -O1
FAIL: objc/execute/bf-7.m execution, -O2
FAIL: objc/execute/bf-7.m execution, -O3 -fomit-frame-pointer
FAIL: objc/execute/bf-7.m execution, -O3 -g
FAIL: objc/execute/bf-7.m execution, -Os
FAIL: objc/execute/bf-8.m execution, -O0
FAIL: objc/execute/bf-8.m execution, -O1
FAIL: objc/execute/bf-8.m execution, -O2
FAIL: objc/execute/bf-8.m execution, -O3 -fomit-frame-pointer
FAIL: objc/execute/bf-8.m execution, -O3 -g
FAIL: objc/execute/bf-8.m execution, -Os
FAIL: objc/execute/bf-9.m execution, -O0
FAIL: objc/execute/bf-9.m execution, -O1
FAIL: objc/execute/bf-9.m execution, -O2
FAIL: objc/execute/bf-9.m execution, -O3 -fomit-frame-pointer
FAIL: objc/execute/bf-9.m execution, -O3 -g
FAIL: objc/execute/bf-9.m execution, -Os
FAIL: objc.dg/bitfield-3.m (test for excess errors)
=== objc Summary for sh64/-ml ===
# of expected passes 1292
# of unexpected failures 49
# of unsupported tests 8
Running target sh64/-m5-compact/-ml
FAIL: objc/execute/bf-10.m execution, -O0
FAIL: objc/execute/bf-10.m execution, -O1
FAIL: objc/execute/bf-10.m execution, -O2
FAIL: objc/execute/bf-10.m execution, -O3 -fomit-frame-pointer
FAIL: objc/execute/bf-10.m execution, -O3 -g
FAIL: objc/execute/bf-10.m execution, -Os
FAIL: objc/execute/bf-11.m execution, -O0
FAIL: objc/execute/bf-11.m execution, -O1
FAIL: objc/execute/bf-11.m execution, -O2
FAIL: objc/execute/bf-11.m execution, -O3 -fomit-frame-pointer
FAIL: objc/execute/bf-11.m execution, -O3 -g
FAIL: objc/execute/bf-11.m execution, -Os
FAIL: objc/execute/bf-12.m execution, -O0
FAIL: objc/execute/bf-12.m execution, -O1
FAIL: objc/execute/bf-12.m execution, -O2
FAIL: objc/execute/bf-12.m execution, -O3 -fomit-frame-pointer
FAIL: objc/execute/bf-12.m execution, -O3 -g
FAIL: objc/execute/bf-12.m execution, -Os
FAIL: objc/execute/bf-5.m execution, -O0
FAIL: objc/execute/bf-5.m execution, -O1
FAIL: objc/execute/bf-5.m execution, -O2
FAIL: objc/execute/bf-5.m execution, -O3 -fomit-frame-pointer
FAIL: objc/execute/bf-5.m execution, -O3 -g
FAIL: objc/execute/bf-5.m execution, -Os
FAIL: objc/execute/bf-6.m execution, -O0
FAIL: objc/execute/bf-6.m execution, -O1
FAIL: objc/execute/bf-6.m execution, -O2
FAIL: objc/execute/bf-6.m execution, -O3 -fomit-frame-pointer
FAIL: objc/execute/bf-6.m execution, -O3 -g
FAIL: objc/execute/bf-6.m execution, -Os
FAIL: objc/execute/bf-7.m execution, -O0
FAIL: objc/execute/bf-7.m execution, -O1
FAIL: objc/execute/bf-7.m execution, -O2
FAIL: objc/execute/bf-7.m execution, -O3 -fomit-frame-pointer
FAIL: objc/execute/bf-7.m execution, -O3 -g
FAIL: objc/execute/bf-7.m execution, -Os
FAIL: objc/execute/bf-8.m execution, -O0
FAIL: objc/execute/bf-8.m execution, -O1
FAIL: objc/execute/bf-8.m execution, -O2
FAIL: objc/execute/bf-8.m execution, -O3 -fomit-frame-pointer
FAIL: objc/execute/bf-8.m execution, -O3 -g
FAIL: objc/execute/bf-8.m execution, -Os
FAIL: objc/execute/bf-9.m execution, -O0
FAIL: objc/execute/bf-9.m execution, -O1
FAIL: objc/execute/bf-9.m execution, -O2
FAIL: objc/execute/bf-9.m execution, -O3 -fomit-frame-pointer
FAIL: objc/execute/bf-9.m execution, -O3 -g
FAIL: objc/execute/bf-9.m execution, -Os
FAIL: objc.dg/bitfield-3.m (test for excess errors)
=== objc Summary for sh64/-m5-compact/-ml ===
# of expected passes 1292
# of unexpected failures 49
# of unsupported tests 8
=== objc Summary ===
# of expected passes 3876
# of unexpected failures 147
# of unsupported tests 24
/swbuild/nightly/2004-03-02/sh64-elf/gcc/xgcc version 3.5.0 20040302 (experimental)
Compiler version: 3.5.0 20040302 (experimental)
Platform: sh64-unknown-elf
configure flags: --target=sh64-elf --with-headers --with-newlib,;t t
More information about the Gcc-testresults
mailing list