Results for 3.3.3-hammer testsuite on i586-suse-linux-gnu
Robert Schiele
rschiele@uni-mannheim.de
Wed Mar 3 06:38:00 GMT 2004
LAST_UPDATED: Wed Mar 3 01:29:51 UTC 2004
Native configuration is i586-suse-linux-gnu
=== g77 tests ===
Running target unix
=== g77 Summary ===
# of expected passes 1720
# of unsupported tests 8
/local/build/gcc/testsuite/../g77 version 3.3.3-hammer
=== gcc tests ===
Running target unix
FAIL: gcc.dg/duff-2.c (test for excess errors)
FAIL: gcc.dg/noreturn-1.c detect falling off end of noreturn (test for warnings, line 10)
FAIL: gcc.dg/noreturn-1.c this function should not get any warnings (test for bogus messages, line 18)
FAIL: gcc.dg/return-type-1.c warning for falling off end of non-void function (test for warnings, line 8)
FAIL: gcc.dg/return-type-1.c (test for excess errors)
FAIL: gcc.dg/warn-1.c (test for warnings, line 8)
FAIL: gcc.dg/warn-1.c (test for warnings, line 15)
=== gcc Summary ===
# of expected passes 21326
# of unexpected failures 7
# of expected failures 69
# of unsupported tests 106
/local/build/gcc/xgcc version 3.3.3-hammer
=== g++ tests ===
Running target unix
FAIL: g++.dg/overload/template1.C (test for excess errors)
FAIL: 14:is 2:should be 1
FAIL: g++.dg/gcov/gcov-3.C gcov: 1 failures in line counts, 0 in branch percentages, 0 in return percentages
XPASS: g++.other/init5.C Execution test
=== g++ Summary ===
# of expected passes 8218
# of unexpected failures 3
# of unexpected successes 1
# of expected failures 93
# of untested testcases 9
# of unsupported tests 18
/local/build/gcc/testsuite/../g++ version 3.3.3-hammer
=== objc tests ===
Running target unix
=== objc Summary ===
# of expected passes 1166
/local/build/gcc/xgcc version 3.3.3-hammer
=== libstdc++-v3 check-abi Summary ===
# of added symbols: 0
# of missing symbols: 2
# of incompatible symbols: 2
=== libstdc++-v3 tests ===
Running target unix
XPASS: 22_locale/collate_byname.cc execution test
XPASS: 22_locale/collate_members_char.cc execution test
XPASS: 22_locale/collate_members_wchar_t.cc execution test
XPASS: 22_locale/ctype_is_char.cc execution test
XPASS: 22_locale/ctype_is_wchar_t.cc execution test
XPASS: 22_locale/members.cc execution test
XPASS: 22_locale/messages_byname.cc execution test
XPASS: 22_locale/messages_members_char.cc execution test
XPASS: 22_locale/money_get_members_char.cc execution test
XPASS: 22_locale/money_get_members_wchar_t.cc execution test
XPASS: 22_locale/money_put_members_char.cc execution test
XPASS: 22_locale/money_put_members_wchar_t.cc execution test
XPASS: 22_locale/moneypunct_byname.cc execution test
XPASS: 22_locale/moneypunct_members_char.cc execution test
XPASS: 22_locale/moneypunct_members_wchar_t.cc execution test
XPASS: 22_locale/num_get_members_char.cc execution test
XPASS: 22_locale/num_get_members_wchar_t.cc execution test
XPASS: 22_locale/num_put_members_char.cc execution test
XPASS: 22_locale/num_put_members_wchar_t.cc execution test
XPASS: 22_locale/numpunct_byname.cc execution test
XPASS: 22_locale/numpunct_members_char.cc execution test
XPASS: 22_locale/numpunct_members_wchar_t.cc execution test
XPASS: 22_locale/time_get_members_char.cc execution test
XPASS: 22_locale/time_get_members_wchar_t.cc execution test
XPASS: 22_locale/time_put_members_char.cc execution test
XPASS: 22_locale/time_put_members_wchar_t.cc execution test
=== libstdc++-v3 Summary ===
# of expected passes 433
# of unexpected successes 26
# of expected failures 2
Compiler version: 3.3.3-hammer
Platform: i586-suse-linux-gnu
configure flags: --host=i586-suse-linux --enable-threads=posix --prefix=/local/inst/gcchammer --enable-languages=c,c++,f77,objc --disable-checking --disable-libgcj --with-gxx-include-dir=/local/inst/gcchammer/include/g++ --with-system-zlib --enable-shared --enable-__cxa_atexit
More information about the Gcc-testresults
mailing list