Results for 3.4.0 20040302 (prerelease) testsuite on mips-sgi-irix6.5
Kaveh R. Ghazi
ghazi@caip.rutgers.edu
Wed Mar 3 03:04:00 GMT 2004
LAST_UPDATED:
Native configuration is mips-sgi-irix6.5
=== g++ tests ===
Running target unix/-mabi=64
FAIL: g++.dg/expr/anew1.C execution test
FAIL: g++.dg/expr/anew2.C execution test
FAIL: g++.dg/expr/anew3.C execution test
FAIL: g++.dg/expr/anew4.C execution test
FAIL: g++.dg/pch/system-1.C -g assembly comparison
FAIL: g++.dg/pch/system-2.C -g assembly comparison
XPASS: g++.old-deja/g++.jason/thunk3.C execution test
WARNING: g++.old-deja/g++.mike/p10769a.C compilation failed to produce executable
WARNING: g++.old-deja/g++.other/enum5.C compilation failed to produce executable
WARNING: g++.old-deja/g++.pt/friend44.C compilation failed to produce executable
=== g++ Summary for unix/-mabi=64 ===
# of expected passes 9104
# of unexpected failures 6
# of unexpected successes 1
# of expected failures 64
# of unsupported tests 74
Running target unix/-mabi=32
FAIL: g++.dg/expr/anew1.C execution test
FAIL: g++.dg/expr/anew2.C execution test
FAIL: g++.dg/expr/anew3.C execution test
FAIL: g++.dg/expr/anew4.C execution test
FAIL: g++.dg/parse/attr-ctor1.C (test for bogus messages, line 9)
XPASS: g++.old-deja/g++.jason/thunk3.C execution test
WARNING: g++.old-deja/g++.mike/p10769a.C compilation failed to produce executable
WARNING: g++.old-deja/g++.other/enum5.C compilation failed to produce executable
WARNING: g++.old-deja/g++.pt/friend44.C compilation failed to produce executable
=== g++ Summary for unix/-mabi=32 ===
# of expected passes 9870
# of unexpected failures 5
# of unexpected successes 1
# of expected failures 64
# of unsupported tests 74
Running target unix/-mips4
FAIL: g++.dg/expr/anew1.C execution test
FAIL: g++.dg/expr/anew2.C execution test
FAIL: g++.dg/expr/anew3.C execution test
FAIL: g++.dg/expr/anew4.C execution test
FAIL: g++.dg/pch/system-1.C -g assembly comparison
FAIL: g++.dg/pch/system-2.C -g assembly comparison
XPASS: g++.old-deja/g++.jason/thunk3.C execution test
WARNING: g++.old-deja/g++.mike/p10769a.C compilation failed to produce executable
WARNING: g++.old-deja/g++.other/enum5.C compilation failed to produce executable
WARNING: g++.old-deja/g++.pt/friend44.C compilation failed to produce executable
=== g++ Summary for unix/-mips4 ===
# of expected passes 9104
# of unexpected failures 6
# of unexpected successes 1
# of expected failures 64
# of unsupported tests 74
Running target unix
FAIL: g++.dg/expr/anew1.C execution test
FAIL: g++.dg/expr/anew2.C execution test
FAIL: g++.dg/expr/anew3.C execution test
FAIL: g++.dg/expr/anew4.C execution test
FAIL: g++.dg/pch/system-1.C -g assembly comparison
FAIL: g++.dg/pch/system-2.C -g assembly comparison
XPASS: g++.old-deja/g++.jason/thunk3.C execution test
WARNING: g++.old-deja/g++.mike/p10769a.C compilation failed to produce executable
WARNING: g++.old-deja/g++.other/enum5.C compilation failed to produce executable
WARNING: g++.old-deja/g++.pt/friend44.C compilation failed to produce executable
=== g++ Summary for unix ===
# of expected passes 9104
# of unexpected failures 6
# of unexpected successes 1
# of expected failures 64
# of unsupported tests 74
=== g++ Summary ===
# of expected passes 37182
# of unexpected failures 23
# of unexpected successes 4
# of expected failures 256
# of unsupported tests 296
/caip/u58/ghazi/gcc-testing/branch4/build/gcc/testsuite/../g++ version 3.4.0 20040302 (prerelease)
=== g77 tests ===
Running target unix/-mabi=64
=== g77 Summary for unix/-mabi=64 ===
# of expected passes 1800
# of unsupported tests 6
Running target unix/-mabi=32
FAIL: g77.dg/f77-edit-apostrophe-out.f (test for excess errors)
WARNING: g77.dg/f77-edit-apostrophe-out.f compilation failed to produce executable
FAIL: g77.dg/f77-edit-apostrophe-out.f (test for excess errors)
WARNING: g77.dg/f77-edit-apostrophe-out.f compilation failed to produce executable
FAIL: g77.dg/f77-edit-apostrophe-out.f (test for excess errors)
WARNING: g77.dg/f77-edit-apostrophe-out.f compilation failed to produce executable
FAIL: g77.dg/f77-edit-apostrophe-out.f (test for excess errors)
WARNING: g77.dg/f77-edit-apostrophe-out.f compilation failed to produce executable
FAIL: g77.dg/f77-edit-apostrophe-out.f (test for excess errors)
WARNING: g77.dg/f77-edit-apostrophe-out.f compilation failed to produce executable
FAIL: g77.dg/f77-edit-apostrophe-out.f (test for excess errors)
WARNING: g77.dg/f77-edit-apostrophe-out.f compilation failed to produce executable
FAIL: g77.dg/f77-edit-apostrophe-out.f (test for excess errors)
WARNING: g77.dg/f77-edit-apostrophe-out.f compilation failed to produce executable
FAIL: g77.dg/f77-edit-apostrophe-out.f (test for excess errors)
WARNING: g77.dg/f77-edit-apostrophe-out.f compilation failed to produce executable
FAIL: g77.dg/fbackslash.f (test for excess errors)
WARNING: g77.dg/fbackslash.f compilation failed to produce executable
FAIL: g77.dg/fbackslash.f (test for excess errors)
WARNING: g77.dg/fbackslash.f compilation failed to produce executable
FAIL: g77.dg/fbackslash.f (test for excess errors)
WARNING: g77.dg/fbackslash.f compilation failed to produce executable
FAIL: g77.dg/fbackslash.f (test for excess errors)
WARNING: g77.dg/fbackslash.f compilation failed to produce executable
FAIL: g77.dg/fbackslash.f (test for excess errors)
WARNING: g77.dg/fbackslash.f compilation failed to produce executable
FAIL: g77.dg/fbackslash.f (test for excess errors)
WARNING: g77.dg/fbackslash.f compilation failed to produce executable
FAIL: g77.dg/fcase-preserve.f (test for excess errors)
WARNING: g77.dg/fcase-preserve.f compilation failed to produce executable
FAIL: g77.dg/fcase-preserve.f (test for excess errors)
WARNING: g77.dg/fcase-preserve.f compilation failed to produce executable
FAIL: g77.dg/fcase-preserve.f (test for excess errors)
WARNING: g77.dg/fcase-preserve.f compilation failed to produce executable
FAIL: g77.dg/fcase-preserve.f (test for excess errors)
WARNING: g77.dg/fcase-preserve.f compilation failed to produce executable
FAIL: g77.dg/fcase-preserve.f (test for excess errors)
WARNING: g77.dg/fcase-preserve.f compilation failed to produce executable
FAIL: g77.dg/fcase-preserve.f (test for excess errors)
WARNING: g77.dg/fcase-preserve.f compilation failed to produce executable
FAIL: g77.dg/fno-backslash.f (test for excess errors)
WARNING: g77.dg/fno-backslash.f compilation failed to produce executable
FAIL: g77.dg/fno-backslash.f (test for excess errors)
WARNING: g77.dg/fno-backslash.f compilation failed to produce executable
FAIL: g77.dg/fno-backslash.f (test for excess errors)
WARNING: g77.dg/fno-backslash.f compilation failed to produce executable
FAIL: g77.dg/fno-backslash.f (test for excess errors)
WARNING: g77.dg/fno-backslash.f compilation failed to produce executable
FAIL: g77.dg/fno-backslash.f (test for excess errors)
WARNING: g77.dg/fno-backslash.f compilation failed to produce executable
FAIL: g77.dg/fno-backslash.f (test for excess errors)
WARNING: g77.dg/fno-backslash.f compilation failed to produce executable
FAIL: g77.dg/fno-onetrip.f (test for excess errors)
WARNING: g77.dg/fno-onetrip.f compilation failed to produce executable
FAIL: g77.dg/fno-onetrip.f (test for excess errors)
WARNING: g77.dg/fno-onetrip.f compilation failed to produce executable
FAIL: g77.dg/fno-onetrip.f (test for excess errors)
WARNING: g77.dg/fno-onetrip.f compilation failed to produce executable
FAIL: g77.dg/fno-onetrip.f (test for excess errors)
WARNING: g77.dg/fno-onetrip.f compilation failed to produce executable
FAIL: g77.dg/fno-onetrip.f (test for excess errors)
WARNING: g77.dg/fno-onetrip.f compilation failed to produce executable
FAIL: g77.dg/fno-onetrip.f (test for excess errors)
WARNING: g77.dg/fno-onetrip.f compilation failed to produce executable
FAIL: g77.dg/pr3743-1.f (test for excess errors)
FAIL: g77.dg/pr3743-1.f (test for excess errors)
FAIL: g77.dg/pr3743-1.f (test for excess errors)
FAIL: g77.dg/pr3743-1.f (test for excess errors)
FAIL: g77.dg/pr3743-1.f (test for excess errors)
FAIL: g77.dg/pr3743-1.f (test for excess errors)
FAIL: g77.dg/pr3743-2.f (test for excess errors)
FAIL: g77.dg/pr3743-2.f (test for excess errors)
FAIL: g77.dg/pr3743-2.f (test for excess errors)
FAIL: g77.dg/pr3743-2.f (test for excess errors)
FAIL: g77.dg/pr3743-2.f (test for excess errors)
FAIL: g77.dg/pr3743-2.f (test for excess errors)
FAIL: g77.dg/pr3743-3.f (test for excess errors)
FAIL: g77.dg/pr3743-3.f (test for excess errors)
FAIL: g77.dg/pr3743-3.f (test for excess errors)
FAIL: g77.dg/pr3743-3.f (test for excess errors)
FAIL: g77.dg/pr3743-3.f (test for excess errors)
FAIL: g77.dg/pr3743-3.f (test for excess errors)
FAIL: g77.dg/pr3743-4.f (test for excess errors)
FAIL: g77.dg/pr3743-4.f (test for excess errors)
FAIL: g77.dg/pr3743-4.f (test for excess errors)
FAIL: g77.dg/pr3743-4.f (test for excess errors)
FAIL: g77.dg/pr3743-4.f (test for excess errors)
FAIL: g77.dg/pr3743-4.f (test for excess errors)
FAIL: g77.f-torture/execute/19981119-0.f compilation, -O0
FAIL: g77.f-torture/execute/19981119-0.f compilation, -O1
FAIL: g77.f-torture/execute/19981119-0.f compilation, -O2
FAIL: g77.f-torture/execute/19981119-0.f compilation, -O3 -fomit-frame-pointer
FAIL: g77.f-torture/execute/19981119-0.f compilation, -O3 -g
FAIL: g77.f-torture/execute/19981119-0.f compilation, -Os
FAIL: g77.f-torture/execute/19990313-0.f compilation, -O0
FAIL: g77.f-torture/execute/19990313-0.f compilation, -O1
FAIL: g77.f-torture/execute/19990313-0.f compilation, -O2
FAIL: g77.f-torture/execute/19990313-0.f compilation, -O3 -fomit-frame-pointer
FAIL: g77.f-torture/execute/19990313-0.f compilation, -O3 -g
FAIL: g77.f-torture/execute/19990313-0.f compilation, -Os
FAIL: g77.f-torture/execute/19990313-1.f compilation, -O0
FAIL: g77.f-torture/execute/19990313-1.f compilation, -O1
FAIL: g77.f-torture/execute/19990313-1.f compilation, -O2
FAIL: g77.f-torture/execute/19990313-1.f compilation, -O3 -fomit-frame-pointer
FAIL: g77.f-torture/execute/19990313-1.f compilation, -O3 -g
FAIL: g77.f-torture/execute/19990313-1.f compilation, -Os
FAIL: g77.f-torture/execute/19990313-2.f compilation, -O0
FAIL: g77.f-torture/execute/19990313-2.f compilation, -O1
FAIL: g77.f-torture/execute/19990313-2.f compilation, -O2
FAIL: g77.f-torture/execute/19990313-2.f compilation, -O3 -fomit-frame-pointer
FAIL: g77.f-torture/execute/19990313-2.f compilation, -O3 -g
FAIL: g77.f-torture/execute/19990313-2.f compilation, -Os
FAIL: g77.f-torture/execute/19990313-3.f compilation, -O0
FAIL: g77.f-torture/execute/19990313-3.f compilation, -O1
FAIL: g77.f-torture/execute/19990313-3.f compilation, -O2
FAIL: g77.f-torture/execute/19990313-3.f compilation, -O3 -fomit-frame-pointer
FAIL: g77.f-torture/execute/19990313-3.f compilation, -O3 -g
FAIL: g77.f-torture/execute/19990313-3.f compilation, -Os
FAIL: g77.f-torture/execute/19990419-1.f compilation, -O0
FAIL: g77.f-torture/execute/19990419-1.f compilation, -O1
FAIL: g77.f-torture/execute/19990419-1.f compilation, -O2
FAIL: g77.f-torture/execute/19990419-1.f compilation, -O3 -fomit-frame-pointer
FAIL: g77.f-torture/execute/19990419-1.f compilation, -O3 -fomit-frame-pointer -funroll-loops
FAIL: g77.f-torture/execute/19990419-1.f compilation, -O3 -fomit-frame-pointer -funroll-all-loops -finline-functions
FAIL: g77.f-torture/execute/19990419-1.f compilation, -O3 -g
FAIL: g77.f-torture/execute/19990419-1.f compilation, -Os
FAIL: g77.f-torture/execute/19990826-0.f compilation, -O0
FAIL: g77.f-torture/execute/19990826-0.f compilation, -O1
FAIL: g77.f-torture/execute/19990826-0.f compilation, -O2
FAIL: g77.f-torture/execute/19990826-0.f compilation, -O3 -fomit-frame-pointer
FAIL: g77.f-torture/execute/19990826-0.f compilation, -O3 -g
FAIL: g77.f-torture/execute/19990826-0.f compilation, -Os
FAIL: g77.f-torture/execute/20010610.f compilation, -O0
FAIL: g77.f-torture/execute/20010610.f compilation, -O1
FAIL: g77.f-torture/execute/20010610.f compilation, -O2
FAIL: g77.f-torture/execute/20010610.f compilation, -O3 -fomit-frame-pointer
FAIL: g77.f-torture/execute/20010610.f compilation, -O3 -fomit-frame-pointer -funroll-loops
FAIL: g77.f-torture/execute/20010610.f compilation, -O3 -fomit-frame-pointer -funroll-all-loops -finline-functions
FAIL: g77.f-torture/execute/20010610.f compilation, -O3 -g
FAIL: g77.f-torture/execute/20010610.f compilation, -Os
FAIL: g77.f-torture/execute/980520-1.f compilation, -O0
FAIL: g77.f-torture/execute/980520-1.f compilation, -O1
FAIL: g77.f-torture/execute/980520-1.f compilation, -O2
FAIL: g77.f-torture/execute/980520-1.f compilation, -O3 -fomit-frame-pointer
FAIL: g77.f-torture/execute/980520-1.f compilation, -O3 -g
FAIL: g77.f-torture/execute/980520-1.f compilation, -Os
FAIL: g77.f-torture/execute/auto0.f compilation, -O0
FAIL: g77.f-torture/execute/auto0.f compilation, -O1
FAIL: g77.f-torture/execute/auto0.f compilation, -O2
FAIL: g77.f-torture/execute/auto0.f compilation, -O3 -fomit-frame-pointer
FAIL: g77.f-torture/execute/auto0.f compilation, -O3 -fomit-frame-pointer -funroll-loops
FAIL: g77.f-torture/execute/auto0.f compilation, -O3 -fomit-frame-pointer -funroll-all-loops -finline-functions
FAIL: g77.f-torture/execute/auto0.f compilation, -O3 -g
FAIL: g77.f-torture/execute/auto0.f compilation, -Os
FAIL: g77.f-torture/execute/auto1.f compilation, -O0
FAIL: g77.f-torture/execute/auto1.f compilation, -O1
FAIL: g77.f-torture/execute/auto1.f compilation, -O2
FAIL: g77.f-torture/execute/auto1.f compilation, -O3 -fomit-frame-pointer
FAIL: g77.f-torture/execute/auto1.f compilation, -O3 -fomit-frame-pointer -funroll-loops
FAIL: g77.f-torture/execute/auto1.f compilation, -O3 -fomit-frame-pointer -funroll-all-loops -finline-functions
FAIL: g77.f-torture/execute/auto1.f compilation, -O3 -g
FAIL: g77.f-torture/execute/auto1.f compilation, -Os
FAIL: g77.f-torture/execute/labug1.f compilation, -O0
FAIL: g77.f-torture/execute/labug1.f compilation, -Os
FAIL: g77.f-torture/execute/large_vec.f compilation, -O0
FAIL: g77.f-torture/execute/large_vec.f compilation, -O1
FAIL: g77.f-torture/execute/large_vec.f compilation, -O2
FAIL: g77.f-torture/execute/large_vec.f compilation, -O3 -fomit-frame-pointer
FAIL: g77.f-torture/execute/large_vec.f compilation, -O3 -g
FAIL: g77.f-torture/execute/large_vec.f compilation, -Os
FAIL: g77.f-torture/execute/cpp2.F compilation, -O0
FAIL: g77.f-torture/execute/cpp2.F compilation, -O1
FAIL: g77.f-torture/execute/cpp2.F compilation, -O2
FAIL: g77.f-torture/execute/cpp2.F compilation, -O3 -fomit-frame-pointer
FAIL: g77.f-torture/execute/cpp2.F compilation, -O3 -g
FAIL: g77.f-torture/execute/cpp2.F compilation, -Os
=== g77 Summary for unix/-mabi=32 ===
# of expected passes 1528
# of unexpected failures 144
# of untested testcases 88
# of unsupported tests 6
Running target unix/-mips4
=== g77 Summary for unix/-mips4 ===
# of expected passes 1800
# of unsupported tests 6
Running target unix
=== g77 Summary for unix ===
# of expected passes 1800
# of unsupported tests 6
=== g77 Summary ===
# of expected passes 6928
# of unexpected failures 144
# of untested testcases 88
# of unsupported tests 24
/caip/u58/ghazi/gcc-testing/branch4/build/gcc/testsuite/../g77 version 3.4.0 20040302 (prerelease)
=== gcc tests ===
Running target unix/-mabi=64
FAIL: gcc.c-torture/compile/20031023-1.c (test for excess errors)
FAIL: gcc.c-torture/compile/20031023-1.c (test for excess errors)
FAIL: gcc.c-torture/compile/20031023-1.c (test for excess errors)
FAIL: gcc.c-torture/compile/20031023-1.c (test for excess errors)
FAIL: gcc.c-torture/compile/20031023-1.c (test for excess errors)
FAIL: gcc.c-torture/compile/20031023-1.c (test for excess errors)
FAIL: gcc.c-torture/compile/20031023-2.c (test for excess errors)
FAIL: gcc.c-torture/compile/20031023-2.c (test for excess errors)
FAIL: gcc.c-torture/compile/20031023-2.c (test for excess errors)
FAIL: gcc.c-torture/compile/20031023-2.c (test for excess errors)
FAIL: gcc.c-torture/compile/20031023-2.c (test for excess errors)
FAIL: gcc.c-torture/compile/20031023-2.c (test for excess errors)
FAIL: gcc.c-torture/compile/20031023-3.c (test for excess errors)
FAIL: gcc.c-torture/compile/20031023-3.c (test for excess errors)
FAIL: gcc.c-torture/compile/20031023-3.c (test for excess errors)
FAIL: gcc.c-torture/compile/20031023-3.c (test for excess errors)
FAIL: gcc.c-torture/compile/20031023-3.c (test for excess errors)
FAIL: gcc.c-torture/compile/20031023-3.c (test for excess errors)
FAIL: gcc.dg/builtins-18.c (test for excess errors)
FAIL: gcc.dg/builtins-20.c (test for excess errors)
FAIL: gcc.dg/funcorder.c scan-assembler-not link_error
XPASS: gcc.dg/sibcall-3.c execution test
XPASS: gcc.dg/sibcall-4.c execution test
UNRESOLVED: gcc.dg/visibility-1.c
UNRESOLVED: gcc.dg/visibility-2.c
UNRESOLVED: gcc.dg/visibility-3.c
UNRESOLVED: gcc.dg/visibility-4.c
UNRESOLVED: gcc.dg/visibility-5.c
UNRESOLVED: gcc.dg/visibility-6.c
UNRESOLVED: gcc.dg/visibility-7.c
UNRESOLVED: gcc.dg/visibility-8.c
=== gcc Summary for unix/-mabi=64 ===
# of expected passes 24347
# of unexpected failures 21
# of unexpected successes 2
# of expected failures 74
# of unresolved testcases 8
# of untested testcases 7
# of unsupported tests 294
Running target unix/-mabi=32
XPASS: gcc.c-torture/execute/20020227-1.c execution, -O0
XPASS: gcc.c-torture/execute/20020227-1.c execution, -O1
XPASS: gcc.c-torture/execute/20020227-1.c execution, -O2
XPASS: gcc.c-torture/execute/20020227-1.c execution, -O3 -fomit-frame-pointer
XPASS: gcc.c-torture/execute/20020227-1.c execution, -O3 -g
XPASS: gcc.c-torture/execute/20020227-1.c execution, -Os
FAIL: gcc.dg/compat/sdata-1 c_compat_x_tst.o compile
FAIL: gcc.dg/compat/sdata-1 c_compat_y_tst.o compile
UNRESOLVED: gcc.dg/compat/sdata-1 c_compat_x_tst.o-c_compat_y_tst.o link
UNRESOLVED: gcc.dg/compat/sdata-1 c_compat_x_tst.o-c_compat_y_tst.o execute
FAIL: gcc.dg/debug/debug-1.c scan-assembler xyzzy
FAIL: gcc.dg/debug/debug-1.c scan-assembler xyzzy
FAIL: gcc.dg/debug/debug-1.c scan-assembler xyzzy
FAIL: gcc.dg/debug/debug-1.c scan-assembler xyzzy
FAIL: gcc.dg/debug/debug-1.c scan-assembler xyzzy
FAIL: gcc.dg/debug/debug-1.c scan-assembler xyzzy
FAIL: gcc.dg/debug/debug-1.c scan-assembler xyzzy
FAIL: gcc.dg/debug/debug-1.c scan-assembler xyzzy
FAIL: gcc.dg/debug/debug-1.c scan-assembler xyzzy
FAIL: gcc.dg/debug/debug-1.c scan-assembler xyzzy
FAIL: gcc.dg/debug/debug-1.c scan-assembler xyzzy
FAIL: gcc.dg/debug/debug-1.c scan-assembler xyzzy
FAIL: gcc.dg/debug/debug-1.c scan-assembler xyzzy
FAIL: gcc.dg/debug/debug-1.c scan-assembler xyzzy
FAIL: gcc.dg/debug/debug-1.c scan-assembler xyzzy
FAIL: gcc.dg/debug/debug-1.c scan-assembler xyzzy
FAIL: gcc.dg/debug/debug-2.c scan-assembler xyzzy
FAIL: gcc.dg/debug/debug-2.c scan-assembler xyzzy
FAIL: gcc.dg/debug/debug-2.c scan-assembler xyzzy
FAIL: gcc.dg/debug/debug-2.c scan-assembler xyzzy
FAIL: gcc.dg/debug/debug-2.c scan-assembler xyzzy
FAIL: gcc.dg/debug/debug-2.c scan-assembler xyzzy
FAIL: gcc.dg/debug/debug-2.c scan-assembler xyzzy
FAIL: gcc.dg/debug/debug-2.c scan-assembler xyzzy
FAIL: gcc.dg/debug/debug-2.c scan-assembler xyzzy
FAIL: gcc.dg/debug/debug-2.c scan-assembler xyzzy
FAIL: gcc.dg/debug/debug-2.c scan-assembler xyzzy
FAIL: gcc.dg/debug/debug-2.c scan-assembler xyzzy
FAIL: gcc.dg/debug/debug-2.c scan-assembler xyzzy
FAIL: gcc.dg/debug/debug-2.c scan-assembler xyzzy
FAIL: gcc.dg/debug/debug-2.c scan-assembler xyzzy
FAIL: gcc.dg/debug/debug-2.c scan-assembler xyzzy
FAIL: gcc.dg/debug/debug-6.c scan-assembler xyzzy
FAIL: gcc.dg/debug/debug-6.c scan-assembler xyzzy
FAIL: gcc.dg/debug/debug-6.c scan-assembler xyzzy
FAIL: gcc.dg/debug/debug-6.c scan-assembler xyzzy
FAIL: gcc.dg/debug/debug-6.c scan-assembler xyzzy
FAIL: gcc.dg/debug/debug-6.c scan-assembler xyzzy
FAIL: gcc.dg/debug/debug-6.c scan-assembler xyzzy
FAIL: gcc.dg/debug/debug-6.c scan-assembler xyzzy
FAIL: gcc.dg/debug/debug-6.c scan-assembler xyzzy
FAIL: gcc.dg/debug/debug-6.c scan-assembler xyzzy
FAIL: gcc.dg/debug/debug-6.c scan-assembler xyzzy
FAIL: gcc.dg/debug/debug-6.c scan-assembler xyzzy
FAIL: gcc.dg/debug/debug-6.c scan-assembler xyzzy
FAIL: gcc.dg/debug/debug-6.c scan-assembler xyzzy
FAIL: gcc.dg/debug/debug-6.c scan-assembler xyzzy
FAIL: gcc.dg/debug/debug-6.c scan-assembler xyzzy
FAIL: gcc.dg/debug/debug-6.c scan-assembler xyzzy
FAIL: gcc.dg/debug/debug-6.c scan-assembler xyzzy
FAIL: gcc.dg/debug/debug-6.c scan-assembler xyzzy
FAIL: gcc.dg/debug/debug-6.c scan-assembler xyzzy
FAIL: gcc.dg/debug/debug-6.c scan-assembler xyzzy
FAIL: gcc.dg/debug/debug-6.c scan-assembler xyzzy
FAIL: gcc.dg/debug/debug-6.c scan-assembler xyzzy
FAIL: gcc.dg/debug/debug-6.c scan-assembler xyzzy
FAIL: gcc.dg/debug/debug-6.c scan-assembler xyzzy
FAIL: gcc.dg/debug/debug-6.c scan-assembler xyzzy
FAIL: gcc.dg/debug/debug-6.c scan-assembler xyzzy
FAIL: gcc.dg/debug/debug-6.c scan-assembler xyzzy
FAIL: gcc.dg/debug/debug-6.c scan-assembler xyzzy
FAIL: gcc.dg/debug/debug-6.c scan-assembler xyzzy
FAIL: gcc.dg/debug/debug-6.c scan-assembler xyzzy
FAIL: gcc.dg/debug/debug-6.c scan-assembler xyzzy
FAIL: gcc.dg/debug/debug-6.c scan-assembler xyzzy
FAIL: gcc.dg/debug/debug-6.c scan-assembler xyzzy
FAIL: gcc.dg/debug/debug-6.c scan-assembler xyzzy
FAIL: gcc.dg/debug/debug-6.c scan-assembler xyzzy
FAIL: gcc.dg/debug/dwarf2/dwarf-die5.c scan-assembler 3.*DW_AT_inline
FAIL: gcc.dg/debug/dwarf2/dwarf-die7.c scan-assembler 1.*DW_AT_inline
FAIL: gcc.dg/debug/dwarf2/dwarf-die5.c scan-assembler 3.*DW_AT_inline
FAIL: gcc.dg/debug/dwarf2/dwarf-die7.c scan-assembler 1.*DW_AT_inline
FAIL: gcc.dg/array-quals-1.c scan-assembler-not \\\\.data(?!\\\\.rel\\\\.ro)
FAIL: gcc.dg/builtins-18.c (test for excess errors)
FAIL: gcc.dg/builtins-20.c (test for excess errors)
XPASS: gcc.dg/sibcall-3.c execution test
XPASS: gcc.dg/sibcall-4.c execution test
UNRESOLVED: gcc.dg/visibility-1.c
UNRESOLVED: gcc.dg/visibility-2.c
UNRESOLVED: gcc.dg/visibility-3.c
UNRESOLVED: gcc.dg/visibility-4.c
UNRESOLVED: gcc.dg/visibility-5.c
UNRESOLVED: gcc.dg/visibility-6.c
UNRESOLVED: gcc.dg/visibility-7.c
UNRESOLVED: gcc.dg/visibility-8.c
FAIL: gcc.dg/torture/mips-sdata-1.c (test for excess errors)
ERROR: gcc.dg/torture/mips-sdata-1.c: error executing dg-final: couldn't open "mips-sdata-1.s": no such file or directory
UNRESOLVED: gcc.dg/torture/mips-sdata-1.c: error executing dg-final: couldn't open "mips-sdata-1.s": no such file or directory
FAIL: gcc.dg/torture/mips-sdata-1.c (test for excess errors)
ERROR: gcc.dg/torture/mips-sdata-1.c: error executing dg-final: couldn't open "mips-sdata-1.s": no such file or directory
UNRESOLVED: gcc.dg/torture/mips-sdata-1.c: error executing dg-final: couldn't open "mips-sdata-1.s": no such file or directory
FAIL: gcc.dg/torture/mips-sdata-1.c (test for excess errors)
ERROR: gcc.dg/torture/mips-sdata-1.c: error executing dg-final: couldn't open "mips-sdata-1.s": no such file or directory
UNRESOLVED: gcc.dg/torture/mips-sdata-1.c: error executing dg-final: couldn't open "mips-sdata-1.s": no such file or directory
FAIL: gcc.dg/torture/mips-sdata-1.c (test for excess errors)
ERROR: gcc.dg/torture/mips-sdata-1.c: error executing dg-final: couldn't open "mips-sdata-1.s": no such file or directory
UNRESOLVED: gcc.dg/torture/mips-sdata-1.c: error executing dg-final: couldn't open "mips-sdata-1.s": no such file or directory
FAIL: gcc.dg/torture/mips-sdata-1.c (test for excess errors)
ERROR: gcc.dg/torture/mips-sdata-1.c: error executing dg-final: couldn't open "mips-sdata-1.s": no such file or directory
UNRESOLVED: gcc.dg/torture/mips-sdata-1.c: error executing dg-final: couldn't open "mips-sdata-1.s": no such file or directory
FAIL: gcc.dg/torture/mips-sdata-1.c (test for excess errors)
ERROR: gcc.dg/torture/mips-sdata-1.c: error executing dg-final: couldn't open "mips-sdata-1.s": no such file or directory
UNRESOLVED: gcc.dg/torture/mips-sdata-1.c: error executing dg-final: couldn't open "mips-sdata-1.s": no such file or directory
=== gcc Summary for unix/-mabi=32 ===
# of expected passes 25232
# of unexpected failures 83
# of unexpected successes 8
# of expected failures 68
# of unresolved testcases 16
# of untested testcases 7
# of unsupported tests 294
Running target unix/-mips4
FAIL: gcc.dg/builtins-18.c (test for excess errors)
FAIL: gcc.dg/builtins-20.c (test for excess errors)
XPASS: gcc.dg/sibcall-3.c execution test
XPASS: gcc.dg/sibcall-4.c execution test
UNRESOLVED: gcc.dg/visibility-1.c
UNRESOLVED: gcc.dg/visibility-2.c
UNRESOLVED: gcc.dg/visibility-3.c
UNRESOLVED: gcc.dg/visibility-4.c
UNRESOLVED: gcc.dg/visibility-5.c
UNRESOLVED: gcc.dg/visibility-6.c
UNRESOLVED: gcc.dg/visibility-7.c
UNRESOLVED: gcc.dg/visibility-8.c
=== gcc Summary for unix/-mips4 ===
# of expected passes 24366
# of unexpected failures 2
# of unexpected successes 2
# of expected failures 74
# of unresolved testcases 8
# of untested testcases 7
# of unsupported tests 294
Running target unix
FAIL: gcc.dg/builtins-18.c (test for excess errors)
FAIL: gcc.dg/builtins-20.c (test for excess errors)
XPASS: gcc.dg/sibcall-3.c execution test
XPASS: gcc.dg/sibcall-4.c execution test
UNRESOLVED: gcc.dg/visibility-1.c
UNRESOLVED: gcc.dg/visibility-2.c
UNRESOLVED: gcc.dg/visibility-3.c
UNRESOLVED: gcc.dg/visibility-4.c
UNRESOLVED: gcc.dg/visibility-5.c
UNRESOLVED: gcc.dg/visibility-6.c
UNRESOLVED: gcc.dg/visibility-7.c
UNRESOLVED: gcc.dg/visibility-8.c
=== gcc Summary for unix ===
# of expected passes 24366
# of unexpected failures 2
# of unexpected successes 2
# of expected failures 74
# of unresolved testcases 8
# of untested testcases 7
# of unsupported tests 294
=== gcc Summary ===
# of expected passes 98311
# of unexpected failures 108
# of unexpected successes 14
# of expected failures 290
# of unresolved testcases 40
# of untested testcases 28
# of unsupported tests 1176
/caip/u58/ghazi/gcc-testing/branch4/build/gcc/xgcc version 3.4.0 20040302 (prerelease)
=== objc tests ===
Running target unix/-mabi=64
=== objc Summary for unix/-mabi=64 ===
# of expected passes 1341
# of unsupported tests 8
Running target unix/-mabi=32
=== objc Summary for unix/-mabi=32 ===
# of expected passes 1341
# of unsupported tests 8
Running target unix/-mips4
=== objc Summary for unix/-mips4 ===
# of expected passes 1341
# of unsupported tests 8
Running target unix
=== objc Summary for unix ===
# of expected passes 1341
# of unsupported tests 8
=== objc Summary ===
# of expected passes 5364
# of unsupported tests 32
/caip/u58/ghazi/gcc-testing/branch4/build/gcc/xgcc version 3.4.0 20040302 (prerelease)
=== libstdc++ tests ===
Running target unix/-mabi=64
FAIL: 22_locale/ctype/cons/char/1.cc execution test
=== libstdc++ Summary for unix/-mabi=64 ===
# of expected passes 1901
# of unexpected failures 1
# of expected failures 1
# of unsupported tests 7
Running target unix/-mabi=32
FAIL: 22_locale/ctype/cons/char/1.cc execution test
FAIL: 27_io/basic_istream/extractors_arithmetic/char/12.cc execution test
=== libstdc++ Summary for unix/-mabi=32 ===
# of expected passes 1900
# of unexpected failures 2
# of expected failures 1
# of unsupported tests 7
Running target unix/-mips4
FAIL: 22_locale/ctype/cons/char/1.cc execution test
=== libstdc++ Summary for unix/-mips4 ===
# of expected passes 1901
# of unexpected failures 1
# of expected failures 1
# of unsupported tests 7
Running target unix
FAIL: 22_locale/ctype/cons/char/1.cc execution test
=== libstdc++ Summary for unix ===
# of expected passes 1901
# of unexpected failures 1
# of expected failures 1
# of unsupported tests 7
=== libstdc++ Summary ===
# of expected passes 7603
# of unexpected failures 5
# of expected failures 4
# of unsupported tests 28
Compiler version: 3.4.0 20040302 (prerelease)
Platform: mips-sgi-irix6.5
configure flags: --verbose --enable-languages=c,objc,c++,f77,java --with-included-gettext
More information about the Gcc-testresults
mailing list