Results for 3.5-tree-ssa 20040229 (merged 20040211) testsuite on powerpc-ibm-aix5.1.0.0
David Edelsohn
dje@watson.ibm.com
Mon Mar 1 04:32:00 GMT 2004
LAST_UPDATED: Sun Feb 29 20:23:29 UTC 2004
Native configuration is powerpc-ibm-aix5.1.0.0
=== g++ tests ===
Running target unix
WARNING: program timed out.
FAIL: g++.dg/eh/cleanup1.C (test for excess errors)
FAIL: g++.dg/ext/altivec-1.C (test for excess errors)
FAIL: g++.dg/ext/attrib10.C (test for excess errors)
XPASS: g++.dg/other/packed1.C execution test
XPASS: g++.dg/parse/stack1.C (test for excess errors)
FAIL: 258: expected branch percentages not found: 25
FAIL: g++.dg/gcov/gcov-1.C gcov: 0 failures in line counts, 1 in branch percentages, 0 in return percentages
FAIL: 23:is 2:should be 1
FAIL: g++.dg/gcov/gcov-2.C gcov: 1 failures in line counts, 0 in branch percentages, 0 in return percentages
FAIL: g++.dg/pch/system-1.C -g assembly comparison
FAIL: g++.dg/pch/system-2.C -g assembly comparison
FAIL: g++.dg/pch/uninst.C -g assembly comparison
FAIL: g++.old-deja/g++.abi/cxa_vec.C execution test
FAIL: g++.old-deja/g++.abi/ptrflags.C (test for excess errors)
WARNING: g++.old-deja/g++.abi/ptrflags.C compilation failed to produce executable
FAIL: g++.old-deja/g++.brendan/crash13.C (test for errors, line 34)
FAIL: g++.old-deja/g++.brendan/new3.C execution test
FAIL: g++.old-deja/g++.eh/catchptr1.C (test for excess errors)
WARNING: g++.old-deja/g++.eh/catchptr1.C compilation failed to produce executable
FAIL: g++.old-deja/g++.law/friend5.C (test for errors, line 19)
FAIL: g++.old-deja/g++.law/friend5.C (test for errors, line 24)
WARNING: g++.old-deja/g++.mike/p10769a.C compilation failed to produce executable
WARNING: g++.old-deja/g++.other/enum5.C compilation failed to produce executable
FAIL: g++.old-deja/g++.pt/const2.C (test for errors, line )
WARNING: g++.old-deja/g++.pt/friend44.C compilation failed to produce executable
=== g++ Summary ===
# of expected passes 9278
# of unexpected failures 18
# of unexpected successes 2
# of expected failures 78
# of unsupported tests 70
/k42/dje/build/powerpc-ibm-aix5.1.0.0-20040229/gcc/testsuite/../g++ version 3.5-tree-ssa 20040229 (merged 20040211)
=== gcc tests ===
Running target unix
FAIL: gcc.c-torture/compile/20010605-1.c (test for excess errors)
FAIL: gcc.c-torture/compile/20010605-1.c (test for excess errors)
FAIL: gcc.c-torture/execute/eeprof-1.c execution, -O0
FAIL: gcc.c-torture/execute/eeprof-1.c execution, -O1
FAIL: gcc.c-torture/execute/eeprof-1.c execution, -O2
FAIL: gcc.c-torture/execute/eeprof-1.c execution, -O3 -fomit-frame-pointer
FAIL: gcc.c-torture/execute/eeprof-1.c execution, -O3 -g
FAIL: gcc.c-torture/execute/eeprof-1.c execution, -Os
FAIL: gcc.dg/cpp/assert4.c (test for excess errors)
FAIL: gcc.dg/20020103-1.c scan-assembler-not LC
FAIL: gcc.dg/20020118-1.c execution test
FAIL: gcc.dg/altivec-10.c (test for excess errors)
FAIL: gcc.dg/altivec-11.c (test for excess errors)
ERROR: gcc.dg/altivec-11.c: error executing dg-final: couldn't open "altivec-11.s": no such file or directory
UNRESOLVED: gcc.dg/altivec-11.c: error executing dg-final: couldn't open "altivec-11.s": no such file or directory
FAIL: gcc.dg/altivec-4.c (test for excess errors)
FAIL: gcc.dg/altivec-7.c (test for excess errors)
FAIL: gcc.dg/altivec-8.c (test for excess errors)
FAIL: gcc.dg/asm-names.c scan-assembler-not ____frob14
FAIL: gcc.dg/builtins-10.c (test for excess errors)
FAIL: gcc.dg/builtins-26.c (test for excess errors)
FAIL: gcc.dg/builtins-7.c (test for excess errors)
XPASS: gcc.dg/const-elim-1.c scan-assembler-not L\\\$?C[^A-Z]
FAIL: gcc.dg/darwin-longlong.c (test for excess errors)
WARNING: gcc.dg/darwin-longlong.c compilation failed to produce executable
FAIL: gcc.dg/fwritable-strings-1.c (test for errors, line )
XPASS: gcc.dg/uninit-1.c uninitialized variable warning (test for bogus messages, line 16)
XPASS: gcc.dg/uninit-3.c uninitialized variable warning (test for bogus messages, line 11)
XPASS: gcc.dg/uninit-8.c uninitialized variable warning (test for bogus messages, line 14)
XPASS: gcc.dg/uninit-9.c uninitialized variable warning (test for bogus messages, line 26)
FAIL: gcc.dg/pch/static-1.c -O0 -g assembly comparison
FAIL: gcc.dg/pch/static-2.c -O0 -g assembly comparison
FAIL: gcc.dg/pch/static-3.c -O0 -g assembly comparison
FAIL: gcc.dg/pch/warn-1.c (test for excess errors)
FAIL: gcc.dg/pch/warn-1.c (test for excess errors)
FAIL: gcc.dg/pch/warn-1.c (test for excess errors)
FAIL: gcc.dg/pch/warn-1.c (test for excess errors)
FAIL: gcc.dg/pch/warn-1.c (test for excess errors)
FAIL: gcc.dg/pch/warn-1.c (test for excess errors)
FAIL: gcc.dg/pch/warn-1.c (test for excess errors)
FAIL: gcc.dg/torture/builtin-explog-1.c (test for excess errors)
FAIL: gcc.dg/torture/builtin-explog-1.c (test for excess errors)
FAIL: gcc.dg/torture/builtin-explog-1.c (test for excess errors)
FAIL: gcc.dg/torture/builtin-explog-1.c (test for excess errors)
FAIL: gcc.dg/torture/builtin-explog-1.c (test for excess errors)
FAIL: gcc.dg/torture/builtin-explog-1.c (test for excess errors)
FAIL: 209: expected branch percentages not found: 25
FAIL: gcc.misc-tests/gcov-4b.c gcov: 0 failures in line counts, 1 in branch percentages, 0 in return percentages
=== gcc Summary ===
# of expected passes 23759
# of unexpected failures 40
# of unexpected successes 5
# of expected failures 68
# of unresolved testcases 1
# of untested testcases 7
# of unsupported tests 315
/k42/dje/build/powerpc-ibm-aix5.1.0.0-20040229/gcc/xgcc version 3.5-tree-ssa 20040229 (merged 20040211)
=== objc tests ===
Running target unix
=== objc Summary ===
# of expected passes 1341
# of unsupported tests 8
/k42/dje/build/powerpc-ibm-aix5.1.0.0-20040229/gcc/xgcc version 3.5-tree-ssa 20040229 (merged 20040211)
=== libstdc++ tests ===
Running target unix
FAIL: 22_locale/collate/compare/wchar_t/2.cc (test for excess errors)
WARNING: 22_locale/collate/compare/wchar_t/2.cc compilation failed to produce executable
FAIL: 22_locale/collate/compare/wchar_t/wrapped_env.cc (test for excess errors)
WARNING: 22_locale/collate/compare/wchar_t/wrapped_env.cc compilation failed to produce executable
FAIL: 22_locale/collate/compare/wchar_t/wrapped_locale.cc (test for excess errors)
WARNING: 22_locale/collate/compare/wchar_t/wrapped_locale.cc compilation failed to produce executable
FAIL: 22_locale/collate/hash/wchar_t/2.cc (test for excess errors)
WARNING: 22_locale/collate/hash/wchar_t/2.cc compilation failed to produce executable
FAIL: 22_locale/collate/hash/wchar_t/wrapped_env.cc (test for excess errors)
WARNING: 22_locale/collate/hash/wchar_t/wrapped_env.cc compilation failed to produce executable
FAIL: 22_locale/collate/hash/wchar_t/wrapped_locale.cc (test for excess errors)
WARNING: 22_locale/collate/hash/wchar_t/wrapped_locale.cc compilation failed to produce executable
FAIL: 22_locale/collate/transform/wchar_t/2.cc (test for excess errors)
WARNING: 22_locale/collate/transform/wchar_t/2.cc compilation failed to produce executable
FAIL: 22_locale/collate/transform/wchar_t/wrapped_env.cc (test for excess errors)
WARNING: 22_locale/collate/transform/wchar_t/wrapped_env.cc compilation failed to produce executable
FAIL: 22_locale/collate/transform/wchar_t/wrapped_locale.cc (test for excess errors)
WARNING: 22_locale/collate/transform/wchar_t/wrapped_locale.cc compilation failed to produce executable
FAIL: 22_locale/ctype/is/char/3.cc execution test
FAIL: 22_locale/num_get/get/char/10.cc execution test
FAIL: 22_locale/num_get/get/wchar_t/10.cc execution test
FAIL: 27_io/basic_istream/extractors_arithmetic/char/12.cc execution test
FAIL: 27_io/ios_base/storage/11584.cc execution test
FAIL: 27_io/objects/char/6.cc execution test
FAIL: 27_io/objects/wchar_t/6.cc execution test
=== libstdc++ Summary ===
# of expected passes 2492
# of unexpected failures 16
# of expected failures 2
# of unsupported tests 7
Compiler version: 3.5-tree-ssa 20040229 (merged 20040211)
Platform: powerpc-ibm-aix5.1.0.0
configure flags: --prefix=/k42/dje/install/powerpc-ibm-aix5.1.0.0-20040229 --disable-werror --disable-win32-registry --enable-languages=c,c++,objc --disable-libmudflap --with-libbanshee
NB: new ar & as
More information about the Gcc-testresults
mailing list