Results for 3.5.0 20040626 (experimental) testsuite on mips-sgi-irix6.5
Billinghurst, David (CALCRTS)
david.billinghurst@comalco.riotinto.com.au
Sun Jun 27 04:43:00 GMT 2004
This run on SGI Origin 300 cru300 running IRIX 6.5.22m
Bootstrap compiler gcc (GCC) 3.3.1
Using irix as/ld with -mabi=32 multilib disabled
dejagnu version:
Expect version is 5.40.0
Tcl version is 8.4
Framework version is 1.4.4
LAST_UPDATED: Sat Jun 26 10:06:55 GMT 2004
Native configuration is mips-sgi-irix6.5
=== g++ tests ===
Running target unix
FAIL: g++.dg/eh/cleanup1.C (test for excess errors)
FAIL: g++.dg/eh/forced1.C (test for excess errors)
WARNING: g++.dg/eh/forced1.C compilation failed to produce executable
FAIL: g++.dg/eh/forced2.C (test for excess errors)
WARNING: g++.dg/eh/forced2.C compilation failed to produce executable
FAIL: g++.dg/eh/forced3.C (test for excess errors)
WARNING: g++.dg/eh/forced3.C compilation failed to produce executable
FAIL: g++.dg/eh/forced4.C (test for excess errors)
WARNING: g++.dg/eh/forced4.C compilation failed to produce executable
FAIL: g++.dg/ext/stmtexpr2.C execution test
FAIL: g++.dg/init/init-ref1.C (test for excess errors)
WARNING: g++.dg/init/init-ref1.C compilation failed to produce
executable
FAIL: g++.dg/init/pm1.C (test for excess errors)
WARNING: g++.dg/init/pm1.C compilation failed to produce executable
FAIL: g++.dg/opt/ptrmem4.C (test for excess errors)
WARNING: g++.dg/opt/ptrmem4.C compilation failed to produce executable
FAIL: g++.dg/opt/range-test-1.C (test for excess errors)
WARNING: g++.dg/opt/range-test-1.C compilation failed to produce
executable
FAIL: 102:is -:should be 1
FAIL: g++.dg/gcov/gcov-1.C gcov: 1 failures in line counts, 0 in branch
percentages, 0 in return percentages
FAIL: g++.dg/pch/system-1.C -g assembly comparison
FAIL: g++.dg/pch/system-2.C -g assembly comparison
FAIL: g++.old-deja/g++.abi/vbase1.C (test for excess errors)
WARNING: g++.old-deja/g++.abi/vbase1.C compilation failed to produce
executable
FAIL: g++.old-deja/g++.bob/inherit2.C (test for excess errors)
FAIL: g++.old-deja/g++.brendan/code-gen4.C (test for excess errors)
WARNING: g++.old-deja/g++.brendan/code-gen4.C compilation failed to
produce executable
FAIL: g++.old-deja/g++.brendan/new3.C (test for excess errors)
WARNING: g++.old-deja/g++.brendan/new3.C compilation failed to produce
executable
FAIL: g++.old-deja/g++.eh/rethrow3.C (test for excess errors)
WARNING: g++.old-deja/g++.eh/rethrow3.C compilation failed to produce
executable
FAIL: g++.old-deja/g++.eh/spec1.C (test for excess errors)
WARNING: g++.old-deja/g++.eh/spec1.C compilation failed to produce
executable
FAIL: g++.old-deja/g++.eh/spec2.C (test for excess errors)
WARNING: g++.old-deja/g++.eh/spec2.C compilation failed to produce
executable
FAIL: g++.old-deja/g++.eh/spec3.C (test for excess errors)
WARNING: g++.old-deja/g++.eh/spec3.C compilation failed to produce
executable
FAIL: g++.old-deja/g++.eh/spec4.C (test for excess errors)
WARNING: g++.old-deja/g++.eh/spec4.C compilation failed to produce
executable
FAIL: g++.old-deja/g++.jason/rfg7.C (test for excess errors)
FAIL: g++.old-deja/g++.jason/template26.C (test for excess errors)
WARNING: g++.old-deja/g++.jason/template26.C compilation failed to
produce executable
FAIL: g++.old-deja/g++.jason/template44.C (test for excess errors)
WARNING: g++.old-deja/g++.jason/template44.C compilation failed to
produce executable
XPASS: g++.old-deja/g++.jason/thunk3.C execution test
FAIL: g++.old-deja/g++.law/arg9.C (test for excess errors)
FAIL: g++.old-deja/g++.law/arm13.C (test for excess errors)
WARNING: g++.old-deja/g++.law/arm13.C compilation failed to produce
executable
FAIL: g++.old-deja/g++.law/arm15.C (test for excess errors)
WARNING: g++.old-deja/g++.law/arm15.C compilation failed to produce
executable
FAIL: g++.old-deja/g++.law/ctors15.C (test for excess errors)
WARNING: g++.old-deja/g++.law/ctors15.C compilation failed to produce
executable
FAIL: g++.old-deja/g++.law/ctors16.C (test for excess errors)
WARNING: g++.old-deja/g++.law/ctors16.C compilation failed to produce
executable
FAIL: g++.old-deja/g++.law/ctors2.C (test for excess errors)
WARNING: g++.old-deja/g++.law/ctors2.C compilation failed to produce
executable
FAIL: g++.old-deja/g++.law/dtors3.C (test for excess errors)
WARNING: g++.old-deja/g++.law/dtors3.C compilation failed to produce
executable
FAIL: g++.old-deja/g++.law/operators23.C (test for excess errors)
WARNING: g++.old-deja/g++.law/operators23.C compilation failed to
produce executable
FAIL: g++.old-deja/g++.law/refs3.C (test for excess errors)
FAIL: g++.old-deja/g++.law/refs4.C (test for excess errors)
FAIL: g++.old-deja/g++.law/temps4.C (test for excess errors)
WARNING: g++.old-deja/g++.law/temps4.C compilation failed to produce
executable
FAIL: g++.old-deja/g++.law/virtual4.C (test for excess errors)
WARNING: g++.old-deja/g++.law/virtual4.C compilation failed to produce
executable
FAIL: g++.old-deja/g++.mike/eh23.C (test for excess errors)
WARNING: g++.old-deja/g++.mike/eh23.C compilation failed to produce
executable
FAIL: g++.old-deja/g++.mike/eh25.C (test for excess errors)
WARNING: g++.old-deja/g++.mike/eh25.C compilation failed to produce
executable
FAIL: g++.old-deja/g++.mike/eh34.C (test for excess errors)
WARNING: g++.old-deja/g++.mike/eh34.C compilation failed to produce
executable
FAIL: g++.old-deja/g++.mike/eh48.C (test for excess errors)
WARNING: g++.old-deja/g++.mike/eh48.C compilation failed to produce
executable
FAIL: g++.old-deja/g++.mike/eh55.C (test for excess errors)
WARNING: g++.old-deja/g++.mike/eh55.C compilation failed to produce
executable
FAIL: g++.old-deja/g++.mike/ns15.C (test for excess errors)
WARNING: g++.old-deja/g++.mike/p10769a.C compilation failed to produce
executable
FAIL: g++.old-deja/g++.mike/p2736.C (test for excess errors)
WARNING: g++.old-deja/g++.mike/p2736.C compilation failed to produce
executable
FAIL: g++.old-deja/g++.mike/p710.C (test for excess errors)
FAIL: g++.old-deja/g++.mike/p9706.C (test for excess errors)
WARNING: g++.old-deja/g++.mike/p9706.C compilation failed to produce
executable
FAIL: g++.old-deja/g++.other/crash33.C (test for excess errors)
FAIL: g++.old-deja/g++.other/decl3.C (test for excess errors)
FAIL: g++.old-deja/g++.other/delete8.C (test for excess errors)
WARNING: g++.old-deja/g++.other/delete8.C compilation failed to produce
executable
WARNING: g++.old-deja/g++.other/enum5.C compilation failed to produce
executable
FAIL: g++.old-deja/g++.other/warn7.C (test for warnings, line 38)
WARNING: g++.old-deja/g++.pt/friend44.C compilation failed to produce
executable
FAIL: g++.old-deja/g++.robertl/eb102.C (test for excess errors)
WARNING: g++.old-deja/g++.robertl/eb102.C compilation failed to produce
executable
=== g++ Summary for unix ===
# of expected passes 9325
# of unexpected failures 52
# of unexpected successes 1
# of expected failures 81
# of unsupported tests 97
Running target unix/-mabi=64
FAIL: g++.dg/eh/cleanup1.C (test for excess errors)
FAIL: g++.dg/ext/stmtexpr2.C execution test
FAIL: g++.dg/opt/ptrmem4.C (test for excess errors)
WARNING: g++.dg/opt/ptrmem4.C compilation failed to produce executable
FAIL: 102:is -:should be 1
FAIL: g++.dg/gcov/gcov-1.C gcov: 1 failures in line counts, 0 in branch
percentages, 0 in return percentages
FAIL: g++.dg/pch/system-1.C -g assembly comparison
FAIL: g++.dg/pch/system-2.C -g assembly comparison
XPASS: g++.old-deja/g++.jason/thunk3.C execution test
FAIL: g++.old-deja/g++.law/refs3.C (test for excess errors)
FAIL: g++.old-deja/g++.law/refs4.C (test for excess errors)
WARNING: g++.old-deja/g++.mike/p10769a.C compilation failed to produce
executable
FAIL: g++.old-deja/g++.other/crash33.C (test for excess errors)
FAIL: g++.old-deja/g++.other/decl3.C (test for excess errors)
WARNING: g++.old-deja/g++.other/enum5.C compilation failed to produce
executable
FAIL: g++.old-deja/g++.other/warn7.C (test for warnings, line 38)
WARNING: g++.old-deja/g++.pt/friend44.C compilation failed to produce
executable
=== g++ Summary for unix/-mabi=64 ===
# of expected passes 9400
# of unexpected failures 12
# of unexpected successes 1
# of expected failures 81
# of unsupported tests 97
=== g++ Summary ===
# of expected passes 18725
# of unexpected failures 64
# of unexpected successes 2
# of expected failures 162
# of unsupported tests 194
/disk4/billingd/obj/gcc/gcc/testsuite/../g++ version 3.5.0 20040626
(experimental)
=== gcc tests ===
Running target unix
FAIL: gcc.c-torture/compile/20001226-1.c -Os (test for excess errors)
FAIL: gcc.c-torture/execute/20020412-1.c compilation, -O0
UNRESOLVED: gcc.c-torture/execute/20020412-1.c execution, -O0
FAIL: gcc.c-torture/execute/20020412-1.c compilation, -O1
UNRESOLVED: gcc.c-torture/execute/20020412-1.c execution, -O1
FAIL: gcc.c-torture/execute/20020412-1.c compilation, -O2
UNRESOLVED: gcc.c-torture/execute/20020412-1.c execution, -O2
FAIL: gcc.c-torture/execute/20020412-1.c compilation, -O3
-fomit-frame-pointer
UNRESOLVED: gcc.c-torture/execute/20020412-1.c execution, -O3
-fomit-frame-pointer
FAIL: gcc.c-torture/execute/20020412-1.c compilation, -O3
-fomit-frame-pointer -funroll-loops
UNRESOLVED: gcc.c-torture/execute/20020412-1.c execution, -O3
-fomit-frame-pointer -funroll-loops
FAIL: gcc.c-torture/execute/20020412-1.c compilation, -O3
-fomit-frame-pointer -funroll-all-loops -finline-functions
UNRESOLVED: gcc.c-torture/execute/20020412-1.c execution, -O3
-fomit-frame-pointer -funroll-all-loops -finline-functions
FAIL: gcc.c-torture/execute/20020412-1.c compilation, -O3 -g
UNRESOLVED: gcc.c-torture/execute/20020412-1.c execution, -O3 -g
FAIL: gcc.c-torture/execute/20020412-1.c compilation, -Os
UNRESOLVED: gcc.c-torture/execute/20020412-1.c execution, -Os
FAIL: gcc.c-torture/execute/loop-14.c execution, -Os
FAIL: gcc.c-torture/execute/ieee/mul-subnormal-single-1.c execution,
-O0
FAIL: gcc.c-torture/execute/ieee/mul-subnormal-single-1.c execution,
-O1
FAIL: gcc.c-torture/execute/ieee/mul-subnormal-single-1.c execution,
-O2
FAIL: gcc.c-torture/execute/ieee/mul-subnormal-single-1.c execution,
-O3 -fomit-frame-pointer
FAIL: gcc.c-torture/execute/ieee/mul-subnormal-single-1.c execution,
-O3 -fomit-frame-pointer -funroll-loops
FAIL: gcc.c-torture/execute/ieee/mul-subnormal-single-1.c execution,
-O3 -fomit-frame-pointer -funroll-all-loops -finline-functions
FAIL: gcc.c-torture/execute/ieee/mul-subnormal-single-1.c execution,
-O3 -g
FAIL: gcc.c-torture/execute/ieee/mul-subnormal-single-1.c execution,
-Os
FAIL: gcc.dg/debug/dwarf2/dwarf-die7.c scan-assembler 1.*DW_AT_inline
FAIL: gcc.dg/c90-const-expr-3.c (test for excess errors)
FAIL: gcc.dg/c99-complit-2.c non-const (test for errors, line 40)
FAIL: gcc.dg/c99-complit-2.c non-const (test for errors, line 42)
FAIL: gcc.dg/c99-complit-2.c non-const (test for errors, line 46)
FAIL: gcc.dg/c99-complit-2.c struct bad init (test for errors, line 51)
FAIL: gcc.dg/c99-complit-2.c union bad init (test for errors, line 53)
FAIL: gcc.dg/c99-complit-2.c array bad init (test for errors, line 58)
FAIL: gcc.dg/c99-complit-2.c array bad init (test for errors, line 66)
FAIL: gcc.dg/c99-complit-2.c (test for excess errors)
FAIL: gcc.dg/c99-const-expr-3.c (test for excess errors)
XPASS: gcc.dg/setjmp-1.c spurious clobbered warning (test for bogus
messages, line 16)
XPASS: gcc.dg/sibcall-3.c execution test
XPASS: gcc.dg/sibcall-4.c execution test
FAIL: gcc.dg/uninit-H.c (test for bogus messages, line 20)
FAIL: gcc.dg/va-arg-3.c (test for excess errors)
UNRESOLVED: gcc.dg/visibility-1.c
UNRESOLVED: gcc.dg/visibility-2.c
UNRESOLVED: gcc.dg/visibility-3.c
UNRESOLVED: gcc.dg/visibility-4.c
UNRESOLVED: gcc.dg/visibility-5.c
UNRESOLVED: gcc.dg/visibility-6.c
UNRESOLVED: gcc.dg/visibility-7.c
UNRESOLVED: gcc.dg/visibility-8.c
FAIL: gcc.dg/noncompile/920507-1.c -O1 (test for excess errors)
FAIL: gcc.dg/noncompile/920507-1.c -O2 (test for excess errors)
FAIL: gcc.dg/noncompile/920507-1.c -O3 -fomit-frame-pointer (test for
excess errors)
FAIL: gcc.dg/noncompile/920507-1.c -O3 -g (test for excess errors)
FAIL: gcc.dg/noncompile/920507-1.c -Os (test for excess errors)
FAIL: gcc.dg/pch/save-temps-1.c -O0 assembly comparison
FAIL: gcc.dg/pch/save-temps-1.c -O1 assembly comparison
FAIL: largefile.c -O0 -g (test for excess errors)
FAIL: largefile.c -O0 (test for excess errors)
FAIL: largefile.c -O1 (test for excess errors)
FAIL: largefile.c -O2 (test for excess errors)
FAIL: largefile.c -O3 -fomit-frame-pointer (test for excess errors)
FAIL: largefile.c -O3 -g (test for excess errors)
FAIL: largefile.c -Os (test for excess errors)
FAIL: 94:is -:should be 1
FAIL: gcc.misc-tests/gcov-4.c gcov: 1 failures in line counts, 0 in
branch percentages, 0 in return percentages
=== gcc Summary for unix ===
# of expected passes 25669
# of unexpected failures 47
# of unexpected successes 3
# of expected failures 72
# of unresolved testcases 16
# of untested testcases 35
# of unsupported tests 339
Running target unix/-mabi=64
WARNING: program timed out.
FAIL: gcc.c-torture/compile/20001226-1.c -O3 -g (test for excess
errors)
FAIL: gcc.c-torture/compile/20001226-1.c -Os (test for excess errors)
FAIL: gcc.c-torture/compile/20031023-1.c -O0 (test for excess errors)
FAIL: gcc.c-torture/compile/20031023-1.c -O1 (test for excess errors)
FAIL: gcc.c-torture/compile/20031023-1.c -O2 (test for excess errors)
FAIL: gcc.c-torture/compile/20031023-1.c -O3 -fomit-frame-pointer
(test for excess errors)
FAIL: gcc.c-torture/compile/20031023-1.c -O3 -g (test for excess
errors)
FAIL: gcc.c-torture/compile/20031023-1.c -Os (test for excess errors)
FAIL: gcc.c-torture/compile/20031023-2.c -O0 (test for excess errors)
FAIL: gcc.c-torture/compile/20031023-2.c -O1 (test for excess errors)
FAIL: gcc.c-torture/compile/20031023-2.c -O2 (test for excess errors)
FAIL: gcc.c-torture/compile/20031023-2.c -O3 -fomit-frame-pointer
(test for excess errors)
FAIL: gcc.c-torture/compile/20031023-2.c -O3 -g (test for excess
errors)
FAIL: gcc.c-torture/compile/20031023-2.c -Os (test for excess errors)
FAIL: gcc.c-torture/compile/20031023-3.c -O0 (test for excess errors)
FAIL: gcc.c-torture/compile/20031023-3.c -O1 (test for excess errors)
FAIL: gcc.c-torture/compile/20031023-3.c -O2 (test for excess errors)
FAIL: gcc.c-torture/compile/20031023-3.c -O3 -fomit-frame-pointer
(test for excess errors)
FAIL: gcc.c-torture/compile/20031023-3.c -O3 -g (test for excess
errors)
FAIL: gcc.c-torture/compile/20031023-3.c -Os (test for excess errors)
FAIL: gcc.c-torture/execute/20020412-1.c compilation, -O0
UNRESOLVED: gcc.c-torture/execute/20020412-1.c execution, -O0
FAIL: gcc.c-torture/execute/20020412-1.c compilation, -O1
UNRESOLVED: gcc.c-torture/execute/20020412-1.c execution, -O1
FAIL: gcc.c-torture/execute/20020412-1.c compilation, -O2
UNRESOLVED: gcc.c-torture/execute/20020412-1.c execution, -O2
FAIL: gcc.c-torture/execute/20020412-1.c compilation, -O3
-fomit-frame-pointer
UNRESOLVED: gcc.c-torture/execute/20020412-1.c execution, -O3
-fomit-frame-pointer
FAIL: gcc.c-torture/execute/20020412-1.c compilation, -O3
-fomit-frame-pointer -funroll-loops
UNRESOLVED: gcc.c-torture/execute/20020412-1.c execution, -O3
-fomit-frame-pointer -funroll-loops
FAIL: gcc.c-torture/execute/20020412-1.c compilation, -O3
-fomit-frame-pointer -funroll-all-loops -finline-functions
UNRESOLVED: gcc.c-torture/execute/20020412-1.c execution, -O3
-fomit-frame-pointer -funroll-all-loops -finline-functions
FAIL: gcc.c-torture/execute/20020412-1.c compilation, -O3 -g
UNRESOLVED: gcc.c-torture/execute/20020412-1.c execution, -O3 -g
FAIL: gcc.c-torture/execute/20020412-1.c compilation, -Os
UNRESOLVED: gcc.c-torture/execute/20020412-1.c execution, -Os
FAIL: gcc.c-torture/execute/loop-14.c execution, -Os
FAIL: gcc.c-torture/execute/ieee/mul-subnormal-single-1.c execution,
-O0
FAIL: gcc.c-torture/execute/ieee/mul-subnormal-single-1.c execution,
-O1
FAIL: gcc.c-torture/execute/ieee/mul-subnormal-single-1.c execution,
-O2
FAIL: gcc.c-torture/execute/ieee/mul-subnormal-single-1.c execution,
-O3 -fomit-frame-pointer
FAIL: gcc.c-torture/execute/ieee/mul-subnormal-single-1.c execution,
-O3 -fomit-frame-pointer -funroll-loops
FAIL: gcc.c-torture/execute/ieee/mul-subnormal-single-1.c execution,
-O3 -fomit-frame-pointer -funroll-all-loops -finline-functions
FAIL: gcc.c-torture/execute/ieee/mul-subnormal-single-1.c execution,
-O3 -g
FAIL: gcc.c-torture/execute/ieee/mul-subnormal-single-1.c execution,
-Os
FAIL: gcc.dg/debug/dwarf2/dwarf-die7.c scan-assembler 1.*DW_AT_inline
FAIL: gcc.dg/c90-const-expr-3.c (test for excess errors)
FAIL: gcc.dg/c99-complit-2.c non-const (test for errors, line 40)
FAIL: gcc.dg/c99-complit-2.c non-const (test for errors, line 42)
FAIL: gcc.dg/c99-complit-2.c non-const (test for errors, line 46)
FAIL: gcc.dg/c99-complit-2.c struct bad init (test for errors, line 51)
FAIL: gcc.dg/c99-complit-2.c union bad init (test for errors, line 53)
FAIL: gcc.dg/c99-complit-2.c array bad init (test for errors, line 58)
FAIL: gcc.dg/c99-complit-2.c array bad init (test for errors, line 66)
FAIL: gcc.dg/c99-complit-2.c (test for excess errors)
FAIL: gcc.dg/c99-const-expr-3.c (test for excess errors)
XPASS: gcc.dg/setjmp-1.c spurious clobbered warning (test for bogus
messages, line 16)
XPASS: gcc.dg/sibcall-3.c execution test
XPASS: gcc.dg/sibcall-4.c execution test
FAIL: gcc.dg/uninit-H.c (test for bogus messages, line 20)
FAIL: gcc.dg/va-arg-3.c (test for excess errors)
UNRESOLVED: gcc.dg/visibility-1.c
UNRESOLVED: gcc.dg/visibility-2.c
UNRESOLVED: gcc.dg/visibility-3.c
UNRESOLVED: gcc.dg/visibility-4.c
UNRESOLVED: gcc.dg/visibility-5.c
UNRESOLVED: gcc.dg/visibility-6.c
UNRESOLVED: gcc.dg/visibility-7.c
UNRESOLVED: gcc.dg/visibility-8.c
FAIL: gcc.dg/pch/save-temps-1.c -O0 assembly comparison
FAIL: gcc.dg/pch/save-temps-1.c -O1 assembly comparison
FAIL: largefile.c -O0 -g (test for excess errors)
FAIL: largefile.c -O0 (test for excess errors)
FAIL: largefile.c -O1 (test for excess errors)
FAIL: largefile.c -O2 (test for excess errors)
FAIL: largefile.c -O3 -fomit-frame-pointer (test for excess errors)
FAIL: largefile.c -O3 -g (test for excess errors)
FAIL: largefile.c -Os (test for excess errors)
FAIL: 94:is -:should be 1
FAIL: gcc.misc-tests/gcov-4.c gcov: 1 failures in line counts, 0 in
branch percentages, 0 in return percentages
=== gcc Summary for unix/-mabi=64 ===
# of expected passes 25655
# of unexpected failures 61
# of unexpected successes 3
# of expected failures 72
# of unresolved testcases 16
# of untested testcases 35
# of unsupported tests 339
=== gcc Summary ===
# of expected passes 51324
# of unexpected failures 108
# of unexpected successes 6
# of expected failures 144
# of unresolved testcases 32
# of untested testcases 70
# of unsupported tests 678
/disk4/billingd/obj/gcc/gcc/xgcc version 3.5.0 20040626 (experimental)
=== objc tests ===
Running target unix
=== objc Summary for unix ===
# of expected passes 1404
# of unsupported tests 7
Running target unix/-mabi=64
=== objc Summary for unix/-mabi=64 ===
# of expected passes 1404
# of unsupported tests 7
=== objc Summary ===
# of expected passes 2808
# of unsupported tests 14
/disk4/billingd/obj/gcc/gcc/xgcc version 3.5.0 20040626 (experimental)
=== libstdc++ tests ===
Running target unix
FAIL: 21_strings/basic_string/inserters_extractors/wchar_t/1.cc
execution test
FAIL: 21_strings/basic_string/inserters_extractors/wchar_t/11.cc
execution test
FAIL: 21_strings/basic_string/inserters_extractors/wchar_t/5.cc
execution test
FAIL: 22_locale/ctype/cons/char/1.cc execution test
FAIL: 22_locale/ctype/is/wchar_t/1.cc execution test
FAIL: 22_locale/ctype/scan/wchar_t/1.cc execution test
FAIL: 22_locale/money_get/get/wchar_t/19.cc execution test
FAIL: 22_locale/money_get/get/wchar_t/8.cc execution test
FAIL: 22_locale/num_get/get/char/10.cc execution test
FAIL: 22_locale/num_get/get/wchar_t/10.cc execution test
FAIL: 26_numerics/cmath/c99_classification_macros_c++.cc (test for
excess errors)
FAIL: 26_numerics/cmath/c99_classification_macros_c.cc (test for excess
errors)
FAIL: 26_numerics/complex/13450.cc execution test
FAIL: 26_numerics/complex/complex_value.cc execution test
=== libstdc++ Summary for unix ===
# of expected passes 2669
# of unexpected failures 14
# of expected failures 5
# of unsupported tests 8
Running target unix/-mabi=64
FAIL: 21_strings/basic_string/inserters_extractors/wchar_t/1.cc
execution test
FAIL: 21_strings/basic_string/inserters_extractors/wchar_t/11.cc
execution test
FAIL: 21_strings/basic_string/inserters_extractors/wchar_t/5.cc
execution test
FAIL: 22_locale/ctype/cons/char/1.cc execution test
FAIL: 22_locale/ctype/is/wchar_t/1.cc execution test
FAIL: 22_locale/ctype/scan/wchar_t/1.cc execution test
FAIL: 22_locale/money_get/get/wchar_t/19.cc execution test
FAIL: 22_locale/money_get/get/wchar_t/8.cc execution test
FAIL: 22_locale/num_get/get/char/10.cc execution test
FAIL: 22_locale/num_get/get/wchar_t/10.cc execution test
FAIL: 26_numerics/cmath/c99_classification_macros_c++.cc (test for
excess errors)
FAIL: 26_numerics/cmath/c99_classification_macros_c.cc (test for excess
errors)
FAIL: 26_numerics/complex/13450.cc execution test
FAIL: 26_numerics/complex/complex_value.cc execution test
=== libstdc++ Summary for unix/-mabi=64 ===
# of expected passes 2669
# of unexpected failures 14
# of expected failures 5
# of unsupported tests 8
=== libstdc++ Summary ===
# of expected passes 5338
# of unexpected failures 28
# of expected failures 10
# of unsupported tests 16
Compiler version: 3.5.0 20040626 (experimental)
Platform: mips-sgi-irix6.5
configure flags: --enable-shared --enable-haifa --enable-threads=single
--enable-libjava --disable-nls --with-gmp=/usr/local
--disable-libmudflap --prefix=/disk4/billingd/tmp/gcc
--enable-languages=c,c++,java,objc
Counting all warnings,
there are 33 warnings in stage3 of this bootstrap.
Number of warnings per file:
10 gcc/config/mips/mips.md
6 gcc/libgcov.c
5 /usr/local/share/bison/bison.simple
3 gengtype-lex.c
3 gcc/gcc.c
2 insn-conditions.c
2 gcc/objc/lang-specs.h
1 gcc/java/jvspec.c
1
Number of warning types:
8 string length \`???' is greater than the length \`???' ISO C89
compilers are required to support
7 operand 1 missing mode?
6 old-style function definition
6 implicit declaration of function 'alloca'
3 operand 0 missing mode?
2 label \`???' defined but not used
1 source missing a mode?
More information about the Gcc-testresults
mailing list