Results for 3.4.1 20040618 (prerelease) testsuite on i386-unknown-freebsd4.9
Loren James Rittle
rittle@latour.rsch.comm.mot.com
Mon Jun 21 14:20:00 GMT 2004
LAST_UPDATED: Fri Jun 18 15:40:51 GMT 2004
Native configuration is i386-unknown-freebsd4.9
=== g++ tests ===
Running target unix/-pthread
WARNING: g++.old-deja/g++.mike/p10769a.C compilation failed to produce executable
WARNING: g++.old-deja/g++.other/enum5.C compilation failed to produce executable
WARNING: g++.old-deja/g++.pt/friend44.C compilation failed to produce executable
=== g++ Summary ===
# of expected passes 9621
# of expected failures 69
# of unsupported tests 43
/usr/users/rittle/tmp/gcc-build-latour-3.4-0618/gcc/testsuite/../g++ version 3.4.1 20040618 (prerelease)
=== g77 tests ===
Running target unix/-pthread
=== g77 Summary ===
# of expected passes 1800
# of unsupported tests 6
/usr/users/rittle/tmp/gcc-build-latour-3.4-0618/gcc/testsuite/../g77 version 3.4.1 20040618 (prerelease)
=== gcc tests ===
Running target unix/-pthread
FAIL: gcc.c-torture/execute/conversion.c execution, -O0
FAIL: gcc.c-torture/execute/conversion.c execution, -O1
FAIL: gcc.c-torture/execute/conversion.c execution, -O2
FAIL: gcc.c-torture/execute/conversion.c execution, -Os
FAIL: gcc.dg/builtins-20.c (test for excess errors)
FAIL: gcc.dg/const-elim-1.c scan-assembler-not L\\\\\$?C[^A-Z]
=== gcc Summary ===
# of expected passes 24572
# of unexpected failures 6
# of expected failures 70
# of untested testcases 7
# of unsupported tests 194
/usr/users/rittle/tmp/gcc-build-latour-3.4-0618/gcc/xgcc version 3.4.1 20040618 (prerelease)
=== objc tests ===
Running target unix/-pthread
=== objc Summary ===
# of expected passes 1352
# of unsupported tests 8
/usr/users/rittle/tmp/gcc-build-latour-3.4-0618/gcc/xgcc version 3.4.1 20040618 (prerelease)
=== libffi tests ===
Running target unix/-pthread
FAIL: libffi.call/cls_1_1byte.c output pattern test, is 117 12: 129
FAIL: libffi.call/cls_2byte.c execution test
FAIL: libffi.call/cls_3byte1.c execution test
FAIL: libffi.call/cls_3byte2.c execution test
FAIL: libffi.call/cls_4_1byte.c execution test
FAIL: libffi.call/cls_4byte.c execution test
FAIL: libffi.call/cls_7byte.c execution test
FAIL: libffi.call/cls_8byte.c execution test
FAIL: libffi.call/struct3.c execution test
FAIL: libffi.call/struct5.c execution test
FAIL: libffi.call/struct9.c execution test
=== libffi Summary ===
# of expected passes 194
# of unexpected failures 11
# of unsupported tests 2
=== libjava tests ===
Running target unix/-pthread
FAIL: linking simple
WARNING: program timed out.
FAIL: N19990310_02 execution - gij test
WARNING: program timed out.
FAIL: PR160 execution - gij test
FAIL: Thread_Sleep output - source compiled test
FAIL: Throw_2 execution - source compiled test
FAIL: Throw_2 execution - gij test
FAIL: Throw_2 execution - bytecode->native test
FAIL: Throw_2 -O3 execution - source compiled test
FAIL: Throw_2 execution - gij test
FAIL: Throw_2 -O3 execution - bytecode->native test
WARNING: program timed out.
FAIL: /usr/users/rittle/tmp/gcc-build-latour-3.4-0618/i386-unknown-freebsd4.9/libjava/testsuite/TestParent.exe execution - /usr/users/rittle/tmp/gcc-build-latour-3.4-0618/i386-unknown-freebsd4.9/libjava/testsuite/TestParent.exe
=== libjava Summary ===
# of expected passes 3241
# of unexpected failures 11
# of expected failures 11
# of untested testcases 17
=== libstdc++-v3 check-abi Summary ===
# of added symbols: 205
# of missing symbols: 205
# of incompatible symbols: 205
=== libstdc++ tests ===
Running target unix/-pthread
FAIL: 27_io/basic_filebuf/close/char/2.cc (test for excess errors)
WARNING: 27_io/basic_filebuf/close/char/2.cc compilation failed to produce executable
FAIL: 27_io/basic_filebuf/open/char/2.cc (test for excess errors)
WARNING: 27_io/basic_filebuf/open/char/2.cc compilation failed to produce executable
FAIL: ext/stdio_filebuf/char/10063-1.cc (test for excess errors)
WARNING: ext/stdio_filebuf/char/10063-1.cc compilation failed to produce executable
FAIL: ext/stdio_filebuf/char/10063-2.cc (test for excess errors)
WARNING: ext/stdio_filebuf/char/10063-2.cc compilation failed to produce executable
FAIL: ext/stdio_filebuf/char/2.cc (test for excess errors)
WARNING: ext/stdio_filebuf/char/2.cc compilation failed to produce executable
=== libstdc++ Summary ===
# of expected passes 2010
# of unexpected failures 5
# of expected failures 4
Compiler version: 3.4.1 20040618 (prerelease)
Platform: i386-unknown-freebsd4.9
configure flags: --prefix=/usr/local/beta-gcc --with-gnu-as --with-as=/usr/local/beta-gcc/bin/as --with-gnu-ld --with-ld=/usr/local/beta-gcc/bin/ld
BOOT_CFLAGS=-g -O2
More information about the Gcc-testresults
mailing list