Results for 3.4.1 20040615 (prerelease) testsuite on hppa2.0w-hp-hpux11.00
Joe Buck
jbuck@haphazrd.synopsys.com
Tue Jun 15 12:01:00 GMT 2004
This is an HP 9000/785 (2 processors, 550 MHz, 1GB)
Bootstrapped with HP's C compiler
as is from binutils-2.13.1 (FSF)
Only C, C++, ObjC, and Fortran (f77) are tested (no Java).
LAST_UPDATED: Tue Jun 15 07:46:39 UTC 2004
Native configuration is hppa2.0w-hp-hpux11.00
=== g++ tests ===
Running target unix
UNRESOLVED: g++.dg/init/init-ref4.C
FAIL: g++.dg/lookup/crash3.C (test for excess errors)
UNRESOLVED: g++.old-deja/g++.ext/attrib5.C
WARNING: g++.old-deja/g++.mike/p10769a.C compilation failed to produce executable
WARNING: g++.old-deja/g++.other/enum5.C compilation failed to produce executable
WARNING: g++.old-deja/g++.pt/friend44.C compilation failed to produce executable
UNRESOLVED: g++.old-deja/g++.pt/static3.C
=== g++ Summary ===
# of expected passes 9379
# of unexpected failures 1
# of expected failures 71
# of unresolved testcases 3
# of unsupported tests 77
/remote/atg2/jbuck/hpux.tmp/3_4_branch/gcc/testsuite/../g++ version 3.4.1 20040615 (prerelease)
=== g77 tests ===
Running target unix
=== g77 Summary ===
# of expected passes 1800
# of unsupported tests 6
/remote/atg2/jbuck/hpux.tmp/3_4_branch/gcc/testsuite/../g77 version 3.4.1 20040615 (prerelease)
=== gcc tests ===
Running target unix
FAIL: gcc.dg/compat/struct-by-value-11 c_compat_x_tst.o-c_compat_y_tst.o execute
FAIL: gcc.dg/compat/struct-by-value-1 c_compat_x_tst.o-c_compat_y_tst.o execute
UNRESOLVED: gcc.dg/visibility-1.c
UNRESOLVED: gcc.dg/visibility-2.c
UNRESOLVED: gcc.dg/visibility-3.c
UNRESOLVED: gcc.dg/visibility-4.c
UNRESOLVED: gcc.dg/visibility-5.c
UNRESOLVED: gcc.dg/visibility-6.c
UNRESOLVED: gcc.dg/visibility-7.c
UNRESOLVED: gcc.dg/visibility-8.c
UNRESOLVED: gcc.dg/special/weak-1.c
UNRESOLVED: gcc.dg/special/weak-2.c
UNRESOLVED: gcc.dg/special/wkali-1.c
UNRESOLVED: gcc.dg/special/wkali-2.c
UNRESOLVED: gcc.dg/weak/typeof-2.c
UNRESOLVED: gcc.dg/weak/weak-1.c
UNRESOLVED: gcc.dg/weak/weak-2.c
UNRESOLVED: gcc.dg/weak/weak-3.c
UNRESOLVED: gcc.dg/weak/weak-4.c
UNRESOLVED: gcc.dg/weak/weak-5.c
UNRESOLVED: gcc.dg/weak/weak-6.c
UNRESOLVED: gcc.dg/weak/weak-7.c
UNRESOLVED: gcc.dg/weak/weak-8.c
UNRESOLVED: gcc.dg/weak/weak-9.c
=== gcc Summary ===
# of expected passes 23870
# of unexpected failures 2
# of expected failures 69
# of unresolved testcases 22
# of untested testcases 7
# of unsupported tests 347
/remote/atg2/jbuck/hpux.tmp/3_4_branch/gcc/xgcc version 3.4.1 20040615 (prerelease)
=== objc tests ===
Running target unix
=== objc Summary ===
# of expected passes 1352
# of unsupported tests 8
/remote/atg2/jbuck/hpux.tmp/3_4_branch/gcc/xgcc version 3.4.1 20040615 (prerelease)
=== libstdc++ tests ===
Running target unix
=== libstdc++ Summary ===
# of expected passes 2000
# of expected failures 4
# of unsupported tests 8
Compiler version: 3.4.1 20040615 (prerelease)
Platform: hppa2.0w-hp-hpux11.00
configure flags: --prefix=/u/jbuck/cvs.hp/3_4_branch --with-gnu-as --with-as=/u/jbuck/gnu.hp/bin/as --enable-languages=c,c++,objc,f77
More information about the Gcc-testresults
mailing list