Results for 3.4.1 20040608 (prerelease) testsuite on sh-unknown-elf
Joern Rennecke
joern.rennecke@superh.com
Wed Jun 9 01:56:00 GMT 2004
LAST_UPDATED:
Target is sh-unknown-elf
Host is i686-pc-linux-gnu
=== g++ tests ===
Running target sh-hms-sim
FAIL: g++.dg/other/cxa-atexit1.C (test for excess errors)
FAIL: g++.old-deja/g++.jason/2371.C (test for excess errors)
FAIL: g++.old-deja/g++.jason/c-inline.C (test for excess errors)
FAIL: g++.old-deja/g++.jason/context.C (test for excess errors)
FAIL: g++.old-deja/g++.jason/inline.C (test for excess errors)
FAIL: g++.old-deja/g++.jason/synth5.C (test for excess errors)
XPASS: g++.old-deja/g++.jason/thunk3.C execution test
WARNING: g++.old-deja/g++.mike/p10769a.C compilation failed to produce executable
WARNING: g++.old-deja/g++.other/enum5.C compilation failed to produce executable
WARNING: g++.old-deja/g++.pt/friend44.C compilation failed to produce executable
=== g++ Summary for sh-hms-sim ===
# of expected passes 9529
# of unexpected failures 6
# of unexpected successes 1
# of expected failures 70
# of unsupported tests 79
Running target sh-hms-sim/-m4/-ml
FAIL: g++.dg/other/cxa-atexit1.C (test for excess errors)
FAIL: g++.old-deja/g++.jason/2371.C (test for excess errors)
FAIL: g++.old-deja/g++.jason/c-inline.C (test for excess errors)
FAIL: g++.old-deja/g++.jason/context.C (test for excess errors)
FAIL: g++.old-deja/g++.jason/inline.C (test for excess errors)
FAIL: g++.old-deja/g++.jason/synth5.C (test for excess errors)
XPASS: g++.old-deja/g++.jason/thunk3.C execution test
WARNING: g++.old-deja/g++.mike/p10769a.C compilation failed to produce executable
WARNING: g++.old-deja/g++.other/enum5.C compilation failed to produce executable
WARNING: g++.old-deja/g++.pt/friend44.C compilation failed to produce executable
=== g++ Summary for sh-hms-sim/-m4/-ml ===
# of expected passes 9529
# of unexpected failures 6
# of unexpected successes 1
# of expected failures 70
# of unsupported tests 79
=== g++ Summary ===
# of expected passes 19058
# of unexpected failures 12
# of unexpected successes 2
# of expected failures 140
# of unsupported tests 158
/swbuild/nightly/3.4-2004-06-08/sh-elf/gcc/testsuite/../g++ version 3.4.1 20040608 (prerelease)
Host is i686-pc-linux-gnu
=== gcc tests ===
Running target sh-hms-sim
UNRESOLVED: gcc.c-torture/execute/20020720-1.c execution, -O1
UNRESOLVED: gcc.c-torture/execute/20020720-1.c execution, -O2
UNRESOLVED: gcc.c-torture/execute/20020720-1.c execution, -O3 -fomit-frame-pointer
UNRESOLVED: gcc.c-torture/execute/20020720-1.c execution, -O3 -g
UNRESOLVED: gcc.c-torture/execute/20020720-1.c execution, -Os
FAIL: gcc.dg/builtin-apply2.c execution test
FAIL: gcc.dg/builtins-18.c (test for excess errors)
FAIL: gcc.dg/builtins-20.c (test for excess errors)
XPASS: gcc.dg/uninit-4.c uninitialized variable warning (test for bogus messages, line 26)
=== gcc Summary for sh-hms-sim ===
# of expected passes 24174
# of unexpected failures 3
# of unexpected successes 1
# of expected failures 73
# of unresolved testcases 5
# of untested testcases 7
# of unsupported tests 337
Running target sh-hms-sim/-m4/-ml
UNRESOLVED: gcc.c-torture/execute/20020720-1.c execution, -O1
UNRESOLVED: gcc.c-torture/execute/20020720-1.c execution, -O2
UNRESOLVED: gcc.c-torture/execute/20020720-1.c execution, -O3 -fomit-frame-pointer
UNRESOLVED: gcc.c-torture/execute/20020720-1.c execution, -O3 -g
UNRESOLVED: gcc.c-torture/execute/20020720-1.c execution, -Os
FAIL: gcc.dg/compat/struct-by-value-19 c_compat_x_tst.o-c_compat_y_tst.o execute
FAIL: gcc.dg/compat/struct-return-19 c_compat_x_tst.o-c_compat_y_tst.o execute
FAIL: gcc.dg/builtins-20.c (test for excess errors)
XPASS: gcc.dg/uninit-4.c uninitialized variable warning (test for bogus messages, line 26)
=== gcc Summary for sh-hms-sim/-m4/-ml ===
# of expected passes 24174
# of unexpected failures 3
# of unexpected successes 1
# of expected failures 73
# of unresolved testcases 5
# of untested testcases 7
# of unsupported tests 337
=== gcc Summary ===
# of expected passes 48348
# of unexpected failures 6
# of unexpected successes 2
# of expected failures 146
# of unresolved testcases 10
# of untested testcases 14
# of unsupported tests 674
/swbuild/nightly/3.4-2004-06-08/sh-elf/gcc/xgcc version 3.4.1 20040608 (prerelease)
Host is i686-pc-linux-gnu
=== objc tests ===
Running target sh-hms-sim
=== objc Summary for sh-hms-sim ===
# of expected passes 1352
# of unsupported tests 8
Running target sh-hms-sim/-m4/-ml
=== objc Summary for sh-hms-sim/-m4/-ml ===
# of expected passes 1352
# of unsupported tests 8
=== objc Summary ===
# of expected passes 2704
# of unsupported tests 16
/swbuild/nightly/3.4-2004-06-08/sh-elf/gcc/xgcc version 3.4.1 20040608 (prerelease)
Compiler version: 3.4.1 20040608 (prerelease)
Platform: sh-unknown-elf
configure flags: --target=sh-elf --with-headers --with-newlib,;t t
More information about the Gcc-testresults
mailing list