Results for 3.5.0 20040731 (experimental) testsuite on i686-pc-linux-gnu

Andris Pavenis pavenis@latnet.lv
Sat Jul 31 10:06:00 GMT 2004


Last updated from CVS:  2004 Jul 31  08:37  +0300 

System:   Linux kernel 2.6.7-adeos
          glibc-2.3.2
          binutils-2.15.90.0.3 20040415

LAST_UPDATED: Sat Jul 31 05:37:07 UTC 2004

Native configuration is i686-pc-linux-gnu

		=== g++ tests ===


Running target unix
XPASS: g++.dg/rtti/tinfo1.C scan-assembler _ZTIP9CTemplateIhE:
XPASS: g++.dg/rtti/tinfo1.C scan-assembler-not .globl[ \\t]+_ZTIP9CTemplateIhE
XPASS: g++.dg/rtti/tinfo1.C scan-assembler-not .section[^\\n\\r]*_ZTIP9CTemplateIhE[^\\n\\r]*
FAIL: 102:is -:should be 1
FAIL: g++.dg/gcov/gcov-1.C gcov: 1 failures in line counts, 0 in branch percentages, 0 in return percentages
WARNING: g++.old-deja/g++.mike/p10769a.C compilation failed to produce executable
WARNING: g++.old-deja/g++.other/enum5.C compilation failed to produce executable
WARNING: g++.old-deja/g++.pt/friend44.C compilation failed to produce executable

		=== g++ Summary ===

# of expected passes		9982
# of unexpected failures	2
# of unexpected successes	3
# of expected failures		80
# of unsupported tests		54
/disk2/cvs/gcc/3.5/build/build.lnx/gcc/testsuite/../g++  version 3.5.0 20040731 (experimental)

		=== gcc tests ===


Running target unix
FAIL: gcc.dg/compat/vector-1 c_compat_x_tst.o compile
FAIL: gcc.dg/compat/vector-1 c_compat_y_tst.o compile
UNRESOLVED: gcc.dg/compat/vector-1 c_compat_x_tst.o-c_compat_y_tst.o link 
UNRESOLVED: gcc.dg/compat/vector-1 c_compat_x_tst.o-c_compat_y_tst.o execute 
FAIL: tmpdir-gcc.dg-struct-layout-1/t026 c_compat_x_tst.o-c_compat_y_tst.o execute 
FAIL: tmpdir-gcc.dg-struct-layout-1/t028 c_compat_x_tst.o-c_compat_y_tst.o execute 
FAIL: gcc.dg/debug/dwarf2/dwarf-die7.c scan-assembler 1.*DW_AT_inline
FAIL: gcc.dg/c90-const-expr-3.c (test for excess errors)
FAIL: gcc.dg/c99-const-expr-3.c (test for excess errors)
XPASS: gcc.dg/setjmp-1.c spurious clobbered warning (test for bogus messages, line 16)
XPASS: gcc.dg/tree-ssa/20040615-1.c scan-tree-dump-times bar2 0
FAIL: 94:is -:should be 1
FAIL: gcc.misc-tests/gcov-4.c gcov: 1 failures in line counts, 0 in branch percentages, 0 in return percentages

		=== gcc Summary ===

# of expected passes		27295
# of unexpected failures	9
# of unexpected successes	2
# of expected failures		65
# of unresolved testcases	2
# of untested testcases		28
# of unsupported tests		249
/disk2/cvs/gcc/3.5/build/build.lnx/gcc/xgcc  version 3.5.0 20040731 (experimental)

		=== gfortran tests ===


Running target unix

		=== gfortran Summary ===

# of expected passes		3972
# of expected failures		28
/disk2/cvs/gcc/3.5/build/build.lnx/gcc/testsuite/../gfortran  version 3.5.0 20040731 (experimental)

		=== objc tests ===


Running target unix

		=== objc Summary ===

# of expected passes		1404
# of unsupported tests		7
/disk2/cvs/gcc/3.5/build/build.lnx/gcc/xgcc  version 3.5.0 20040731 (experimental)

		=== libffi tests ===


Running target unix

		=== libffi Summary ===

# of expected passes		212
# of unsupported tests		2
		=== libjava tests ===


Running target unix

		=== libjava Summary ===

# of expected passes		3423
# of expected failures		14
# of untested testcases		16
		=== libmudflap tests ===


Running target unix
WARNING: program timed out.
FAIL: libmudflap.cth/pass40-frag.c execution test
FAIL: libmudflap.cth/pass40-frag.c output pattern test
WARNING: program timed out.
FAIL: libmudflap.cth/pass40-frag.c (-static -DSTATIC) execution test
FAIL: libmudflap.cth/pass40-frag.c (-static -DSTATIC) output pattern test
WARNING: program timed out.
FAIL: libmudflap.cth/pass40-frag.c (-O2) execution test
FAIL: libmudflap.cth/pass40-frag.c (-O2) output pattern test
WARNING: program timed out.
FAIL: libmudflap.cth/pass40-frag.c (-O3) execution test
FAIL: libmudflap.cth/pass40-frag.c (-O3) output pattern test

		=== libmudflap Summary ===

# of expected passes		1128
# of unexpected failures	8

		=== libstdc++-v3 check-abi Summary ===

# of added symbols:		 314
# of missing symbols:		 283
# of incompatible symbols:	 283
		=== libstdc++ tests ===


Running target unix
XPASS: 22_locale/locale/cons/12658_thread-1.cc execution test
XPASS: 26_numerics/cmath/c99_classification_macros_c.cc (test for excess errors)

		=== libstdc++ Summary ===

# of expected passes		2822
# of unexpected successes	2
# of expected failures		5

Compiler version: 3.5.0 20040731 (experimental) 
Platform: i686-pc-linux-gnu
configure flags: --prefix=/disk2/gcc35 --enable-shared --verbose --enable-threads=posix --enable-languages=c,c++,f95,java,objc

Counting all warnings,
there are 34 warnings in stage3 of this bootstrap.

Number of warnings per file:
      7 gcc/unwind-dw2-fde.c
      5 gcc/config/i386/i386.md
      5 /usr/share/bison/bison.simple
      3 insn-conditions.c
      3 gengtype-lex.c
      3 gcc/gcc.c
      2 gcc/objc/lang-specs.h
      2 gcc/libgcc2.c
      2 gcc/gengtype-yacc.y
      1 gcc/unwind-dw2.c
      1 gcc/java/jvspec.c

Number of warning types:
      9 string length `???' is greater than the length `???' ISO C89 compilers are required to support
      6 pointer targets in passing arg ??? of `???' differ in signedness
      6 old-style function definition
      4 source missing a mode?
      3 pointer targets in assignment differ in signedness
      2 passing arg ??? of `???' discards qualifiers from pointer target type
      2 label `???' defined but not used
      1 operand 1 missing mode?
      1 no previous prototype for '__enable_execute_stack'



More information about the Gcc-testresults mailing list