Results for 3.5-tree-ssa-lno 20040730 (merged 20040718) testsuite on powerpc64-unknown-linux-gnu

Janis Johnson janis@localhost.localdomain
Fri Jul 30 08:42:00 GMT 2004


Linux 2.4.21-17.EL ppc64
GNU C Library stable release version 2.3.2
GNU ld version 2.15
GNU assembler 2.15
GNU Make version 3.79.1

DejaGnu:
	Expect version is	5.40.0
	Tcl version is		8.4
	Framework version is	1.4.4

LAST_UPDATED: Fri Jul 30 04:58:41 UTC 2004

Native configuration is powerpc64-unknown-linux-gnu

		=== gcc tests ===


Running target unix/-m32
FAIL: gcc.c-torture/execute/20030125-1.c execution,  -O1 
FAIL: gcc.c-torture/execute/20030125-1.c execution,  -O2 
FAIL: gcc.c-torture/execute/20030125-1.c execution,  -Os 
FAIL: gcc.dg/debug/dwarf2/dwarf-die7.c scan-assembler 1.*DW_AT_inline
FAIL: gcc.dg/20030626-1.c  (test for bogus messages, line 17)
FAIL: gcc.dg/builtins-18.c (test for excess errors)
FAIL: gcc.dg/builtins-20.c (test for excess errors)
FAIL: gcc.dg/c90-const-expr-3.c (test for excess errors)
FAIL: gcc.dg/c99-const-expr-3.c (test for excess errors)
FAIL: gcc.dg/ppc64-abi-1.c execution test
FAIL: gcc.dg/ppc64-abi-2.c (test for excess errors)
WARNING: gcc.dg/ppc64-abi-2.c compilation failed to produce executable
FAIL: gcc.dg/ppc64-abi-3.c  (test for errors, line 11)
FAIL: gcc.dg/ppc64-abi-3.c  (test for errors, line 26)
FAIL: gcc.dg/ppc64-abi-3.c (test for excess errors)
XPASS: gcc.dg/setjmp-1.c spurious clobbered warning (test for bogus messages, line 16)
FAIL: gcc.dg/tls/opt-7.c (test for excess errors)
FAIL: gcc.dg/torture/builtin-convert-1.c  -O1  (test for excess errors)
FAIL: gcc.dg/torture/builtin-convert-1.c  -O2  (test for excess errors)
FAIL: gcc.dg/torture/builtin-convert-1.c  -O3 -fomit-frame-pointer  (test for excess errors)
FAIL: gcc.dg/torture/builtin-convert-1.c  -O3 -g  (test for excess errors)
FAIL: gcc.dg/torture/builtin-convert-1.c  -Os  (test for excess errors)
FAIL: gcc.dg/torture/builtin-convert-2.c  -O1  (test for excess errors)
FAIL: gcc.dg/torture/builtin-convert-2.c  -O2  (test for excess errors)
FAIL: gcc.dg/torture/builtin-convert-2.c  -O3 -fomit-frame-pointer  (test for excess errors)
FAIL: gcc.dg/torture/builtin-convert-2.c  -O3 -g  (test for excess errors)
FAIL: gcc.dg/torture/builtin-convert-2.c  -Os  (test for excess errors)
FAIL: gcc.dg/torture/builtin-convert-3.c  -O1  (test for excess errors)
FAIL: gcc.dg/torture/builtin-convert-3.c  -O2  (test for excess errors)
FAIL: gcc.dg/torture/builtin-convert-3.c  -O3 -fomit-frame-pointer  (test for excess errors)
FAIL: gcc.dg/torture/builtin-convert-3.c  -O3 -g  (test for excess errors)
FAIL: gcc.dg/torture/builtin-convert-3.c  -Os  (test for excess errors)
FAIL: gcc.dg/torture/builtin-power-1.c  -O0  (test for excess errors)
FAIL: gcc.dg/torture/builtin-power-1.c  -O1  (test for excess errors)
FAIL: gcc.dg/torture/builtin-power-1.c  -O2  (test for excess errors)
FAIL: gcc.dg/torture/builtin-power-1.c  -O3 -fomit-frame-pointer  (test for excess errors)
FAIL: gcc.dg/torture/builtin-power-1.c  -O3 -g  (test for excess errors)
FAIL: gcc.dg/torture/builtin-power-1.c  -Os  (test for excess errors)
FAIL: gcc.dg/tree-ssa-chrec/20040216-1.c scan-tree-dump-times Dependence Node 4
FAIL: gcc.dg/tree-ssa-chrec/ssa-chrec-04.c scan-tree-dump-times remove_me 0
FAIL: gcc.dg/tree-ssa-chrec/ssa-chrec-07.c scan-tree-dump-times remove_me 0
FAIL: gcc.dg/tree-ssa-chrec/ssa-chrec-08.c scan-tree-dump-times remove_me 0
ERROR: gcc.dg/tree-ssa-chrec/ssa-chrec-10.c: error executing dg-final: no files matched glob pattern "ssa-chrec-10.c.t??.ddall"
UNRESOLVED: gcc.dg/tree-ssa-chrec/ssa-chrec-10.c: error executing dg-final: no files matched glob pattern "ssa-chrec-10.c.t??.ddall"
ERROR: gcc.dg/tree-ssa-chrec/ssa-chrec-30.c: error executing dg-final: no files matched glob pattern "ssa-chrec-30.c.t??.ddall"
UNRESOLVED: gcc.dg/tree-ssa-chrec/ssa-chrec-30.c: error executing dg-final: no files matched glob pattern "ssa-chrec-30.c.t??.ddall"
ERROR: gcc.dg/tree-ssa-chrec/ssa-chrec-31.c: error executing dg-final: no files matched glob pattern "ssa-chrec-31.c.t??.ddall"
UNRESOLVED: gcc.dg/tree-ssa-chrec/ssa-chrec-31.c: error executing dg-final: no files matched glob pattern "ssa-chrec-31.c.t??.ddall"
ERROR: gcc.dg/tree-ssa-chrec/ssa-chrec-32.c: error executing dg-final: no files matched glob pattern "ssa-chrec-32.c.t??.ddall"
UNRESOLVED: gcc.dg/tree-ssa-chrec/ssa-chrec-32.c: error executing dg-final: no files matched glob pattern "ssa-chrec-32.c.t??.ddall"
ERROR: gcc.dg/tree-ssa-chrec/ssa-chrec-33.c: error executing dg-final: no files matched glob pattern "ssa-chrec-33.c.t??.ddall"
UNRESOLVED: gcc.dg/tree-ssa-chrec/ssa-chrec-33.c: error executing dg-final: no files matched glob pattern "ssa-chrec-33.c.t??.ddall"
ERROR: gcc.dg/tree-ssa-chrec/ssa-chrec-34.c: error executing dg-final: no files matched glob pattern "ssa-chrec-34.c.t??.ddall"
UNRESOLVED: gcc.dg/tree-ssa-chrec/ssa-chrec-34.c: error executing dg-final: no files matched glob pattern "ssa-chrec-34.c.t??.ddall"
ERROR: gcc.dg/tree-ssa-chrec/ssa-chrec-35.c: error executing dg-final: no files matched glob pattern "ssa-chrec-35.c.t??.ddall"
UNRESOLVED: gcc.dg/tree-ssa-chrec/ssa-chrec-35.c: error executing dg-final: no files matched glob pattern "ssa-chrec-35.c.t??.ddall"
ERROR: gcc.dg/tree-ssa-chrec/ssa-chrec-36.c: error executing dg-final: no files matched glob pattern "ssa-chrec-36.c.t??.ddall"
UNRESOLVED: gcc.dg/tree-ssa-chrec/ssa-chrec-36.c: error executing dg-final: no files matched glob pattern "ssa-chrec-36.c.t??.ddall"
ERROR: gcc.dg/tree-ssa-chrec/ssa-chrec-52.c: error executing dg-final: no files matched glob pattern "ssa-chrec-52.c.t??.ddall"
UNRESOLVED: gcc.dg/tree-ssa-chrec/ssa-chrec-52.c: error executing dg-final: no files matched glob pattern "ssa-chrec-52.c.t??.ddall"
FAIL: gcc.dg/tree-ssa-chrec/ssa-chrec-53.c (test for excess errors)
FAIL: gcc.dg/tree-ssa-chrec/ssa-chrec-57.c scan-tree-dump-times remove_me 0
FAIL: gcc.dg/tree-ssa-chrec/ssa-chrec-58.c scan-tree-dump-times remove_me 0
ERROR: gcc.dg/tree-ssa-chrec/ssa-chrec-59.c: error executing dg-final: no files matched glob pattern "ssa-chrec-59.c.t??.ddall"
UNRESOLVED: gcc.dg/tree-ssa-chrec/ssa-chrec-59.c: error executing dg-final: no files matched glob pattern "ssa-chrec-59.c.t??.ddall"
ERROR: gcc.dg/tree-ssa-chrec/ssa-chrec-60.c: error executing dg-final: no files matched glob pattern "ssa-chrec-60.c.t??.ddall"
UNRESOLVED: gcc.dg/tree-ssa-chrec/ssa-chrec-60.c: error executing dg-final: no files matched glob pattern "ssa-chrec-60.c.t??.ddall"
FAIL: gcc.dg/tree-ssa-vect/tree-ssa-vect-17.c execution test
FAIL: gcc.dg/tree-ssa-vect/tree-ssa-vect-18.c execution test
FAIL: gcc.dg/tree-ssa-vect/tree-ssa-vect-19.c execution test
FAIL: gcc.dg/tree-ssa-vect/tree-ssa-vect-2.c execution test
FAIL: gcc.dg/tree-ssa-vect/tree-ssa-vect-20.c execution test
FAIL: gcc.dg/tree-ssa-vect/tree-ssa-vect-20.c scan-tree-dump-times vectorized 3 loops 1
FAIL: gcc.dg/tree-ssa-vect/tree-ssa-vect-22.c execution test
FAIL: gcc.dg/tree-ssa-vect/tree-ssa-vect-25.c execution test
FAIL: gcc.dg/tree-ssa-vect/tree-ssa-vect-3.c execution test
FAIL: gcc.dg/tree-ssa-vect/tree-ssa-vect-30.c execution test
FAIL: gcc.dg/tree-ssa-vect/tree-ssa-vect-31.c execution test
FAIL: gcc.dg/tree-ssa-vect/tree-ssa-vect-32.c execution test
FAIL: gcc.dg/tree-ssa-vect/tree-ssa-vect-34.c execution test
FAIL: gcc.dg/tree-ssa-vect/tree-ssa-vect-35.c execution test
FAIL: gcc.dg/tree-ssa-vect/tree-ssa-vect-36.c execution test
FAIL: gcc.dg/tree-ssa-vect/tree-ssa-vect-4.c execution test
FAIL: gcc.dg/tree-ssa-vect/tree-ssa-vect-40.c execution test
FAIL: gcc.dg/tree-ssa-vect/tree-ssa-vect-42.c execution test
FAIL: gcc.dg/tree-ssa-vect/tree-ssa-vect-43.c execution test
FAIL: gcc.dg/tree-ssa-vect/tree-ssa-vect-46.c execution test
FAIL: gcc.dg/tree-ssa-vect/tree-ssa-vect-5.c execution test
FAIL: gcc.dg/tree-ssa-vect/tree-ssa-vect-6.c execution test
FAIL: gcc.dg/tree-ssa-vect/tree-ssa-vect-7.c execution test
FAIL: gcc.dg/tree-ssa-vect/tree-ssa-vect-8.c execution test
FAIL: gcc.dg/tree-ssa-vect/tree-ssa-vect-all.c execution test
FAIL: gcc.dg/tree-ssa/20031216-1.c scan-tree-dump-times link_error 0
XPASS: gcc.dg/tree-ssa/20040308-1.c scan-tree-dump-times straightline 1
FAIL: gcc.dg/tree-ssa/ivcanon-1.c (test for excess errors)
ERROR: gcc.dg/tree-ssa/ivcanon-1.c: error executing dg-final: no files matched glob pattern "ivcanon-1.c.t??.optimized"
UNRESOLVED: gcc.dg/tree-ssa/ivcanon-1.c: error executing dg-final: no files matched glob pattern "ivcanon-1.c.t??.optimized"
FAIL: gcc.dg/tree-ssa/sra-1.c scan-tree-dump-times link_error 0
FAIL: gcc.dg/tree-ssa/ssa-dce-3.c scan-tree-dump-times PHI  1
FAIL: gcc.dg/tree-ssa/ssa-dce-3.c scan-tree-dump-times if  1
FAIL: gcc.dg/vmx/ops.c  -O0  (test for excess errors)
FAIL: gcc.dg/vmx/ops.c  -O1  (test for excess errors)
FAIL: gcc.dg/vmx/ops.c  -O2  (test for excess errors)
FAIL: gcc.dg/vmx/ops.c  -O3 -fomit-frame-pointer  (test for excess errors)
FAIL: gcc.dg/vmx/ops.c  -O3 -g  (test for excess errors)
FAIL: gcc.dg/vmx/ops.c  -Os  (test for excess errors)
FAIL: 94:is -:should be 1
FAIL: gcc.misc-tests/gcov-4.c gcov: 1 failures in line counts, 0 in branch percentages, 0 in return percentages

		=== gcc Summary for unix/-m32 ===

# of expected passes		27508
# of unexpected failures	81
# of unexpected successes	2
# of expected failures		102
# of unresolved testcases	12
# of untested testcases		28
# of unsupported tests		342

Running target unix/-m64
FAIL: gcc.c-torture/compile/991229-3.c  -O3 -fomit-frame-pointer -funroll-loops  (test for excess errors)
FAIL: gcc.c-torture/compile/991229-3.c  -O3 -fomit-frame-pointer -funroll-all-loops -finline-functions  (test for excess errors)
FAIL: gcc.c-torture/execute/20030125-1.c execution,  -O1 
FAIL: gcc.c-torture/execute/20030125-1.c execution,  -O2 
FAIL: gcc.c-torture/execute/20030125-1.c execution,  -Os 
FAIL: gcc.c-torture/execute/simd-2.c execution,  -O3 -fomit-frame-pointer 
FAIL: gcc.c-torture/execute/simd-2.c execution,  -O3 -g 
FAIL: gcc.dg/compat/struct-by-value-5a c_compat_x_tst.o-c_compat_y_tst.o execute 
FAIL: gcc.dg/compat/vector-1 c_compat_x_tst.o compile
FAIL: gcc.dg/compat/vector-1 c_compat_y_tst.o compile
UNRESOLVED: gcc.dg/compat/vector-1 c_compat_x_tst.o-c_compat_y_tst.o link 
UNRESOLVED: gcc.dg/compat/vector-1 c_compat_x_tst.o-c_compat_y_tst.o execute 
FAIL: gcc.dg/compat/vector-2 c_compat_x_tst.o compile
FAIL: gcc.dg/compat/vector-2 c_compat_y_tst.o compile
UNRESOLVED: gcc.dg/compat/vector-2 c_compat_x_tst.o-c_compat_y_tst.o link 
UNRESOLVED: gcc.dg/compat/vector-2 c_compat_x_tst.o-c_compat_y_tst.o execute 
FAIL: gcc.dg/debug/dwarf2/dwarf-die7.c scan-assembler 1.*DW_AT_inline
FAIL: gcc.dg/20030626-1.c  (test for bogus messages, line 17)
FAIL: gcc.dg/builtins-18.c (test for excess errors)
FAIL: gcc.dg/builtins-20.c (test for excess errors)
FAIL: gcc.dg/c90-const-expr-3.c (test for excess errors)
FAIL: gcc.dg/c99-const-expr-3.c (test for excess errors)
FAIL: gcc.dg/complex-1.c execution test
FAIL: gcc.dg/ppc64-abi-3.c (test for excess errors)
XPASS: gcc.dg/setjmp-1.c spurious clobbered warning (test for bogus messages, line 16)
FAIL: gcc.dg/tls/opt-7.c (test for excess errors)
FAIL: gcc.dg/torture/builtin-convert-1.c  -O1  (test for excess errors)
FAIL: gcc.dg/torture/builtin-convert-1.c  -O2  (test for excess errors)
FAIL: gcc.dg/torture/builtin-convert-1.c  -O3 -fomit-frame-pointer  (test for excess errors)
FAIL: gcc.dg/torture/builtin-convert-1.c  -O3 -g  (test for excess errors)
FAIL: gcc.dg/torture/builtin-convert-1.c  -Os  (test for excess errors)
FAIL: gcc.dg/torture/builtin-convert-2.c  -O1  (test for excess errors)
FAIL: gcc.dg/torture/builtin-convert-2.c  -O2  (test for excess errors)
FAIL: gcc.dg/torture/builtin-convert-2.c  -O3 -fomit-frame-pointer  (test for excess errors)
FAIL: gcc.dg/torture/builtin-convert-2.c  -O3 -g  (test for excess errors)
FAIL: gcc.dg/torture/builtin-convert-2.c  -Os  (test for excess errors)
FAIL: gcc.dg/torture/builtin-convert-3.c  -O1  (test for excess errors)
FAIL: gcc.dg/torture/builtin-convert-3.c  -O2  (test for excess errors)
FAIL: gcc.dg/torture/builtin-convert-3.c  -O3 -fomit-frame-pointer  (test for excess errors)
FAIL: gcc.dg/torture/builtin-convert-3.c  -O3 -g  (test for excess errors)
FAIL: gcc.dg/torture/builtin-convert-3.c  -Os  (test for excess errors)
FAIL: gcc.dg/torture/builtin-power-1.c  -O0  (test for excess errors)
FAIL: gcc.dg/torture/builtin-power-1.c  -O1  (test for excess errors)
FAIL: gcc.dg/torture/builtin-power-1.c  -O2  (test for excess errors)
FAIL: gcc.dg/torture/builtin-power-1.c  -O3 -fomit-frame-pointer  (test for excess errors)
FAIL: gcc.dg/torture/builtin-power-1.c  -O3 -g  (test for excess errors)
FAIL: gcc.dg/torture/builtin-power-1.c  -Os  (test for excess errors)
FAIL: gcc.dg/tree-ssa-chrec/20040216-1.c scan-tree-dump-times Dependence Node 4
FAIL: gcc.dg/tree-ssa-chrec/ssa-chrec-04.c scan-tree-dump-times remove_me 0
FAIL: gcc.dg/tree-ssa-chrec/ssa-chrec-07.c scan-tree-dump-times remove_me 0
FAIL: gcc.dg/tree-ssa-chrec/ssa-chrec-08.c scan-tree-dump-times remove_me 0
ERROR: gcc.dg/tree-ssa-chrec/ssa-chrec-10.c: error executing dg-final: no files matched glob pattern "ssa-chrec-10.c.t??.ddall"
UNRESOLVED: gcc.dg/tree-ssa-chrec/ssa-chrec-10.c: error executing dg-final: no files matched glob pattern "ssa-chrec-10.c.t??.ddall"
ERROR: gcc.dg/tree-ssa-chrec/ssa-chrec-30.c: error executing dg-final: no files matched glob pattern "ssa-chrec-30.c.t??.ddall"
UNRESOLVED: gcc.dg/tree-ssa-chrec/ssa-chrec-30.c: error executing dg-final: no files matched glob pattern "ssa-chrec-30.c.t??.ddall"
ERROR: gcc.dg/tree-ssa-chrec/ssa-chrec-31.c: error executing dg-final: no files matched glob pattern "ssa-chrec-31.c.t??.ddall"
UNRESOLVED: gcc.dg/tree-ssa-chrec/ssa-chrec-31.c: error executing dg-final: no files matched glob pattern "ssa-chrec-31.c.t??.ddall"
ERROR: gcc.dg/tree-ssa-chrec/ssa-chrec-32.c: error executing dg-final: no files matched glob pattern "ssa-chrec-32.c.t??.ddall"
UNRESOLVED: gcc.dg/tree-ssa-chrec/ssa-chrec-32.c: error executing dg-final: no files matched glob pattern "ssa-chrec-32.c.t??.ddall"
ERROR: gcc.dg/tree-ssa-chrec/ssa-chrec-33.c: error executing dg-final: no files matched glob pattern "ssa-chrec-33.c.t??.ddall"
UNRESOLVED: gcc.dg/tree-ssa-chrec/ssa-chrec-33.c: error executing dg-final: no files matched glob pattern "ssa-chrec-33.c.t??.ddall"
ERROR: gcc.dg/tree-ssa-chrec/ssa-chrec-34.c: error executing dg-final: no files matched glob pattern "ssa-chrec-34.c.t??.ddall"
UNRESOLVED: gcc.dg/tree-ssa-chrec/ssa-chrec-34.c: error executing dg-final: no files matched glob pattern "ssa-chrec-34.c.t??.ddall"
ERROR: gcc.dg/tree-ssa-chrec/ssa-chrec-35.c: error executing dg-final: no files matched glob pattern "ssa-chrec-35.c.t??.ddall"
UNRESOLVED: gcc.dg/tree-ssa-chrec/ssa-chrec-35.c: error executing dg-final: no files matched glob pattern "ssa-chrec-35.c.t??.ddall"
ERROR: gcc.dg/tree-ssa-chrec/ssa-chrec-36.c: error executing dg-final: no files matched glob pattern "ssa-chrec-36.c.t??.ddall"
UNRESOLVED: gcc.dg/tree-ssa-chrec/ssa-chrec-36.c: error executing dg-final: no files matched glob pattern "ssa-chrec-36.c.t??.ddall"
ERROR: gcc.dg/tree-ssa-chrec/ssa-chrec-52.c: error executing dg-final: no files matched glob pattern "ssa-chrec-52.c.t??.ddall"
UNRESOLVED: gcc.dg/tree-ssa-chrec/ssa-chrec-52.c: error executing dg-final: no files matched glob pattern "ssa-chrec-52.c.t??.ddall"
FAIL: gcc.dg/tree-ssa-chrec/ssa-chrec-53.c (test for excess errors)
FAIL: gcc.dg/tree-ssa-chrec/ssa-chrec-57.c scan-tree-dump-times remove_me 0
FAIL: gcc.dg/tree-ssa-chrec/ssa-chrec-58.c scan-tree-dump-times remove_me 0
ERROR: gcc.dg/tree-ssa-chrec/ssa-chrec-59.c: error executing dg-final: no files matched glob pattern "ssa-chrec-59.c.t??.ddall"
UNRESOLVED: gcc.dg/tree-ssa-chrec/ssa-chrec-59.c: error executing dg-final: no files matched glob pattern "ssa-chrec-59.c.t??.ddall"
ERROR: gcc.dg/tree-ssa-chrec/ssa-chrec-60.c: error executing dg-final: no files matched glob pattern "ssa-chrec-60.c.t??.ddall"
UNRESOLVED: gcc.dg/tree-ssa-chrec/ssa-chrec-60.c: error executing dg-final: no files matched glob pattern "ssa-chrec-60.c.t??.ddall"
FAIL: gcc.dg/tree-ssa-vect/tree-ssa-vect-17.c execution test
FAIL: gcc.dg/tree-ssa-vect/tree-ssa-vect-18.c execution test
FAIL: gcc.dg/tree-ssa-vect/tree-ssa-vect-19.c execution test
FAIL: gcc.dg/tree-ssa-vect/tree-ssa-vect-2.c execution test
FAIL: gcc.dg/tree-ssa-vect/tree-ssa-vect-20.c execution test
FAIL: gcc.dg/tree-ssa-vect/tree-ssa-vect-20.c scan-tree-dump-times vectorized 3 loops 1
FAIL: gcc.dg/tree-ssa-vect/tree-ssa-vect-22.c execution test
FAIL: gcc.dg/tree-ssa-vect/tree-ssa-vect-25.c execution test
FAIL: gcc.dg/tree-ssa-vect/tree-ssa-vect-3.c execution test
FAIL: gcc.dg/tree-ssa-vect/tree-ssa-vect-30.c execution test
FAIL: gcc.dg/tree-ssa-vect/tree-ssa-vect-31.c execution test
FAIL: gcc.dg/tree-ssa-vect/tree-ssa-vect-32.c execution test
FAIL: gcc.dg/tree-ssa-vect/tree-ssa-vect-34.c execution test
FAIL: gcc.dg/tree-ssa-vect/tree-ssa-vect-35.c execution test
FAIL: gcc.dg/tree-ssa-vect/tree-ssa-vect-36.c execution test
FAIL: gcc.dg/tree-ssa-vect/tree-ssa-vect-4.c execution test
FAIL: gcc.dg/tree-ssa-vect/tree-ssa-vect-40.c execution test
FAIL: gcc.dg/tree-ssa-vect/tree-ssa-vect-42.c execution test
FAIL: gcc.dg/tree-ssa-vect/tree-ssa-vect-43.c execution test
FAIL: gcc.dg/tree-ssa-vect/tree-ssa-vect-46.c execution test
FAIL: gcc.dg/tree-ssa-vect/tree-ssa-vect-5.c execution test
FAIL: gcc.dg/tree-ssa-vect/tree-ssa-vect-6.c execution test
FAIL: gcc.dg/tree-ssa-vect/tree-ssa-vect-7.c execution test
FAIL: gcc.dg/tree-ssa-vect/tree-ssa-vect-8.c execution test
FAIL: gcc.dg/tree-ssa-vect/tree-ssa-vect-all.c execution test
FAIL: gcc.dg/tree-ssa/20031216-1.c scan-tree-dump-times link_error 0
XPASS: gcc.dg/tree-ssa/20040308-1.c scan-tree-dump-times straightline 1
FAIL: gcc.dg/tree-ssa/ivcanon-1.c (test for excess errors)
ERROR: gcc.dg/tree-ssa/ivcanon-1.c: error executing dg-final: no files matched glob pattern "ivcanon-1.c.t??.optimized"
UNRESOLVED: gcc.dg/tree-ssa/ivcanon-1.c: error executing dg-final: no files matched glob pattern "ivcanon-1.c.t??.optimized"
FAIL: gcc.dg/tree-ssa/ssa-dce-3.c scan-tree-dump-times PHI  1
FAIL: gcc.dg/tree-ssa/ssa-dce-3.c scan-tree-dump-times if  1
FAIL: gcc.dg/vmx/ops.c  -O0  (test for excess errors)
FAIL: gcc.dg/vmx/ops.c  -O1  (test for excess errors)
FAIL: gcc.dg/vmx/ops.c  -O2  (test for excess errors)
FAIL: gcc.dg/vmx/ops.c  -O3 -fomit-frame-pointer  (test for excess errors)
FAIL: gcc.dg/vmx/ops.c  -O3 -g  (test for excess errors)
FAIL: gcc.dg/vmx/ops.c  -Os  (test for excess errors)
FAIL: 94:is -:should be 1
FAIL: gcc.misc-tests/gcov-4.c gcov: 1 failures in line counts, 0 in branch percentages, 0 in return percentages
FAIL: linkage.c

		=== gcc Summary for unix/-m64 ===

# of expected passes		27499
# of unexpected failures	87
# of unexpected successes	2
# of expected failures		102
# of unresolved testcases	16
# of untested testcases		28
# of unsupported tests		342

		=== gcc Summary ===

# of expected passes		55007
# of unexpected failures	168
# of unexpected successes	4
# of expected failures		204
# of unresolved testcases	28
# of untested testcases		56
# of unsupported tests		684
/home/janis/build/nightly/build-gcc-lno/gcc/xgcc  version 3.5-tree-ssa-lno 20040730 (merged 20040718)

		=== libmudflap tests ===


Running target unix/-m32
FAIL: libmudflap.c++/fail24-frag.cxx (test for excess errors)
WARNING: libmudflap.c++/fail24-frag.cxx compilation failed to produce executable
FAIL: libmudflap.c++/pass27-frag.cxx (test for excess errors)
WARNING: libmudflap.c++/pass27-frag.cxx compilation failed to produce executable
FAIL: libmudflap.c++/pass28-frag.cxx (test for excess errors)
WARNING: libmudflap.c++/pass28-frag.cxx compilation failed to produce executable
FAIL: libmudflap.c++/pass31-frag.cxx (test for excess errors)
WARNING: libmudflap.c++/pass31-frag.cxx compilation failed to produce executable
FAIL: libmudflap.c++/pass41-frag.cxx (test for excess errors)
WARNING: libmudflap.c++/pass41-frag.cxx compilation failed to produce executable
FAIL: libmudflap.c++/fail24-frag.cxx (-static) (test for excess errors)
WARNING: libmudflap.c++/fail24-frag.cxx (-static) compilation failed to produce executable
FAIL: libmudflap.c++/pass27-frag.cxx (-static) (test for excess errors)
WARNING: libmudflap.c++/pass27-frag.cxx (-static) compilation failed to produce executable
FAIL: libmudflap.c++/pass28-frag.cxx (-static) (test for excess errors)
WARNING: libmudflap.c++/pass28-frag.cxx (-static) compilation failed to produce executable
FAIL: libmudflap.c++/pass31-frag.cxx (-static) (test for excess errors)
WARNING: libmudflap.c++/pass31-frag.cxx (-static) compilation failed to produce executable
FAIL: libmudflap.c++/pass41-frag.cxx (-static) (test for excess errors)
WARNING: libmudflap.c++/pass41-frag.cxx (-static) compilation failed to produce executable
FAIL: libmudflap.c++/fail24-frag.cxx (-O2) (test for excess errors)
WARNING: libmudflap.c++/fail24-frag.cxx (-O2) compilation failed to produce executable
FAIL: libmudflap.c++/pass27-frag.cxx (-O2) (test for excess errors)
WARNING: libmudflap.c++/pass27-frag.cxx (-O2) compilation failed to produce executable
FAIL: libmudflap.c++/pass28-frag.cxx (-O2) (test for excess errors)
WARNING: libmudflap.c++/pass28-frag.cxx (-O2) compilation failed to produce executable
FAIL: libmudflap.c++/pass31-frag.cxx (-O2) (test for excess errors)
WARNING: libmudflap.c++/pass31-frag.cxx (-O2) compilation failed to produce executable
FAIL: libmudflap.c++/pass41-frag.cxx (-O2) (test for excess errors)
WARNING: libmudflap.c++/pass41-frag.cxx (-O2) compilation failed to produce executable
FAIL: libmudflap.c++/fail24-frag.cxx (-O3) (test for excess errors)
WARNING: libmudflap.c++/fail24-frag.cxx (-O3) compilation failed to produce executable
FAIL: libmudflap.c++/pass27-frag.cxx (-O3) (test for excess errors)
WARNING: libmudflap.c++/pass27-frag.cxx (-O3) compilation failed to produce executable
FAIL: libmudflap.c++/pass28-frag.cxx (-O3) (test for excess errors)
WARNING: libmudflap.c++/pass28-frag.cxx (-O3) compilation failed to produce executable
FAIL: libmudflap.c++/pass31-frag.cxx (-O3) (test for excess errors)
WARNING: libmudflap.c++/pass31-frag.cxx (-O3) compilation failed to produce executable
FAIL: libmudflap.c++/pass41-frag.cxx (-O3) (test for excess errors)
WARNING: libmudflap.c++/pass41-frag.cxx (-O3) compilation failed to produce executable
FAIL: ctors-1 compilation 
FAIL: ctors-2 compilation 
FAIL: ctors-12 linkage 
FAIL: ctors-21 linkage 
WARNING: program timed out.
FAIL: ctors-12 execution 
WARNING: program timed out.
FAIL: ctors-21 execution 
FAIL: ctors-1 compilation -static
FAIL: ctors-2 compilation -static
FAIL: ctors-12 linkage -static
FAIL: ctors-21 linkage -static
WARNING: program timed out.
FAIL: ctors-12 execution -static
WARNING: program timed out.
FAIL: ctors-21 execution -static
FAIL: ctors-1 compilation -O2
FAIL: ctors-2 compilation -O2
FAIL: ctors-12 linkage -O2
FAIL: ctors-21 linkage -O2
WARNING: program timed out.
FAIL: ctors-12 execution -O2
WARNING: program timed out.
FAIL: ctors-21 execution -O2
FAIL: ctors-1 compilation -O3
FAIL: ctors-2 compilation -O3
FAIL: ctors-12 linkage -O3
FAIL: ctors-21 linkage -O3
WARNING: program timed out.
FAIL: ctors-12 execution -O3
WARNING: program timed out.
FAIL: ctors-21 execution -O3

		=== libmudflap Summary for unix/-m32 ===

# of expected passes		1068
# of unexpected failures	44

Running target unix/-m64
FAIL: libmudflap.c++/fail24-frag.cxx (test for excess errors)
WARNING: libmudflap.c++/fail24-frag.cxx compilation failed to produce executable
FAIL: libmudflap.c++/pass27-frag.cxx (test for excess errors)
WARNING: libmudflap.c++/pass27-frag.cxx compilation failed to produce executable
FAIL: libmudflap.c++/pass28-frag.cxx (test for excess errors)
WARNING: libmudflap.c++/pass28-frag.cxx compilation failed to produce executable
FAIL: libmudflap.c++/pass31-frag.cxx (test for excess errors)
WARNING: libmudflap.c++/pass31-frag.cxx compilation failed to produce executable
FAIL: libmudflap.c++/pass41-frag.cxx (test for excess errors)
WARNING: libmudflap.c++/pass41-frag.cxx compilation failed to produce executable
FAIL: libmudflap.c++/fail24-frag.cxx (-static) (test for excess errors)
WARNING: libmudflap.c++/fail24-frag.cxx (-static) compilation failed to produce executable
FAIL: libmudflap.c++/pass27-frag.cxx (-static) (test for excess errors)
WARNING: libmudflap.c++/pass27-frag.cxx (-static) compilation failed to produce executable
FAIL: libmudflap.c++/pass28-frag.cxx (-static) (test for excess errors)
WARNING: libmudflap.c++/pass28-frag.cxx (-static) compilation failed to produce executable
FAIL: libmudflap.c++/pass31-frag.cxx (-static) (test for excess errors)
WARNING: libmudflap.c++/pass31-frag.cxx (-static) compilation failed to produce executable
FAIL: libmudflap.c++/pass41-frag.cxx (-static) (test for excess errors)
WARNING: libmudflap.c++/pass41-frag.cxx (-static) compilation failed to produce executable
FAIL: libmudflap.c++/fail24-frag.cxx (-O2) (test for excess errors)
WARNING: libmudflap.c++/fail24-frag.cxx (-O2) compilation failed to produce executable
FAIL: libmudflap.c++/pass27-frag.cxx (-O2) (test for excess errors)
WARNING: libmudflap.c++/pass27-frag.cxx (-O2) compilation failed to produce executable
FAIL: libmudflap.c++/pass28-frag.cxx (-O2) (test for excess errors)
WARNING: libmudflap.c++/pass28-frag.cxx (-O2) compilation failed to produce executable
FAIL: libmudflap.c++/pass31-frag.cxx (-O2) (test for excess errors)
WARNING: libmudflap.c++/pass31-frag.cxx (-O2) compilation failed to produce executable
FAIL: libmudflap.c++/pass41-frag.cxx (-O2) (test for excess errors)
WARNING: libmudflap.c++/pass41-frag.cxx (-O2) compilation failed to produce executable
FAIL: libmudflap.c++/fail24-frag.cxx (-O3) (test for excess errors)
WARNING: libmudflap.c++/fail24-frag.cxx (-O3) compilation failed to produce executable
FAIL: libmudflap.c++/pass27-frag.cxx (-O3) (test for excess errors)
WARNING: libmudflap.c++/pass27-frag.cxx (-O3) compilation failed to produce executable
FAIL: libmudflap.c++/pass28-frag.cxx (-O3) (test for excess errors)
WARNING: libmudflap.c++/pass28-frag.cxx (-O3) compilation failed to produce executable
FAIL: libmudflap.c++/pass31-frag.cxx (-O3) (test for excess errors)
WARNING: libmudflap.c++/pass31-frag.cxx (-O3) compilation failed to produce executable
FAIL: libmudflap.c++/pass41-frag.cxx (-O3) (test for excess errors)
WARNING: libmudflap.c++/pass41-frag.cxx (-O3) compilation failed to produce executable
FAIL: ctors-1 compilation 
FAIL: ctors-2 compilation 
FAIL: ctors-12 linkage 
FAIL: ctors-21 linkage 
WARNING: program timed out.
FAIL: ctors-12 execution 
WARNING: program timed out.
FAIL: ctors-21 execution 
FAIL: ctors-1 compilation -static
FAIL: ctors-2 compilation -static
FAIL: ctors-12 linkage -static
FAIL: ctors-21 linkage -static
WARNING: program timed out.
FAIL: ctors-12 execution -static
WARNING: program timed out.
FAIL: ctors-21 execution -static
FAIL: ctors-1 compilation -O2
FAIL: ctors-2 compilation -O2
FAIL: ctors-12 linkage -O2
FAIL: ctors-21 linkage -O2
WARNING: program timed out.
FAIL: ctors-12 execution -O2
WARNING: program timed out.
FAIL: ctors-21 execution -O2
FAIL: ctors-1 compilation -O3
FAIL: ctors-2 compilation -O3
FAIL: ctors-12 linkage -O3
FAIL: ctors-21 linkage -O3
WARNING: program timed out.
FAIL: ctors-12 execution -O3
WARNING: program timed out.
FAIL: ctors-21 execution -O3

		=== libmudflap Summary for unix/-m64 ===

# of expected passes		1068
# of unexpected failures	44

		=== libmudflap Summary ===

# of expected passes		2136
# of unexpected failures	88

Compiler version: 3.5-tree-ssa-lno 20040730 (merged 20040718) 
Platform: powerpc64-unknown-linux-gnu
configure flags: --prefix=/opt/gcc-nightly/lno-20040730 --build=powerpc64-linux --host=powerpc64-linux --target=powerpc64-linux --with-cpu=default32 --with-as=/home/janis/tools/binutils-2.15/bin/as --with-ld=/home/janis/tools/binutils-2.15/bin/ld --enable-threads=posix --enable-shared --enable-__cxa_atexit --enable-languages=c



More information about the Gcc-testresults mailing list