Results for 3.3.5 20040728 (prerelease) testsuite on i686-pc-linux-gnu

David Kredba kredba@ibot.cas.cz
Thu Jul 29 18:42:00 GMT 2004


LAST_UPDATED: Obtained from CVS: -rgcc-ss-3_3-20040728

Native configuration is i686-pc-linux-gnu (srv1)

                 === gpc tests ===


Running target any

                 === gpc Summary ===

# of tests                3910
# of expected passes      3909
# of unsupported tests    1
/home/dave2/gcc/gcc-3.3.5/gcc/xgpc version 20040516, based on gcc-3.3.5 
20040728 (prerelease)

                 === gcc tests ===


Running target unix
FAIL: gcc.dg/duff-2.c (test for excess errors)
FAIL: gcc.dg/noncompile/voidparam-1.c  -O0  (test for excess errors)
FAIL: gcc.dg/noncompile/voidparam-1.c  -O1  (test for excess errors)
FAIL: gcc.dg/noncompile/voidparam-1.c  -O2  (test for excess errors)
FAIL: gcc.dg/noncompile/voidparam-1.c  -O3 -g  (test for excess errors)
FAIL: gcc.dg/noncompile/voidparam-1.c  -Os  (test for excess errors)

                 === gcc Summary ===

# of expected passes            21433
# of unexpected failures        6
# of expected failures          69
# of unsupported tests          101
/home/dave2/gcc/gcc-3.3.5/gcc/xgcc version 3.3.5 20040728 (prerelease)

                 === g++ tests ===


Running target unix
FAIL: g++.other/decl5.C caused compiler crash
XPASS: g++.other/init5.C  Execution test

                 === g++ Summary ===

# of expected passes            8247
# of unexpected failures        1
# of unexpected successes       1
# of expected failures          91
# of untested testcases         9
# of unsupported tests          15
/home/dave2/gcc/gcc-3.3.5/gcc/testsuite/../g++ version 3.3.5 20040728 
(prerelease)

                 === g77 tests ===


Running target unix

                 === g77 Summary ===

# of expected passes            1736
/home/dave2/gcc/gcc-3.3.5/gcc/testsuite/../g77 version 3.3.5 20040728 
(prerelease)

                 === objc tests ===


Running target unix

                 === objc Summary ===

# of expected passes            1166
/home/dave2/gcc/gcc-3.3.5/gcc/xgcc version 3.3.5 20040728 (prerelease)

                 === libjava tests ===


Running target unix
WARNING: program timed out.
FAIL: SyncTest execution - gij test
WARNING: program timed out.
FAIL: SyncTest execution - gij test

                 === libjava Summary ===

# of expected passes            2987
# of unexpected failures        2
# of expected failures          16
# of untested testcases         14

                 === libstdc++-v3 check-abi Summary ===

# of added symbols:              51
# of missing symbols:            0
# of incompatible symbols:       0
                 === libstdc++-v3 tests ===


Running target unix
XPASS: 22_locale/collate_byname.cc execution test
XPASS: 22_locale/collate_members_char.cc execution test
XPASS: 22_locale/collate_members_wchar_t.cc execution test
XPASS: 22_locale/ctype_is_char.cc execution test
XPASS: 22_locale/ctype_is_wchar_t.cc execution test
XPASS: 22_locale/members.cc execution test
XPASS: 22_locale/messages_byname.cc execution test
XPASS: 22_locale/messages_members_char.cc execution test
XPASS: 22_locale/money_get_members_char.cc execution test
XPASS: 22_locale/money_get_members_wchar_t.cc execution test
XPASS: 22_locale/money_put_members_char.cc execution test
XPASS: 22_locale/money_put_members_wchar_t.cc execution test
XPASS: 22_locale/moneypunct_byname.cc execution test
XPASS: 22_locale/moneypunct_members_char.cc execution test
XPASS: 22_locale/moneypunct_members_wchar_t.cc execution test
XPASS: 22_locale/num_get_members_char.cc execution test
XPASS: 22_locale/num_get_members_wchar_t.cc execution test
XPASS: 22_locale/num_put_members_char.cc execution test
XPASS: 22_locale/num_put_members_wchar_t.cc execution test
XPASS: 22_locale/numpunct_byname.cc execution test
XPASS: 22_locale/numpunct_members_char.cc execution test
XPASS: 22_locale/numpunct_members_wchar_t.cc execution test
XPASS: 22_locale/time_get_members_char.cc execution test
XPASS: 22_locale/time_get_members_wchar_t.cc execution test
XPASS: 22_locale/time_put_members_char.cc execution test
XPASS: 22_locale/time_put_members_wchar_t.cc execution test

                 === libstdc++-v3 Summary ===

# of expected passes            453
# of unexpected successes       26
# of expected failures          2

Compiler version: 3.3.5 20040728 (prerelease)
Platform: i686-pc-linux-gnu
configure flags: --host=i686-pc-linux-gnu --prefix=/opt/gcc-3.3.5 
--enable-shared --enable-threads=posix --enable-checking 
--enable-long-long --enable-__cxa_atexit --enable-clocale=gnu 
--enable-languages=c,c++,ada,f77,objc,java,pascal --with-system-zlib


-- 
David Kredba  <kredba at ibot.cas.cz>
GPG: ID 1024D/5B6B02DE
Fingerprint: F0B3312596BEDCF91DFB 0699E06AACD75B6B02DE



More information about the Gcc-testresults mailing list