Results for 3.5.0 20040728 (experimental) testsuite on powerpc-unknown-linux-gnu

Toon Moene toon@moene.indiv.nluug.nl
Thu Jul 29 08:31:00 GMT 2004


LAST_UPDATED: Wed Jul 28 20:03:46 UTC 2004

Native configuration is powerpc-unknown-linux-gnu

		=== g++ tests ===


Running target unix
WARNING: program timed out.
FAIL: g++.dg/eh/cleanup1.C (test for excess errors)
FAIL: g++.dg/ext/altivec-2.C (test for excess errors)
WARNING: g++.dg/ext/altivec-2.C compilation failed to produce executable
FAIL: g++.dg/ext/altivec-3.C execution test
FAIL: g++.dg/ext/stmtexpr2.C execution test
XPASS: g++.dg/other/packed1.C execution test
XPASS: g++.dg/rtti/tinfo1.C scan-assembler _ZTIP9CTemplateIhE:
XPASS: g++.dg/rtti/tinfo1.C scan-assembler-not .globl[ \\t]+_ZTIP9CTemplateIhE
FAIL: 102:is -:should be 1
FAIL: g++.dg/gcov/gcov-1.C gcov: 1 failures in line counts, 0 in branch percentages, 0 in return percentages
WARNING: g++.old-deja/g++.mike/p10769a.C compilation failed to produce executable
WARNING: g++.old-deja/g++.other/enum5.C compilation failed to produce executable
FAIL: g++.old-deja/g++.other/warn7.C  (test for warnings, line 38)
WARNING: g++.old-deja/g++.pt/friend44.C compilation failed to produce executable

		=== g++ Summary ===

# of expected passes		9939
# of unexpected failures	7
# of unexpected successes	3
# of expected failures		81
# of unsupported tests		73
/home/toon/compilers/snapshots/obj/gcc/testsuite/../g++  version 3.5.0 20040728 (experimental)

		=== gcc tests ===


Running target unix
WARNING: program timed out.
FAIL: gcc.c-torture/compile/20001226-1.c  -O3 -g  (test for excess errors)
FAIL: gcc.c-torture/execute/20030125-1.c execution,  -O1 
FAIL: gcc.c-torture/execute/20030125-1.c execution,  -O2 
FAIL: gcc.c-torture/execute/20030125-1.c execution,  -Os 
FAIL: gcc.dg/compat/vector-2 c_compat_x_tst.o compile
FAIL: gcc.dg/compat/vector-2 c_compat_y_tst.o compile
UNRESOLVED: gcc.dg/compat/vector-2 c_compat_x_tst.o-c_compat_y_tst.o link 
UNRESOLVED: gcc.dg/compat/vector-2 c_compat_x_tst.o-c_compat_y_tst.o execute 
FAIL: tmpdir-gcc.dg-struct-layout-1/t001 c_compat_x_tst.o compile
UNRESOLVED: tmpdir-gcc.dg-struct-layout-1/t001 c_compat_x_tst.o-c_compat_y_tst.o link 
UNRESOLVED: tmpdir-gcc.dg-struct-layout-1/t001 c_compat_x_tst.o-c_compat_y_tst.o execute 
FAIL: gcc.dg/debug/dwarf2/dwarf-die7.c scan-assembler 1.*DW_AT_inline
FAIL: gcc.dg/20020103-1.c scan-assembler-not LC
FAIL: gcc.dg/altivec-varargs-1.c execution test
FAIL: gcc.dg/builtins-18.c (test for excess errors)
FAIL: gcc.dg/builtins-20.c (test for excess errors)
FAIL: gcc.dg/c90-const-expr-3.c (test for excess errors)
FAIL: gcc.dg/c99-const-expr-3.c (test for excess errors)
FAIL: gcc.dg/ppc-sdata-1.c scan-assembler sdat@sdarel\\\\(13\\\\)
FAIL: gcc.dg/ppc-sdata-1.c scan-assembler sdat2@sda21\\\\(2\\\\)
FAIL: gcc.dg/rs6000-power2-2.c scan-assembler-not lfd
FAIL: gcc.dg/rs6000-power2-2.c scan-assembler lfq
FAIL: gcc.dg/rs6000-power2-2.c scan-assembler sfq
XPASS: gcc.dg/setjmp-1.c spurious clobbered warning (test for bogus messages, line 16)
FAIL: largefile.c -O0 -g (test for excess errors)
FAIL: largefile.c  -O0  (test for excess errors)
FAIL: largefile.c  -O1  (test for excess errors)
FAIL: largefile.c  -O2  (test for excess errors)
FAIL: largefile.c  -O3 -fomit-frame-pointer  (test for excess errors)
FAIL: largefile.c  -O3 -g  (test for excess errors)
FAIL: largefile.c  -Os  (test for excess errors)
FAIL: gcc.dg/torture/builtin-convert-1.c  -O1  (test for excess errors)
FAIL: gcc.dg/torture/builtin-convert-1.c  -O2  (test for excess errors)
FAIL: gcc.dg/torture/builtin-convert-1.c  -O3 -fomit-frame-pointer  (test for excess errors)
FAIL: gcc.dg/torture/builtin-convert-1.c  -O3 -g  (test for excess errors)
FAIL: gcc.dg/torture/builtin-convert-1.c  -Os  (test for excess errors)
FAIL: gcc.dg/torture/builtin-convert-2.c  -O1  (test for excess errors)
FAIL: gcc.dg/torture/builtin-convert-2.c  -O2  (test for excess errors)
FAIL: gcc.dg/torture/builtin-convert-2.c  -O3 -fomit-frame-pointer  (test for excess errors)
FAIL: gcc.dg/torture/builtin-convert-2.c  -O3 -g  (test for excess errors)
FAIL: gcc.dg/torture/builtin-convert-2.c  -Os  (test for excess errors)
FAIL: gcc.dg/torture/builtin-convert-3.c  -O1  (test for excess errors)
FAIL: gcc.dg/torture/builtin-convert-3.c  -O2  (test for excess errors)
FAIL: gcc.dg/torture/builtin-convert-3.c  -O3 -fomit-frame-pointer  (test for excess errors)
FAIL: gcc.dg/torture/builtin-convert-3.c  -O3 -g  (test for excess errors)
FAIL: gcc.dg/torture/builtin-convert-3.c  -Os  (test for excess errors)
FAIL: gcc.dg/torture/builtin-power-1.c  -O0  (test for excess errors)
FAIL: gcc.dg/torture/builtin-power-1.c  -O1  (test for excess errors)
FAIL: gcc.dg/torture/builtin-power-1.c  -O2  (test for excess errors)
FAIL: gcc.dg/torture/builtin-power-1.c  -O3 -fomit-frame-pointer  (test for excess errors)
FAIL: gcc.dg/torture/builtin-power-1.c  -O3 -g  (test for excess errors)
FAIL: gcc.dg/torture/builtin-power-1.c  -Os  (test for excess errors)
XPASS: gcc.dg/tree-ssa/20040615-1.c scan-tree-dump-times bar2 0
FAIL: gcc.dg/tree-ssa/sra-1.c scan-tree-dump-times link_error 0
FAIL: gcc.dg/vmx/ops-long-2.c  -O0  (test for excess errors)
FAIL: gcc.dg/vmx/ops-long-2.c  -O1  (test for excess errors)
FAIL: gcc.dg/vmx/ops-long-2.c  -O2  (test for excess errors)
FAIL: gcc.dg/vmx/ops-long-2.c  -O3 -fomit-frame-pointer  (test for excess errors)
FAIL: gcc.dg/vmx/ops-long-2.c  -O3 -g  (test for excess errors)
FAIL: gcc.dg/vmx/ops-long-2.c  -Os  (test for excess errors)
FAIL: gcc.dg/vmx/varargs-1.c  -O3 -fomit-frame-pointer  output pattern test, is 1, 1, 1, 1
FAIL: gcc.dg/vmx/varargs-1.c  -O3 -fomit-frame-pointer -funroll-loops  output pattern test, is 1, 1, 1, 1
FAIL: gcc.dg/vmx/varargs-1.c  -O3 -fomit-frame-pointer -funroll-all-loops -finline-functions  output pattern test, is 1, 1, 1, 1
FAIL: gcc.dg/vmx/varargs-1.c  -O3 -g  output pattern test, is 1, 1, 1, 1
FAIL: gcc.dg/vmx/varargs-2.c  -O0  execution test
FAIL: gcc.dg/vmx/varargs-3.c  -O0  execution test
FAIL: gcc.dg/vmx/varargs-7.c  -O0  execution test
FAIL: gcc.dg/vmx/vprint-1.c  -O0  execution test
FAIL: gcc.dg/vmx/vprint-1.c  -O1  execution test
FAIL: gcc.dg/vmx/vprint-1.c  -O2  execution test
FAIL: gcc.dg/vmx/vprint-1.c  -O3 -fomit-frame-pointer  execution test
FAIL: gcc.dg/vmx/vprint-1.c  -O3 -fomit-frame-pointer -funroll-loops  execution test
FAIL: gcc.dg/vmx/vprint-1.c  -O3 -fomit-frame-pointer -funroll-all-loops -finline-functions  execution test
FAIL: gcc.dg/vmx/vprint-1.c  -O3 -g  execution test
FAIL: gcc.dg/vmx/vprint-1.c  -Os  execution test
FAIL: gcc.dg/vmx/vscan-1.c  -O0  execution test
FAIL: gcc.dg/vmx/vscan-1.c  -O1  execution test
FAIL: gcc.dg/vmx/vscan-1.c  -O2  execution test
FAIL: gcc.dg/vmx/vscan-1.c  -O3 -fomit-frame-pointer  execution test
FAIL: gcc.dg/vmx/vscan-1.c  -O3 -fomit-frame-pointer -funroll-loops  execution test
FAIL: gcc.dg/vmx/vscan-1.c  -O3 -fomit-frame-pointer -funroll-all-loops -finline-functions  execution test
FAIL: gcc.dg/vmx/vscan-1.c  -O3 -g  execution test
FAIL: gcc.dg/vmx/vscan-1.c  -Os  execution test
FAIL: 94:is -:should be 1
FAIL: gcc.misc-tests/gcov-4.c gcov: 1 failures in line counts, 0 in branch percentages, 0 in return percentages

		=== gcc Summary ===

# of expected passes		28015
# of unexpected failures	79
# of unexpected successes	2
# of expected failures		64
# of unresolved testcases	4
# of untested testcases		35
# of unsupported tests		351
/home/toon/compilers/snapshots/obj/gcc/xgcc  version 3.5.0 20040728 (experimental)

		=== gfortran tests ===


Running target unix
FAIL: gfortran.fortran-torture/execute/forall_3.f90 execution,  -O0 
FAIL: gfortran.fortran-torture/execute/forall_3.f90 execution,  -O1 
FAIL: gfortran.fortran-torture/execute/forall_3.f90 execution,  -O2 
FAIL: gfortran.fortran-torture/execute/forall_3.f90 execution,  -O3 -fomit-frame-pointer 
FAIL: gfortran.fortran-torture/execute/forall_3.f90 execution,  -O3 -fomit-frame-pointer -funroll-loops 
FAIL: gfortran.fortran-torture/execute/forall_3.f90 execution,  -O3 -fomit-frame-pointer -funroll-all-loops -finline-functions 
FAIL: gfortran.fortran-torture/execute/forall_3.f90 execution,  -O3 -g 
FAIL: gfortran.fortran-torture/execute/forall_3.f90 execution,  -Os 
FAIL: gfortran.fortran-torture/execute/intrinsic_nearest.f90 execution,  -O0 
FAIL: gfortran.fortran-torture/execute/intrinsic_nearest.f90 execution,  -O1 
FAIL: gfortran.fortran-torture/execute/intrinsic_nearest.f90 execution,  -O2 
FAIL: gfortran.fortran-torture/execute/intrinsic_nearest.f90 execution,  -O3 -fomit-frame-pointer 
FAIL: gfortran.fortran-torture/execute/intrinsic_nearest.f90 execution,  -O3 -fomit-frame-pointer -funroll-loops 
FAIL: gfortran.fortran-torture/execute/intrinsic_nearest.f90 execution,  -O3 -fomit-frame-pointer -funroll-all-loops -finline-functions 
FAIL: gfortran.fortran-torture/execute/intrinsic_nearest.f90 execution,  -O3 -g 
FAIL: gfortran.fortran-torture/execute/intrinsic_nearest.f90 execution,  -Os 
FAIL: gfortran.fortran-torture/execute/intrinsic_set_exponent.f90 execution,  -O0 
FAIL: gfortran.fortran-torture/execute/intrinsic_set_exponent.f90 execution,  -O1 
FAIL: gfortran.fortran-torture/execute/intrinsic_set_exponent.f90 execution,  -O2 
FAIL: gfortran.fortran-torture/execute/intrinsic_set_exponent.f90 execution,  -O3 -fomit-frame-pointer 
FAIL: gfortran.fortran-torture/execute/intrinsic_set_exponent.f90 execution,  -O3 -fomit-frame-pointer -funroll-loops 
FAIL: gfortran.fortran-torture/execute/intrinsic_set_exponent.f90 execution,  -O3 -fomit-frame-pointer -funroll-all-loops -finline-functions 
FAIL: gfortran.fortran-torture/execute/intrinsic_set_exponent.f90 execution,  -O3 -g 
FAIL: gfortran.fortran-torture/execute/intrinsic_set_exponent.f90 execution,  -Os 

		=== gfortran Summary ===

# of expected passes		3932
# of unexpected failures	24
# of expected failures		28
# of unsupported tests		8
/home/toon/compilers/snapshots/obj/gcc/testsuite/../gfortran  version 3.5.0 20040728 (experimental)

		=== objc tests ===


Running target unix

		=== objc Summary ===

# of expected passes		1404
# of unsupported tests		7
/home/toon/compilers/snapshots/obj/gcc/xgcc  version 3.5.0 20040728 (experimental)

		=== libstdc++ tests ===


Running target unix
XPASS: 22_locale/locale/cons/12658_thread-1.cc execution test
XPASS: 26_numerics/cmath/c99_classification_macros_c.cc (test for excess errors)

		=== libstdc++ Summary ===

# of expected passes		2816
# of unexpected successes	2
# of expected failures		5

Compiler version: 3.5.0 20040728 (experimental) 
Platform: powerpc-unknown-linux-gnu
configure flags: --prefix=/usr/snp --disable-nls --disable-multilib --enable-languages=c,c++,f95,java,objc



More information about the Gcc-testresults mailing list