Results for 3.5.0 20040717 (experimental) testsuite on m68k-unknown-linux-gnu

Matthias Klose doko@debian.org
Wed Jul 28 23:54:00 GMT 2004


LAST_UPDATED: Sat Jul 17 14:39:06 UTC 2004

Native configuration is m68k-unknown-linux-gnu

		=== g++ tests ===


Running target unix
FAIL: g++.dg/abi/bitfield4.C execution test
WARNING: program timed out.
FAIL: g++.dg/eh/cleanup1.C (test for excess errors)
FAIL: g++.dg/eh/omit-frame-pointer.C execution test
FAIL: g++.dg/eh/omit-frame-pointer2.C execution test
FAIL: g++.dg/eh/registers1.C execution test
FAIL: g++.dg/rtti/tinfo1.C scan-assembler-not .section[^\\n\\r]*_ZTIP9CTemplateIhE[^\\n\\r]*
FAIL: 102:is -:should be 1
FAIL: g++.dg/gcov/gcov-1.C gcov: 1 failures in line counts, 0 in branch percentages, 0 in return percentages
FAIL: g++.old-deja/g++.eh/ia64-1.C execution test
WARNING: g++.old-deja/g++.mike/p10769a.C compilation failed to produce executable
WARNING: g++.old-deja/g++.other/enum5.C compilation failed to produce executable
XPASS: g++.old-deja/g++.other/init5.C execution test
FAIL: g++.old-deja/g++.other/warn7.C  (test for warnings, line 38)
WARNING: g++.old-deja/g++.pt/friend44.C compilation failed to produce executable

		=== g++ Summary ===

# of expected passes		9820
# of unexpected failures	10
# of unexpected successes	1
# of expected failures		80
# of unsupported tests		83
/build/buildd/gcc-snapshot-20040717/build/gcc/testsuite/../g++  version 3.5.0 20040717 (experimental)

		=== gcc tests ===


Running target unix
WARNING: program timed out.
FAIL: gcc.c-torture/compile/20001226-1.c  -O0  (test for excess errors)
WARNING: program timed out.
FAIL: gcc.c-torture/compile/20001226-1.c  -O1  (test for excess errors)
WARNING: program timed out.
FAIL: gcc.c-torture/compile/20001226-1.c  -O2  (test for excess errors)
WARNING: program timed out.
FAIL: gcc.c-torture/compile/20001226-1.c  -O3 -fomit-frame-pointer  (test for excess errors)
WARNING: program timed out.
FAIL: gcc.c-torture/compile/20001226-1.c  -O3 -g  (test for excess errors)
WARNING: program timed out.
FAIL: gcc.c-torture/compile/20001226-1.c  -Os  (test for excess errors)
FAIL: gcc.c-torture/execute/20020418-1.c execution,  -O1 
FAIL: gcc.c-torture/execute/20020418-1.c execution,  -O2 
FAIL: gcc.c-torture/execute/20020418-1.c execution,  -Os 
FAIL: gcc.c-torture/execute/loop-2f.c execution,  -O0 
FAIL: gcc.c-torture/execute/loop-2f.c execution,  -O1 
FAIL: gcc.c-torture/execute/loop-2f.c execution,  -O2 
FAIL: gcc.c-torture/execute/loop-2f.c execution,  -O3 -fomit-frame-pointer 
FAIL: gcc.c-torture/execute/loop-2f.c execution,  -O3 -fomit-frame-pointer -funroll-loops 
FAIL: gcc.c-torture/execute/loop-2f.c execution,  -O3 -fomit-frame-pointer -funroll-all-loops -finline-functions 
FAIL: gcc.c-torture/execute/loop-2f.c execution,  -O3 -g 
FAIL: gcc.c-torture/execute/loop-2f.c execution,  -Os 
FAIL: gcc.c-torture/execute/loop-2g.c execution,  -O0 
FAIL: gcc.c-torture/execute/loop-2g.c execution,  -O1 
FAIL: gcc.c-torture/execute/loop-2g.c execution,  -O2 
FAIL: gcc.c-torture/execute/loop-2g.c execution,  -O3 -fomit-frame-pointer 
FAIL: gcc.c-torture/execute/loop-2g.c execution,  -O3 -fomit-frame-pointer -funroll-loops 
FAIL: gcc.c-torture/execute/loop-2g.c execution,  -O3 -fomit-frame-pointer -funroll-all-loops -finline-functions 
FAIL: gcc.c-torture/execute/loop-2g.c execution,  -O3 -g 
FAIL: gcc.c-torture/execute/loop-2g.c execution,  -Os 
FAIL: gcc.c-torture/execute/ieee/mul-subnormal-single-1.c execution,  -O0 
FAIL: gcc.c-torture/execute/ieee/mul-subnormal-single-1.c execution,  -O1 
FAIL: gcc.c-torture/execute/ieee/mul-subnormal-single-1.c execution,  -O2 
FAIL: gcc.c-torture/execute/ieee/mul-subnormal-single-1.c execution,  -O3 -fomit-frame-pointer 
FAIL: gcc.c-torture/execute/ieee/mul-subnormal-single-1.c execution,  -O3 -fomit-frame-pointer -funroll-loops 
FAIL: gcc.c-torture/execute/ieee/mul-subnormal-single-1.c execution,  -O3 -fomit-frame-pointer -funroll-all-loops -finline-functions 
FAIL: gcc.c-torture/execute/ieee/mul-subnormal-single-1.c execution,  -O3 -g 
FAIL: gcc.c-torture/execute/ieee/mul-subnormal-single-1.c execution,  -Os 
FAIL: gcc.dg/debug/dwarf2/dwarf-die7.c scan-assembler 1.*DW_AT_inline
FAIL: gcc.dg/20021014-1.c execution test
FAIL: gcc.dg/bitfld-3.c execution test
FAIL: gcc.dg/bitfld-4.c execution test
FAIL: gcc.dg/c90-const-expr-3.c (test for excess errors)
FAIL: gcc.dg/c99-const-expr-3.c (test for excess errors)
XPASS: gcc.dg/c99-flex-array-4.c sizeof != offsetof (test for bogus messages, line 24)
FAIL: gcc.dg/cleanup-10.c execution test
FAIL: gcc.dg/cleanup-11.c execution test
FAIL: gcc.dg/cleanup-8.c execution test
FAIL: gcc.dg/cleanup-9.c execution test
FAIL: gcc.dg/nest.c execution test
FAIL: gcc.dg/pack-test-1.c (test for excess errors)
XPASS: gcc.dg/setjmp-1.c spurious clobbered warning (test for bogus messages, line 16)
FAIL: gcc.dg/uninit-H.c  (test for bogus messages, line 20)
FAIL: largefile.c -O0 -g (test for excess errors)
FAIL: largefile.c  -O0  (test for excess errors)
FAIL: largefile.c  -O1  (test for excess errors)
FAIL: largefile.c  -O2  (test for excess errors)
FAIL: largefile.c  -O3 -fomit-frame-pointer  (test for excess errors)
FAIL: largefile.c  -O3 -g  (test for excess errors)
FAIL: largefile.c  -Os  (test for excess errors)
XPASS: gcc.dg/tree-ssa/20040204-1.c scan-tree-dump-times link_error 0
FAIL: gcc.dg/weak/typeof-2.c scan-assembler baz3.*baz3.*baz3.*baz3.*baz3.*baz3
FAIL: 94:is -:should be 1
FAIL: gcc.misc-tests/gcov-4.c gcov: 1 failures in line counts, 0 in branch percentages, 0 in return percentages

		=== gcc Summary ===

# of expected passes		26505
# of unexpected failures	56
# of unexpected successes	3
# of expected failures		66
# of untested testcases		35
# of unsupported tests		366
/build/buildd/gcc-snapshot-20040717/build/gcc/xgcc  version 3.5.0 20040717 (experimental)

		=== gfortran tests ===


Running target unix
FAIL: gfortran.fortran-torture/execute/forall_3.f90 execution,  -O0 
FAIL: gfortran.fortran-torture/execute/intrinsic_nearest.f90 execution,  -O0 
FAIL: gfortran.fortran-torture/execute/intrinsic_nearest.f90 execution,  -O1 
FAIL: gfortran.fortran-torture/execute/intrinsic_nearest.f90 execution,  -O2 
FAIL: gfortran.fortran-torture/execute/intrinsic_nearest.f90 execution,  -O3 -fomit-frame-pointer 
FAIL: gfortran.fortran-torture/execute/intrinsic_nearest.f90 execution,  -O3 -fomit-frame-pointer -funroll-loops 
FAIL: gfortran.fortran-torture/execute/intrinsic_nearest.f90 execution,  -O3 -fomit-frame-pointer -funroll-all-loops -finline-functions 
FAIL: gfortran.fortran-torture/execute/intrinsic_nearest.f90 execution,  -O3 -g 
FAIL: gfortran.fortran-torture/execute/intrinsic_nearest.f90 execution,  -Os 
FAIL: gfortran.fortran-torture/execute/intrinsic_set_exponent.f90 execution,  -O0 
FAIL: gfortran.fortran-torture/execute/intrinsic_set_exponent.f90 execution,  -O1 
FAIL: gfortran.fortran-torture/execute/intrinsic_set_exponent.f90 execution,  -O2 
FAIL: gfortran.fortran-torture/execute/intrinsic_set_exponent.f90 execution,  -O3 -fomit-frame-pointer 
FAIL: gfortran.fortran-torture/execute/intrinsic_set_exponent.f90 execution,  -O3 -fomit-frame-pointer -funroll-loops 
FAIL: gfortran.fortran-torture/execute/intrinsic_set_exponent.f90 execution,  -O3 -fomit-frame-pointer -funroll-all-loops -finline-functions 
FAIL: gfortran.fortran-torture/execute/intrinsic_set_exponent.f90 execution,  -O3 -g 
FAIL: gfortran.fortran-torture/execute/intrinsic_set_exponent.f90 execution,  -Os 

		=== gfortran Summary ===

# of expected passes		3199
# of unexpected failures	17
# of expected failures		28
# of unsupported tests		8
/build/buildd/gcc-snapshot-20040717/build/gcc/testsuite/../gfortran  version 3.5.0 20040717 (experimental)

		=== objc tests ===


Running target unix

		=== objc Summary ===

# of expected passes		1404
# of unsupported tests		7
/build/buildd/gcc-snapshot-20040717/build/gcc/xgcc  version 3.5.0 20040717 (experimental)

		=== libffi tests ===


Running target unix
FAIL: libffi.call/closure_fn0.c (test for excess errors)
WARNING: libffi.call/closure_fn0.c compilation failed to produce executable
FAIL: libffi.call/closure_fn1.c (test for excess errors)
WARNING: libffi.call/closure_fn1.c compilation failed to produce executable
FAIL: libffi.call/closure_fn2.c (test for excess errors)
WARNING: libffi.call/closure_fn2.c compilation failed to produce executable
FAIL: libffi.call/closure_fn3.c (test for excess errors)
WARNING: libffi.call/closure_fn3.c compilation failed to produce executable
FAIL: libffi.call/closure_fn4.c (test for excess errors)
WARNING: libffi.call/closure_fn4.c compilation failed to produce executable
FAIL: libffi.call/closure_fn5.c (test for excess errors)
WARNING: libffi.call/closure_fn5.c compilation failed to produce executable
FAIL: libffi.call/cls_12byte.c (test for excess errors)
WARNING: libffi.call/cls_12byte.c compilation failed to produce executable
FAIL: libffi.call/cls_16byte.c (test for excess errors)
WARNING: libffi.call/cls_16byte.c compilation failed to produce executable
FAIL: libffi.call/cls_18byte.c (test for excess errors)
WARNING: libffi.call/cls_18byte.c compilation failed to produce executable
FAIL: libffi.call/cls_19byte.c (test for excess errors)
WARNING: libffi.call/cls_19byte.c compilation failed to produce executable
FAIL: libffi.call/cls_1_1byte.c (test for excess errors)
WARNING: libffi.call/cls_1_1byte.c compilation failed to produce executable
FAIL: libffi.call/cls_20byte.c (test for excess errors)
WARNING: libffi.call/cls_20byte.c compilation failed to produce executable
FAIL: libffi.call/cls_20byte1.c (test for excess errors)
WARNING: libffi.call/cls_20byte1.c compilation failed to produce executable
FAIL: libffi.call/cls_24byte.c (test for excess errors)
WARNING: libffi.call/cls_24byte.c compilation failed to produce executable
FAIL: libffi.call/cls_2byte.c (test for excess errors)
WARNING: libffi.call/cls_2byte.c compilation failed to produce executable
FAIL: libffi.call/cls_3_1byte.c (test for excess errors)
WARNING: libffi.call/cls_3_1byte.c compilation failed to produce executable
FAIL: libffi.call/cls_3byte1.c (test for excess errors)
WARNING: libffi.call/cls_3byte1.c compilation failed to produce executable
FAIL: libffi.call/cls_3byte2.c (test for excess errors)
WARNING: libffi.call/cls_3byte2.c compilation failed to produce executable
FAIL: libffi.call/cls_4_1byte.c (test for excess errors)
WARNING: libffi.call/cls_4_1byte.c compilation failed to produce executable
FAIL: libffi.call/cls_4byte.c (test for excess errors)
WARNING: libffi.call/cls_4byte.c compilation failed to produce executable
FAIL: libffi.call/cls_5byte.c (test for excess errors)
WARNING: libffi.call/cls_5byte.c compilation failed to produce executable
FAIL: libffi.call/cls_64byte.c (test for excess errors)
WARNING: libffi.call/cls_64byte.c compilation failed to produce executable
FAIL: libffi.call/cls_6byte.c (test for excess errors)
WARNING: libffi.call/cls_6byte.c compilation failed to produce executable
FAIL: libffi.call/cls_7byte.c (test for excess errors)
WARNING: libffi.call/cls_7byte.c compilation failed to produce executable
FAIL: libffi.call/cls_8byte.c (test for excess errors)
WARNING: libffi.call/cls_8byte.c compilation failed to produce executable
FAIL: libffi.call/cls_9byte1.c (test for excess errors)
WARNING: libffi.call/cls_9byte1.c compilation failed to produce executable
FAIL: libffi.call/cls_9byte2.c (test for excess errors)
WARNING: libffi.call/cls_9byte2.c compilation failed to produce executable
FAIL: libffi.call/cls_align_double.c (test for excess errors)
WARNING: libffi.call/cls_align_double.c compilation failed to produce executable
FAIL: libffi.call/cls_align_float.c (test for excess errors)
WARNING: libffi.call/cls_align_float.c compilation failed to produce executable
FAIL: libffi.call/cls_align_longdouble.c (test for excess errors)
WARNING: libffi.call/cls_align_longdouble.c compilation failed to produce executable
FAIL: libffi.call/cls_align_pointer.c (test for excess errors)
WARNING: libffi.call/cls_align_pointer.c compilation failed to produce executable
FAIL: libffi.call/cls_align_sint16.c (test for excess errors)
WARNING: libffi.call/cls_align_sint16.c compilation failed to produce executable
FAIL: libffi.call/cls_align_sint32.c (test for excess errors)
WARNING: libffi.call/cls_align_sint32.c compilation failed to produce executable
FAIL: libffi.call/cls_align_sint64.c (test for excess errors)
WARNING: libffi.call/cls_align_sint64.c compilation failed to produce executable
FAIL: libffi.call/cls_align_uint16.c (test for excess errors)
WARNING: libffi.call/cls_align_uint16.c compilation failed to produce executable
FAIL: libffi.call/cls_align_uint32.c (test for excess errors)
WARNING: libffi.call/cls_align_uint32.c compilation failed to produce executable
FAIL: libffi.call/cls_align_uint64.c (test for excess errors)
WARNING: libffi.call/cls_align_uint64.c compilation failed to produce executable
FAIL: libffi.call/cls_double.c (test for excess errors)
WARNING: libffi.call/cls_double.c compilation failed to produce executable
FAIL: libffi.call/cls_float.c (test for excess errors)
WARNING: libffi.call/cls_float.c compilation failed to produce executable
FAIL: libffi.call/cls_multi_schar.c (test for excess errors)
WARNING: libffi.call/cls_multi_schar.c compilation failed to produce executable
FAIL: libffi.call/cls_multi_sshort.c (test for excess errors)
WARNING: libffi.call/cls_multi_sshort.c compilation failed to produce executable
FAIL: libffi.call/cls_multi_sshortchar.c (test for excess errors)
WARNING: libffi.call/cls_multi_sshortchar.c compilation failed to produce executable
FAIL: libffi.call/cls_multi_uchar.c (test for excess errors)
WARNING: libffi.call/cls_multi_uchar.c compilation failed to produce executable
FAIL: libffi.call/cls_multi_ushort.c (test for excess errors)
WARNING: libffi.call/cls_multi_ushort.c compilation failed to produce executable
FAIL: libffi.call/cls_multi_ushortchar.c (test for excess errors)
WARNING: libffi.call/cls_multi_ushortchar.c compilation failed to produce executable
FAIL: libffi.call/cls_schar.c (test for excess errors)
WARNING: libffi.call/cls_schar.c compilation failed to produce executable
FAIL: libffi.call/cls_sint.c (test for excess errors)
WARNING: libffi.call/cls_sint.c compilation failed to produce executable
FAIL: libffi.call/cls_sshort.c (test for excess errors)
WARNING: libffi.call/cls_sshort.c compilation failed to produce executable
FAIL: libffi.call/cls_uchar.c (test for excess errors)
WARNING: libffi.call/cls_uchar.c compilation failed to produce executable
FAIL: libffi.call/cls_uint.c (test for excess errors)
WARNING: libffi.call/cls_uint.c compilation failed to produce executable
FAIL: libffi.call/cls_ulonglong.c (test for excess errors)
WARNING: libffi.call/cls_ulonglong.c compilation failed to produce executable
FAIL: libffi.call/cls_ushort.c (test for excess errors)
WARNING: libffi.call/cls_ushort.c compilation failed to produce executable
FAIL: libffi.call/nested_struct.c (test for excess errors)
WARNING: libffi.call/nested_struct.c compilation failed to produce executable
FAIL: libffi.call/nested_struct1.c (test for excess errors)
WARNING: libffi.call/nested_struct1.c compilation failed to produce executable
FAIL: libffi.call/nested_struct2.c (test for excess errors)
WARNING: libffi.call/nested_struct2.c compilation failed to produce executable
FAIL: libffi.call/nested_struct3.c (test for excess errors)
WARNING: libffi.call/nested_struct3.c compilation failed to produce executable
FAIL: libffi.call/problem1.c (test for excess errors)
WARNING: libffi.call/problem1.c compilation failed to produce executable
FAIL: libffi.special/unwindtest.cc  -lstdc++ (test for excess errors)
WARNING: libffi.special/unwindtest.cc  -lstdc++ compilation failed to produce executable

		=== libffi Summary ===

# of expected passes		38
# of unexpected failures	58
# of unsupported tests		2
		=== libjava tests ===


Running target unix
FAIL: PR9577 output
FAIL: longfield output
FAIL: shortfield output
FAIL: simple output
FAIL: PR15133 output
FAIL: calls output
FAIL: cxxtest output
FAIL: field output
FAIL: final_method output
FAIL: findclass output
FAIL: invoke output
FAIL: jniutf output
FAIL: martin output
FAIL: noclass output
FAIL: overload output
FAIL: pr11951 run
FAIL: register output
FAIL: simple_int output
FAIL: throwit output
FAIL: virtual output
FAIL: ArrayStore output - source compiled test
FAIL: ArrayStore -O3 execution - source compiled test
FAIL: ArrayStore -O3 execution - bytecode->native test
FAIL: ArrayStore2 output - bytecode->native test
FAIL: ArrayStore2 -O3 output - bytecode->native test
FAIL: Array_1 output - source compiled test
FAIL: Array_1 output - bytecode->native test
FAIL: Array_1 -O3 output - source compiled test
FAIL: Array_1 -O3 output - bytecode->native test
FAIL: Array_2 output - source compiled test
FAIL: Array_2 output - bytecode->native test
FAIL: Array_2 -O3 output - source compiled test
FAIL: Array_2 -O3 output - bytecode->native test
FAIL: Array_3 output - source compiled test
FAIL: Array_3 output - bytecode->native test
FAIL: Array_3 -O3 output - source compiled test
FAIL: Array_3 -O3 output - bytecode->native test
FAIL: Class_1 output - source compiled test
FAIL: Class_1 output - bytecode->native test
FAIL: Class_1 -O3 output - source compiled test
FAIL: Class_1 -O3 output - bytecode->native test
FAIL: CompareNaN output - source compiled test
FAIL: CompareNaN output - bytecode->native test
FAIL: CompareNaN -O3 output - source compiled test
FAIL: CompareNaN -O3 output - bytecode->native test
FAIL: Divide_1 output - source compiled test
FAIL: Divide_1 output - bytecode->native test
FAIL: Divide_1 -O3 execution - source compiled test
FAIL: Divide_1 -O3 execution - bytecode->native test
FAIL: EvaluationOrder output - source compiled test
FAIL: EvaluationOrder output - bytecode->native test
FAIL: EvaluationOrder -O3 output - source compiled test
FAIL: EvaluationOrder -O3 output - bytecode->native test
WARNING: program timed out.
FAIL: FileHandleGcTest execution - source compiled test
WARNING: program timed out.
FAIL: FileHandleGcTest execution - bytecode->native test
FAIL: FileHandleGcTest -O3 execution - source compiled test
FAIL: FileHandleGcTest -O3 execution - bytecode->native test
FAIL: Final output - source compiled test
FAIL: Final output - bytecode->native test
FAIL: Final -O3 output - source compiled test
FAIL: Final -O3 output - bytecode->native test
FAIL: Float_1 output - source compiled test
FAIL: Float_1 output - bytecode->native test
FAIL: Float_1 -O3 output - source compiled test
FAIL: Float_1 -O3 output - bytecode->native test
FAIL: G19990301_01 output - source compiled test
FAIL: G19990301_01 output - bytecode->native test
FAIL: G19990301_01 -O3 output - source compiled test
FAIL: G19990301_01 -O3 output - bytecode->native test
FAIL: G19990302_02 output - source compiled test
FAIL: G19990302_02 output - bytecode->native test
FAIL: G19990302_02 -O3 execution - source compiled test
FAIL: G19990302_02 -O3 execution - bytecode->native test
FAIL: G19990303_01 output - source compiled test
FAIL: G19990303_01 output - bytecode->native test
FAIL: G19990303_01 -O3 execution - source compiled test
FAIL: G19990303_01 -O3 execution - bytecode->native test
FAIL: G19990303_02 output - source compiled test
FAIL: G19990303_02 output - bytecode->native test
FAIL: G19990303_02 -O3 output - source compiled test
FAIL: G19990303_02 -O3 output - bytecode->native test
FAIL: G19990304_01 output - source compiled test
FAIL: G19990304_01 output - bytecode->native test
FAIL: G19990304_01 -O3 output - source compiled test
FAIL: G19990304_01 -O3 output - bytecode->native test
FAIL: G19990310_01 output - source compiled test
FAIL: G19990310_01 output - bytecode->native test
FAIL: G19990310_01 -O3 output - source compiled test
FAIL: G19990310_01 -O3 output - bytecode->native test
FAIL: II output - source compiled test
FAIL: II output - bytecode->native test
FAIL: II -O3 output - source compiled test
FAIL: II -O3 output - bytecode->native test
FAIL: InterfaceDispatch output - source compiled test
FAIL: InterfaceDispatch output - bytecode->native test
FAIL: InterfaceDispatch -O3 execution - source compiled test
FAIL: InterfaceDispatch -O3 execution - bytecode->native test
FAIL: InvokeInterface output - source compiled test
FAIL: InvokeInterface output - bytecode->native test
FAIL: InvokeInterface -O3 output - source compiled test
FAIL: InvokeInterface -O3 output - bytecode->native test
FAIL: InvokeReturn output - source compiled test
FAIL: InvokeReturn output - bytecode->native test
FAIL: InvokeReturn -O3 output - source compiled test
FAIL: InvokeReturn -O3 output - bytecode->native test
FAIL: Invoke_1 output - source compiled test
FAIL: Invoke_1 output - bytecode->native test
FAIL: Invoke_1 -O3 output - source compiled test
FAIL: Invoke_1 -O3 output - bytecode->native test
FAIL: Invoke_2 output - source compiled test
FAIL: Invoke_2 output - bytecode->native test
FAIL: Invoke_2 -O3 output - source compiled test
FAIL: Invoke_2 -O3 output - bytecode->native test
FAIL: KeepInline output - source compiled test
FAIL: KeepInline output - bytecode->native test
FAIL: KeepInline -O3 output - source compiled test
FAIL: KeepInline -O3 output - bytecode->native test
FAIL: LargeFile execution - source compiled test
FAIL: LargeFile execution - bytecode->native test
FAIL: LargeFile -O3 execution - source compiled test
FAIL: LargeFile -O3 execution - bytecode->native test
FAIL: MathBuiltin output - source compiled test
FAIL: MathBuiltin output - bytecode->native test
FAIL: MathBuiltin -O3 output - source compiled test
FAIL: MathBuiltin -O3 output - bytecode->native test
FAIL: Matrix4f output - source compiled test
FAIL: Matrix4f output - bytecode->native test
FAIL: Matrix4f -O3 output - source compiled test
FAIL: Matrix4f -O3 output - bytecode->native test
FAIL: N19990310_02 output - source compiled test
FAIL: N19990310_02 output - bytecode->native test
FAIL: N19990310_02 -O3 output - source compiled test
FAIL: N19990310_02 -O3 output - bytecode->native test
FAIL: N19990310_3 output - source compiled test
FAIL: N19990310_3 output - bytecode->native test
FAIL: N19990310_3 -O3 output - source compiled test
FAIL: N19990310_3 -O3 output - bytecode->native test
FAIL: N19990310_4 output - source compiled test
FAIL: N19990310_4 output - bytecode->native test
FAIL: N19990310_4 -O3 output - source compiled test
FAIL: N19990310_4 -O3 output - bytecode->native test
FAIL: N19990310_5 output - source compiled test
FAIL: N19990310_5 output - bytecode->native test
FAIL: N19990310_5 -O3 output - source compiled test
FAIL: N19990310_5 -O3 output - bytecode->native test
FAIL: Overflow output - source compiled test
FAIL: Overflow output - bytecode->native test
FAIL: Overflow -O3 output - source compiled test
FAIL: Overflow -O3 output - bytecode->native test
FAIL: PR12350 output - source compiled test
FAIL: PR12350 output - bytecode->native test
FAIL: PR12350 -O3 output - source compiled test
FAIL: PR12350 -O3 output - bytecode->native test
FAIL: PR12416 output - source compiled test
FAIL: PR12416 output - bytecode->native test
FAIL: PR12416 -O3 output - source compiled test
FAIL: PR12416 -O3 output - bytecode->native test
FAIL: PR12656 output - source compiled test
FAIL: PR12656 output - bytecode->native test
FAIL: PR12656 -O3 output - source compiled test
FAIL: PR12656 -O3 output - bytecode->native test
FAIL: PR12915 output - source compiled test
FAIL: PR12915 output - bytecode->native test
FAIL: PR12915 -O3 output - source compiled test
FAIL: PR12915 -O3 output - bytecode->native test
FAIL: PR141 output - source compiled test
FAIL: PR141 output - bytecode->native test
FAIL: PR141 -O3 output - source compiled test
FAIL: PR141 -O3 output - bytecode->native test
FAIL: PR160 output - source compiled test
FAIL: PR160 output - bytecode->native test
FAIL: PR160 -O3 output - source compiled test
FAIL: PR160 -O3 output - bytecode->native test
FAIL: PR162 output - source compiled test
FAIL: PR162 output - bytecode->native test
FAIL: PR162 -O3 output - source compiled test
FAIL: PR162 -O3 output - bytecode->native test
FAIL: PR218 output - source compiled test
FAIL: PR218 output - bytecode->native test
FAIL: PR218 -O3 output - source compiled test
FAIL: PR218 -O3 output - bytecode->native test
FAIL: PR242 output - source compiled test
FAIL: PR242 output - bytecode->native test
FAIL: PR242 -O3 output - source compiled test
FAIL: PR242 -O3 output - bytecode->native test
FAIL: PR260 output - source compiled test
FAIL: PR260 output - bytecode->native test
FAIL: PR260 -O3 output - source compiled test
FAIL: PR260 -O3 output - bytecode->native test
FAIL: PR3096 output - source compiled test
FAIL: PR3096 output - bytecode->native test
FAIL: PR3096 -O3 output - source compiled test
FAIL: PR3096 -O3 output - bytecode->native test
FAIL: PR3731 output - source compiled test
FAIL: PR3731 output - bytecode->native test
FAIL: PR3731 -O3 output - source compiled test
FAIL: PR3731 -O3 output - bytecode->native test
FAIL: PR5057 output - source compiled test
FAIL: PR5057 output - bytecode->native test
FAIL: PR5057 -O3 output - source compiled test
FAIL: PR5057 -O3 output - bytecode->native test
FAIL: PR5057_2 output - source compiled test
FAIL: PR5057_2 output - bytecode->native test
FAIL: PR5057_2 -O3 output - source compiled test
FAIL: PR5057_2 -O3 output - bytecode->native test
FAIL: PR55 output - source compiled test
FAIL: PR55 output - bytecode->native test
FAIL: PR55 -O3 output - source compiled test
FAIL: PR55 -O3 output - bytecode->native test
FAIL: PR56 output - source compiled test
FAIL: PR56 output - bytecode->native test
FAIL: PR56 -O3 output - source compiled test
FAIL: PR56 -O3 output - bytecode->native test
FAIL: PR6085 output - source compiled test
FAIL: PR6085 output - bytecode->native test
FAIL: PR6085 -O3 output - source compiled test
FAIL: PR6085 -O3 output - bytecode->native test
FAIL: PR6204 output - source compiled test
FAIL: PR6204 output - bytecode->native test
FAIL: PR6204 -O3 output - source compiled test
FAIL: PR6204 -O3 output - bytecode->native test
FAIL: PR6729 output - source compiled test
FAIL: PR6729 output - bytecode->native test
FAIL: PR6729 -O3 output - source compiled test
FAIL: PR6729 -O3 output - bytecode->native test
FAIL: PR6820 output - source compiled test
FAIL: PR6820 output - bytecode->native test
FAIL: PR6820 -O3 output - source compiled test
FAIL: PR6820 -O3 output - bytecode->native test
FAIL: PR7482 output - source compiled test
FAIL: PR7482 output - bytecode->native test
FAIL: PR7482 -O3 output - source compiled test
FAIL: PR7482 -O3 output - bytecode->native test
FAIL: Shazam output - source compiled test
FAIL: Shazam output - bytecode->native test
FAIL: Shazam -O3 output - source compiled test
FAIL: Shazam -O3 output - bytecode->native test
FAIL: StaticConstructor output - source compiled test
FAIL: StaticConstructor output - bytecode->native test
FAIL: StaticConstructor -O3 output - source compiled test
FAIL: StaticConstructor -O3 output - bytecode->native test
FAIL: StringBuffer_1 output - source compiled test
FAIL: StringBuffer_1 output - bytecode->native test
FAIL: StringBuffer_1 -O3 execution - source compiled test
FAIL: StringBuffer_1 -O3 execution - bytecode->native test
FAIL: StringBuffer_overflow output - source compiled test
FAIL: StringBuffer_overflow output - bytecode->native test
FAIL: StringBuffer_overflow -O3 output - source compiled test
FAIL: StringBuffer_overflow -O3 output - bytecode->native test
FAIL: String_overflow output - source compiled test
FAIL: String_overflow output - bytecode->native test
FAIL: String_overflow -O3 execution - source compiled test
FAIL: String_overflow -O3 output - bytecode->native test
FAIL: SyncGlobal output - source compiled test
FAIL: SyncGlobal output - bytecode->native test
FAIL: SyncGlobal -O3 output - source compiled test
FAIL: SyncGlobal -O3 output - bytecode->native test
FAIL: SyncTest output - source compiled test
FAIL: SyncTest output - bytecode->native test
FAIL: SyncTest -O3 output - source compiled test
FAIL: SyncTest -O3 output - bytecode->native test
FAIL: Synch output - source compiled test
FAIL: Synch output - bytecode->native test
FAIL: Synch -O3 output - source compiled test
FAIL: Synch -O3 output - bytecode->native test
FAIL: TLtest output - source compiled test
FAIL: TLtest output - bytecode->native test
FAIL: TLtest -O3 output - source compiled test
FAIL: TLtest -O3 output - bytecode->native test
FAIL: TestProxy execution - source compiled test
FAIL: TestProxy execution - bytecode->native test
FAIL: TestProxy -O3 execution - source compiled test
FAIL: TestProxy -O3 execution - bytecode->native test
FAIL: Thread_Alive output - source compiled test
FAIL: Thread_Alive output - bytecode->native test
FAIL: Thread_Alive -O3 execution - source compiled test
FAIL: Thread_Alive -O3 execution - bytecode->native test
FAIL: Thread_Interrupt output - source compiled test
FAIL: Thread_Interrupt output - bytecode->native test
FAIL: Thread_Interrupt -O3 output - source compiled test
FAIL: Thread_Interrupt -O3 output - bytecode->native test
FAIL: Thread_Join output - source compiled test
FAIL: Thread_Join output - bytecode->native test
FAIL: Thread_Join -O3 output - source compiled test
FAIL: Thread_Join -O3 output - bytecode->native test
FAIL: Thread_Monitor output - source compiled test
FAIL: Thread_Monitor output - bytecode->native test
FAIL: Thread_Monitor -O3 output - source compiled test
FAIL: Thread_Monitor -O3 output - bytecode->native test
FAIL: Thread_Sleep output - source compiled test
FAIL: Thread_Sleep output - bytecode->native test
FAIL: Thread_Sleep -O3 output - source compiled test
FAIL: Thread_Sleep -O3 output - bytecode->native test
FAIL: Thread_Wait output - source compiled test
FAIL: Thread_Wait output - bytecode->native test
FAIL: Thread_Wait -O3 output - source compiled test
FAIL: Thread_Wait -O3 output - bytecode->native test
FAIL: Thread_Wait_2 output - source compiled test
FAIL: Thread_Wait_2 output - bytecode->native test
FAIL: Thread_Wait_2 -O3 output - source compiled test
FAIL: Thread_Wait_2 -O3 output - bytecode->native test
FAIL: Thread_Wait_Interrupt output - source compiled test
FAIL: Thread_Wait_Interrupt output - bytecode->native test
FAIL: Thread_Wait_Interrupt -O3 output - source compiled test
FAIL: Thread_Wait_Interrupt -O3 output - bytecode->native test
FAIL: Throw_1 output - source compiled test
FAIL: Throw_1 output - bytecode->native test
FAIL: Throw_1 -O3 output - source compiled test
FAIL: Throw_1 -O3 output - bytecode->native test
FAIL: Throw_2 execution - source compiled test
FAIL: Throw_2 execution - bytecode->native test
FAIL: Throw_2 -O3 execution - source compiled test
FAIL: Throw_2 -O3 execution - bytecode->native test
FAIL: anfi output - source compiled test
FAIL: anfi output - bytecode->native test
FAIL: anfi -O3 output - source compiled test
FAIL: anfi -O3 output - bytecode->native test
FAIL: anon output - source compiled test
FAIL: anon output - bytecode->native test
FAIL: anon -O3 output - source compiled test
FAIL: anon -O3 output - bytecode->native test
FAIL: anon2 output - source compiled test
FAIL: anon2 output - bytecode->native test
FAIL: anon2 -O3 output - source compiled test
FAIL: anon2 -O3 output - bytecode->native test
FAIL: anon3 output - source compiled test
FAIL: anon3 output - bytecode->native test
FAIL: anon3 -O3 output - source compiled test
FAIL: anon3 -O3 output - bytecode->native test
FAIL: anon4 output - source compiled test
FAIL: anon4 output - bytecode->native test
FAIL: anon4 -O3 output - source compiled test
FAIL: anon4 -O3 output - bytecode->native test
FAIL: anon_ctor_itf_arg output - source compiled test
FAIL: anon_ctor_itf_arg output - bytecode->native test
FAIL: anon_ctor_itf_arg -O3 output - source compiled test
FAIL: anon_ctor_itf_arg -O3 output - bytecode->native test
FAIL: anonarray output - source compiled test
FAIL: anonarray output - bytecode->native test
FAIL: anonarray -O3 output - source compiled test
FAIL: anonarray -O3 output - bytecode->native test
FAIL: anonarray2 output - source compiled test
FAIL: anonarray2 output - bytecode->native test
FAIL: anonarray2 -O3 output - source compiled test
FAIL: anonarray2 -O3 output - bytecode->native test
FAIL: anonarray3 output - source compiled test
FAIL: anonarray3 output - bytecode->native test
FAIL: anonarray3 -O3 output - source compiled test
FAIL: anonarray3 -O3 output - bytecode->native test
FAIL: assign output - source compiled test
FAIL: assign output - bytecode->native test
FAIL: assign -O3 output - source compiled test
FAIL: assign -O3 output - bytecode->native test
FAIL: direct_read output - source compiled test
FAIL: direct_read output - bytecode->native test
FAIL: direct_read -O3 output - source compiled test
FAIL: direct_read -O3 output - bytecode->native test
FAIL: direct_write output - source compiled test
FAIL: direct_write output - bytecode->native test
FAIL: direct_write -O3 output - source compiled test
FAIL: direct_write -O3 output - bytecode->native test
FAIL: emptystring output - source compiled test
FAIL: emptystring output - bytecode->native test
FAIL: emptystring -O3 output - source compiled test
FAIL: emptystring -O3 output - bytecode->native test
FAIL: err1 output - source compiled test
FAIL: err1 output - bytecode->native test
FAIL: err1 -O3 output - source compiled test
FAIL: err1 -O3 output - bytecode->native test
FAIL: err10 output - source compiled test
FAIL: err10 output - bytecode->native test
FAIL: err10 -O3 output - source compiled test
FAIL: err10 -O3 output - bytecode->native test
FAIL: err11 output - source compiled test
FAIL: err11 output - bytecode->native test
FAIL: err11 -O3 output - source compiled test
FAIL: err11 -O3 output - bytecode->native test
FAIL: err12 output - source compiled test
FAIL: err12 output - bytecode->native test
FAIL: err12 -O3 output - source compiled test
FAIL: err12 -O3 output - bytecode->native test
FAIL: err13 output - source compiled test
FAIL: err13 output - bytecode->native test
FAIL: err13 -O3 output - source compiled test
FAIL: err13 -O3 output - bytecode->native test
FAIL: err2 output - source compiled test
FAIL: err2 output - bytecode->native test
FAIL: err2 -O3 output - source compiled test
FAIL: err2 -O3 output - bytecode->native test
FAIL: err3 output - source compiled test
FAIL: err3 output - bytecode->native test
FAIL: err3 -O3 output - source compiled test
FAIL: err3 -O3 output - bytecode->native test
FAIL: err4 output - source compiled test
FAIL: err4 output - bytecode->native test
FAIL: err4 -O3 output - source compiled test
FAIL: err4 -O3 output - bytecode->native test
FAIL: err5 output - source compiled test
FAIL: err5 output - bytecode->native test
FAIL: err5 -O3 output - source compiled test
FAIL: err5 -O3 output - bytecode->native test
FAIL: err6 output - source compiled test
FAIL: err6 output - bytecode->native test
FAIL: err6 -O3 output - source compiled test
FAIL: err6 -O3 output - bytecode->native test
FAIL: err7 output - source compiled test
FAIL: err7 output - bytecode->native test
FAIL: err7 -O3 output - source compiled test
FAIL: err7 -O3 output - bytecode->native test
FAIL: err8 output - source compiled test
FAIL: err8 output - bytecode->native test
FAIL: err8 -O3 output - source compiled test
FAIL: err8 -O3 output - bytecode->native test
FAIL: err9 output - source compiled test
FAIL: err9 output - bytecode->native test
FAIL: err9 -O3 output - source compiled test
FAIL: err9 -O3 output - bytecode->native test
FAIL: final_inner output - source compiled test
FAIL: final_inner output - bytecode->native test
FAIL: final_inner -O3 output - source compiled test
FAIL: final_inner -O3 output - bytecode->native test
FAIL: final_int output - source compiled test
FAIL: final_int output - bytecode->native test
FAIL: final_int -O3 output - source compiled test
FAIL: final_int -O3 output - bytecode->native test
FAIL: final_static_and_friend output - source compiled test
FAIL: final_static_and_friend output - bytecode->native test
FAIL: final_static_and_friend -O3 output - source compiled test
FAIL: final_static_and_friend -O3 output - bytecode->native test
FAIL: indirect output - source compiled test
FAIL: indirect output - bytecode->native test
FAIL: indirect -O3 output - source compiled test
FAIL: indirect -O3 output - bytecode->native test
FAIL: indirect_read output - source compiled test
FAIL: indirect_read output - bytecode->native test
FAIL: indirect_read -O3 output - source compiled test
FAIL: indirect_read -O3 output - bytecode->native test
FAIL: indirect_write output - source compiled test
FAIL: indirect_write output - bytecode->native test
FAIL: indirect_write -O3 output - source compiled test
FAIL: indirect_write -O3 output - bytecode->native test
FAIL: initexc output - source compiled test
FAIL: initexc output - bytecode->native test
FAIL: initexc -O3 output - source compiled test
FAIL: initexc -O3 output - bytecode->native test
FAIL: initfield output - source compiled test
FAIL: initfield output - bytecode->native test
FAIL: initfield -O3 output - source compiled test
FAIL: initfield -O3 output - bytecode->native test
FAIL: inline output - source compiled test
FAIL: inline output - bytecode->native test
FAIL: inline -O3 output - source compiled test
FAIL: inline -O3 output - bytecode->native test
FAIL: inner1 output - source compiled test
FAIL: inner1 output - bytecode->native test
FAIL: inner1 -O3 output - source compiled test
FAIL: inner1 -O3 output - bytecode->native test
FAIL: inner2 output - source compiled test
FAIL: inner2 output - bytecode->native test
FAIL: inner2 -O3 output - source compiled test
FAIL: inner2 -O3 output - bytecode->native test
FAIL: inner3 output - source compiled test
FAIL: inner3 output - bytecode->native test
FAIL: inner3 -O3 output - source compiled test
FAIL: inner3 -O3 output - bytecode->native test
FAIL: inner4 output - source compiled test
FAIL: inner4 output - bytecode->native test
FAIL: inner4 -O3 output - source compiled test
FAIL: inner4 -O3 output - bytecode->native test
FAIL: inner_array output - source compiled test
FAIL: inner_array output - bytecode->native test
FAIL: inner_array -O3 output - source compiled test
FAIL: inner_array -O3 output - bytecode->native test
FAIL: inner_interface output - source compiled test
FAIL: inner_interface output - bytecode->native test
FAIL: inner_interface -O3 output - source compiled test
FAIL: inner_interface -O3 output - bytecode->native test
FAIL: instance output - source compiled test
FAIL: instance output - bytecode->native test
FAIL: instance -O3 output - source compiled test
FAIL: instance -O3 output - bytecode->native test
FAIL: instinit output - source compiled test
FAIL: instinit output - bytecode->native test
FAIL: instinit -O3 output - source compiled test
FAIL: instinit -O3 output - bytecode->native test
FAIL: instinit2 output - source compiled test
FAIL: instinit2 output - bytecode->native test
FAIL: instinit2 -O3 output - source compiled test
FAIL: instinit2 -O3 output - bytecode->native test
FAIL: invoke_from_inner output - source compiled test
FAIL: invoke_from_inner output - bytecode->native test
FAIL: invoke_from_inner -O3 output - source compiled test
FAIL: invoke_from_inner -O3 output - bytecode->native test
FAIL: invokethrow execution - source compiled test
FAIL: invokethrow execution - bytecode->native test
FAIL: invokethrow -O3 execution - source compiled test
FAIL: invokethrow -O3 execution - bytecode->native test
FAIL: klass output - source compiled test
FAIL: klass output - bytecode->native test
FAIL: klass -O3 output - source compiled test
FAIL: klass -O3 output - bytecode->native test
FAIL: multiple_finit output - source compiled test
FAIL: multiple_finit output - bytecode->native test
FAIL: multiple_finit -O3 output - source compiled test
FAIL: multiple_finit -O3 output - bytecode->native test
FAIL: negzero output - source compiled test
FAIL: negzero output - bytecode->native test
FAIL: negzero -O3 output - source compiled test
FAIL: negzero -O3 output - bytecode->native test
FAIL: nested_with_ctor output - source compiled test
FAIL: nested_with_ctor output - bytecode->native test
FAIL: nested_with_ctor -O3 output - source compiled test
FAIL: nested_with_ctor -O3 output - bytecode->native test
FAIL: newarray_overflow output - source compiled test
FAIL: newarray_overflow output - bytecode->native test
FAIL: newarray_overflow -O3 output - source compiled test
FAIL: newarray_overflow -O3 output - bytecode->native test
FAIL: override output - source compiled test
FAIL: override output - bytecode->native test
FAIL: override -O3 output - source compiled test
FAIL: override -O3 output - bytecode->native test
FAIL: pr109 output - source compiled test
FAIL: pr109 output - bytecode->native test
FAIL: pr109 -O3 output - source compiled test
FAIL: pr109 -O3 output - bytecode->native test
FAIL: pr13107 output - source compiled test
FAIL: pr13107 output - bytecode->native test
FAIL: pr13107 -O3 output - source compiled test
FAIL: pr13107 -O3 output - bytecode->native test
FAIL: pr13107_2 output - source compiled test
FAIL: pr13107_2 -O3 output - source compiled test
FAIL: pr13107_3 output - source compiled test
FAIL: pr13107_3 -O3 output - source compiled test
FAIL: pr133 output - source compiled test
FAIL: pr133 output - bytecode->native test
FAIL: pr133 -O3 output - source compiled test
FAIL: pr133 -O3 output - bytecode->native test
FAIL: pr179 output - source compiled test
FAIL: pr179 output - bytecode->native test
FAIL: pr179 -O3 output - source compiled test
FAIL: pr179 -O3 output - bytecode->native test
FAIL: pr184 output - source compiled test
FAIL: pr184 output - bytecode->native test
FAIL: pr184 -O3 output - source compiled test
FAIL: pr184 -O3 output - bytecode->native test
FAIL: pr6388 output - source compiled test
FAIL: pr6388 output - bytecode->native test
FAIL: pr6388 -O3 output - source compiled test
FAIL: pr6388 -O3 output - bytecode->native test
FAIL: pr83 output - source compiled test
FAIL: pr83 output - bytecode->native test
FAIL: pr83 -O3 output - source compiled test
FAIL: pr83 -O3 compilation from bytecode
FAIL: pr8415 output - source compiled test
FAIL: pr8415 output - bytecode->native test
FAIL: pr8415 -O3 output - source compiled test
FAIL: pr8415 -O3 output - bytecode->native test
FAIL: pr8676 output - source compiled test
FAIL: pr8676 output - bytecode->native test
FAIL: pr8676 -O3 output - source compiled test
FAIL: pr8676 -O3 output - bytecode->native test
FAIL: pr8823 output - source compiled test
FAIL: pr8823 output - bytecode->native test
FAIL: pr8823 -O3 output - source compiled test
FAIL: pr8823 -O3 output - bytecode->native test
FAIL: pr8945 output - source compiled test
FAIL: pr8945 output - bytecode->native test
FAIL: pr8945 -O3 output - source compiled test
FAIL: pr8945 -O3 output - bytecode->native test
FAIL: private_direct_read output - source compiled test
FAIL: private_direct_read output - bytecode->native test
FAIL: private_direct_read -O3 output - source compiled test
FAIL: private_direct_read -O3 output - bytecode->native test
FAIL: search_outer output - source compiled test
FAIL: search_outer output - bytecode->native test
FAIL: search_outer -O3 output - source compiled test
FAIL: search_outer -O3 output - bytecode->native test
FAIL: stringconst output - bytecode->native test
FAIL: stringconst -O3 output - bytecode->native test
FAIL: stringconst2 output - source compiled test
FAIL: stringconst2 output - bytecode->native test
FAIL: stringconst2 -O3 output - source compiled test
FAIL: stringconst2 -O3 output - bytecode->native test
FAIL: stub output - source compiled test
FAIL: stub output - bytecode->native test
FAIL: stub -O3 output - source compiled test
FAIL: stub -O3 output - bytecode->native test
FAIL: test_long output - source compiled test
FAIL: test_long output - bytecode->native test
FAIL: test_long -O3 output - source compiled test
FAIL: test_long -O3 output - bytecode->native test
FAIL: tmi output - source compiled test
FAIL: tmi output - bytecode->native test
FAIL: tmi -O3 output - source compiled test
FAIL: tmi -O3 output - bytecode->native test
FAIL: tp output - source compiled test
FAIL: tp output - bytecode->native test
FAIL: tp -O3 output - source compiled test
FAIL: tp -O3 output - bytecode->native test
FAIL: update_outer output - source compiled test
FAIL: update_outer output - bytecode->native test
FAIL: update_outer -O3 output - source compiled test
FAIL: update_outer -O3 output - bytecode->native test
FAIL: utf8concat output - source compiled test
FAIL: utf8concat output - bytecode->native test
FAIL: utf8concat -O3 output - source compiled test
FAIL: utf8concat -O3 output - bytecode->native test
FAIL: utilTest output - source compiled test
FAIL: utilTest output - bytecode->native test
FAIL: utilTest -O3 output - source compiled test
FAIL: utilTest -O3 output - bytecode->native test
FAIL: verify output - source compiled test
FAIL: verify output - bytecode->native test
FAIL: verify -O3 output - source compiled test
FAIL: verify -O3 output - bytecode->native test
FAIL: /build/buildd/gcc-snapshot-20040717/build/m68k-linux-gnu/libjava/testsuite/TestEarlyGC.exe output - /build/buildd/gcc-snapshot-20040717/build/m68k-linux-gnu/libjava/testsuite/TestEarlyGC.exe
FAIL: /build/buildd/gcc-snapshot-20040717/build/m68k-linux-gnu/libjava/testsuite/TestLeak.exe execution - /build/buildd/gcc-snapshot-20040717/build/m68k-linux-gnu/libjava/testsuite/TestLeak.exe
FAIL: /build/buildd/gcc-snapshot-20040717/build/m68k-linux-gnu/libjava/testsuite/TestMultiple.exe output - /build/buildd/gcc-snapshot-20040717/build/m68k-linux-gnu/libjava/testsuite/TestMultiple.exe
FAIL: /build/buildd/gcc-snapshot-20040717/build/m68k-linux-gnu/libjava/testsuite/TestParent.exe output - /build/buildd/gcc-snapshot-20040717/build/m68k-linux-gnu/libjava/testsuite/TestParent.exe

		=== libjava Summary ===

# of expected passes		2093
# of unexpected failures	619
# of expected failures		13
# of untested testcases		57
		=== libmudflap tests ===


Running target unix
WARNING: program timed out.
FAIL: libmudflap.c/heap-scalestress.c execution test
FAIL: libmudflap.c/heap-scalestress.c output pattern test
WARNING: program timed out.
FAIL: libmudflap.c/heap-scalestress.c (-O2) execution test
FAIL: libmudflap.c/heap-scalestress.c (-O2) output pattern test
WARNING: program timed out.
FAIL: libmudflap.c/heap-scalestress.c (-O3) execution test
FAIL: libmudflap.c/heap-scalestress.c (-O3) output pattern test
WARNING: program timed out.
FAIL: libmudflap.cth/pass39-frag.c (rerun 1) execution test
WARNING: program timed out.
FAIL: libmudflap.cth/pass39-frag.c (rerun 3) execution test
WARNING: program timed out.
FAIL: libmudflap.cth/pass39-frag.c (rerun 4) execution test
FAIL: libmudflap.cth/pass39-frag.c (rerun 4) output pattern test
WARNING: program timed out.
FAIL: libmudflap.cth/pass39-frag.c (rerun 5) execution test
WARNING: program timed out.
FAIL: libmudflap.cth/pass39-frag.c (rerun 7) execution test
WARNING: program timed out.
FAIL: libmudflap.cth/pass39-frag.c (rerun 9) execution test
WARNING: program timed out.
FAIL: libmudflap.cth/pass39-frag.c (rerun 11) execution test
WARNING: program timed out.
FAIL: libmudflap.cth/pass39-frag.c (rerun 13) execution test
WARNING: program timed out.
FAIL: libmudflap.cth/pass39-frag.c (rerun 15) execution test
WARNING: program timed out.
FAIL: libmudflap.cth/pass39-frag.c (rerun 17) execution test
WARNING: program timed out.
FAIL: libmudflap.cth/pass39-frag.c (rerun 19) execution test
WARNING: program timed out.
FAIL: libmudflap.cth/pass40-frag.c execution test
FAIL: libmudflap.cth/pass40-frag.c output pattern test
WARNING: program timed out.
FAIL: libmudflap.cth/pass40-frag.c (-static -DSTATIC) execution test
FAIL: libmudflap.cth/pass40-frag.c (-static -DSTATIC) output pattern test
WARNING: program timed out.
FAIL: libmudflap.cth/pass39-frag.c (-O2) (rerun 2) execution test
WARNING: program timed out.
FAIL: libmudflap.cth/pass39-frag.c (-O2) (rerun 3) execution test
WARNING: program timed out.
FAIL: libmudflap.cth/pass39-frag.c (-O2) (rerun 6) execution test
WARNING: program timed out.
FAIL: libmudflap.cth/pass39-frag.c (-O2) (rerun 8) execution test
WARNING: program timed out.
FAIL: libmudflap.cth/pass39-frag.c (-O2) (rerun 10) execution test
WARNING: program timed out.
FAIL: libmudflap.cth/pass39-frag.c (-O2) (rerun 12) execution test
WARNING: program timed out.
FAIL: libmudflap.cth/pass39-frag.c (-O2) (rerun 13) execution test
WARNING: program timed out.
FAIL: libmudflap.cth/pass39-frag.c (-O2) (rerun 16) execution test
WARNING: program timed out.
FAIL: libmudflap.cth/pass39-frag.c (-O2) (rerun 18) execution test
WARNING: program timed out.
FAIL: libmudflap.cth/pass40-frag.c (-O2) execution test
FAIL: libmudflap.cth/pass40-frag.c (-O2) output pattern test
WARNING: program timed out.
FAIL: libmudflap.cth/pass39-frag.c (-O3) (rerun 1) execution test
WARNING: program timed out.
FAIL: libmudflap.cth/pass39-frag.c (-O3) (rerun 3) execution test
WARNING: program timed out.
FAIL: libmudflap.cth/pass39-frag.c (-O3) (rerun 5) execution test
WARNING: program timed out.
FAIL: libmudflap.cth/pass39-frag.c (-O3) (rerun 7) execution test
WARNING: program timed out.
FAIL: libmudflap.cth/pass39-frag.c (-O3) (rerun 9) execution test
WARNING: program timed out.
FAIL: libmudflap.cth/pass39-frag.c (-O3) (rerun 12) execution test
WARNING: program timed out.
FAIL: libmudflap.cth/pass39-frag.c (-O3) (rerun 14) execution test
WARNING: program timed out.
FAIL: libmudflap.cth/pass39-frag.c (-O3) (rerun 16) execution test
WARNING: program timed out.
FAIL: libmudflap.cth/pass39-frag.c (-O3) (rerun 18) execution test
WARNING: program timed out.
FAIL: libmudflap.cth/pass40-frag.c (-O3) execution test
FAIL: libmudflap.cth/pass40-frag.c (-O3) output pattern test

		=== libmudflap Summary ===

# of expected passes		1092
# of unexpected failures	44
		=== libstdc++ tests ===


Running target unix
FAIL: 21_strings/basic_string/append/char/1.cc execution test
FAIL: 21_strings/basic_string/append/wchar_t/1.cc execution test
FAIL: 21_strings/basic_string/cons/char/1.cc execution test
FAIL: 21_strings/basic_string/cons/char/3.cc execution test
FAIL: 21_strings/basic_string/cons/wchar_t/1.cc execution test
FAIL: 21_strings/basic_string/cons/wchar_t/3.cc execution test
FAIL: 21_strings/basic_string/element_access/char/1.cc execution test
FAIL: 21_strings/basic_string/element_access/wchar_t/1.cc execution test
FAIL: 21_strings/basic_string/insert/char/1.cc execution test
FAIL: 21_strings/basic_string/insert/wchar_t/1.cc execution test
FAIL: 21_strings/basic_string/inserters_extractors/pod/10081-in.cc execution test
FAIL: 21_strings/basic_string/substr/char/1.cc execution test
FAIL: 21_strings/basic_string/substr/wchar_t/1.cc execution test
WARNING: program timed out.
WARNING: program timed out.
FAIL: 22_locale/locale/cons/12658_thread-2.cc execution test
FAIL: 22_locale/locale/cons/2.cc execution test
FAIL: 22_locale/numpunct/members/pod/2.cc execution test
FAIL: 23_containers/bitset/cons/1.cc execution test
FAIL: 23_containers/deque/cons/2.cc execution test
FAIL: 23_containers/vector/cons/4.cc execution test
XPASS: 26_numerics/cmath/c99_classification_macros_c.cc (test for excess errors)
WARNING: program timed out.
FAIL: 26_numerics/complex/complex_inserters_extractors.cc (test for excess errors)
WARNING: 26_numerics/complex/complex_inserters_extractors.cc compilation failed to produce executable
FAIL: 27_io/basic_filebuf/imbue/char/14975-1.cc execution test
FAIL: 27_io/basic_filebuf/imbue/wchar_t/14975-2.cc execution test
FAIL: 27_io/basic_filebuf/overflow/char/9182-2.cc execution test
FAIL: 27_io/basic_filebuf/seekpos/wchar_t/1.cc execution test
FAIL: 27_io/basic_filebuf/sync/char/9182-1.cc execution test
FAIL: 27_io/basic_filebuf/underflow/wchar_t/11544-1.cc execution test
FAIL: 27_io/basic_filebuf/underflow/wchar_t/11544-2.cc execution test
FAIL: 27_io/basic_filebuf/underflow/wchar_t/11603.cc execution test
FAIL: 27_io/basic_ios/copyfmt/char/1.cc execution test
FAIL: 27_io/basic_ios/exceptions/char/2.cc execution test
FAIL: 27_io/basic_ios/imbue/14072.cc execution test
FAIL: 27_io/basic_istream/extractors_arithmetic/pod/3983-1.cc execution test
FAIL: 27_io/basic_istream/extractors_character/pod/3983-2.cc execution test
FAIL: 27_io/basic_istream/extractors_other/char/error_failbit.cc execution test
FAIL: 27_io/basic_istream/extractors_other/char/exceptions_badbit_throw.cc execution test
FAIL: 27_io/basic_istream/extractors_other/char/exceptions_failbit_throw.cc execution test
FAIL: 27_io/basic_istream/extractors_other/pod/3983-3.cc execution test
FAIL: 27_io/basic_istream/seekg/char/exceptions_badbit_throw.cc execution test
FAIL: 27_io/basic_istream/sentry/pod/1.cc execution test
FAIL: 27_io/basic_ostream/inserters_arithmetic/char/exceptions_badbit_throw.cc execution test
FAIL: 27_io/basic_ostream/inserters_other/char/5.cc execution test
FAIL: 27_io/basic_ostream/inserters_other/char/error_failbit.cc execution test
FAIL: 27_io/basic_ostream/inserters_other/char/exceptions_badbit_throw.cc execution test
FAIL: 27_io/basic_ostream/inserters_other/char/exceptions_failbit_throw.cc execution test
FAIL: 27_io/basic_ostream/put/char/1.cc execution test
FAIL: 27_io/basic_ostream/seekp/char/exceptions_badbit_throw.cc execution test
FAIL: 27_io/basic_ostream/write/char/1.cc execution test
FAIL: 27_io/fpos/14775.cc execution test
FAIL: 27_io/ios_base/storage/2.cc execution test
WARNING: program timed out.
FAIL: thread/pthread2.cc execution test

		=== libstdc++ Summary ===

# of expected passes		2753
# of unexpected failures	50
# of unexpected successes	1
# of expected failures		6

Compiler version: 3.5.0 20040717 (experimental) 
Platform: m68k-unknown-linux-gnu
configure flags: -v --prefix=/usr/lib/gcc-snapshot --enable-shared --with-system-zlib --enable-nls --enable-threads=posix --without-included-gettext --disable-werror --enable-__cxa_atexit --enable-libstdcxx-allocator=mt --enable-clocale=gnu --enable-libstdcxx-debug --enable-java-gc=boehm --enable-java-awt=gtk m68k-linux-gnu --enable-languages=c,c++,f95,java,objc
BOOT_CFLAGS=-O2 


Build Dependencies:
Desired=Unknown/Install/Remove/Purge/Hold
| Status=Not/Installed/Config-files/Unpacked/Failed-config/Half-installed
|/ Err?=(none)/Hold/Reinst-required/X=both-problems (Status,Err: uppercase=bad)
||/ Name           Version        Description
+++-==============-==============-============================================
ii  binutils       2.14.90.0.7-8  The GNU assembler, linker and binary utiliti
ii  libc6-dev      2.3.2.ds1-13   GNU C Library: Development Libraries and Hea


Patches that Debian applied in this version:

test-summary:
  add libstdc++-v3's abi baseline to the test summary

boehm-gc-nocheck:
  Disable the boehm-gc testsuite. Hangs forever on this architecture

hppa-toplevel:
  For hppa-linux enable libgcj and dependent libs in the toplevel directory

amd64-specs:
  Use 64bits mode assembly except with -m32

libjava-mips:
  libjava-mips patch from Thiemo Seufer <ica2_ts@csv.ica.uni-stuttgart.de>

boehm-gc-nocheck:
  Disable the boehm-gc testsuite. Hangs forever on this architecture

ignore-comp-fail:
  Ignore the bootstrap comparision failure



More information about the Gcc-testresults mailing list