Results for 3.5.0 20040727 (experimental) testsuite on i686-pc-linux-gnu

Andrew Pinski pinskia@physics.uc.edu
Tue Jul 27 17:00:00 GMT 2004


LAST_UPDATED: Tue Jul 27 04:02:20 UTC 2004

Native configuration is i686-pc-linux-gnu

		=== g++ tests ===


Running target unix
ERROR: g++.dg/rtti/tinfo1.C: 3: too many arguments for " dg-final 3 { scan-assembler "_ZTIP9CTemplateIhE:" } { xfail *-*-* } "
UNRESOLVED: g++.dg/rtti/tinfo1.C: 3: too many arguments for " dg-final 3 { scan-assembler "_ZTIP9CTemplateIhE:" } { xfail *-*-* } "
FAIL: 102:is -:should be 1
FAIL: g++.dg/gcov/gcov-1.C gcov: 1 failures in line counts, 0 in branch percentages, 0 in return percentages
WARNING: g++.old-deja/g++.mike/p10769a.C compilation failed to produce executable
WARNING: g++.old-deja/g++.other/enum5.C compilation failed to produce executable
XPASS: g++.old-deja/g++.other/init5.C execution test
FAIL: g++.old-deja/g++.other/warn7.C  (test for warnings, line 38)
WARNING: g++.old-deja/g++.pt/friend44.C compilation failed to produce executable

		=== g++ Summary ===

# of expected passes		10007
# of unexpected failures	3
# of unexpected successes	1
# of expected failures		79
# of unresolved testcases	1
# of unsupported tests		54
/home/gates/pinskia/src/gnu/gcc/src/objdir.linux/gcc/testsuite/../g++  version 3.5.0 20040727 (experimental)

		=== gcc tests ===


Running target unix
FAIL: gcc.dg/compat/vector-1 c_compat_x_tst.o compile
FAIL: gcc.dg/compat/vector-1 c_compat_y_tst.o compile
UNRESOLVED: gcc.dg/compat/vector-1 c_compat_x_tst.o-c_compat_y_tst.o link 
UNRESOLVED: gcc.dg/compat/vector-1 c_compat_x_tst.o-c_compat_y_tst.o execute 
FAIL: tmpdir-gcc.dg-struct-layout-1/t026 c_compat_x_tst.o-c_compat_y_tst.o execute 
FAIL: tmpdir-gcc.dg-struct-layout-1/t028 c_compat_x_tst.o-c_compat_y_tst.o execute 
FAIL: gcc.dg/debug/dwarf2/dwarf-die7.c scan-assembler 1.*DW_AT_inline
FAIL: gcc.dg/debug/dwarf2/dwarf-die7.c scan-assembler 1.*DW_AT_inline
FAIL: gcc.dg/c90-const-expr-3.c (test for excess errors)
FAIL: gcc.dg/c99-const-expr-3.c (test for excess errors)
FAIL: gcc.dg/cleanup-10.c execution test
FAIL: gcc.dg/cleanup-11.c execution test
FAIL: gcc.dg/cleanup-5.c execution test
FAIL: gcc.dg/cleanup-8.c execution test
FAIL: gcc.dg/cleanup-9.c execution test
XPASS: gcc.dg/setjmp-1.c spurious clobbered warning (test for bogus messages, line 16)
FAIL: gcc.dg/tree-ssa/sra-1.c scan-tree-dump-times link_error 0
FAIL: 94:is -:should be 1
FAIL: gcc.misc-tests/gcov-4.c gcov: 1 failures in line counts, 0 in branch percentages, 0 in return percentages

		=== gcc Summary ===

# of expected passes		28376
# of unexpected failures	16
# of unexpected successes	1
# of expected failures		66
# of unresolved testcases	2
# of untested testcases		28
# of unsupported tests		237
/home/gates/pinskia/src/gnu/gcc/src/objdir.linux/gcc/xgcc  version 3.5.0 20040727 (experimental)

		=== gfortran tests ===


Running target unix
FAIL: gfortran.fortran-torture/execute/intrinsic_nearest.f90 execution,  -O0 
FAIL: gfortran.fortran-torture/execute/intrinsic_nearest.f90 execution,  -O1 
FAIL: gfortran.fortran-torture/execute/intrinsic_nearest.f90 execution,  -O2 
FAIL: gfortran.fortran-torture/execute/intrinsic_nearest.f90 execution,  -O3 -fomit-frame-pointer 
FAIL: gfortran.fortran-torture/execute/intrinsic_nearest.f90 execution,  -O3 -fomit-frame-pointer -funroll-loops 
FAIL: gfortran.fortran-torture/execute/intrinsic_nearest.f90 execution,  -O3 -fomit-frame-pointer -funroll-all-loops -finline-functions 
FAIL: gfortran.fortran-torture/execute/intrinsic_nearest.f90 execution,  -O3 -g 
FAIL: gfortran.fortran-torture/execute/intrinsic_nearest.f90 execution,  -Os 

		=== gfortran Summary ===

# of expected passes		3964
# of unexpected failures	8
# of expected failures		28
/home/gates/pinskia/src/gnu/gcc/src/objdir.linux/gcc/testsuite/../gfortran  version 3.5.0 20040727 (experimental)

		=== objc tests ===


Running target unix

		=== objc Summary ===

# of expected passes		1404
# of unsupported tests		7
/home/gates/pinskia/src/gnu/gcc/src/objdir.linux/gcc/xgcc  version 3.5.0 20040727 (experimental)

		=== libffi tests ===


Running target unix

		=== libffi Summary ===

# of expected passes		212
# of unsupported tests		2
		=== libjava tests ===


Running target unix
FAIL: pr83 -O3 compilation from bytecode

		=== libjava Summary ===

# of expected passes		3402
# of unexpected failures	1
# of expected failures		14
# of untested testcases		18
		=== libmudflap tests ===


Running target unix
FAIL: libmudflap.c/pass47-frag.c execution test
FAIL: libmudflap.c/pass47-frag.c (-static) execution test
FAIL: libmudflap.c/pass47-frag.c (-O2) execution test
FAIL: libmudflap.c/pass47-frag.c (-O3) execution test

		=== libmudflap Summary ===

# of expected passes		1132
# of unexpected failures	4

		=== libstdc++-v3 check-abi Summary ===

# of added symbols:		 353
# of missing symbols:		 322
# of incompatible symbols:	 322
		=== libstdc++ tests ===


Running target unix
XPASS: 22_locale/locale/cons/12658_thread-1.cc execution test
XPASS: 26_numerics/cmath/c99_classification_macros_c.cc (test for excess errors)

		=== libstdc++ Summary ===

# of expected passes		2804
# of unexpected successes	2
# of expected failures		5

Compiler version: 3.5.0 20040727 (experimental) 
Platform: i686-pc-linux-gnu
configure flags: --target=i686-pc-linux-gnu --host=i686-pc-linux-gnu --enable-__cxa_atexit --prefix=/home/gates/pinskia/linux --enable-threads=posix --enable-shared --enable-languages=c,c++,f95,java,objc



More information about the Gcc-testresults mailing list