Results for 3.4.1 testsuite on i686-pc-linux-gnu on LFS

David Kredba kredba@ibot.cas.cz
Sun Jul 25 07:04:00 GMT 2004


This test is from an LFS instalation, www.linuxfromscratch.org. Version
SVN-20040723, Ada enabled build.

Linux-Libc-Headers-2.6.7.0, Linux-2.6.7 headers, Glibc-2.3.4-20040701,
Tcl-8.4.6, Expect-5.41.0, DejaGNU-1.4.4, Binutils-2.15.91.0.1,
Gawk-3.1.3, Coreutils-5.2.1, Bzip2-1.0.2, Gzip-1.3.5, Diffutils-2.8.1,
Findutils-4.1.20, Make-3.80, Grep-2.5.1, Sed-4.1.1, Gettext-0.14.1,
Ncurses-5.4, Patch-2.5.4, Tar-1.14, Texinfo-4.7, Bash-2.05b, M4-1.4.1,
Bison-1.875d, Flex-2.5.31, Util-linux-2.12a, Perl-5.8.4, Udev-030

GNU Pascal 20040516 with gcc-3.4.diff8 and update27h.diff.


LAST_UPDATED: Obtained from CVS: -rgcc_3_4_1_release

Native configuration is i686-pc-linux-gnu (srv1)

                 === gpc tests ===


Running target any
FAIL: aturbo3test.pas
FAIL: crttest.pas
FAIL: dialec3.pas
FAIL: dialec5.pas
FAIL: dialec6.pas
FAIL: dialec7.pas

                 === gpc Summary ===

# of tests                3953
# of expected passes      3945
# of unexpected failures  6
# of unsupported tests    2
/build/gcc-build/gcc/xgpc version 20040516, based on gcc-3.4.1

                 === acats tests ===
FAIL:   c954025

                 === acats Summary ===
# of expected passes            2321
# of unexpected failures        1

                 === g++ tests ===


Running target unix
WARNING: g++.old-deja/g++.mike/p10769a.C compilation failed to produce 
executable
WARNING: g++.old-deja/g++.other/enum5.C compilation failed to produce 
executable
XPASS: g++.old-deja/g++.other/init5.C execution test
WARNING: g++.old-deja/g++.pt/friend44.C compilation failed to produce 
executable

                 === g++ Summary ===

# of expected passes            9639
# of unexpected successes       1
# of expected failures          67
# of unsupported tests          32
/build/gcc-build/gcc/testsuite/../g++ version 3.4.1

                 === g77 tests ===


Running target unix

                 === g77 Summary ===

# of expected passes            1812
/build/gcc-build/gcc/testsuite/../g77 version 3.4.1

                 === gcc tests ===


Running target unix
FAIL: gcc.c-torture/execute/va-arg-25.c execution,  -Os
XPASS: gcc.dg/cpp/cmdlne-dI-M.c scan-file 
(^|\\\\n)cmdlne-dI-M.*:[^\\\\n]*cmdlne-dI-M.c
XPASS: gcc.dg/cpp/cmdlne-dM-M.c scan-file 
(^|\\\\n)cmdlne-dM-M[^\\\\n]*:[^\\\\n]*cmdlne-dM-M.c

                 === gcc Summary ===

# of expected passes            24627
# of unexpected failures        1
# of unexpected successes       2
# of expected failures          68
# of untested testcases         7
# of unsupported tests          191
/build/gcc-build/gcc/xgcc version 3.4.1

                 === objc tests ===


Running target unix

                 === objc Summary ===

# of expected passes            1352
# of unsupported tests          8
/build/gcc-build/gcc/xgcc version 3.4.1

                 === libffi tests ===


Running target unix

                 === libffi Summary ===

# of expected passes            212
# of unsupported tests          2
                 === libjava tests ===


Running target unix
FAIL: linking simple
FAIL: Thread_Interrupt -O3 output - bytecode->native test

                 === libjava Summary ===

# of expected passes            3259
# of unexpected failures        2
# of expected failures          11
# of untested testcases         8

                 === libstdc++-v3 check-abi Summary ===

# of added symbols:              298
# of missing symbols:            284
# of incompatible symbols:       284
                 === libstdc++ tests ===


Running target unix
FAIL: ext/enc_filebuf/char/13189.cc (test for excess errors)
WARNING: ext/enc_filebuf/char/13189.cc compilation failed to produce 
executable
FAIL: ext/enc_filebuf/wchar_t/13189.cc (test for excess errors)
WARNING: ext/enc_filebuf/wchar_t/13189.cc compilation failed to produce 
executable

                 === libstdc++ Summary ===

# of expected passes            2692
# of unexpected failures        2
# of expected failures          6

Compiler version: 3.4.1
Platform: i686-pc-linux-gnu
configure flags: --prefix=/usr --libexecdir=/usr/lib --enable-shared 
--enable-threads=posix --enable-__cxa_atexit --enable-clocale=gnu 
--enable-languages=c,c++,objc,ada,java,f77,pascal --enable-long-long

-- 
David Kredba  <kredba at ibot.cas.cz>
GPG: ID 1024D/5B6B02DE
Fingerprint: F0B3312596BEDCF91DFB 0699E06AACD75B6B02DE



More information about the Gcc-testresults mailing list