Results for 3.5.0 20040716 (experimental) testsuite on i686-pc-linux-gnu
rasky@develer.com
rasky@develer.com
Sat Jul 24 06:17:00 GMT 2004
LAST_UPDATED: Tue Dec 16 01:44:43 UTC 2003
Native configuration is i686-pc-linux-gnu
=== g++ tests ===
Running target unix
FAIL: g++.dg/rtti/tinfo1.C scan-assembler-not .section[^\\n\\r]*_ZTIP9CTemplateIhE[^\\n\\r]*
FAIL: 102:is -:should be 1
FAIL: g++.dg/gcov/gcov-1.C gcov: 1 failures in line counts, 0 in branch percentages, 0 in return percentages
WARNING: g++.old-deja/g++.mike/p10769a.C compilation failed to produce executable
WARNING: g++.old-deja/g++.other/enum5.C compilation failed to produce executable
FAIL: g++.old-deja/g++.other/warn7.C (test for warnings, line 38)
WARNING: g++.old-deja/g++.pt/friend44.C compilation failed to produce executable
=== g++ Summary ===
# of expected passes 9968
# of unexpected failures 4
# of expected failures 81
# of unsupported tests 42
/home/rasky/gcc/mainline/out/gcc/testsuite/../g++ version 3.5.0 20040716 (experimental)
=== gcc tests ===
Running target unix
FAIL: gcc.c-torture/compile/920723-1.c (test for excess errors)
FAIL: gcc.c-torture/compile/920723-1.c (test for excess errors)
FAIL: gcc.c-torture/compile/920723-1.c (test for excess errors)
FAIL: gcc.c-torture/compile/920723-1.c (test for excess errors)
FAIL: gcc.c-torture/compile/920723-1.c (test for excess errors)
FAIL: gcc.c-torture/compile/920723-1.c (test for excess errors)
FAIL: gcc.c-torture/compile/920723-1.c (test for excess errors)
FAIL: gcc.c-torture/compile/simd-2.c (test for excess errors)
FAIL: gcc.c-torture/compile/simd-2.c (test for excess errors)
FAIL: gcc.c-torture/compile/simd-2.c (test for excess errors)
FAIL: gcc.c-torture/compile/simd-2.c (test for excess errors)
FAIL: gcc.c-torture/compile/simd-2.c (test for excess errors)
FAIL: gcc.c-torture/compile/simd-3.c (test for excess errors)
FAIL: gcc.c-torture/compile/simd-3.c (test for excess errors)
FAIL: gcc.c-torture/compile/simd-3.c (test for excess errors)
FAIL: gcc.c-torture/compile/simd-3.c (test for excess errors)
FAIL: gcc.c-torture/compile/simd-3.c (test for excess errors)
FAIL: gcc.dg/debug/dwarf2/dwarf-die7.c scan-assembler 1.*DW_AT_inline
FAIL: gcc.dg/20020426-2.c (test for excess errors)
WARNING: gcc.dg/20020426-2.c compilation failed to produce executable
FAIL: gcc.dg/c90-const-expr-3.c (test for excess errors)
FAIL: gcc.dg/c99-const-expr-3.c (test for excess errors)
XPASS: gcc.dg/setjmp-1.c spurious clobbered warning (test for bogus messages, line 16)
FAIL: 94:is -:should be 1
FAIL: gcc.misc-tests/gcov-4.c gcov: 1 failures in line counts, 0 in branch percentages, 0 in return percentages
=== gcc Summary ===
# of expected passes 26841
# of unexpected failures 23
# of unexpected successes 1
# of expected failures 71
# of untested testcases 28
# of unsupported tests 218
/home/rasky/gcc/mainline/out/gcc/xgcc version 3.5.0 20040716 (experimental)
=== libffi tests ===
Running target unix
=== libffi Summary ===
# of expected passes 212
# of unsupported tests 2
=== libjava tests ===
Running target unix
=== libjava Summary ===
# of expected passes 3387
# of expected failures 14
# of untested testcases 16
=== libmudflap tests ===
Running target unix
FAIL: libmudflap.cth/pass40-frag.c execution test
FAIL: libmudflap.cth/pass40-frag.c output pattern test
FAIL: libmudflap.cth/pass40-frag.c (-O2) execution test
FAIL: libmudflap.cth/pass40-frag.c (-O2) output pattern test
FAIL: libmudflap.cth/pass40-frag.c (-O3) execution test
FAIL: libmudflap.cth/pass40-frag.c (-O3) output pattern test
=== libmudflap Summary ===
# of expected passes 1130
# of unexpected failures 6
=== libstdc++-v3 check-abi Summary ===
# of added symbols: 317
# of missing symbols: 283
# of incompatible symbols: 283
=== libstdc++ tests ===
Running target unix
XPASS: 22_locale/locale/cons/12658_thread-1.cc execution test
XPASS: 26_numerics/cmath/c99_classification_macros_c.cc (test for excess errors)
=== libstdc++ Summary ===
# of expected passes 2804
# of unexpected successes 2
# of expected failures 5
Compiler version: 3.5.0 20040716 (experimental)
Platform: i686-pc-linux-gnu
configure flags: --enable-languages=c,c++,java
More information about the Gcc-testresults
mailing list