Results for 3.4.220040722(prerelease) testsuite on i686-pc-linux-gnu

Per Jakobsen pdj@maridan.dk
Thu Jul 22 23:29:00 GMT 2004


Host is an out-of-the-box Debian 2.2.20 stable on an i686

The C and Ada compiler used for the test-build is the gnat-3.14p (Debian package) - Effectuated with "export CC=gnatgcc" prior build and test.

binutils: 2.14.90.0.6-3
bison: 1.35-3
dejagnu: 1.4.2-1.1
expect: 5.32.2-4
gnat: 3.14p-3

If I can help in any way, I can be reached at: pdj at maridan dot dk
----

LAST_UPDATED: Thu Jul 22 19:04:01 UTC 2004

		=== acats tests ===
FAIL:	c974005

		=== acats Summary ===
# of expected passes		2321
# of unexpected failures	1
Native configuration is i686-pc-linux-gnu

		=== gcc tests ===


Running target unix
FAIL: gcc.c-torture/execute/va-arg-25.c execution,  -Os 

		=== gcc Summary ===

# of expected passes		24761
# of unexpected failures	1
# of expected failures		70
# of untested testcases		7
# of unsupported tests		191
/usr/local/gcc-ada-tests/build/gcc/gcc/xgcc version 3.4.2 20040722 (prerelease)


Compiler version: 3.4.220040722(prerelease) 
Platform: i686-pc-linux-gnu
configure flags: --enable-languages=c,ada --disable-nls



More information about the Gcc-testresults mailing list