Results for [trunk] 3.5.020040720(experimental) testsuite on i686-pc-linux-gnu

Autocrasher autocrasher@devphil.com
Tue Jul 20 14:00:00 GMT 2004


The configure/build/test log and regression plots can be
found at http://www.devphil.com/build/

Host was an x86-type system.

This particular run used standard (previously installed) binutils.

- The Autocrasher (Phil's Builder Bot, version 2.1)



LAST_UPDATED: Tue Jul 20 05:41:19 UTC 2004

Native configuration is i686-pc-linux-gnu

		=== g++ tests ===


Running target unix
FAIL: g++.dg/rtti/tinfo1.C scan-assembler-not .section[^\\n\\r]*_ZTIP9CTemplateIhE[^\\n\\r]*
FAIL: g++.dg/template/assign1.C (test for excess errors)
FAIL: 102:is -:should be 1
FAIL: g++.dg/gcov/gcov-1.C gcov: 1 failures in line counts, 0 in branch percentages, 0 in return percentages
WARNING: g++.old-deja/g++.mike/p10769a.C compilation failed to produce executable
WARNING: g++.old-deja/g++.other/enum5.C compilation failed to produce executable
XPASS: g++.old-deja/g++.other/init5.C execution test
FAIL: g++.old-deja/g++.other/warn7.C  (test for warnings, line 38)
WARNING: g++.old-deja/g++.pt/friend44.C compilation failed to produce executable
FAIL: g++.old-deja/g++.robertl/eb42.C (test for excess errors)

		=== g++ Summary ===

# of expected passes		9952
# of unexpected failures	6
# of unexpected successes	1
# of expected failures		79
# of unsupported tests		42
/mnt/build/build-2004-07-20-trunk/gcc/testsuite/../g++  version 3.5.0 20040720 (experimental)

		=== gcc tests ===


Running target unix
FAIL: gcc.dg/debug/dwarf2/dwarf-die7.c scan-assembler 1.*DW_AT_inline
FAIL: gcc.dg/c90-const-expr-3.c (test for excess errors)
FAIL: gcc.dg/c99-const-expr-3.c (test for excess errors)
XPASS: gcc.dg/setjmp-1.c spurious clobbered warning (test for bogus messages, line 16)
FAIL: 94:is -:should be 1
FAIL: gcc.misc-tests/gcov-4.c gcov: 1 failures in line counts, 0 in branch percentages, 0 in return percentages

		=== gcc Summary ===

# of expected passes		27035
# of unexpected failures	5
# of unexpected successes	1
# of expected failures		66
# of untested testcases		28
# of unsupported tests		220
/mnt/build/build-2004-07-20-trunk/gcc/xgcc  version 3.5.0 20040720 (experimental)


		=== libstdc++-v3 check-abi Summary ===

# of added symbols:		 351
# of missing symbols:		 327
# of incompatible symbols:	 327
		=== libstdc++ tests ===


Running target unix
XPASS: 22_locale/locale/cons/12658_thread-1.cc execution test
XPASS: 26_numerics/cmath/c99_classification_macros_c.cc (test for excess errors)

		=== libstdc++ Summary ===

# of expected passes		2712
# of unexpected successes	2
# of expected failures		5

Compiler version: 3.5.020040720(experimental) 
Platform: i686-pc-linux-gnu
configure flags: --prefix=/mnt/build/install-2004-07-20-trunk --enable-threads=posix --enable-__cxa_atexit --with-dwarf2 --enable-languages=c,c++



More information about the Gcc-testresults mailing list