Results for 3.3.4 testsuite on i686-pc-linux-gnu
shopadm@caligula.rd.francetelecom.fr
shopadm@caligula.rd.francetelecom.fr
Tue Jul 20 09:29:00 GMT 2004
LAST_UPDATED:
Native configuration is i686-pc-linux-gnu
=== g++ tests ===
Running target unix
=== g++ Summary ===
# of expected passes 8250
# of expected failures 98
# of untested testcases 9
# of unsupported tests 15
/free/build_shop/build-gcc-3.3.4-i686-pc-linux-gnu/gcc/testsuite/../g++ version 3.3.4
=== g77 tests ===
Running target unix
=== g77 Summary ===
# of expected passes 1736
/free/build_shop/build-gcc-3.3.4-i686-pc-linux-gnu/gcc/testsuite/../g77 version 3.3.4
=== gcc tests ===
Running target unix
FAIL: gcc.dg/duff-2.c (test for excess errors)
FAIL: gcc.dg/typespec-1.c unsigned long long int long (test for errors, line 932)
FAIL: gcc.dg/typespec-1.c unsigned long long int float (test for errors, line 933)
FAIL: gcc.dg/typespec-1.c unsigned long long int double (test for errors, line 934)
FAIL: gcc.dg/typespec-1.c unsigned long long int signed (test for errors, line 935)
FAIL: gcc.dg/typespec-1.c unsigned long long int unsigned (test for errors, line 936)
FAIL: gcc.dg/typespec-1.c unsigned long long int _Bool (test for errors, line 937)
FAIL: gcc.dg/typespec-1.c (test for excess errors)
=== gcc Summary ===
# of expected passes 21432
# of unexpected failures 8
# of expected failures 69
# of unsupported tests 101
/free/build_shop/build-gcc-3.3.4-i686-pc-linux-gnu/gcc/xgcc version 3.3.4
=== objc tests ===
Running target unix
=== objc Summary ===
# of expected passes 1166
/free/build_shop/build-gcc-3.3.4-i686-pc-linux-gnu/gcc/xgcc version 3.3.4
=== libjava tests ===
Running target unix
WARNING: program timed out.
FAIL: SyncTest execution - gij test
WARNING: program timed out.
FAIL: SyncTest execution - gij test
=== libjava Summary ===
# of expected passes 2987
# of unexpected failures 2
# of expected failures 16
# of untested testcases 14
=== libstdc++-v3 check-abi Summary ===
# of added symbols: 49
# of missing symbols: 46
# of incompatible symbols: 92
=== libstdc++-v3 tests ===
Running target unix
FAIL: 22_locale/ctype_scan_wchar_t.cc execution test
WARNING: program timed out.
FAIL: 27_io/filebuf_members.cc execution test
=== libstdc++-v3 Summary ===
# of expected passes 451
# of unexpected failures 2
# of expected failures 28
Compiler version: 3.3.4
Platform: i686-pc-linux-gnu
configure flags: --host=i686-pc-linux-gnu --prefix=/export/shop/stow/gcc-3.3.4/i686-pc-linux-gnu --infodir=/export/shop/stow/gcc-3.3.4/info --mandir=/export/shop/stow/gcc-3.3.4/man --datadir=/export/shop/stow/gcc-3.3.4/share --enable-threads=posix --enable-long-long --enable-namespaces --enable-multilib --with-as=/export/shop/stow/binutils-2.15/i686-pc-linux-gnu/bin/as --with-ld=/export/shop/stow/binutils-2.15/i686-pc-linux-gnu/bin/ld --enable-nls --with-included-gettext
More information about the Gcc-testresults
mailing list