Results for 3.4.1 testsuite on i686-pc-linux-gnu
shopadm@caligula.rd.francetelecom.fr
shopadm@caligula.rd.francetelecom.fr
Tue Jul 20 09:29:00 GMT 2004
LAST_UPDATED: Obtained from CVS: -rgcc_3_4_1_release
=== acats tests ===
FAIL: c94008c
=== acats Summary ===
# of expected passes 2321
# of unexpected failures 1
Native configuration is i686-pc-linux-gnu
=== g++ tests ===
Running target unix
WARNING: g++.old-deja/g++.mike/p10769a.C compilation failed to produce executable
WARNING: g++.old-deja/g++.other/enum5.C compilation failed to produce executable
WARNING: g++.old-deja/g++.pt/friend44.C compilation failed to produce executable
=== g++ Summary ===
# of expected passes 9639
# of expected failures 68
# of unsupported tests 32
/free/build_shop/build-gcc-3.4.1-i686-pc-linux-gnu/gcc/testsuite/../g++ version 3.4.1
=== g77 tests ===
Running target unix
=== g77 Summary ===
# of expected passes 1812
/free/build_shop/build-gcc-3.4.1-i686-pc-linux-gnu/gcc/testsuite/../g77 version 3.4.1
=== gcc tests ===
Running target unix
FAIL: gcc.c-torture/execute/va-arg-25.c execution, -Os
FAIL: gcc.dg/compat/struct-by-value-2 c_compat_x_tst.o compile
FAIL: gcc.dg/compat/struct-by-value-2 c_compat_y_tst.o compile
UNRESOLVED: gcc.dg/compat/struct-by-value-2 c_compat_x_tst.o-c_compat_y_tst.o link
UNRESOLVED: gcc.dg/compat/struct-by-value-2 c_compat_x_tst.o-c_compat_y_tst.o execute
FAIL: gcc.dg/compat/struct-by-value-3 c_compat_main_tst.o compile
FAIL: gcc.dg/compat/struct-by-value-3 c_compat_x_tst.o compile
FAIL: gcc.dg/compat/struct-by-value-3 c_compat_y_tst.o compile
UNRESOLVED: gcc.dg/compat/struct-by-value-3 c_compat_x_tst.o-c_compat_y_tst.o link
UNRESOLVED: gcc.dg/compat/struct-by-value-3 c_compat_x_tst.o-c_compat_y_tst.o execute
FAIL: gcc.dg/compat/struct-by-value-4 c_compat_main_tst.o compile
FAIL: gcc.dg/compat/struct-by-value-4 c_compat_x_tst.o compile
FAIL: gcc.dg/compat/struct-by-value-4 c_compat_y_tst.o compile
UNRESOLVED: gcc.dg/compat/struct-by-value-4 c_compat_x_tst.o-c_compat_y_tst.o link
UNRESOLVED: gcc.dg/compat/struct-by-value-4 c_compat_x_tst.o-c_compat_y_tst.o execute
FAIL: gcc.dg/compat/struct-by-value-5a c_compat_main_tst.o compile
FAIL: gcc.dg/compat/struct-by-value-5a c_compat_x_tst.o compile
UNRESOLVED: gcc.dg/compat/struct-by-value-5a c_compat_x_tst.o-c_compat_y_tst.o link
UNRESOLVED: gcc.dg/compat/struct-by-value-5a c_compat_x_tst.o-c_compat_y_tst.o execute
FAIL: gcc.dg/typespec-1.c unsigned long long int char (test for errors, line 929)
FAIL: gcc.dg/typespec-1.c unsigned long long int short (test for errors, line 930)
FAIL: gcc.dg/typespec-1.c unsigned long long int int (test for errors, line 931)
FAIL: gcc.dg/typespec-1.c unsigned long long int long (test for errors, line 932)
FAIL: gcc.dg/typespec-1.c unsigned long long int float (test for errors, line 933)
FAIL: gcc.dg/typespec-1.c unsigned long long int double (test for errors, line 934)
FAIL: gcc.dg/typespec-1.c unsigned long long int signed (test for errors, line 935)
FAIL: gcc.dg/typespec-1.c unsigned long long int unsigned (test for errors, line 936)
FAIL: gcc.dg/typespec-1.c unsigned long long int _Bool (test for errors, line 937)
FAIL: gcc.dg/format/c99-scanf-1.c %hhu sign (test for warnings, line 144)
FAIL: gcc.dg/format/ext-3.c bad %_0 (test for warnings, line 213)
FAIL: gcc.dg/format/ext-3.c bad %^# (test for warnings, line 215)
FAIL: gcc.dg/format/ext-3.c (test for excess errors)
=== gcc Summary ===
# of expected passes 24596
# of unexpected failures 24
# of expected failures 70
# of unresolved testcases 8
# of untested testcases 7
# of unsupported tests 191
/free/build_shop/build-gcc-3.4.1-i686-pc-linux-gnu/gcc/xgcc version 3.4.1
=== objc tests ===
Running target unix
=== objc Summary ===
# of expected passes 1352
# of unsupported tests 8
/free/build_shop/build-gcc-3.4.1-i686-pc-linux-gnu/gcc/xgcc version 3.4.1
=== libffi tests ===
Running target unix
=== libffi Summary ===
# of expected passes 212
# of unsupported tests 2
=== libjava tests ===
Running target unix
FAIL: linking simple
=== libjava Summary ===
# of expected passes 3260
# of unexpected failures 1
# of expected failures 11
# of untested testcases 8
=== libstdc++-v3 check-abi Summary ===
# of added symbols: 338
# of missing symbols: 323
# of incompatible symbols: 323
=== libstdc++ tests ===
Running target unix
XPASS: 26_numerics/c99_classification_macros_c.cc (test for excess errors)
=== libstdc++ Summary ===
# of expected passes 2696
# of unexpected successes 1
# of expected failures 5
Compiler version: 3.4.1
Platform: i686-pc-linux-gnu
configure flags: --prefix=/export/shop/stow/gcc-3.4.1/i686-pc-linux-gnu --infodir=/export/shop/stow/gcc-3.4.1/info --mandir=/export/shop/stow/gcc-3.4.1/man --datadir=/export/shop/stow/gcc-3.4.1/share --enable-threads=posix --enable-long-long --enable-namespaces --enable-multilib --with-as=/export/shop/stow/binutils-2.15/i686-pc-linux-gnu/bin/as --with-ld=/export/shop/stow/binutils-2.15/i686-pc-linux-gnu/bin/ld --enable-nls --with-included-gettext
More information about the Gcc-testresults
mailing list