Results for 3.5-tree-ssa-lno 20040719 (merged 20040718) testsuite on ia64-suse-linux-gnu

Andreas Schwab schwab@suse.de
Mon Jul 19 10:51:00 GMT 2004


LAST_UPDATED: Mon Jul 19 08:15:19 UTC 2004

Native configuration is ia64-suse-linux-gnu

		=== g++ tests ===


Running target unix
FAIL: g++.dg/ext/stmtexpr2.C execution test
FAIL: g++.dg/opt/inline1.C (test for excess errors)
FAIL: g++.dg/opt/longbranch1.C (test for excess errors)
FAIL: g++.dg/other/static11.C (test for excess errors)
FAIL: g++.dg/rtti/tinfo1.C scan-assembler-not .section[^\\n\\r]*_ZTIP9CTemplateIhE[^\\n\\r]*
FAIL: g++.dg/template/sizeof8.C (test for excess errors)
FAIL: 102:is -:should be 1
FAIL: g++.dg/gcov/gcov-1.C gcov: 1 failures in line counts, 0 in branch percentages, 0 in return percentages
WARNING: g++.old-deja/g++.mike/p10769a.C compilation failed to produce executable
WARNING: g++.old-deja/g++.other/enum5.C compilation failed to produce executable
FAIL: g++.old-deja/g++.other/local1.C (test for excess errors)
FAIL: g++.old-deja/g++.other/unchanging1.C (test for excess errors)
WARNING: g++.old-deja/g++.other/unchanging1.C compilation failed to produce executable
FAIL: g++.old-deja/g++.other/warn7.C  (test for warnings, line 38)
WARNING: g++.old-deja/g++.pt/friend44.C compilation failed to produce executable

		=== g++ Summary ===

# of expected passes		9523
# of unexpected failures	11
# of expected failures		81
# of unsupported tests		80
/tmp/cvs/gcc-20040719/Build/gcc/testsuite/../g++  version 3.5-tree-ssa-lno 20040719 (merged 20040718)

		=== gcc tests ===


Running target unix
WARNING: program timed out.
FAIL: gcc.c-torture/compile/20001226-1.c (test for excess errors)
XPASS: gcc.c-torture/execute/20020227-1.c execution,  -O3 -fomit-frame-pointer 
XPASS: gcc.c-torture/execute/20020227-1.c execution,  -O3 -g 
FAIL: gcc.c-torture/execute/20030928-1.c compilation,  -O1 
UNRESOLVED: gcc.c-torture/execute/20030928-1.c execution,  -O1 
FAIL: gcc.c-torture/execute/20030928-1.c compilation,  -O2 
UNRESOLVED: gcc.c-torture/execute/20030928-1.c execution,  -O2 
FAIL: gcc.c-torture/execute/20030928-1.c compilation,  -O3 -fomit-frame-pointer 
UNRESOLVED: gcc.c-torture/execute/20030928-1.c execution,  -O3 -fomit-frame-pointer 
FAIL: gcc.c-torture/execute/20030928-1.c compilation,  -O3 -fomit-frame-pointer -funroll-loops 
UNRESOLVED: gcc.c-torture/execute/20030928-1.c execution,  -O3 -fomit-frame-pointer -funroll-loops 
FAIL: gcc.c-torture/execute/20030928-1.c compilation,  -O3 -fomit-frame-pointer -funroll-all-loops -finline-functions 
UNRESOLVED: gcc.c-torture/execute/20030928-1.c execution,  -O3 -fomit-frame-pointer -funroll-all-loops -finline-functions 
FAIL: gcc.c-torture/execute/20030928-1.c compilation,  -O3 -g 
UNRESOLVED: gcc.c-torture/execute/20030928-1.c execution,  -O3 -g 
FAIL: gcc.c-torture/execute/20030928-1.c compilation,  -Os 
UNRESOLVED: gcc.c-torture/execute/20030928-1.c execution,  -Os 
FAIL: gcc.c-torture/execute/simd-1.c execution,  -O0 
FAIL: gcc.c-torture/execute/strct-pack-3.c execution,  -O1 
FAIL: gcc.c-torture/execute/strct-pack-3.c execution,  -O2 
FAIL: gcc.c-torture/execute/strct-pack-3.c execution,  -O3 -fomit-frame-pointer 
FAIL: gcc.c-torture/execute/strct-pack-3.c execution,  -O3 -g 
FAIL: gcc.c-torture/execute/strct-pack-3.c execution,  -Os 
FAIL: gcc.c-torture/execute/ieee/fp-cmp-4q.c compilation,  -O0 
UNRESOLVED: gcc.c-torture/execute/ieee/fp-cmp-4q.c execution,  -O0 
FAIL: gcc.c-torture/execute/ieee/fp-cmp-4q.c compilation,  -O1 
UNRESOLVED: gcc.c-torture/execute/ieee/fp-cmp-4q.c execution,  -O1 
FAIL: gcc.c-torture/execute/ieee/fp-cmp-4q.c compilation,  -O2 
UNRESOLVED: gcc.c-torture/execute/ieee/fp-cmp-4q.c execution,  -O2 
FAIL: gcc.c-torture/execute/ieee/fp-cmp-4q.c compilation,  -O3 -fomit-frame-pointer 
UNRESOLVED: gcc.c-torture/execute/ieee/fp-cmp-4q.c execution,  -O3 -fomit-frame-pointer 
FAIL: gcc.c-torture/execute/ieee/fp-cmp-4q.c compilation,  -O3 -g 
UNRESOLVED: gcc.c-torture/execute/ieee/fp-cmp-4q.c execution,  -O3 -g 
FAIL: gcc.c-torture/execute/ieee/fp-cmp-4q.c compilation,  -Os 
UNRESOLVED: gcc.c-torture/execute/ieee/fp-cmp-4q.c execution,  -Os 
FAIL: gcc.c-torture/execute/ieee/fp-cmp-8q.c compilation,  -O0 
UNRESOLVED: gcc.c-torture/execute/ieee/fp-cmp-8q.c execution,  -O0 
FAIL: gcc.c-torture/execute/ieee/fp-cmp-8q.c compilation,  -O1 
UNRESOLVED: gcc.c-torture/execute/ieee/fp-cmp-8q.c execution,  -O1 
FAIL: gcc.c-torture/execute/ieee/fp-cmp-8q.c compilation,  -O2 
UNRESOLVED: gcc.c-torture/execute/ieee/fp-cmp-8q.c execution,  -O2 
FAIL: gcc.c-torture/execute/ieee/fp-cmp-8q.c compilation,  -O3 -fomit-frame-pointer 
UNRESOLVED: gcc.c-torture/execute/ieee/fp-cmp-8q.c execution,  -O3 -fomit-frame-pointer 
FAIL: gcc.c-torture/execute/ieee/fp-cmp-8q.c compilation,  -O3 -g 
UNRESOLVED: gcc.c-torture/execute/ieee/fp-cmp-8q.c execution,  -O3 -g 
FAIL: gcc.c-torture/execute/ieee/fp-cmp-8q.c compilation,  -Os 
UNRESOLVED: gcc.c-torture/execute/ieee/fp-cmp-8q.c execution,  -Os 
FAIL: gcc.dg/compat/scalar-by-value-3 c_compat_x_tst.o-c_compat_y_tst.o execute 
FAIL: gcc.dg/compat/scalar-return-3 c_compat_x_tst.o-c_compat_y_tst.o execute 
FAIL: gcc.dg/compat/struct-by-value-18 c_compat_x_tst.o-c_compat_y_tst.o execute 
FAIL: gcc.dg/compat/struct-by-value-7a c_compat_x_tst.o-c_compat_y_tst.o execute 
FAIL: gcc.dg/compat/struct-by-value-7b c_compat_x_tst.o-c_compat_y_tst.o execute 
FAIL: gcc.dg/debug/dwarf2/dwarf-die7.c scan-assembler 1.*DW_AT_inline
FAIL: gcc.dg/20030225-2.c execution test
FAIL: gcc.dg/20030626-1.c  (test for bogus messages, line 17)
FAIL: gcc.dg/c90-const-expr-3.c (test for excess errors)
FAIL: gcc.dg/c99-const-expr-3.c (test for excess errors)
XPASS: gcc.dg/setjmp-1.c spurious clobbered warning (test for bogus messages, line 16)
FAIL: gcc.dg/uninit-H.c  (test for bogus messages, line 20)
FAIL: gcc.dg/special/gcsec-1.c (test for excess errors)
FAIL: gcc.dg/tree-ssa-chrec/20040216-1.c scan-tree-dump-times Dependence Node 4
FAIL: gcc.dg/tree-ssa-chrec/ssa-chrec-04.c scan-tree-dump-times remove_me 0
FAIL: gcc.dg/tree-ssa-chrec/ssa-chrec-07.c scan-tree-dump-times remove_me 0
FAIL: gcc.dg/tree-ssa-chrec/ssa-chrec-08.c scan-tree-dump-times remove_me 0
ERROR: gcc.dg/tree-ssa-chrec/ssa-chrec-10.c: error executing dg-final: no files matched glob pattern "ssa-chrec-10.c.t??.ddall"
UNRESOLVED: gcc.dg/tree-ssa-chrec/ssa-chrec-10.c: error executing dg-final: no files matched glob pattern "ssa-chrec-10.c.t??.ddall"
ERROR: gcc.dg/tree-ssa-chrec/ssa-chrec-30.c: error executing dg-final: no files matched glob pattern "ssa-chrec-30.c.t??.ddall"
UNRESOLVED: gcc.dg/tree-ssa-chrec/ssa-chrec-30.c: error executing dg-final: no files matched glob pattern "ssa-chrec-30.c.t??.ddall"
ERROR: gcc.dg/tree-ssa-chrec/ssa-chrec-31.c: error executing dg-final: no files matched glob pattern "ssa-chrec-31.c.t??.ddall"
UNRESOLVED: gcc.dg/tree-ssa-chrec/ssa-chrec-31.c: error executing dg-final: no files matched glob pattern "ssa-chrec-31.c.t??.ddall"
ERROR: gcc.dg/tree-ssa-chrec/ssa-chrec-32.c: error executing dg-final: no files matched glob pattern "ssa-chrec-32.c.t??.ddall"
UNRESOLVED: gcc.dg/tree-ssa-chrec/ssa-chrec-32.c: error executing dg-final: no files matched glob pattern "ssa-chrec-32.c.t??.ddall"
ERROR: gcc.dg/tree-ssa-chrec/ssa-chrec-33.c: error executing dg-final: no files matched glob pattern "ssa-chrec-33.c.t??.ddall"
UNRESOLVED: gcc.dg/tree-ssa-chrec/ssa-chrec-33.c: error executing dg-final: no files matched glob pattern "ssa-chrec-33.c.t??.ddall"
ERROR: gcc.dg/tree-ssa-chrec/ssa-chrec-34.c: error executing dg-final: no files matched glob pattern "ssa-chrec-34.c.t??.ddall"
UNRESOLVED: gcc.dg/tree-ssa-chrec/ssa-chrec-34.c: error executing dg-final: no files matched glob pattern "ssa-chrec-34.c.t??.ddall"
ERROR: gcc.dg/tree-ssa-chrec/ssa-chrec-35.c: error executing dg-final: no files matched glob pattern "ssa-chrec-35.c.t??.ddall"
UNRESOLVED: gcc.dg/tree-ssa-chrec/ssa-chrec-35.c: error executing dg-final: no files matched glob pattern "ssa-chrec-35.c.t??.ddall"
ERROR: gcc.dg/tree-ssa-chrec/ssa-chrec-36.c: error executing dg-final: no files matched glob pattern "ssa-chrec-36.c.t??.ddall"
UNRESOLVED: gcc.dg/tree-ssa-chrec/ssa-chrec-36.c: error executing dg-final: no files matched glob pattern "ssa-chrec-36.c.t??.ddall"
ERROR: gcc.dg/tree-ssa-chrec/ssa-chrec-52.c: error executing dg-final: no files matched glob pattern "ssa-chrec-52.c.t??.ddall"
UNRESOLVED: gcc.dg/tree-ssa-chrec/ssa-chrec-52.c: error executing dg-final: no files matched glob pattern "ssa-chrec-52.c.t??.ddall"
FAIL: gcc.dg/tree-ssa-chrec/ssa-chrec-57.c scan-tree-dump-times remove_me 0
FAIL: gcc.dg/tree-ssa-chrec/ssa-chrec-58.c scan-tree-dump-times remove_me 0
ERROR: gcc.dg/tree-ssa-chrec/ssa-chrec-59.c: error executing dg-final: no files matched glob pattern "ssa-chrec-59.c.t??.ddall"
UNRESOLVED: gcc.dg/tree-ssa-chrec/ssa-chrec-59.c: error executing dg-final: no files matched glob pattern "ssa-chrec-59.c.t??.ddall"
ERROR: gcc.dg/tree-ssa-chrec/ssa-chrec-60.c: error executing dg-final: no files matched glob pattern "ssa-chrec-60.c.t??.ddall"
UNRESOLVED: gcc.dg/tree-ssa-chrec/ssa-chrec-60.c: error executing dg-final: no files matched glob pattern "ssa-chrec-60.c.t??.ddall"
FAIL: gcc.dg/tree-ssa/20031216-1.c scan-tree-dump-times link_error 0
XPASS: gcc.dg/tree-ssa/20040308-1.c scan-tree-dump-times straightline 1
FAIL: gcc.dg/tree-ssa/ivcanon-1.c (test for excess errors)
ERROR: gcc.dg/tree-ssa/ivcanon-1.c: error executing dg-final: no files matched glob pattern "ivcanon-1.c.t??.optimized"
UNRESOLVED: gcc.dg/tree-ssa/ivcanon-1.c: error executing dg-final: no files matched glob pattern "ivcanon-1.c.t??.optimized"
FAIL: gcc.dg/tree-ssa/ssa-dce-3.c scan-tree-dump-times PHI  1
FAIL: gcc.dg/tree-ssa/ssa-dce-3.c scan-tree-dump-times if  1
FAIL: 94:is -:should be 1
FAIL: gcc.misc-tests/gcov-4.c gcov: 1 failures in line counts, 0 in branch percentages, 0 in return percentages

		=== gcc Summary ===

# of expected passes		26289
# of unexpected failures	50
# of unexpected successes	4
# of expected failures		71
# of unresolved testcases	31
# of untested testcases		28
# of unsupported tests		411
/tmp/cvs/gcc-20040719/Build/gcc/xgcc  version 3.5-tree-ssa-lno 20040719 (merged 20040718)

		=== gfortran tests ===


Running target unix
FAIL: gfortran.fortran-torture/execute/forall_3.f90 execution,  -O0 
FAIL: gfortran.fortran-torture/execute/forall_3.f90 execution,  -O1 
FAIL: gfortran.fortran-torture/execute/forall_3.f90 execution,  -O2 
FAIL: gfortran.fortran-torture/execute/forall_3.f90 execution,  -O3 -fomit-frame-pointer 
FAIL: gfortran.fortran-torture/execute/forall_3.f90 execution,  -O3 -fomit-frame-pointer -funroll-loops 
FAIL: gfortran.fortran-torture/execute/forall_3.f90 execution,  -O3 -fomit-frame-pointer -funroll-all-loops -finline-functions 
FAIL: gfortran.fortran-torture/execute/forall_3.f90 execution,  -O3 -g 
FAIL: gfortran.fortran-torture/execute/forall_3.f90 execution,  -Os 
FAIL: gfortran.fortran-torture/execute/intrinsic_nearest.f90 execution,  -O0 
FAIL: gfortran.fortran-torture/execute/intrinsic_nearest.f90 execution,  -O1 
FAIL: gfortran.fortran-torture/execute/intrinsic_nearest.f90 execution,  -O2 
FAIL: gfortran.fortran-torture/execute/intrinsic_nearest.f90 execution,  -O3 -fomit-frame-pointer 
FAIL: gfortran.fortran-torture/execute/intrinsic_nearest.f90 execution,  -O3 -fomit-frame-pointer -funroll-loops 
FAIL: gfortran.fortran-torture/execute/intrinsic_nearest.f90 execution,  -O3 -fomit-frame-pointer -funroll-all-loops -finline-functions 
FAIL: gfortran.fortran-torture/execute/intrinsic_nearest.f90 execution,  -O3 -g 
FAIL: gfortran.fortran-torture/execute/intrinsic_nearest.f90 execution,  -Os 
FAIL: gfortran.fortran-torture/execute/intrinsic_spacing.f90 execution,  -O0 
FAIL: gfortran.fortran-torture/execute/intrinsic_spacing.f90 execution,  -O1 
FAIL: gfortran.fortran-torture/execute/intrinsic_spacing.f90 execution,  -O2 
FAIL: gfortran.fortran-torture/execute/intrinsic_spacing.f90 execution,  -O3 -fomit-frame-pointer 
FAIL: gfortran.fortran-torture/execute/intrinsic_spacing.f90 execution,  -O3 -fomit-frame-pointer -funroll-loops 
FAIL: gfortran.fortran-torture/execute/intrinsic_spacing.f90 execution,  -O3 -fomit-frame-pointer -funroll-all-loops -finline-functions 
FAIL: gfortran.fortran-torture/execute/intrinsic_spacing.f90 execution,  -O3 -g 
FAIL: gfortran.fortran-torture/execute/intrinsic_spacing.f90 execution,  -Os 
FAIL: gfortran.fortran-torture/execute/intrinsic_transpose.f90 compilation,  -O1 
FAIL: gfortran.fortran-torture/execute/intrinsic_transpose.f90 compilation,  -O2 
FAIL: gfortran.fortran-torture/execute/intrinsic_transpose.f90 compilation,  -O3 -fomit-frame-pointer 
FAIL: gfortran.fortran-torture/execute/intrinsic_transpose.f90 compilation,  -O3 -fomit-frame-pointer -funroll-loops 
FAIL: gfortran.fortran-torture/execute/intrinsic_transpose.f90 compilation,  -O3 -fomit-frame-pointer -funroll-all-loops -finline-functions 
FAIL: gfortran.fortran-torture/execute/intrinsic_transpose.f90 compilation,  -O3 -g 
FAIL: gfortran.fortran-torture/execute/intrinsic_transpose.f90 compilation,  -Os 
FAIL: gfortran.fortran-torture/execute/power.f90 execution,  -O0 

		=== gfortran Summary ===

# of expected passes		3177
# of unexpected failures	32
# of expected failures		28
# of untested testcases		7
# of unsupported tests		8
/tmp/cvs/gcc-20040719/Build/gcc/testsuite/../gfortran  version 3.5-tree-ssa-lno 20040719 (merged 20040718)

		=== objc tests ===


Running target unix

		=== objc Summary ===

# of expected passes		1404
# of unsupported tests		7
/tmp/cvs/gcc-20040719/Build/gcc/xgcc  version 3.5-tree-ssa-lno 20040719 (merged 20040718)

		=== libffi tests ===


Running target unix
FAIL: libffi.call/cls_12byte.c execution test
FAIL: libffi.call/cls_16byte.c execution test
FAIL: libffi.call/cls_18byte.c execution test
FAIL: libffi.call/cls_19byte.c execution test
FAIL: libffi.call/cls_1_1byte.c execution test
FAIL: libffi.call/cls_20byte.c execution test
FAIL: libffi.call/cls_20byte1.c execution test
FAIL: libffi.call/cls_24byte.c execution test
FAIL: libffi.call/cls_2byte.c execution test
FAIL: libffi.call/cls_3_1byte.c execution test
FAIL: libffi.call/cls_3byte1.c execution test
FAIL: libffi.call/cls_3byte2.c execution test
FAIL: libffi.call/cls_4_1byte.c execution test
FAIL: libffi.call/cls_4byte.c execution test
FAIL: libffi.call/cls_5byte.c execution test
FAIL: libffi.call/cls_64byte.c execution test
FAIL: libffi.call/cls_6byte.c execution test
FAIL: libffi.call/cls_7byte.c execution test
FAIL: libffi.call/cls_8byte.c execution test
FAIL: libffi.call/cls_9byte1.c execution test
FAIL: libffi.call/cls_9byte2.c execution test
FAIL: libffi.call/cls_align_double.c execution test
FAIL: libffi.call/cls_align_float.c execution test
FAIL: libffi.call/cls_align_longdouble.c execution test
FAIL: libffi.call/cls_align_pointer.c execution test
FAIL: libffi.call/cls_align_sint16.c execution test
FAIL: libffi.call/cls_align_sint32.c execution test
FAIL: libffi.call/cls_align_sint64.c execution test
FAIL: libffi.call/cls_align_uint16.c execution test
FAIL: libffi.call/cls_align_uint32.c execution test
FAIL: libffi.call/cls_align_uint64.c execution test
FAIL: libffi.call/float.c execution test
FAIL: libffi.call/float2.c execution test
FAIL: libffi.call/nested_struct.c execution test
FAIL: libffi.call/nested_struct1.c execution test
FAIL: libffi.call/nested_struct2.c execution test
FAIL: libffi.call/nested_struct3.c execution test
FAIL: libffi.call/problem1.c execution test
FAIL: libffi.call/pyobjc-tc.c execution test
FAIL: libffi.call/struct8.c execution test

		=== libffi Summary ===

# of expected passes		136
# of unexpected failures	40
# of unsupported tests		2
		=== libjava tests ===


Running target unix
WARNING: program timed out.
FAIL: Thread_Wait_2 compilation from bytecode

		=== libjava Summary ===

# of expected passes		3384
# of unexpected failures	1
# of expected failures		14
# of untested testcases		18
		=== libmudflap tests ===


Running target unix
FAIL: libmudflap.c++/pass41-frag.cxx (test for excess errors)
WARNING: libmudflap.c++/pass41-frag.cxx compilation failed to produce executable
FAIL: libmudflap.c++/pass41-frag.cxx (-O2) (test for excess errors)
WARNING: libmudflap.c++/pass41-frag.cxx (-O2) compilation failed to produce executable
FAIL: libmudflap.c++/pass41-frag.cxx (-O3) (test for excess errors)
WARNING: libmudflap.c++/pass41-frag.cxx (-O3) compilation failed to produce executable
FAIL: ctors-12 linkage 
FAIL: ctors-21 linkage 
WARNING: program timed out.
FAIL: ctors-12 execution 
WARNING: program timed out.
FAIL: ctors-21 execution 
FAIL: ctors-12 linkage -static
FAIL: ctors-21 linkage -static
WARNING: program timed out.
FAIL: ctors-12 execution -static
WARNING: program timed out.
FAIL: ctors-21 execution -static
FAIL: ctors-12 linkage -O2
FAIL: ctors-21 linkage -O2
WARNING: program timed out.
FAIL: ctors-12 execution -O2
WARNING: program timed out.
FAIL: ctors-21 execution -O2
FAIL: ctors-12 linkage -O3
FAIL: ctors-21 linkage -O3
WARNING: program timed out.
FAIL: ctors-12 execution -O3
WARNING: program timed out.
FAIL: ctors-21 execution -O3

		=== libmudflap Summary ===

# of expected passes		1114
# of unexpected failures	19

		=== libstdc++-v3 check-abi Summary ===

# of added symbols:		 312
# of missing symbols:		 252
# of incompatible symbols:	 252
		=== libstdc++ tests ===


Running target unix
XPASS: 22_locale/locale/cons/12658_thread-1.cc execution test
XPASS: 26_numerics/cmath/c99_classification_macros_c.cc (test for excess errors)
XPASS: 27_io/fpos/14320-1.cc execution test

		=== libstdc++ Summary ===

# of expected passes		2804
# of unexpected successes	3
# of expected failures		4

Compiler version: 3.5-tree-ssa-lno 20040719 (merged 20040718) 
Platform: ia64-suse-linux-gnu
configure flags: --host=ia64-suse-linux --enable-shared --enable-threads --with-system-zlib --enable-languages=c,c++,f95,java,objc



More information about the Gcc-testresults mailing list