Results for 3.5.0 20040711 (experimental) testsuite on sparc-sun-solaris2.9

Brad Lucier lucier@math.purdue.edu
Thu Jul 15 07:45:00 GMT 2004


LAST_UPDATED: Sun Jul 11 14:37:11 UTC 2004

Native configuration is sparc-sun-solaris2.9

		=== g++ tests ===


Running target unix/-m64
FAIL: g++.dg/debug/debug7.C  (test for errors, line 10)
FAIL: g++.dg/debug/debug7.C (test for excess errors)
WARNING: program timed out.
FAIL: g++.dg/eh/cleanup1.C (test for excess errors)
FAIL: g++.dg/ext/stmtexpr2.C execution test
FAIL: g++.dg/template/lookup4.C  (test for errors, line 5)
FAIL: g++.dg/template/lookup4.C (test for excess errors)
FAIL: g++.dg/template/sizeof8.C (test for excess errors)
FAIL: g++.dg/warn/compare1.C  (test for warnings, line 9)
FAIL: 102:is -:should be 1
FAIL: g++.dg/gcov/gcov-1.C gcov: 1 failures in line counts, 0 in branch percentages, 0 in return percentages
FAIL: g++.old-deja/g++.bugs/900205_02.C  (test for errors, line 16)
FAIL: g++.old-deja/g++.bugs/900205_02.C  (test for errors, line 26)
FAIL: g++.old-deja/g++.bugs/900205_02.C (test for excess errors)
FAIL: g++.old-deja/g++.bugs/900210_09.C  (test for errors, line 27)
FAIL: g++.old-deja/g++.bugs/900210_09.C  (test for errors, line 28)
FAIL: g++.old-deja/g++.bugs/900210_09.C (test for excess errors)
FAIL: g++.old-deja/g++.bugs/900404_01.C  (test for errors, line 14)
FAIL: g++.old-deja/g++.bugs/900404_01.C (test for excess errors)
FAIL: g++.old-deja/g++.ext/default.C  (test for errors, line 10)
FAIL: g++.old-deja/g++.ext/default.C  (test for errors, line 19)
FAIL: g++.old-deja/g++.ext/default.C (test for excess errors)
FAIL: g++.old-deja/g++.jason/conversion11.C  (test for errors, line 26)
FAIL: g++.old-deja/g++.jason/local.C  (test for errors, line 8)
FAIL: g++.old-deja/g++.jason/local.C  (test for errors, line 21)
FAIL: g++.old-deja/g++.jason/member.C  (test for errors, line 34)
FAIL: g++.old-deja/g++.mike/net8.C  (test for errors, line 22)
FAIL: g++.old-deja/g++.mike/net8.C  (test for errors, line 30)
WARNING: g++.old-deja/g++.mike/p10769a.C compilation failed to produce executable
FAIL: g++.old-deja/g++.mike/p8009.C  (test for errors, line 13)
FAIL: g++.old-deja/g++.mike/p8009.C (test for excess errors)
FAIL: g++.old-deja/g++.niklas/t120.C  (test for errors, line 5)
FAIL: g++.old-deja/g++.niklas/t120.C (test for excess errors)
FAIL: g++.old-deja/g++.ns/using11.C  (test for errors, line 8)
FAIL: g++.old-deja/g++.ns/using11.C (test for excess errors)
WARNING: g++.old-deja/g++.other/enum5.C compilation failed to produce executable
FAIL: g++.old-deja/g++.other/pmf2.C  (test for errors, line 17)
FAIL: g++.old-deja/g++.other/pmf2.C (test for excess errors)
FAIL: g++.old-deja/g++.other/warn7.C  (test for warnings, line 38)
WARNING: g++.old-deja/g++.pt/friend44.C compilation failed to produce executable
FAIL: g++.old-deja/g++.pt/t14.C  (test for errors, line 14)
FAIL: g++.old-deja/g++.pt/t14.C (test for excess errors)

		=== g++ Summary for unix/-m64 ===

# of expected passes		9737
# of unexpected failures	38
# of expected failures		82
# of unsupported tests		89

Running target unix
FAIL: g++.dg/ext/stmtexpr2.C execution test
FAIL: 102:is -:should be 1
FAIL: g++.dg/gcov/gcov-1.C gcov: 1 failures in line counts, 0 in branch percentages, 0 in return percentages
FAIL: g++.old-deja/g++.brendan/sizeof2.C  (test for errors, line 15)
FAIL: g++.old-deja/g++.brendan/sizeof2.C (test for excess errors)
FAIL: g++.old-deja/g++.bugs/900211_04.C  (test for errors, line 23)
FAIL: g++.old-deja/g++.bugs/900211_04.C  (test for errors, line 24)
FAIL: g++.old-deja/g++.bugs/900211_04.C  (test for errors, line 25)
FAIL: g++.old-deja/g++.eh/ctor1.C  (test for errors, line 5)
FAIL: g++.old-deja/g++.eh/ctor1.C  (test for errors, line 13)
FAIL: g++.old-deja/g++.eh/ctor1.C (test for excess errors)
FAIL: g++.old-deja/g++.jason/access17.C  (test for errors, line 24)
WARNING: g++.old-deja/g++.mike/p10769a.C compilation failed to produce executable
FAIL: g++.old-deja/g++.mike/scast1.C  (test for errors, line 7)
FAIL: g++.old-deja/g++.mike/scast1.C (test for excess errors)
FAIL: g++.old-deja/g++.ns/using1.C  (test for errors, line 2)
FAIL: g++.old-deja/g++.ns/using1.C (test for excess errors)
WARNING: g++.old-deja/g++.other/enum5.C compilation failed to produce executable
FAIL: g++.old-deja/g++.other/return1.C  (test for errors, line 17)
FAIL: g++.old-deja/g++.other/return1.C (test for excess errors)
FAIL: g++.old-deja/g++.other/sc1.C  (test for errors, line 9)
FAIL: g++.old-deja/g++.other/sc1.C (test for excess errors)
FAIL: g++.old-deja/g++.other/warn7.C  (test for warnings, line 38)
FAIL: g++.old-deja/g++.pt/crash11.C  (test for errors, line 12)
FAIL: g++.old-deja/g++.pt/crash11.C (test for excess errors)
FAIL: g++.old-deja/g++.pt/crash6.C  (test for errors, line 16)
FAIL: g++.old-deja/g++.pt/crash6.C (test for excess errors)
FAIL: g++.old-deja/g++.pt/explicit21.C  (test for errors, line 7)
FAIL: g++.old-deja/g++.pt/explicit21.C  (test for errors, line 10)
FAIL: g++.old-deja/g++.pt/explicit21.C (test for excess errors)
WARNING: g++.old-deja/g++.pt/friend44.C compilation failed to produce executable

		=== g++ Summary for unix ===

# of expected passes		9747
# of unexpected failures	28
# of expected failures		82
# of unsupported tests		89

		=== g++ Summary ===

# of expected passes		19484
# of unexpected failures	66
# of expected failures		164
# of unsupported tests		178
		=== gcc tests ===


Running target unix/-m64
XPASS: gcc.c-torture/compile/20020210-1.c (test for excess errors)
XPASS: gcc.c-torture/compile/20020210-1.c (test for excess errors)
XPASS: gcc.c-torture/compile/20020210-1.c (test for excess errors)
XPASS: gcc.c-torture/compile/20020210-1.c (test for excess errors)
XPASS: gcc.c-torture/compile/20020210-1.c (test for excess errors)
XPASS: gcc.c-torture/execute/20020227-1.c execution,  -O3 -fomit-frame-pointer 
XPASS: gcc.c-torture/execute/20020227-1.c execution,  -O3 -g 
UNRESOLVED: gcc.c-torture/execute/simd-5.c execution,  -O0 
FAIL: gcc.dg/debug/dwarf2/dwarf-die7.c scan-assembler 1.*DW_AT_inline
FAIL: gcc.dg/debug/dwarf2/dwarf-die7.c scan-assembler 1.*DW_AT_inline
FAIL: gcc.dg/c90-const-expr-3.c (test for excess errors)
FAIL: gcc.dg/c99-const-expr-3.c (test for excess errors)
XPASS: gcc.dg/setjmp-1.c spurious clobbered warning (test for bogus messages, line 16)
FAIL: gcc.dg/uninit-H.c  (test for bogus messages, line 20)
UNRESOLVED: gcc.dg/visibility-1.c
UNRESOLVED: gcc.dg/visibility-2.c
UNRESOLVED: gcc.dg/visibility-3.c
UNRESOLVED: gcc.dg/visibility-4.c
UNRESOLVED: gcc.dg/visibility-5.c
UNRESOLVED: gcc.dg/visibility-6.c
UNRESOLVED: gcc.dg/visibility-7.c
UNRESOLVED: gcc.dg/visibility-8.c
FAIL: largefile.c (test for excess errors)
FAIL: largefile.c (test for excess errors)
FAIL: largefile.c (test for excess errors)
FAIL: largefile.c (test for excess errors)
FAIL: largefile.c (test for excess errors)
FAIL: largefile.c (test for excess errors)
FAIL: largefile.c (test for excess errors)
FAIL: 94:is -:should be 1
FAIL: gcc.misc-tests/gcov-4.c gcov: 1 failures in line counts, 0 in branch percentages, 0 in return percentages

		=== gcc Summary for unix/-m64 ===

# of expected passes		27378
# of unexpected failures	14
# of unexpected successes	8
# of expected failures		75
# of unresolved testcases	9
# of untested testcases		35
# of unsupported tests		374

Running target unix
XPASS: gcc.c-torture/compile/20020210-1.c (test for excess errors)
XPASS: gcc.c-torture/compile/20020210-1.c (test for excess errors)
XPASS: gcc.c-torture/compile/20020210-1.c (test for excess errors)
XPASS: gcc.c-torture/compile/20020210-1.c (test for excess errors)
XPASS: gcc.c-torture/compile/20020210-1.c (test for excess errors)
FAIL: gcc.dg/debug/dwarf2/dwarf-die7.c scan-assembler 1.*DW_AT_inline
FAIL: gcc.dg/debug/dwarf2/dwarf-die7.c scan-assembler 1.*DW_AT_inline
FAIL: gcc.dg/c90-const-expr-3.c (test for excess errors)
FAIL: gcc.dg/c99-const-expr-3.c (test for excess errors)
XPASS: gcc.dg/setjmp-1.c spurious clobbered warning (test for bogus messages, line 16)
FAIL: gcc.dg/uninit-H.c  (test for bogus messages, line 20)
UNRESOLVED: gcc.dg/visibility-1.c
UNRESOLVED: gcc.dg/visibility-2.c
UNRESOLVED: gcc.dg/visibility-3.c
UNRESOLVED: gcc.dg/visibility-4.c
UNRESOLVED: gcc.dg/visibility-5.c
UNRESOLVED: gcc.dg/visibility-6.c
UNRESOLVED: gcc.dg/visibility-7.c
UNRESOLVED: gcc.dg/visibility-8.c
FAIL: largefile.c (test for excess errors)
FAIL: largefile.c (test for excess errors)
FAIL: largefile.c (test for excess errors)
FAIL: largefile.c (test for excess errors)
FAIL: largefile.c (test for excess errors)
FAIL: largefile.c (test for excess errors)
FAIL: largefile.c (test for excess errors)
FAIL: gcc.dg/torture/builtin-nonneg-1.c (test for excess errors)
FAIL: 94:is -:should be 1
FAIL: gcc.misc-tests/gcov-4.c gcov: 1 failures in line counts, 0 in branch percentages, 0 in return percentages

		=== gcc Summary for unix ===

# of expected passes		27387
# of unexpected failures	15
# of unexpected successes	6
# of expected failures		70
# of unresolved testcases	8
# of untested testcases		35
# of unsupported tests		374

		=== gcc Summary ===

# of expected passes		54765
# of unexpected failures	29
# of unexpected successes	14
# of expected failures		145
# of unresolved testcases	17
# of untested testcases		70
# of unsupported tests		748
/export/users/lucier/programs/gcc/mainline/objdir2/gcc/xgcc  version 3.5.0 20040711 (experimental)

		=== objc tests ===


Running target unix/-m64
FAIL: objc.dg/method-9.m  (test for warnings, line 13)
FAIL: objc.dg/method-9.m  (test for warnings, line 33)

		=== objc Summary for unix/-m64 ===

# of expected passes		1402
# of unexpected failures	2
# of unsupported tests		7

Running target unix
FAIL: objc.dg/class-1.m  (test for errors, line 15)
FAIL: objc.dg/class-1.m  (test for warnings, line 18)
FAIL: objc.dg/missing-proto-2.m  (test for errors, line 5)
FAIL: objc.dg/missing-proto-2.m (test for excess errors)

		=== objc Summary for unix ===

# of expected passes		1400
# of unexpected failures	4
# of unsupported tests		7

		=== objc Summary ===

# of expected passes		2802
# of unexpected failures	6
# of unsupported tests		14
/export/users/lucier/programs/gcc/mainline/objdir2/gcc/xgcc  version 3.5.0 20040711 (experimental)

		=== libffi tests ===


Running target unix/-m64

		=== libffi Summary for unix/-m64 ===

# of expected passes		212
# of unsupported tests		2

Running target unix

		=== libffi Summary for unix ===

# of expected passes		212
# of unsupported tests		2

		=== libffi Summary ===

# of expected passes		424
# of unsupported tests		4
		=== libjava tests ===


Running target unix/-m64
WARNING: program timed out.
FAIL: PR9577 run
WARNING: program timed out.
FAIL: longfield run
WARNING: program timed out.
FAIL: shortfield run
ERROR: tcl error sourcing /homes/lucier/programs/gcc/mainline/libjava/testsuite/libjava.compile/compile.exp.
ERROR: can't read "x": no such variable
WARNING: program timed out.
FAIL: simple run
WARNING: program timed out.
FAIL: /homes/lucier/programs/gcc/mainline/libjava/testsuite/libjava.jar/simple.jar execution - gij test
WARNING: program timed out.
FAIL: PR15133 run
WARNING: program timed out.
FAIL: calls run
WARNING: program timed out.
FAIL: cxxtest run
WARNING: program timed out.
FAIL: field run
WARNING: program timed out.
FAIL: final_method run
WARNING: program timed out.
FAIL: findclass run
WARNING: program timed out.
FAIL: invoke run
WARNING: program timed out.
FAIL: jniutf run
WARNING: program timed out.
FAIL: martin run
WARNING: program timed out.
FAIL: noclass run
WARNING: program timed out.
FAIL: overload run
WARNING: program timed out.
FAIL: pr11951 run
WARNING: program timed out.
FAIL: register run
WARNING: program timed out.
FAIL: simple_int run
WARNING: program timed out.
FAIL: throwit run
WARNING: program timed out.
FAIL: virtual run
WARNING: program timed out.
FAIL: ArrayStore execution - source compiled test
WARNING: program timed out.
FAIL: ArrayStore execution - gij test
WARNING: program timed out.
FAIL: ArrayStore execution - bytecode->native test
WARNING: program timed out.
FAIL: ArrayStore -O3 execution - source compiled test
WARNING: program timed out.
FAIL: ArrayStore execution - gij test
WARNING: program timed out.
FAIL: ArrayStore -O3 execution - bytecode->native test
WARNING: program timed out.
FAIL: ArrayStore2 execution - source compiled test
ERROR: No \`main' given in program ArrayStore2
UNRESOLVED: ArrayStore2 -O3 compilation from source
WARNING: program timed out.
FAIL: ArrayStore2 -O3 execution - source compiled test
WARNING: program timed out.
FAIL: ArrayStore2 execution - gij test
WARNING: program timed out.
FAIL: ArrayStore2 -O3 execution - bytecode->native test
WARNING: program timed out.
FAIL: Array_1 execution - source compiled test
WARNING: program timed out.
FAIL: Array_1 execution - gij test
WARNING: program timed out.
FAIL: Array_1 execution - bytecode->native test
WARNING: program timed out.
FAIL: Array_1 -O3 execution - source compiled test
WARNING: program timed out.
FAIL: Array_1 execution - gij test
WARNING: program timed out.
FAIL: Array_1 -O3 execution - bytecode->native test
WARNING: program timed out.
FAIL: Array_2 execution - source compiled test
WARNING: program timed out.
FAIL: Array_2 execution - gij test
WARNING: program timed out.
FAIL: Array_2 execution - bytecode->native test
WARNING: program timed out.
FAIL: Array_2 -O3 execution - source compiled test
WARNING: program timed out.
FAIL: Array_2 execution - gij test
WARNING: program timed out.
FAIL: Array_2 -O3 execution - bytecode->native test
WARNING: program timed out.
FAIL: Array_3 execution - source compiled test
WARNING: program timed out.
FAIL: Array_3 execution - gij test
WARNING: program timed out.
FAIL: Array_3 execution - bytecode->native test
WARNING: program timed out.
FAIL: Array_3 -O3 execution - source compiled test
WARNING: program timed out.
FAIL: Array_3 execution - gij test
WARNING: program timed out.
FAIL: Array_3 -O3 execution - bytecode->native test
WARNING: program timed out.
FAIL: Class_1 execution - source compiled test
WARNING: program timed out.
FAIL: Class_1 execution - gij test
WARNING: program timed out.
FAIL: Class_1 execution - bytecode->native test
WARNING: program timed out.
FAIL: Class_1 -O3 execution - source compiled test
WARNING: program timed out.
FAIL: Class_1 execution - gij test
WARNING: program timed out.
FAIL: Class_1 -O3 execution - bytecode->native test
WARNING: program timed out.
FAIL: CompareNaN execution - source compiled test
WARNING: program timed out.
FAIL: CompareNaN execution - gij test
WARNING: program timed out.
FAIL: CompareNaN execution - bytecode->native test
WARNING: program timed out.
FAIL: CompareNaN -O3 execution - source compiled test
WARNING: program timed out.
FAIL: CompareNaN execution - gij test
WARNING: program timed out.
FAIL: CompareNaN -O3 execution - bytecode->native test
WARNING: program timed out.
FAIL: Divide_1 execution - source compiled test
WARNING: program timed out.
FAIL: Divide_1 execution - gij test
WARNING: program timed out.
FAIL: Divide_1 execution - bytecode->native test
WARNING: program timed out.
FAIL: Divide_1 -O3 execution - source compiled test
WARNING: program timed out.
FAIL: Divide_1 execution - gij test
WARNING: program timed out.
FAIL: Divide_1 -O3 execution - bytecode->native test
WARNING: program timed out.
FAIL: EvaluationOrder execution - source compiled test
WARNING: program timed out.
FAIL: EvaluationOrder execution - gij test
WARNING: program timed out.
FAIL: EvaluationOrder execution - bytecode->native test
WARNING: program timed out.
FAIL: EvaluationOrder -O3 execution - source compiled test
WARNING: program timed out.
FAIL: EvaluationOrder execution - gij test
WARNING: program timed out.
FAIL: EvaluationOrder -O3 execution - bytecode->native test
WARNING: program timed out.
FAIL: FileHandleGcTest execution - source compiled test
WARNING: program timed out.
FAIL: FileHandleGcTest execution - gij test
WARNING: program timed out.
FAIL: FileHandleGcTest execution - bytecode->native test
WARNING: program timed out.
FAIL: FileHandleGcTest -O3 execution - source compiled test
WARNING: program timed out.
FAIL: FileHandleGcTest execution - gij test
WARNING: program timed out.
FAIL: FileHandleGcTest -O3 execution - bytecode->native test
WARNING: program timed out.
FAIL: Final execution - source compiled test
WARNING: program timed out.
FAIL: Final execution - gij test
WARNING: program timed out.
FAIL: Final execution - bytecode->native test
WARNING: program timed out.
FAIL: Final -O3 execution - source compiled test
WARNING: program timed out.
FAIL: Final execution - gij test
WARNING: program timed out.
FAIL: Final -O3 execution - bytecode->native test
WARNING: program timed out.
FAIL: Float_1 execution - source compiled test
WARNING: program timed out.
FAIL: Float_1 execution - gij test
WARNING: program timed out.
FAIL: Float_1 execution - bytecode->native test
WARNING: program timed out.
FAIL: Float_1 -O3 execution - source compiled test
WARNING: program timed out.
FAIL: Float_1 execution - gij test
WARNING: program timed out.
FAIL: Float_1 -O3 execution - bytecode->native test
WARNING: program timed out.
FAIL: G19990301_01 execution - source compiled test
WARNING: program timed out.
FAIL: G19990301_01 execution - gij test
WARNING: program timed out.
FAIL: G19990301_01 execution - bytecode->native test
WARNING: program timed out.
FAIL: G19990301_01 -O3 execution - source compiled test
WARNING: program timed out.
FAIL: G19990301_01 execution - gij test
WARNING: program timed out.
FAIL: G19990301_01 -O3 execution - bytecode->native test
WARNING: program timed out.
FAIL: G19990302_02 execution - source compiled test
WARNING: program timed out.
FAIL: G19990302_02 execution - gij test
WARNING: program timed out.
FAIL: G19990302_02 execution - bytecode->native test
WARNING: program timed out.
FAIL: G19990302_02 -O3 execution - source compiled test
WARNING: program timed out.
FAIL: G19990302_02 execution - gij test
WARNING: program timed out.
FAIL: G19990302_02 -O3 execution - bytecode->native test
WARNING: program timed out.
FAIL: G19990303_01 execution - source compiled test
WARNING: program timed out.
FAIL: G19990303_01 execution - gij test
WARNING: program timed out.
FAIL: G19990303_01 execution - bytecode->native test
WARNING: program timed out.
FAIL: G19990303_01 -O3 execution - source compiled test
WARNING: program timed out.
FAIL: G19990303_01 execution - gij test
WARNING: program timed out.
FAIL: G19990303_01 -O3 execution - bytecode->native test
WARNING: program timed out.
FAIL: G19990303_02 execution - source compiled test
WARNING: program timed out.
FAIL: G19990303_02 execution - gij test
WARNING: program timed out.
FAIL: G19990303_02 execution - bytecode->native test
WARNING: program timed out.
FAIL: G19990303_02 -O3 execution - source compiled test
WARNING: program timed out.
FAIL: G19990303_02 execution - gij test
WARNING: program timed out.
FAIL: G19990303_02 -O3 execution - bytecode->native test
WARNING: program timed out.
FAIL: G19990304_01 execution - source compiled test
WARNING: program timed out.
FAIL: G19990304_01 execution - gij test
WARNING: program timed out.
FAIL: G19990304_01 execution - bytecode->native test
WARNING: program timed out.
FAIL: G19990304_01 -O3 execution - source compiled test
WARNING: program timed out.
FAIL: G19990304_01 execution - gij test
WARNING: program timed out.
FAIL: G19990304_01 -O3 execution - bytecode->native test
WARNING: program timed out.
FAIL: G19990310_01 execution - source compiled test
WARNING: program timed out.
FAIL: G19990310_01 execution - gij test
WARNING: program timed out.
FAIL: G19990310_01 execution - bytecode->native test
WARNING: program timed out.
FAIL: G19990310_01 -O3 execution - source compiled test
WARNING: program timed out.
FAIL: G19990310_01 execution - gij test
WARNING: program timed out.
FAIL: G19990310_01 -O3 execution - bytecode->native test
WARNING: program timed out.
FAIL: II execution - source compiled test
WARNING: program timed out.
FAIL: II execution - gij test
WARNING: program timed out.
FAIL: II execution - bytecode->native test
WARNING: program timed out.
FAIL: II -O3 execution - source compiled test
WARNING: program timed out.
FAIL: II execution - gij test
WARNING: program timed out.
FAIL: II -O3 execution - bytecode->native test
WARNING: program timed out.
FAIL: InterfaceDispatch execution - source compiled test
WARNING: program timed out.
FAIL: InterfaceDispatch execution - gij test
WARNING: program timed out.
FAIL: InterfaceDispatch execution - bytecode->native test
WARNING: program timed out.
FAIL: InterfaceDispatch -O3 execution - source compiled test
WARNING: program timed out.
FAIL: InterfaceDispatch execution - gij test
WARNING: program timed out.
FAIL: InterfaceDispatch -O3 execution - bytecode->native test
WARNING: program timed out.
FAIL: InvokeInterface execution - source compiled test
WARNING: program timed out.
FAIL: InvokeInterface execution - gij test
WARNING: program timed out.
FAIL: InvokeInterface execution - bytecode->native test
WARNING: program timed out.
FAIL: InvokeInterface -O3 execution - source compiled test
WARNING: program timed out.
FAIL: InvokeInterface execution - gij test
WARNING: program timed out.
FAIL: InvokeInterface -O3 execution - bytecode->native test
WARNING: program timed out.
FAIL: InvokeReturn execution - source compiled test
WARNING: program timed out.
FAIL: InvokeReturn execution - gij test
WARNING: program timed out.
FAIL: InvokeReturn execution - bytecode->native test
WARNING: program timed out.
FAIL: InvokeReturn -O3 execution - source compiled test
WARNING: program timed out.
FAIL: InvokeReturn execution - gij test
WARNING: program timed out.
FAIL: InvokeReturn -O3 execution - bytecode->native test
WARNING: program timed out.
FAIL: Invoke_1 execution - source compiled test
WARNING: program timed out.
FAIL: Invoke_1 execution - gij test
WARNING: program timed out.
FAIL: Invoke_1 execution - bytecode->native test
WARNING: program timed out.
FAIL: Invoke_1 -O3 execution - source compiled test
WARNING: program timed out.
FAIL: Invoke_1 execution - gij test
WARNING: program timed out.
FAIL: Invoke_1 -O3 execution - bytecode->native test
WARNING: program timed out.
FAIL: Invoke_2 execution - source compiled test
WARNING: program timed out.
FAIL: Invoke_2 execution - gij test
WARNING: program timed out.
FAIL: Invoke_2 execution - bytecode->native test
WARNING: program timed out.
FAIL: Invoke_2 -O3 execution - source compiled test
WARNING: program timed out.
FAIL: Invoke_2 execution - gij test
WARNING: program timed out.
FAIL: Invoke_2 -O3 execution - bytecode->native test
WARNING: program timed out.
FAIL: KeepInline execution - source compiled test
WARNING: program timed out.
FAIL: KeepInline execution - gij test
WARNING: program timed out.
FAIL: KeepInline execution - bytecode->native test
WARNING: program timed out.
FAIL: KeepInline -O3 execution - source compiled test
WARNING: program timed out.
FAIL: KeepInline execution - gij test
WARNING: program timed out.
FAIL: KeepInline -O3 execution - bytecode->native test
WARNING: program timed out.
FAIL: MathBuiltin execution - source compiled test
ERROR: No \`main' given in program MathBuiltin
UNRESOLVED: MathBuiltin -O3 compilation from source
WARNING: program timed out.
FAIL: MathBuiltin -O3 execution - source compiled test
WARNING: program timed out.
FAIL: MathBuiltin execution - gij test
WARNING: program timed out.
FAIL: MathBuiltin -O3 execution - bytecode->native test
WARNING: program timed out.
FAIL: Matrix4f execution - source compiled test
WARNING: program timed out.
FAIL: Matrix4f execution - gij test
WARNING: program timed out.
FAIL: Matrix4f execution - bytecode->native test
WARNING: program timed out.
FAIL: Matrix4f -O3 execution - source compiled test
WARNING: program timed out.
FAIL: Matrix4f execution - gij test
WARNING: program timed out.
FAIL: Matrix4f -O3 execution - bytecode->native test
WARNING: program timed out.
FAIL: N19990310_02 execution - source compiled test
WARNING: program timed out.
FAIL: N19990310_02 execution - gij test
WARNING: program timed out.
FAIL: N19990310_02 execution - bytecode->native test
WARNING: program timed out.
FAIL: N19990310_02 -O3 execution - source compiled test
WARNING: program timed out.
FAIL: N19990310_02 execution - gij test
WARNING: program timed out.
FAIL: N19990310_02 -O3 execution - bytecode->native test
WARNING: program timed out.
FAIL: N19990310_3 execution - source compiled test
WARNING: program timed out.
FAIL: N19990310_3 execution - gij test
WARNING: program timed out.
FAIL: N19990310_3 execution - bytecode->native test
WARNING: program timed out.
FAIL: N19990310_3 -O3 execution - source compiled test
WARNING: program timed out.
FAIL: N19990310_3 execution - gij test
WARNING: program timed out.
FAIL: N19990310_3 -O3 execution - bytecode->native test
WARNING: program timed out.
FAIL: N19990310_4 execution - source compiled test
WARNING: program timed out.
FAIL: N19990310_4 execution - gij test
WARNING: program timed out.
FAIL: N19990310_4 execution - bytecode->native test
WARNING: program timed out.
FAIL: N19990310_4 -O3 execution - source compiled test
WARNING: program timed out.
FAIL: N19990310_4 execution - gij test
WARNING: program timed out.
FAIL: N19990310_4 -O3 execution - bytecode->native test
WARNING: program timed out.
FAIL: N19990310_5 execution - source compiled test
WARNING: program timed out.
FAIL: N19990310_5 execution - gij test
WARNING: program timed out.
FAIL: N19990310_5 execution - bytecode->native test
WARNING: program timed out.
FAIL: N19990310_5 -O3 execution - source compiled test
WARNING: program timed out.
FAIL: N19990310_5 execution - gij test
WARNING: program timed out.
FAIL: N19990310_5 -O3 execution - bytecode->native test
WARNING: program timed out.
FAIL: Overflow execution - source compiled test
WARNING: program timed out.
FAIL: Overflow execution - gij test
WARNING: program timed out.
FAIL: Overflow execution - bytecode->native test
WARNING: program timed out.
FAIL: Overflow -O3 execution - source compiled test
WARNING: program timed out.
FAIL: Overflow execution - gij test
WARNING: program timed out.
FAIL: Overflow -O3 execution - bytecode->native test
WARNING: program timed out.
FAIL: PR12350 execution - source compiled test
WARNING: program timed out.
FAIL: PR12350 execution - gij test
WARNING: program timed out.
FAIL: PR12350 execution - bytecode->native test
WARNING: program timed out.
FAIL: PR12350 -O3 execution - source compiled test
WARNING: program timed out.
FAIL: PR12350 execution - gij test
WARNING: program timed out.
FAIL: PR12350 -O3 execution - bytecode->native test
WARNING: program timed out.
FAIL: PR12416 execution - source compiled test
WARNING: program timed out.
FAIL: PR12416 execution - gij test
WARNING: program timed out.
FAIL: PR12416 execution - bytecode->native test
WARNING: program timed out.
FAIL: PR12416 -O3 execution - source compiled test
WARNING: program timed out.
FAIL: PR12416 execution - gij test
WARNING: program timed out.
FAIL: PR12416 -O3 execution - bytecode->native test
WARNING: program timed out.
FAIL: PR12656 execution - source compiled test
WARNING: program timed out.
FAIL: PR12656 execution - gij test
WARNING: program timed out.
FAIL: PR12656 execution - bytecode->native test
WARNING: program timed out.
FAIL: PR12656 -O3 execution - source compiled test
WARNING: program timed out.
FAIL: PR12656 execution - gij test
WARNING: program timed out.
FAIL: PR12656 -O3 execution - bytecode->native test
WARNING: program timed out.
FAIL: PR12915 execution - source compiled test
WARNING: program timed out.
FAIL: PR12915 execution - gij test
WARNING: program timed out.
FAIL: PR12915 execution - bytecode->native test
WARNING: program timed out.
FAIL: PR12915 -O3 execution - source compiled test
WARNING: program timed out.
FAIL: PR12915 execution - gij test
WARNING: program timed out.
FAIL: PR12915 -O3 execution - bytecode->native test
WARNING: program timed out.
FAIL: PR141 execution - source compiled test
WARNING: program timed out.
FAIL: PR141 execution - gij test
WARNING: program timed out.
FAIL: PR141 execution - bytecode->native test
WARNING: program timed out.
FAIL: PR141 -O3 execution - source compiled test
WARNING: program timed out.
FAIL: PR141 execution - gij test
WARNING: program timed out.
FAIL: PR141 -O3 execution - bytecode->native test
WARNING: program timed out.
FAIL: PR160 execution - source compiled test
WARNING: program timed out.
FAIL: PR160 execution - gij test
WARNING: program timed out.
FAIL: PR160 execution - bytecode->native test
WARNING: program timed out.
FAIL: PR160 -O3 execution - source compiled test
WARNING: program timed out.
FAIL: PR160 execution - gij test
WARNING: program timed out.
FAIL: PR160 -O3 execution - bytecode->native test
WARNING: program timed out.
FAIL: PR162 execution - source compiled test
WARNING: program timed out.
FAIL: PR162 execution - gij test
WARNING: program timed out.
FAIL: PR162 execution - bytecode->native test
WARNING: program timed out.
FAIL: PR162 -O3 execution - source compiled test
WARNING: program timed out.
FAIL: PR162 execution - gij test
WARNING: program timed out.
FAIL: PR162 -O3 execution - bytecode->native test
WARNING: program timed out.
FAIL: PR218 execution - source compiled test
WARNING: program timed out.
FAIL: PR218 execution - gij test
WARNING: program timed out.
FAIL: PR218 execution - bytecode->native test
WARNING: program timed out.
FAIL: PR218 -O3 execution - source compiled test
WARNING: program timed out.
FAIL: PR218 execution - gij test
WARNING: program timed out.
FAIL: PR218 -O3 execution - bytecode->native test
WARNING: program timed out.
FAIL: PR242 execution - source compiled test
WARNING: program timed out.
FAIL: PR242 execution - gij test
WARNING: program timed out.
FAIL: PR242 execution - bytecode->native test
WARNING: program timed out.
FAIL: PR242 -O3 execution - source compiled test
WARNING: program timed out.
FAIL: PR242 execution - gij test
WARNING: program timed out.
FAIL: PR242 -O3 execution - bytecode->native test
WARNING: program timed out.
FAIL: PR260 execution - source compiled test
WARNING: program timed out.
FAIL: PR260 execution - gij test
WARNING: program timed out.
FAIL: PR260 execution - bytecode->native test
WARNING: program timed out.
FAIL: PR260 -O3 execution - source compiled test
WARNING: program timed out.
FAIL: PR260 execution - gij test
WARNING: program timed out.
FAIL: PR260 -O3 execution - bytecode->native test
WARNING: program timed out.
FAIL: PR3096 execution - source compiled test
WARNING: program timed out.
FAIL: PR3096 execution - gij test
WARNING: program timed out.
FAIL: PR3096 execution - bytecode->native test
WARNING: program timed out.
FAIL: PR3096 -O3 execution - source compiled test
WARNING: program timed out.
FAIL: PR3096 execution - gij test
WARNING: program timed out.
FAIL: PR3096 -O3 execution - bytecode->native test
WARNING: program timed out.
FAIL: PR3731 execution - source compiled test
WARNING: program timed out.
FAIL: PR3731 execution - gij test
WARNING: program timed out.
FAIL: PR3731 execution - bytecode->native test
WARNING: program timed out.
FAIL: PR3731 -O3 execution - source compiled test
WARNING: program timed out.
FAIL: PR3731 execution - gij test
WARNING: program timed out.
FAIL: PR3731 -O3 execution - bytecode->native test
WARNING: program timed out.
FAIL: PR5057 execution - source compiled test
WARNING: program timed out.
FAIL: PR5057 execution - gij test
WARNING: program timed out.
FAIL: PR5057 execution - bytecode->native test
WARNING: program timed out.
FAIL: PR5057 -O3 execution - source compiled test
WARNING: program timed out.
FAIL: PR5057 execution - gij test
WARNING: program timed out.
FAIL: PR5057 -O3 execution - bytecode->native test
WARNING: program timed out.
FAIL: PR5057_2 execution - source compiled test
WARNING: program timed out.
FAIL: PR5057_2 execution - gij test
WARNING: program timed out.
FAIL: PR5057_2 execution - bytecode->native test
WARNING: program timed out.
FAIL: PR5057_2 -O3 execution - source compiled test
WARNING: program timed out.
FAIL: PR5057_2 execution - gij test
WARNING: program timed out.
FAIL: PR5057_2 -O3 execution - bytecode->native test
WARNING: program timed out.
FAIL: PR55 execution - source compiled test
WARNING: program timed out.
FAIL: PR55 execution - gij test
WARNING: program timed out.
FAIL: PR55 execution - bytecode->native test
WARNING: program timed out.
FAIL: PR55 -O3 execution - source compiled test
WARNING: program timed out.
FAIL: PR55 execution - gij test
WARNING: program timed out.
FAIL: PR55 -O3 execution - bytecode->native test
WARNING: program timed out.
FAIL: PR56 execution - source compiled test
WARNING: program timed out.
FAIL: PR56 execution - gij test
WARNING: program timed out.
FAIL: PR56 execution - bytecode->native test
WARNING: program timed out.
FAIL: PR56 -O3 execution - source compiled test
WARNING: program timed out.
FAIL: PR56 execution - gij test
WARNING: program timed out.
FAIL: PR56 -O3 execution - bytecode->native test
WARNING: program timed out.
FAIL: PR6085 execution - source compiled test
WARNING: program timed out.
FAIL: PR6085 execution - gij test
WARNING: program timed out.
FAIL: PR6085 execution - bytecode->native test
WARNING: program timed out.
FAIL: PR6085 -O3 execution - source compiled test
WARNING: program timed out.
FAIL: PR6085 execution - gij test
WARNING: program timed out.
FAIL: PR6085 -O3 execution - bytecode->native test
WARNING: program timed out.
FAIL: PR6204 execution - source compiled test
WARNING: program timed out.
FAIL: PR6204 execution - gij test
WARNING: program timed out.
FAIL: PR6204 execution - bytecode->native test
WARNING: program timed out.
FAIL: PR6204 -O3 execution - source compiled test
WARNING: program timed out.
FAIL: PR6204 execution - gij test
WARNING: program timed out.
FAIL: PR6204 -O3 execution - bytecode->native test
WARNING: program timed out.
FAIL: PR6729 execution - source compiled test
WARNING: program timed out.
FAIL: PR6729 execution - gij test
WARNING: program timed out.
FAIL: PR6729 execution - bytecode->native test
WARNING: program timed out.
FAIL: PR6729 -O3 execution - source compiled test
WARNING: program timed out.
FAIL: PR6729 execution - gij test
WARNING: program timed out.
FAIL: PR6729 -O3 execution - bytecode->native test
WARNING: program timed out.
FAIL: PR6820 execution - source compiled test
WARNING: program timed out.
FAIL: PR6820 execution - gij test
WARNING: program timed out.
FAIL: PR6820 execution - bytecode->native test
WARNING: program timed out.
FAIL: PR6820 -O3 execution - source compiled test
WARNING: program timed out.
FAIL: PR6820 execution - gij test
WARNING: program timed out.
FAIL: PR6820 -O3 execution - bytecode->native test
WARNING: program timed out.
FAIL: PR7482 execution - source compiled test
WARNING: program timed out.
FAIL: PR7482 execution - gij test
WARNING: program timed out.
FAIL: PR7482 execution - bytecode->native test
WARNING: program timed out.
FAIL: PR7482 -O3 execution - source compiled test
WARNING: program timed out.
FAIL: PR7482 execution - gij test
WARNING: program timed out.
FAIL: PR7482 -O3 execution - bytecode->native test
WARNING: program timed out.
FAIL: Shazam execution - source compiled test
WARNING: program timed out.
FAIL: Shazam execution - gij test
WARNING: program timed out.
FAIL: Shazam execution - bytecode->native test
WARNING: program timed out.
FAIL: Shazam -O3 execution - source compiled test
WARNING: program timed out.
FAIL: Shazam execution - gij test
WARNING: program timed out.
FAIL: Shazam -O3 execution - bytecode->native test
WARNING: program timed out.
FAIL: StaticConstructor execution - source compiled test
WARNING: program timed out.
FAIL: StaticConstructor execution - gij test
WARNING: program timed out.
FAIL: StaticConstructor execution - bytecode->native test
WARNING: program timed out.
FAIL: StaticConstructor -O3 execution - source compiled test
WARNING: program timed out.
FAIL: StaticConstructor execution - gij test
WARNING: program timed out.
FAIL: StaticConstructor -O3 execution - bytecode->native test
WARNING: program timed out.
FAIL: StringBuffer_1 execution - source compiled test
WARNING: program timed out.
FAIL: StringBuffer_1 execution - gij test
WARNING: program timed out.
FAIL: StringBuffer_1 execution - bytecode->native test
WARNING: program timed out.
FAIL: StringBuffer_1 -O3 execution - source compiled test
WARNING: program timed out.
FAIL: StringBuffer_1 execution - gij test
WARNING: program timed out.
FAIL: StringBuffer_1 -O3 execution - bytecode->native test
WARNING: program timed out.
FAIL: StringBuffer_overflow execution - source compiled test
WARNING: program timed out.
FAIL: StringBuffer_overflow execution - gij test
WARNING: program timed out.
FAIL: StringBuffer_overflow execution - bytecode->native test
WARNING: program timed out.
FAIL: StringBuffer_overflow -O3 execution - source compiled test
WARNING: program timed out.
FAIL: StringBuffer_overflow execution - gij test
WARNING: program timed out.
FAIL: StringBuffer_overflow -O3 execution - bytecode->native test
WARNING: program timed out.
FAIL: String_overflow execution - source compiled test
WARNING: program timed out.
FAIL: String_overflow execution - gij test
WARNING: program timed out.
FAIL: String_overflow execution - bytecode->native test
WARNING: program timed out.
FAIL: String_overflow -O3 execution - source compiled test
WARNING: program timed out.
FAIL: String_overflow execution - gij test
WARNING: program timed out.
FAIL: String_overflow -O3 execution - bytecode->native test
WARNING: program timed out.
FAIL: SyncGlobal execution - source compiled test
WARNING: program timed out.
FAIL: SyncGlobal execution - gij test
WARNING: program timed out.
FAIL: SyncGlobal execution - bytecode->native test
WARNING: program timed out.
FAIL: SyncGlobal -O3 execution - source compiled test
WARNING: program timed out.
FAIL: SyncGlobal execution - gij test
WARNING: program timed out.
FAIL: SyncGlobal -O3 execution - bytecode->native test
WARNING: program timed out.
FAIL: SyncTest execution - source compiled test
WARNING: program timed out.
FAIL: SyncTest execution - gij test
WARNING: program timed out.
FAIL: SyncTest execution - bytecode->native test
WARNING: program timed out.
FAIL: SyncTest -O3 execution - source compiled test
WARNING: program timed out.
FAIL: SyncTest execution - gij test
WARNING: program timed out.
FAIL: SyncTest -O3 execution - bytecode->native test
WARNING: program timed out.
FAIL: Synch execution - source compiled test
WARNING: program timed out.
FAIL: Synch execution - gij test
WARNING: program timed out.
FAIL: Synch execution - bytecode->native test
WARNING: program timed out.
FAIL: Synch -O3 execution - source compiled test
WARNING: program timed out.
FAIL: Synch execution - gij test
WARNING: program timed out.
FAIL: Synch -O3 execution - bytecode->native test
WARNING: program timed out.
FAIL: TLtest execution - source compiled test
WARNING: program timed out.
FAIL: TLtest execution - gij test
WARNING: program timed out.
FAIL: TLtest execution - bytecode->native test
WARNING: program timed out.
FAIL: TLtest -O3 execution - source compiled test
WARNING: program timed out.
FAIL: TLtest execution - gij test
WARNING: program timed out.
FAIL: TLtest -O3 execution - bytecode->native test
WARNING: program timed out.
FAIL: TestProxy execution - source compiled test
WARNING: program timed out.
FAIL: TestProxy execution - gij test
WARNING: program timed out.
FAIL: TestProxy execution - bytecode->native test
WARNING: program timed out.
FAIL: TestProxy -O3 execution - source compiled test
WARNING: program timed out.
FAIL: TestProxy execution - gij test
WARNING: program timed out.
FAIL: TestProxy -O3 execution - bytecode->native test
WARNING: program timed out.
FAIL: Thread_Alive execution - source compiled test
WARNING: program timed out.
FAIL: Thread_Alive execution - gij test
WARNING: program timed out.
FAIL: Thread_Alive execution - bytecode->native test
WARNING: program timed out.
FAIL: Thread_Alive -O3 execution - source compiled test
WARNING: program timed out.
FAIL: Thread_Alive execution - gij test
WARNING: program timed out.
FAIL: Thread_Alive -O3 execution - bytecode->native test
WARNING: program timed out.
FAIL: Thread_Interrupt execution - source compiled test
WARNING: program timed out.
FAIL: Thread_Interrupt execution - gij test
WARNING: program timed out.
FAIL: Thread_Interrupt execution - bytecode->native test
WARNING: program timed out.
FAIL: Thread_Interrupt -O3 execution - source compiled test
WARNING: program timed out.
FAIL: Thread_Interrupt execution - gij test
WARNING: program timed out.
FAIL: Thread_Interrupt -O3 execution - bytecode->native test
WARNING: program timed out.
FAIL: Thread_Join execution - source compiled test
WARNING: program timed out.
FAIL: Thread_Join execution - gij test
WARNING: program timed out.
FAIL: Thread_Join execution - bytecode->native test
WARNING: program timed out.
FAIL: Thread_Join -O3 execution - source compiled test
WARNING: program timed out.
FAIL: Thread_Join execution - gij test
WARNING: program timed out.
FAIL: Thread_Join -O3 execution - bytecode->native test
WARNING: program timed out.
FAIL: Thread_Monitor execution - source compiled test
WARNING: program timed out.
FAIL: Thread_Monitor execution - gij test
WARNING: program timed out.
FAIL: Thread_Monitor execution - bytecode->native test
WARNING: program timed out.
FAIL: Thread_Monitor -O3 execution - source compiled test
WARNING: program timed out.
FAIL: Thread_Monitor execution - gij test
WARNING: program timed out.
FAIL: Thread_Monitor -O3 execution - bytecode->native test
WARNING: program timed out.
FAIL: Thread_Sleep execution - source compiled test
WARNING: program timed out.
FAIL: Thread_Sleep execution - gij test
WARNING: program timed out.
FAIL: Thread_Sleep execution - bytecode->native test
WARNING: program timed out.
FAIL: Thread_Sleep -O3 execution - source compiled test
WARNING: program timed out.
FAIL: Thread_Sleep execution - gij test
WARNING: program timed out.
FAIL: Thread_Sleep -O3 execution - bytecode->native test
WARNING: program timed out.
FAIL: Thread_Wait execution - source compiled test
WARNING: program timed out.
FAIL: Thread_Wait execution - gij test
WARNING: program timed out.
FAIL: Thread_Wait execution - bytecode->native test
WARNING: program timed out.
FAIL: Thread_Wait -O3 execution - source compiled test
WARNING: program timed out.
FAIL: Thread_Wait execution - gij test
WARNING: program timed out.
FAIL: Thread_Wait -O3 execution - bytecode->native test
WARNING: program timed out.
FAIL: Thread_Wait_2 execution - source compiled test
WARNING: program timed out.
FAIL: Thread_Wait_2 execution - gij test
FAIL: Thread_Wait_2 compilation from bytecode
WARNING: program timed out.
FAIL: Thread_Wait_2 -O3 execution - source compiled test
WARNING: program timed out.
FAIL: Thread_Wait_2 execution - gij test
WARNING: program timed out.
FAIL: Thread_Wait_2 -O3 execution - bytecode->native test
WARNING: program timed out.
FAIL: Thread_Wait_Interrupt execution - source compiled test
WARNING: program timed out.
FAIL: Thread_Wait_Interrupt execution - gij test
WARNING: program timed out.
FAIL: Thread_Wait_Interrupt execution - bytecode->native test
WARNING: program timed out.
FAIL: Thread_Wait_Interrupt -O3 execution - source compiled test
WARNING: program timed out.
FAIL: Thread_Wait_Interrupt execution - gij test
WARNING: program timed out.
FAIL: Thread_Wait_Interrupt -O3 execution - bytecode->native test
WARNING: program timed out.
FAIL: Throw_1 execution - source compiled test
WARNING: program timed out.
FAIL: Throw_1 execution - gij test
WARNING: program timed out.
FAIL: Throw_1 execution - bytecode->native test
WARNING: program timed out.
FAIL: Throw_1 -O3 execution - source compiled test
ERROR: No \`main' given in program Throw_1
UNRESOLVED: Throw_2 compilation from source
WARNING: program timed out.
FAIL: Throw_2 execution - source compiled test
WARNING: program timed out.
FAIL: Throw_2 execution - gij test
FAIL: Throw_2 compilation from bytecode
WARNING: program timed out.
FAIL: Throw_2 -O3 execution - source compiled test
WARNING: program timed out.
FAIL: Throw_2 execution - gij test
WARNING: program timed out.
FAIL: Throw_2 -O3 execution - bytecode->native test
WARNING: program timed out.
FAIL: anfi execution - source compiled test
WARNING: program timed out.
FAIL: anfi execution - gij test
WARNING: program timed out.
FAIL: anfi execution - bytecode->native test
WARNING: program timed out.
FAIL: anfi -O3 execution - source compiled test
WARNING: program timed out.
FAIL: anfi execution - gij test
WARNING: program timed out.
FAIL: anfi -O3 execution - bytecode->native test
WARNING: program timed out.
FAIL: anon execution - source compiled test
WARNING: program timed out.
FAIL: anon execution - gij test
WARNING: program timed out.
FAIL: anon execution - bytecode->native test
WARNING: program timed out.
FAIL: anon -O3 execution - source compiled test
WARNING: program timed out.
FAIL: anon execution - gij test
WARNING: program timed out.
FAIL: anon -O3 execution - bytecode->native test
WARNING: program timed out.
FAIL: anon2 execution - source compiled test
WARNING: program timed out.
FAIL: anon2 execution - gij test
WARNING: program timed out.
FAIL: anon2 execution - bytecode->native test
WARNING: program timed out.
FAIL: anon2 -O3 execution - source compiled test
WARNING: program timed out.
FAIL: anon2 execution - gij test
WARNING: program timed out.
FAIL: anon2 -O3 execution - bytecode->native test
WARNING: program timed out.
FAIL: anon3 execution - source compiled test
WARNING: program timed out.
FAIL: anon3 execution - gij test
WARNING: program timed out.
FAIL: anon3 execution - bytecode->native test
WARNING: program timed out.
FAIL: anon3 -O3 execution - source compiled test
WARNING: program timed out.
FAIL: anon3 execution - gij test
WARNING: program timed out.
FAIL: anon3 -O3 execution - bytecode->native test
WARNING: program timed out.
FAIL: anon4 execution - source compiled test
ERROR: No \`main' given in program anon4
UNRESOLVED: anon4 -O3 compilation from source
WARNING: program timed out.
FAIL: anon4 -O3 execution - source compiled test
ERROR: No \`main' given in program anon4
UNRESOLVED: anon_ctor_itf_arg compilation from source
WARNING: program timed out.
FAIL: anon_ctor_itf_arg execution - source compiled test
WARNING: program timed out.
FAIL: anon_ctor_itf_arg execution - gij test
WARNING: program timed out.
FAIL: anon_ctor_itf_arg execution - bytecode->native test
WARNING: program timed out.
FAIL: anon_ctor_itf_arg -O3 execution - source compiled test
WARNING: program timed out.
FAIL: anon_ctor_itf_arg execution - gij test
WARNING: program timed out.
FAIL: anon_ctor_itf_arg -O3 execution - bytecode->native test
WARNING: program timed out.
FAIL: anonarray execution - source compiled test
ERROR: No \`main' given in program anonarray
UNRESOLVED: anonarray -O3 compilation from source
WARNING: program timed out.
FAIL: anonarray -O3 execution - source compiled test
WARNING: program timed out.
FAIL: anonarray execution - gij test
WARNING: program timed out.
FAIL: anonarray -O3 execution - bytecode->native test
WARNING: program timed out.
FAIL: anonarray2 execution - source compiled test
WARNING: program timed out.
FAIL: anonarray2 execution - gij test
WARNING: program timed out.
FAIL: anonarray2 execution - bytecode->native test
WARNING: program timed out.
FAIL: anonarray2 -O3 execution - source compiled test
WARNING: program timed out.
FAIL: anonarray2 execution - gij test
WARNING: program timed out.
FAIL: anonarray2 -O3 execution - bytecode->native test
WARNING: program timed out.
FAIL: anonarray3 execution - source compiled test
WARNING: program timed out.
FAIL: anonarray3 execution - gij test
WARNING: program timed out.
FAIL: anonarray3 execution - bytecode->native test
WARNING: program timed out.
FAIL: anonarray3 -O3 execution - source compiled test
ERROR: No \`main' given in program anonarray3
UNRESOLVED: assign compilation from source
WARNING: program timed out.
FAIL: assign execution - source compiled test
WARNING: program timed out.
FAIL: assign execution - gij test
WARNING: program timed out.
FAIL: assign execution - bytecode->native test
WARNING: program timed out.
FAIL: assign -O3 execution - source compiled test
WARNING: program timed out.
FAIL: assign execution - gij test
WARNING: program timed out.
FAIL: assign -O3 execution - bytecode->native test
WARNING: program timed out.
FAIL: direct_read execution - source compiled test
WARNING: program timed out.
FAIL: direct_read execution - gij test
WARNING: program timed out.
FAIL: direct_read execution - bytecode->native test
WARNING: program timed out.
FAIL: direct_read -O3 execution - source compiled test
WARNING: program timed out.
FAIL: direct_read execution - gij test
WARNING: program timed out.
FAIL: direct_read -O3 execution - bytecode->native test
WARNING: program timed out.
FAIL: direct_write execution - source compiled test
WARNING: program timed out.
FAIL: direct_write execution - gij test
WARNING: program timed out.
FAIL: direct_write execution - bytecode->native test
WARNING: program timed out.
FAIL: direct_write -O3 execution - source compiled test
WARNING: program timed out.
FAIL: direct_write execution - gij test
WARNING: program timed out.
FAIL: direct_write -O3 execution - bytecode->native test
WARNING: program timed out.
FAIL: emptystring execution - source compiled test
WARNING: program timed out.
FAIL: emptystring execution - gij test
WARNING: program timed out.
FAIL: emptystring execution - bytecode->native test
WARNING: program timed out.
FAIL: emptystring -O3 execution - source compiled test
WARNING: program timed out.
FAIL: emptystring execution - gij test
WARNING: program timed out.
FAIL: emptystring -O3 execution - bytecode->native test
WARNING: program timed out.
FAIL: err1 execution - source compiled test
WARNING: program timed out.
FAIL: err1 execution - gij test
WARNING: program timed out.
FAIL: err1 execution - bytecode->native test
WARNING: program timed out.
FAIL: err1 -O3 execution - source compiled test
WARNING: program timed out.
FAIL: err1 execution - gij test
WARNING: program timed out.
FAIL: err1 -O3 execution - bytecode->native test
WARNING: program timed out.
FAIL: err10 execution - source compiled test
WARNING: program timed out.
FAIL: err10 execution - gij test
WARNING: program timed out.
FAIL: err10 execution - bytecode->native test
WARNING: program timed out.
FAIL: err10 -O3 execution - source compiled test
WARNING: program timed out.
FAIL: err10 execution - gij test
WARNING: program timed out.
FAIL: err10 -O3 execution - bytecode->native test
WARNING: program timed out.
FAIL: err11 execution - source compiled test
WARNING: program timed out.
FAIL: err11 execution - gij test
WARNING: program timed out.
FAIL: err11 execution - bytecode->native test
WARNING: program timed out.
FAIL: err11 -O3 execution - source compiled test
WARNING: program timed out.
FAIL: err11 execution - gij test
WARNING: program timed out.
FAIL: err11 -O3 execution - bytecode->native test
WARNING: program timed out.
FAIL: err12 execution - source compiled test
WARNING: program timed out.
FAIL: err12 execution - gij test
WARNING: program timed out.
FAIL: err12 execution - bytecode->native test
WARNING: program timed out.
FAIL: err12 -O3 execution - source compiled test
WARNING: program timed out.
FAIL: err12 execution - gij test
WARNING: program timed out.
FAIL: err12 -O3 execution - bytecode->native test
WARNING: program timed out.
FAIL: err13 execution - source compiled test
WARNING: program timed out.
FAIL: err13 execution - gij test
WARNING: program timed out.
FAIL: err13 execution - bytecode->native test
WARNING: program timed out.
FAIL: err13 -O3 execution - source compiled test
WARNING: program timed out.
FAIL: err13 execution - gij test
WARNING: program timed out.
FAIL: err13 -O3 execution - bytecode->native test
WARNING: program timed out.
FAIL: err2 execution - source compiled test
WARNING: program timed out.
FAIL: err2 execution - gij test
WARNING: program timed out.
FAIL: err2 execution - bytecode->native test
WARNING: program timed out.
FAIL: err2 -O3 execution - source compiled test
WARNING: program timed out.
FAIL: err2 execution - gij test
WARNING: program timed out.
FAIL: err2 -O3 execution - bytecode->native test
WARNING: program timed out.
FAIL: err3 execution - source compiled test
WARNING: program timed out.
FAIL: err3 execution - gij test
WARNING: program timed out.
FAIL: err3 execution - bytecode->native test
WARNING: program timed out.
FAIL: err3 -O3 execution - source compiled test
WARNING: program timed out.
FAIL: err3 execution - gij test
WARNING: program timed out.
FAIL: err3 -O3 execution - bytecode->native test
WARNING: program timed out.
FAIL: err4 execution - source compiled test
WARNING: program timed out.
FAIL: err4 execution - gij test
WARNING: program timed out.
FAIL: err4 execution - bytecode->native test
WARNING: program timed out.
FAIL: err4 -O3 execution - source compiled test
WARNING: program timed out.
FAIL: err4 execution - gij test
WARNING: program timed out.
FAIL: err4 -O3 execution - bytecode->native test
WARNING: program timed out.
FAIL: err5 execution - source compiled test
WARNING: program timed out.
FAIL: err5 execution - gij test
WARNING: program timed out.
FAIL: err5 execution - bytecode->native test
WARNING: program timed out.
FAIL: err5 -O3 execution - source compiled test
WARNING: program timed out.
FAIL: err5 execution - gij test
WARNING: program timed out.
FAIL: err5 -O3 execution - bytecode->native test
WARNING: program timed out.
FAIL: err6 execution - source compiled test
WARNING: program timed out.
FAIL: err6 execution - gij test
WARNING: program timed out.
FAIL: err6 execution - bytecode->native test
WARNING: program timed out.
FAIL: err6 -O3 execution - source compiled test
WARNING: program timed out.
FAIL: err6 execution - gij test
WARNING: program timed out.
FAIL: err6 -O3 execution - bytecode->native test
WARNING: program timed out.
FAIL: err7 execution - source compiled test
WARNING: program timed out.
FAIL: err7 execution - gij test
WARNING: program timed out.
FAIL: err7 execution - bytecode->native test
WARNING: program timed out.
FAIL: err7 -O3 execution - source compiled test
WARNING: program timed out.
FAIL: err7 execution - gij test
WARNING: program timed out.
FAIL: err7 -O3 execution - bytecode->native test
WARNING: program timed out.
FAIL: err8 execution - source compiled test
WARNING: program timed out.
FAIL: err8 execution - gij test
WARNING: program timed out.
FAIL: err8 execution - bytecode->native test
WARNING: program timed out.
FAIL: err8 -O3 execution - source compiled test
WARNING: program timed out.
FAIL: err8 execution - gij test
WARNING: program timed out.
FAIL: err8 -O3 execution - bytecode->native test
WARNING: program timed out.
FAIL: err9 execution - source compiled test
WARNING: program timed out.
FAIL: err9 execution - gij test
WARNING: program timed out.
FAIL: err9 execution - bytecode->native test
WARNING: program timed out.
FAIL: err9 -O3 execution - source compiled test
WARNING: program timed out.
FAIL: err9 execution - gij test
WARNING: program timed out.
FAIL: err9 -O3 execution - bytecode->native test
WARNING: program timed out.
FAIL: final_inner execution - source compiled test
WARNING: program timed out.
FAIL: final_inner execution - gij test
WARNING: program timed out.
FAIL: final_inner execution - bytecode->native test
WARNING: program timed out.
FAIL: final_inner -O3 execution - source compiled test
WARNING: program timed out.
FAIL: final_inner execution - gij test
WARNING: program timed out.
FAIL: final_inner -O3 execution - bytecode->native test
WARNING: program timed out.
FAIL: final_int execution - source compiled test
WARNING: program timed out.
FAIL: final_int execution - gij test
WARNING: program timed out.
FAIL: final_int execution - bytecode->native test
WARNING: program timed out.
FAIL: final_int -O3 execution - source compiled test
WARNING: program timed out.
FAIL: final_int execution - gij test
WARNING: program timed out.
FAIL: final_int -O3 execution - bytecode->native test
WARNING: program timed out.
FAIL: final_static_and_friend execution - source compiled test
WARNING: program timed out.
FAIL: final_static_and_friend execution - gij test
WARNING: program timed out.
FAIL: final_static_and_friend execution - bytecode->native test
WARNING: program timed out.
FAIL: final_static_and_friend -O3 execution - source compiled test
WARNING: program timed out.
FAIL: final_static_and_friend execution - gij test
WARNING: program timed out.
FAIL: final_static_and_friend -O3 execution - bytecode->native test
WARNING: program timed out.
FAIL: indirect execution - source compiled test
WARNING: program timed out.
FAIL: indirect execution - gij test
WARNING: program timed out.
FAIL: indirect execution - bytecode->native test
WARNING: program timed out.
FAIL: indirect -O3 execution - source compiled test
WARNING: program timed out.
FAIL: indirect execution - gij test
WARNING: program timed out.
FAIL: indirect -O3 execution - bytecode->native test
WARNING: program timed out.
FAIL: indirect_read execution - source compiled test
WARNING: program timed out.
FAIL: indirect_read execution - gij test
WARNING: program timed out.
FAIL: indirect_read execution - bytecode->native test
WARNING: program timed out.
FAIL: indirect_read -O3 execution - source compiled test
WARNING: program timed out.
FAIL: indirect_read execution - gij test
WARNING: program timed out.
FAIL: indirect_read -O3 execution - bytecode->native test
WARNING: program timed out.
FAIL: indirect_write execution - source compiled test
WARNING: program timed out.
FAIL: indirect_write execution - gij test
WARNING: program timed out.
FAIL: indirect_write execution - bytecode->native test
WARNING: program timed out.
FAIL: indirect_write -O3 execution - source compiled test
WARNING: program timed out.
FAIL: indirect_write execution - gij test
WARNING: program timed out.
FAIL: indirect_write -O3 execution - bytecode->native test
WARNING: program timed out.
FAIL: initexc execution - source compiled test
WARNING: program timed out.
FAIL: initexc execution - gij test
WARNING: program timed out.
FAIL: initexc execution - bytecode->native test
WARNING: program timed out.
FAIL: initexc -O3 execution - source compiled test
WARNING: program timed out.
FAIL: initexc execution - gij test
WARNING: program timed out.
FAIL: initexc -O3 execution - bytecode->native test
WARNING: program timed out.
FAIL: initfield execution - source compiled test
WARNING: program timed out.
FAIL: initfield execution - gij test
WARNING: program timed out.
FAIL: initfield execution - bytecode->native test
WARNING: program timed out.
FAIL: initfield -O3 execution - source compiled test
WARNING: program timed out.
FAIL: initfield execution - gij test
WARNING: program timed out.
FAIL: initfield -O3 execution - bytecode->native test
WARNING: program timed out.
FAIL: inline execution - source compiled test
WARNING: program timed out.
FAIL: inline execution - gij test
WARNING: program timed out.
FAIL: inline execution - bytecode->native test
WARNING: program timed out.
FAIL: inline -O3 execution - source compiled test
WARNING: program timed out.
FAIL: inline execution - gij test
WARNING: program timed out.
FAIL: inline -O3 execution - bytecode->native test
WARNING: program timed out.
FAIL: inner1 execution - source compiled test
WARNING: program timed out.
FAIL: inner1 execution - gij test
WARNING: program timed out.
FAIL: inner1 execution - bytecode->native test
WARNING: program timed out.
FAIL: inner1 -O3 execution - source compiled test
WARNING: program timed out.
FAIL: inner1 execution - gij test
WARNING: program timed out.
FAIL: inner1 -O3 execution - bytecode->native test
WARNING: program timed out.
FAIL: inner2 execution - source compiled test
WARNING: program timed out.
FAIL: inner2 execution - gij test
WARNING: program timed out.
FAIL: inner2 execution - bytecode->native test
WARNING: program timed out.
FAIL: inner2 -O3 execution - source compiled test
WARNING: program timed out.
FAIL: inner2 execution - gij test
WARNING: program timed out.
FAIL: inner2 -O3 execution - bytecode->native test
WARNING: program timed out.
FAIL: inner3 execution - source compiled test
WARNING: program timed out.
FAIL: inner3 execution - gij test
WARNING: program timed out.
FAIL: inner3 execution - bytecode->native test
WARNING: program timed out.
FAIL: inner3 -O3 execution - source compiled test
WARNING: program timed out.
FAIL: inner3 execution - gij test
WARNING: program timed out.
FAIL: inner3 -O3 execution - bytecode->native test
WARNING: program timed out.
FAIL: inner4 execution - source compiled test
WARNING: program timed out.
FAIL: inner4 execution - gij test
WARNING: program timed out.
FAIL: inner4 execution - bytecode->native test
WARNING: program timed out.
FAIL: inner4 -O3 execution - source compiled test
WARNING: program timed out.
FAIL: inner4 execution - gij test
WARNING: program timed out.
FAIL: inner4 -O3 execution - bytecode->native test
WARNING: program timed out.
FAIL: inner_array execution - source compiled test
WARNING: program timed out.
FAIL: inner_array execution - gij test
WARNING: program timed out.
FAIL: inner_array execution - bytecode->native test
WARNING: program timed out.
FAIL: inner_array -O3 execution - source compiled test
WARNING: program timed out.
FAIL: inner_array execution - gij test
WARNING: program timed out.
FAIL: inner_array -O3 execution - bytecode->native test
WARNING: program timed out.
FAIL: inner_interface execution - source compiled test
WARNING: program timed out.
FAIL: inner_interface execution - gij test
WARNING: program timed out.
FAIL: inner_interface execution - bytecode->native test
WARNING: program timed out.
FAIL: inner_interface -O3 execution - source compiled test
WARNING: program timed out.
FAIL: inner_interface execution - gij test
WARNING: program timed out.
FAIL: inner_interface -O3 execution - bytecode->native test
WARNING: program timed out.
FAIL: instance execution - source compiled test
WARNING: program timed out.
FAIL: instance execution - gij test
WARNING: program timed out.
FAIL: instance execution - bytecode->native test
WARNING: program timed out.
FAIL: instance -O3 execution - source compiled test
WARNING: program timed out.
FAIL: instance execution - gij test
WARNING: program timed out.
FAIL: instance -O3 execution - bytecode->native test
WARNING: program timed out.
FAIL: instinit execution - source compiled test
WARNING: program timed out.
FAIL: instinit execution - gij test
WARNING: program timed out.
FAIL: instinit execution - bytecode->native test
WARNING: program timed out.
FAIL: instinit -O3 execution - source compiled test
WARNING: program timed out.
FAIL: instinit execution - gij test
WARNING: program timed out.
FAIL: instinit -O3 execution - bytecode->native test
WARNING: program timed out.
FAIL: instinit2 execution - source compiled test
WARNING: program timed out.
FAIL: instinit2 execution - gij test
WARNING: program timed out.
FAIL: instinit2 execution - bytecode->native test
WARNING: program timed out.
FAIL: instinit2 -O3 execution - source compiled test
WARNING: program timed out.
FAIL: instinit2 execution - gij test
WARNING: program timed out.
FAIL: instinit2 -O3 execution - bytecode->native test
WARNING: program timed out.
FAIL: invoke_from_inner execution - source compiled test
WARNING: program timed out.
FAIL: invoke_from_inner execution - gij test
WARNING: program timed out.
FAIL: invoke_from_inner execution - bytecode->native test
WARNING: program timed out.
FAIL: invoke_from_inner -O3 execution - source compiled test
WARNING: program timed out.
FAIL: invoke_from_inner execution - gij test
WARNING: program timed out.
FAIL: invoke_from_inner -O3 execution - bytecode->native test
WARNING: program timed out.
FAIL: invokethrow execution - source compiled test
WARNING: program timed out.
FAIL: invokethrow execution - gij test
WARNING: program timed out.
FAIL: invokethrow execution - bytecode->native test
WARNING: program timed out.
FAIL: invokethrow -O3 execution - source compiled test
WARNING: program timed out.
FAIL: invokethrow execution - gij test
WARNING: program timed out.
FAIL: invokethrow -O3 execution - bytecode->native test
WARNING: program timed out.
FAIL: klass execution - source compiled test
WARNING: program timed out.
FAIL: klass execution - gij test
WARNING: program timed out.
FAIL: klass execution - bytecode->native test
WARNING: program timed out.
FAIL: klass -O3 execution - source compiled test
WARNING: program timed out.
FAIL: klass execution - gij test
WARNING: program timed out.
FAIL: klass -O3 execution - bytecode->native test
WARNING: program timed out.
FAIL: multiple_finit execution - source compiled test
WARNING: program timed out.
FAIL: multiple_finit execution - gij test
WARNING: program timed out.
FAIL: multiple_finit execution - bytecode->native test
WARNING: program timed out.
FAIL: multiple_finit -O3 execution - source compiled test
WARNING: program timed out.
FAIL: multiple_finit execution - gij test
WARNING: program timed out.
FAIL: multiple_finit -O3 execution - bytecode->native test
WARNING: program timed out.
FAIL: negzero execution - source compiled test
WARNING: program timed out.
FAIL: negzero execution - gij test
WARNING: program timed out.
FAIL: negzero execution - bytecode->native test
WARNING: program timed out.
FAIL: negzero -O3 execution - source compiled test
WARNING: program timed out.
FAIL: negzero execution - gij test
WARNING: program timed out.
FAIL: negzero -O3 execution - bytecode->native test
WARNING: program timed out.
FAIL: nested_with_ctor execution - source compiled test
WARNING: program timed out.
FAIL: nested_with_ctor execution - gij test
WARNING: program timed out.
FAIL: nested_with_ctor execution - bytecode->native test
WARNING: program timed out.
FAIL: nested_with_ctor -O3 execution - source compiled test
WARNING: program timed out.
FAIL: nested_with_ctor execution - gij test
WARNING: program timed out.
FAIL: nested_with_ctor -O3 execution - bytecode->native test
WARNING: program timed out.
FAIL: newarray_overflow execution - source compiled test
WARNING: program timed out.
FAIL: newarray_overflow execution - gij test
WARNING: program timed out.
FAIL: newarray_overflow execution - bytecode->native test
WARNING: program timed out.
FAIL: newarray_overflow -O3 execution - source compiled test
WARNING: program timed out.
FAIL: newarray_overflow execution - gij test
WARNING: program timed out.
FAIL: newarray_overflow -O3 execution - bytecode->native test
WARNING: program timed out.
FAIL: override execution - source compiled test
WARNING: program timed out.
FAIL: override execution - gij test
WARNING: program timed out.
FAIL: override execution - bytecode->native test
WARNING: program timed out.
FAIL: override -O3 execution - source compiled test
WARNING: program timed out.
FAIL: override execution - gij test
WARNING: program timed out.
FAIL: override -O3 execution - bytecode->native test
WARNING: program timed out.
FAIL: pr109 execution - source compiled test
WARNING: program timed out.
FAIL: pr109 execution - gij test
WARNING: program timed out.
FAIL: pr109 execution - bytecode->native test
WARNING: program timed out.
FAIL: pr109 -O3 execution - source compiled test
WARNING: program timed out.
FAIL: pr109 execution - gij test
WARNING: program timed out.
FAIL: pr109 -O3 execution - bytecode->native test
WARNING: program timed out.
FAIL: pr13107 execution - source compiled test
WARNING: program timed out.
FAIL: pr13107 execution - gij test
WARNING: program timed out.
FAIL: pr13107 execution - bytecode->native test
WARNING: program timed out.
FAIL: pr13107 -O3 execution - source compiled test
WARNING: program timed out.
FAIL: pr13107 execution - gij test
WARNING: program timed out.
FAIL: pr13107 -O3 execution - bytecode->native test
WARNING: program timed out.
FAIL: pr13107_2 execution - source compiled test
WARNING: program timed out.
FAIL: pr13107_2 execution - gij test
WARNING: program timed out.
FAIL: pr13107_2 -O3 execution - source compiled test
WARNING: program timed out.
FAIL: pr13107_2 execution - gij test
WARNING: program timed out.
FAIL: pr13107_3 execution - source compiled test
WARNING: program timed out.
FAIL: pr13107_3 execution - gij test
WARNING: program timed out.
FAIL: pr13107_3 -O3 execution - source compiled test
WARNING: program timed out.
FAIL: pr13107_3 execution - gij test
WARNING: program timed out.
FAIL: pr133 execution - source compiled test
WARNING: program timed out.
FAIL: pr133 execution - gij test
WARNING: program timed out.
FAIL: pr133 execution - bytecode->native test
WARNING: program timed out.
FAIL: pr133 -O3 execution - source compiled test
WARNING: program timed out.
FAIL: pr133 execution - gij test
WARNING: program timed out.
FAIL: pr133 -O3 execution - bytecode->native test
WARNING: program timed out.
FAIL: pr179 execution - source compiled test
WARNING: program timed out.
FAIL: pr179 execution - gij test
WARNING: program timed out.
FAIL: pr179 execution - bytecode->native test
WARNING: program timed out.
FAIL: pr179 -O3 execution - source compiled test
WARNING: program timed out.
FAIL: pr179 execution - gij test
WARNING: program timed out.
FAIL: pr179 -O3 execution - bytecode->native test
WARNING: program timed out.
FAIL: pr184 execution - source compiled test
WARNING: program timed out.
FAIL: pr184 execution - gij test
WARNING: program timed out.
FAIL: pr184 execution - bytecode->native test
WARNING: program timed out.
FAIL: pr184 -O3 execution - source compiled test
WARNING: program timed out.
FAIL: pr184 execution - gij test
WARNING: program timed out.
FAIL: pr184 -O3 execution - bytecode->native test
WARNING: program timed out.
FAIL: pr6388 execution - source compiled test
WARNING: program timed out.
FAIL: pr6388 execution - gij test
WARNING: program timed out.
FAIL: pr6388 execution - bytecode->native test
WARNING: program timed out.
FAIL: pr6388 -O3 execution - source compiled test
WARNING: program timed out.
FAIL: pr6388 execution - gij test
WARNING: program timed out.
FAIL: pr6388 -O3 execution - bytecode->native test
WARNING: program timed out.
FAIL: pr83 execution - source compiled test
WARNING: program timed out.
FAIL: pr83 execution - gij test
WARNING: program timed out.
FAIL: pr83 execution - bytecode->native test
WARNING: program timed out.
FAIL: pr83 -O3 execution - source compiled test
WARNING: program timed out.
FAIL: pr83 execution - gij test
WARNING: program timed out.
FAIL: pr83 -O3 execution - bytecode->native test
WARNING: program timed out.
FAIL: pr8415 execution - source compiled test
WARNING: program timed out.
FAIL: pr8415 execution - gij test
FAIL: pr8415 compilation from bytecode
WARNING: program timed out.
FAIL: pr8415 -O3 execution - source compiled test
WARNING: program timed out.
FAIL: pr8415 execution - gij test
WARNING: program timed out.
FAIL: pr8415 -O3 execution - bytecode->native test
WARNING: program timed out.
FAIL: pr8676 execution - source compiled test
WARNING: program timed out.
FAIL: pr8676 execution - gij test
WARNING: program timed out.
FAIL: pr8676 execution - bytecode->native test
WARNING: program timed out.
FAIL: pr8676 -O3 execution - source compiled test
WARNING: program timed out.
FAIL: pr8676 execution - gij test
WARNING: program timed out.
FAIL: pr8676 -O3 execution - bytecode->native test
WARNING: program timed out.
FAIL: pr8823 execution - source compiled test
WARNING: program timed out.
FAIL: pr8823 execution - gij test
WARNING: program timed out.
FAIL: pr8823 execution - bytecode->native test
WARNING: program timed out.
FAIL: pr8823 -O3 execution - source compiled test
WARNING: program timed out.
FAIL: pr8823 execution - gij test
WARNING: program timed out.
FAIL: pr8823 -O3 execution - bytecode->native test
WARNING: program timed out.
FAIL: pr8945 execution - source compiled test
WARNING: program timed out.
FAIL: pr8945 execution - gij test
WARNING: program timed out.
FAIL: pr8945 execution - bytecode->native test
WARNING: program timed out.
FAIL: pr8945 -O3 execution - source compiled test
WARNING: program timed out.
FAIL: pr8945 execution - gij test
WARNING: program timed out.
FAIL: pr8945 -O3 execution - bytecode->native test
WARNING: program timed out.
FAIL: private_direct_read execution - source compiled test
ERROR: No \`main' given in program private_direct_read
UNRESOLVED: private_direct_read -O3 compilation from source
WARNING: program timed out.
FAIL: private_direct_read -O3 execution - source compiled test
ERROR: No \`main' given in program private_direct_read
UNRESOLVED: search_outer compilation from source
WARNING: program timed out.
FAIL: search_outer execution - source compiled test
WARNING: program timed out.
FAIL: search_outer execution - gij test
WARNING: program timed out.
FAIL: search_outer execution - bytecode->native test
WARNING: program timed out.
FAIL: search_outer -O3 execution - source compiled test
WARNING: program timed out.
FAIL: search_outer execution - gij test
WARNING: program timed out.
FAIL: search_outer -O3 execution - bytecode->native test
WARNING: program timed out.
FAIL: stringconst execution - source compiled test
WARNING: program timed out.
FAIL: stringconst execution - gij test
WARNING: program timed out.
FAIL: stringconst execution - bytecode->native test
WARNING: program timed out.
FAIL: stringconst -O3 execution - source compiled test
ERROR: No \`main' given in program stringconst
UNRESOLVED: stringconst2 compilation from source
WARNING: program timed out.
FAIL: stringconst2 execution - source compiled test
WARNING: program timed out.
FAIL: stringconst2 execution - gij test
WARNING: program timed out.
FAIL: stringconst2 execution - bytecode->native test
WARNING: program timed out.
FAIL: stringconst2 -O3 execution - source compiled test
WARNING: program timed out.
FAIL: stringconst2 execution - gij test
WARNING: program timed out.
FAIL: stringconst2 -O3 execution - bytecode->native test
WARNING: program timed out.
FAIL: stub execution - source compiled test
ERROR: No \`main' given in program stub
UNRESOLVED: stub -O3 compilation from source
WARNING: program timed out.
FAIL: stub -O3 execution - source compiled test
ERROR: No \`main' given in program stub
UNRESOLVED: test_long compilation from source
WARNING: program timed out.
FAIL: test_long execution - source compiled test
WARNING: program timed out.
FAIL: test_long execution - gij test
FAIL: test_long compilation from bytecode
WARNING: program timed out.
FAIL: test_long -O3 execution - source compiled test
WARNING: program timed out.
FAIL: test_long execution - gij test
WARNING: program timed out.
FAIL: test_long -O3 execution - bytecode->native test
WARNING: program timed out.
FAIL: tmi execution - source compiled test
WARNING: program timed out.
FAIL: tmi execution - gij test
WARNING: program timed out.
FAIL: tmi execution - bytecode->native test
WARNING: program timed out.
FAIL: tmi -O3 execution - source compiled test
WARNING: program timed out.
FAIL: tmi execution - gij test
WARNING: program timed out.
FAIL: tmi -O3 execution - bytecode->native test
WARNING: program timed out.
FAIL: tp execution - source compiled test
WARNING: program timed out.
FAIL: tp execution - gij test
FAIL: tp compilation from bytecode
WARNING: program timed out.
FAIL: tp -O3 execution - source compiled test
WARNING: program timed out.
FAIL: tp execution - gij test
WARNING: program timed out.
FAIL: tp -O3 execution - bytecode->native test
WARNING: program timed out.
FAIL: update_outer execution - source compiled test
WARNING: program timed out.
FAIL: update_outer execution - gij test
WARNING: program timed out.
FAIL: update_outer execution - bytecode->native test
WARNING: program timed out.
FAIL: update_outer -O3 execution - source compiled test
ERROR: No \`main' given in program update_outer
UNRESOLVED: utf8concat compilation from source
WARNING: program timed out.
FAIL: utf8concat execution - source compiled test
WARNING: program timed out.
FAIL: utf8concat execution - gij test
WARNING: program timed out.
FAIL: utf8concat execution - bytecode->native test
WARNING: program timed out.
FAIL: utf8concat -O3 execution - source compiled test
WARNING: program timed out.
FAIL: utf8concat execution - gij test
WARNING: program timed out.
FAIL: utf8concat -O3 execution - bytecode->native test
WARNING: program timed out.
FAIL: utilTest execution - source compiled test
WARNING: program timed out.
FAIL: utilTest execution - gij test
WARNING: program timed out.
FAIL: utilTest execution - bytecode->native test
WARNING: program timed out.
FAIL: utilTest -O3 execution - source compiled test
WARNING: program timed out.
FAIL: utilTest execution - gij test
FAIL: utilTest -O3 compilation from bytecode
WARNING: program timed out.
FAIL: verify execution - source compiled test
WARNING: program timed out.
FAIL: verify execution - gij test
WARNING: program timed out.
FAIL: verify execution - bytecode->native test
WARNING: program timed out.
FAIL: verify -O3 execution - source compiled test
WARNING: program timed out.
FAIL: verify execution - gij test
WARNING: program timed out.
FAIL: verify -O3 execution - bytecode->native test
WARNING: program timed out.
FAIL: /homes/lucier/programs/gcc/mainline/objdir2/sparc-sun-solaris2.9/libjava/testsuite/TestEarlyGC.exe execution - /homes/lucier/programs/gcc/mainline/objdir2/sparc-sun-solaris2.9/libjava/testsuite/TestEarlyGC.exe
WARNING: program timed out.
FAIL: /homes/lucier/programs/gcc/mainline/objdir2/sparc-sun-solaris2.9/libjava/testsuite/TestLeak.exe execution - /homes/lucier/programs/gcc/mainline/objdir2/sparc-sun-solaris2.9/libjava/testsuite/TestLeak.exe
WARNING: program timed out.
FAIL: /homes/lucier/programs/gcc/mainline/objdir2/sparc-sun-solaris2.9/libjava/testsuite/TestMultiple.exe execution - /homes/lucier/programs/gcc/mainline/objdir2/sparc-sun-solaris2.9/libjava/testsuite/TestMultiple.exe
WARNING: program timed out.
FAIL: /homes/lucier/programs/gcc/mainline/objdir2/sparc-sun-solaris2.9/libjava/testsuite/TestParent.exe execution - /homes/lucier/programs/gcc/mainline/objdir2/sparc-sun-solaris2.9/libjava/testsuite/TestParent.exe

		=== libjava Summary for unix/-m64 ===

# of expected passes		1156
# of unexpected failures	895
# of expected failures		4
# of unresolved testcases	13
# of untested testcases		909

Running target unix
ERROR: tcl error sourcing /homes/lucier/programs/gcc/mainline/libjava/testsuite/libjava.compile/compile.exp.
ERROR: can't read "x": no such variable
ERROR: No \`main' given in program ArrayStore2
UNRESOLVED: Array_1 compilation from source
FAIL: Array_1 -O3 compilation from bytecode
FAIL: Array_2 compilation from bytecode
FAIL: Array_2 -O3 compilation from bytecode
FAIL: Array_3 execution - gij test
FAIL: Array_3 execution - gij test
FAIL: Class_1 -O3 compilation from bytecode
ERROR: No \`main' given in program CompareNaN
UNRESOLVED: CompareNaN -O3 compilation from source
ERROR: No \`main' given in program FileHandleGcTest
UNRESOLVED: FileHandleGcTest -O3 compilation from source
ERROR: No \`main' given in program FileHandleGcTest
UNRESOLVED: Final compilation from source
FAIL: G19990301_01 compilation from bytecode
FAIL: G19990302_02 compilation from bytecode
ERROR: No \`main' given in program G19990303_01
UNRESOLVED: G19990303_02 compilation from source
ERROR: No \`main' given in program G19990303_02
UNRESOLVED: G19990304_01 compilation from source
FAIL: II -O3 compilation from bytecode
FAIL: InvokeInterface compilation from bytecode
FAIL: InvokeInterface -O3 compilation from bytecode
FAIL: Invoke_1 -O3 compilation from bytecode
FAIL: Invoke_2 -O3 compilation from bytecode
FAIL: KeepInline -O3 compilation from bytecode
FAIL: PR12350 -O3 compilation from bytecode
FAIL: PR141 -O3 compilation from bytecode
FAIL: PR160 -O3 compilation from bytecode
ERROR: No \`main' given in program PR162
UNRESOLVED: PR218 compilation from source
ERROR: No \`main' given in program PR218
UNRESOLVED: PR242 compilation from source
ERROR: No \`main' given in program PR242
UNRESOLVED: PR260 compilation from source
FAIL: PR260 compilation from bytecode
FAIL: PR3096 -O3 compilation from bytecode
FAIL: PR3731 compilation from bytecode
ERROR: No \`main' given in program PR5057_2
UNRESOLVED: PR55 compilation from source
FAIL: PR6204 -O3 compilation from bytecode
FAIL: PR6729 compilation from bytecode
ERROR: No \`main' given in program PR7482
UNRESOLVED: Shazam compilation from source
ERROR: No \`main' given in program StaticConstructor
UNRESOLVED: StringBuffer_1 compilation from source
ERROR: No \`main' given in program StringBuffer_1
UNRESOLVED: StringBuffer_1 -O3 compilation from source
ERROR: No \`main' given in program StringBuffer_overflow
UNRESOLVED: String_overflow compilation from source
FAIL: SyncTest compilation from bytecode
FAIL: TLtest execution - gij test
FAIL: TestProxy -O3 compilation from bytecode
ERROR: No \`main' given in program Thread_Alive
UNRESOLVED: Thread_Interrupt compilation from source
FAIL: Thread_Join execution - gij test
FAIL: Thread_Monitor compilation from bytecode
FAIL: Thread_Monitor -O3 execution - bytecode->native test
ERROR: No \`main' given in program Thread_Sleep
UNRESOLVED: Thread_Sleep -O3 compilation from source
FAIL: Thread_Sleep -O3 compilation from bytecode
FAIL: Thread_Wait -O3 compilation from bytecode
FAIL: Thread_Wait_2 execution - bytecode->native test
FAIL: Thread_Wait_2 execution - gij test
FAIL: anfi compilation from bytecode
FAIL: anfi -O3 compilation from bytecode
FAIL: anon compilation from bytecode
FAIL: anon4 compilation from bytecode
FAIL: anon4 -O3 compilation from bytecode
FAIL: anonarray2 -O3 compilation from bytecode
FAIL: assign compilation from bytecode
FAIL: assign -O3 compilation from bytecode
FAIL: direct_read -O3 compilation from bytecode
FAIL: direct_write -O3 compilation from bytecode
FAIL: err1 -O3 compilation from bytecode
FAIL: err11 compilation from bytecode
FAIL: err11 -O3 compilation from bytecode
ERROR: No \`main' given in program err3
UNRESOLVED: err3 -O3 compilation from source
FAIL: err6 compilation from bytecode
FAIL: err6 -O3 compilation from bytecode
FAIL: err8 compilation from bytecode
ERROR: No \`main' given in program err9
UNRESOLVED: err9 -O3 compilation from source
FAIL: final_inner -O3 compilation from bytecode
FAIL: final_static_and_friend compilation from bytecode
ERROR: No \`main' given in program final_static_and_friend
UNRESOLVED: indirect compilation from source
FAIL: indirect_write compilation from bytecode
ERROR: No \`main' given in program indirect_write
UNRESOLVED: initexc compilation from source
ERROR: No \`main' given in program initexc
UNRESOLVED: initfield compilation from source
FAIL: inline -O3 compilation from bytecode
FAIL: inner2 compilation from bytecode
ERROR: No \`main' given in program inner4
UNRESOLVED: inner_array compilation from source
FAIL: inner_array compilation from bytecode
FAIL: instance -O3 compilation from bytecode
FAIL: instinit -O3 compilation from bytecode
FAIL: multiple_finit compilation from bytecode
FAIL: negzero -O3 execution - source compiled test
ERROR: No \`main' given in program nested_with_ctor
UNRESOLVED: newarray_overflow compilation from source
FAIL: newarray_overflow compilation from bytecode
ERROR: No \`main' given in program newarray_overflow
UNRESOLVED: override compilation from source
FAIL: override compilation from bytecode
FAIL: pr109 -O3 compilation from bytecode
FAIL: pr133 compilation from bytecode
FAIL: pr179 -O3 compilation from bytecode
FAIL: pr184 -O3 compilation from bytecode
ERROR: No \`main' given in program pr6388
UNRESOLVED: pr6388 -O3 compilation from source
ERROR: No \`main' given in program pr8415
UNRESOLVED: pr8415 -O3 compilation from source
FAIL: pr8676 -O3 compilation from bytecode
FAIL: pr8823 -O3 compilation from bytecode
ERROR: No \`main' given in program private_direct_read
UNRESOLVED: private_direct_read -O3 compilation from source
ERROR: No \`main' given in program private_direct_read
UNRESOLVED: search_outer compilation from source
FAIL: test_long -O3 compilation from bytecode
FAIL: tp -O3 compilation from bytecode
FAIL: update_outer -O3 compilation from bytecode
FAIL: utilTest compilation from bytecode
FAIL: /homes/lucier/programs/gcc/mainline/objdir2/sparc-sun-solaris2.9/libjava/testsuite/TestEarlyGC.exe execution - /homes/lucier/programs/gcc/mainline/objdir2/sparc-sun-solaris2.9/libjava/testsuite/TestEarlyGC.exe

		=== libjava Summary for unix ===

# of expected passes		2469
# of unexpected failures	71
# of expected failures		10
# of unresolved testcases	28
# of untested testcases		141

		=== libjava Summary ===

# of expected passes		3625
# of unexpected failures	966
# of expected failures		14
# of unresolved testcases	41
# of untested testcases		1050
		=== libstdc++ tests ===


Running target unix/-m64
FAIL: 23_containers/deque/invalidation/3.cc (test for excess errors)
WARNING: 23_containers/deque/invalidation/3.cc compilation failed to produce executable
FAIL: 23_containers/list/invalidation/3.cc (test for excess errors)
WARNING: 23_containers/list/invalidation/3.cc compilation failed to produce executable
FAIL: 23_containers/map/invalidation/2.cc (test for excess errors)
WARNING: 23_containers/map/invalidation/2.cc compilation failed to produce executable
FAIL: 23_containers/multimap/invalidation/2.cc (test for excess errors)
WARNING: 23_containers/multimap/invalidation/2.cc compilation failed to produce executable
FAIL: 23_containers/multiset/invalidation/2.cc (test for excess errors)
WARNING: 23_containers/multiset/invalidation/2.cc compilation failed to produce executable
FAIL: 23_containers/set/invalidation/2.cc (test for excess errors)
WARNING: 23_containers/set/invalidation/2.cc compilation failed to produce executable
FAIL: 23_containers/vector/invalidation/3.cc (test for excess errors)
WARNING: 23_containers/vector/invalidation/3.cc compilation failed to produce executable
FAIL: 23_containers/vector/invalidation/4.cc (test for excess errors)
WARNING: 23_containers/vector/invalidation/4.cc compilation failed to produce executable
FAIL: 26_numerics/complex/13450.cc (test for excess errors)
WARNING: 26_numerics/complex/13450.cc compilation failed to produce executable
FAIL: 26_numerics/complex/complex_value.cc (test for excess errors)
WARNING: 26_numerics/complex/complex_value.cc compilation failed to produce executable
FAIL: 26_numerics/complex/pow.cc (test for excess errors)
WARNING: 26_numerics/complex/pow.cc compilation failed to produce executable
FAIL: ext/14648.cc (test for excess errors)
WARNING: ext/14648.cc compilation failed to produce executable
FAIL: ext/rope/1.cc (test for excess errors)
WARNING: ext/rope/1.cc compilation failed to produce executable
FAIL: ext/rope/2.cc (test for excess errors)
WARNING: ext/rope/2.cc compilation failed to produce executable
FAIL: ext/rope/3.cc (test for excess errors)
WARNING: ext/rope/3.cc compilation failed to produce executable
FAIL: thread/pthread7-rope.cc (test for excess errors)
WARNING: thread/pthread7-rope.cc compilation failed to produce executable

		=== libstdc++ Summary for unix/-m64 ===

# of expected passes		2742
# of unexpected failures	16
# of expected failures		6

Running target unix
FAIL: 23_containers/deque/invalidation/3.cc (test for excess errors)
WARNING: 23_containers/deque/invalidation/3.cc compilation failed to produce executable
FAIL: 23_containers/list/invalidation/3.cc (test for excess errors)
WARNING: 23_containers/list/invalidation/3.cc compilation failed to produce executable
FAIL: 23_containers/map/invalidation/2.cc (test for excess errors)
WARNING: 23_containers/map/invalidation/2.cc compilation failed to produce executable
FAIL: 23_containers/multimap/invalidation/2.cc (test for excess errors)
WARNING: 23_containers/multimap/invalidation/2.cc compilation failed to produce executable
FAIL: 23_containers/multiset/invalidation/2.cc (test for excess errors)
WARNING: 23_containers/multiset/invalidation/2.cc compilation failed to produce executable
FAIL: 23_containers/set/invalidation/2.cc (test for excess errors)
WARNING: 23_containers/set/invalidation/2.cc compilation failed to produce executable
FAIL: 23_containers/vector/invalidation/3.cc (test for excess errors)
WARNING: 23_containers/vector/invalidation/3.cc compilation failed to produce executable
FAIL: 23_containers/vector/invalidation/4.cc (test for excess errors)
WARNING: 23_containers/vector/invalidation/4.cc compilation failed to produce executable
FAIL: 26_numerics/complex/13450.cc (test for excess errors)
WARNING: 26_numerics/complex/13450.cc compilation failed to produce executable
FAIL: 26_numerics/complex/complex_value.cc (test for excess errors)
WARNING: 26_numerics/complex/complex_value.cc compilation failed to produce executable
FAIL: 26_numerics/complex/pow.cc (test for excess errors)
WARNING: 26_numerics/complex/pow.cc compilation failed to produce executable
WARNING: program timed out.
FAIL: 27_io/basic_ofstream/cons/char/2.cc execution test
FAIL: ext/14648.cc (test for excess errors)
WARNING: ext/14648.cc compilation failed to produce executable
FAIL: ext/rope/1.cc (test for excess errors)
WARNING: ext/rope/1.cc compilation failed to produce executable
FAIL: ext/rope/2.cc (test for excess errors)
WARNING: ext/rope/2.cc compilation failed to produce executable
FAIL: ext/rope/3.cc (test for excess errors)
WARNING: ext/rope/3.cc compilation failed to produce executable
FAIL: thread/pthread7-rope.cc (test for excess errors)
WARNING: thread/pthread7-rope.cc compilation failed to produce executable

		=== libstdc++ Summary for unix ===

# of expected passes		2741
# of unexpected failures	17
# of expected failures		6

		=== libstdc++ Summary ===

# of expected passes		5483
# of unexpected failures	33
# of expected failures		12

Compiler version: 3.5.0 20040711 (experimental) 
Platform: sparc-sun-solaris2.9
configure flags: --enable-languages=c,c++,java,objc
Counting all warnings,
there are 25 warnings in stage3 of this bootstrap.

Number of warnings per file:
      6	gcc/libgcov.c
      5	/pkgs/gnu/share/bison.simple
      4	gcc/unwind-dw2.c
      3	gengtype-lex.c
      2	gcc/objc/lang-specs.h
      2	gcc/gcc.c
      2	gcc/config/sparc/sparc.md
      1	gcc/java/jvspec.c

Number of warning types:
      6	old-style function definition
      6	implicit declaration of function 'alloca'
      5	string length \`???' is greater than the length \`???' ISO C89 compilers are required to support
      2	missing braces around initializer
      2	comparison between signed and unsigned
      2	(near initialization for \`???')
      1	operand 2 missing mode?
      1	operand 0 missing mode?



More information about the Gcc-testresults mailing list