Results for 3.5.0 20040714 (experimental) testsuite on sh-unknown-elf

Joern Rennecke joern.rennecke@superh.com
Thu Jul 15 06:22:00 GMT 2004


LAST_UPDATED: 
Target is sh-unknown-elf
Host   is i686-pc-linux-gnu

		=== g++ tests ===


Running target sh-hms-sim
FAIL: g++.dg/ext/stmtexpr2.C execution test
FAIL: g++.dg/other/crash-2.C (test for excess errors)
FAIL: g++.dg/parse/varmod1.C  (test for errors, line 5)
FAIL: g++.dg/rtti/tinfo1.C scan-assembler-not .section[^\\n\\r]*_ZTIP9CTemplateIhE[^\\n\\r]*
FAIL: g++.old-deja/g++.bugs/900322_01.C  (test for errors, line 46)
FAIL: g++.old-deja/g++.bugs/900322_01.C  (test for errors, line 51)
FAIL: g++.old-deja/g++.bugs/900322_01.C  (test for errors, line 52)
XPASS: g++.old-deja/g++.jason/rfg16.C  (test for bogus messages, line 5)
XPASS: g++.old-deja/g++.jason/thunk3.C execution test
WARNING: g++.old-deja/g++.mike/p10769a.C compilation failed to produce executable
WARNING: g++.old-deja/g++.other/enum5.C compilation failed to produce executable
FAIL: g++.old-deja/g++.other/incomplete.C  (test for errors, line 14)
FAIL: g++.old-deja/g++.other/incomplete.C  (test for errors, line 15)
FAIL: g++.old-deja/g++.other/incomplete.C  (test for errors, line 16)
FAIL: g++.old-deja/g++.other/warn7.C  (test for warnings, line 38)
WARNING: g++.old-deja/g++.pt/friend44.C compilation failed to produce executable

		=== g++ Summary for sh-hms-sim ===

# of expected passes		9802
# of unexpected failures	11
# of unexpected successes	2
# of expected failures		81
# of unsupported tests		101

Running target sh-hms-sim/-m4/-ml
FAIL: g++.dg/ext/stmtexpr2.C execution test
FAIL: g++.dg/other/crash-2.C (test for excess errors)
FAIL: g++.dg/parse/varmod1.C  (test for errors, line 5)
FAIL: g++.dg/rtti/tinfo1.C scan-assembler-not .section[^\\n\\r]*_ZTIP9CTemplateIhE[^\\n\\r]*
FAIL: g++.old-deja/g++.bugs/900322_01.C  (test for errors, line 46)
FAIL: g++.old-deja/g++.bugs/900322_01.C  (test for errors, line 51)
FAIL: g++.old-deja/g++.bugs/900322_01.C  (test for errors, line 52)
XPASS: g++.old-deja/g++.jason/rfg16.C  (test for bogus messages, line 5)
XPASS: g++.old-deja/g++.jason/thunk3.C execution test
WARNING: g++.old-deja/g++.mike/p10769a.C compilation failed to produce executable
WARNING: g++.old-deja/g++.other/enum5.C compilation failed to produce executable
FAIL: g++.old-deja/g++.other/incomplete.C  (test for errors, line 14)
FAIL: g++.old-deja/g++.other/incomplete.C  (test for errors, line 15)
FAIL: g++.old-deja/g++.other/incomplete.C  (test for errors, line 16)
FAIL: g++.old-deja/g++.other/warn7.C  (test for warnings, line 38)
WARNING: g++.old-deja/g++.pt/friend44.C compilation failed to produce executable

		=== g++ Summary for sh-hms-sim/-m4/-ml ===

# of expected passes		9802
# of unexpected failures	11
# of unexpected successes	2
# of expected failures		81
# of unsupported tests		101

		=== g++ Summary ===

# of expected passes		19604
# of unexpected failures	22
# of unexpected successes	4
# of expected failures		162
# of unsupported tests		202
/swbuild/nightly/2004-07-14/sh-elf/gcc/testsuite/../g++  version 3.5.0 20040714 (experimental)

Host   is i686-pc-linux-gnu

		=== gcc tests ===


Running target sh-hms-sim
WARNING: program timed out.
FAIL: gcc.c-torture/compile/20001226-1.c  -O3 -g  (test for excess errors)
XPASS: gcc.c-torture/compile/20020210-1.c  -O1  (test for excess errors)
XPASS: gcc.c-torture/compile/20020210-1.c  -O2  (test for excess errors)
XPASS: gcc.c-torture/compile/20020210-1.c  -O3 -fomit-frame-pointer  (test for excess errors)
XPASS: gcc.c-torture/compile/20020210-1.c  -O3 -g  (test for excess errors)
XPASS: gcc.c-torture/compile/20020210-1.c  -Os  (test for excess errors)
WARNING: program timed out.
FAIL: gcc.c-torture/compile/930503-1.c  -O1  (test for excess errors)
WARNING: program timed out.
FAIL: gcc.c-torture/compile/930503-1.c  -O2  (test for excess errors)
WARNING: program timed out.
FAIL: gcc.c-torture/compile/930503-1.c  -O3 -fomit-frame-pointer  (test for excess errors)
WARNING: program timed out.
FAIL: gcc.c-torture/compile/930503-1.c  -O3 -fomit-frame-pointer -funroll-loops  (test for excess errors)
WARNING: program timed out.
FAIL: gcc.c-torture/compile/930503-1.c  -O3 -fomit-frame-pointer -funroll-all-loops -finline-functions  (test for excess errors)
WARNING: program timed out.
FAIL: gcc.c-torture/compile/930503-1.c  -O3 -g  (test for excess errors)
WARNING: program timed out.
FAIL: gcc.c-torture/compile/930503-1.c  -Os  (test for excess errors)
WARNING: program timed out.
FAIL: gcc.c-torture/compile/980329-1.c  -O1  (test for excess errors)
UNRESOLVED: gcc.c-torture/execute/20020720-1.c execution,  -O1 
UNRESOLVED: gcc.c-torture/execute/20020720-1.c execution,  -O2 
UNRESOLVED: gcc.c-torture/execute/20020720-1.c execution,  -O3 -fomit-frame-pointer 
UNRESOLVED: gcc.c-torture/execute/20020720-1.c execution,  -O3 -g 
UNRESOLVED: gcc.c-torture/execute/20020720-1.c execution,  -Os 
WARNING: program timed out.
FAIL: gcc.c-torture/unsorted/fnul.c,  -O1  
WARNING: program timed out.
FAIL: gcc.c-torture/unsorted/fnul.c,  -O2  
WARNING: program timed out.
FAIL: gcc.c-torture/unsorted/fnul.c,  -O3 -fomit-frame-pointer  
WARNING: program timed out.
FAIL: gcc.c-torture/unsorted/fnul.c,  -O3 -fomit-frame-pointer -funroll-loops  
WARNING: program timed out.
FAIL: gcc.c-torture/unsorted/fnul.c,  -O3 -fomit-frame-pointer -funroll-all-loops -finline-functions  
WARNING: program timed out.
FAIL: gcc.c-torture/unsorted/fnul.c,  -O3 -g  
WARNING: program timed out.
FAIL: gcc.c-torture/unsorted/fnul.c,  -Os  
FAIL: gcc.dg/debug/dwarf2/dwarf-die7.c scan-assembler 1.*DW_AT_inline
FAIL: gcc.dg/builtins-18.c (test for excess errors)
FAIL: gcc.dg/builtins-20.c (test for excess errors)
FAIL: gcc.dg/c90-const-expr-3.c (test for excess errors)
FAIL: gcc.dg/c99-const-expr-3.c (test for excess errors)
XPASS: gcc.dg/setjmp-1.c spurious clobbered warning (test for bogus messages, line 16)
FAIL: gcc.dg/uninit-H.c  (test for bogus messages, line 20)
FAIL: gcc.dg/torture/builtin-convert-1.c  -O1  (test for excess errors)
FAIL: gcc.dg/torture/builtin-convert-1.c  -O2  (test for excess errors)
FAIL: gcc.dg/torture/builtin-convert-1.c  -O3 -fomit-frame-pointer  (test for excess errors)
FAIL: gcc.dg/torture/builtin-convert-1.c  -O3 -g  (test for excess errors)
FAIL: gcc.dg/torture/builtin-convert-1.c  -Os  (test for excess errors)
FAIL: gcc.dg/torture/builtin-convert-2.c  -O1  (test for excess errors)
FAIL: gcc.dg/torture/builtin-convert-2.c  -O2  (test for excess errors)
FAIL: gcc.dg/torture/builtin-convert-2.c  -O3 -fomit-frame-pointer  (test for excess errors)
FAIL: gcc.dg/torture/builtin-convert-2.c  -O3 -g  (test for excess errors)
FAIL: gcc.dg/torture/builtin-convert-2.c  -Os  (test for excess errors)
FAIL: gcc.dg/torture/builtin-convert-3.c  -O1  (test for excess errors)
FAIL: gcc.dg/torture/builtin-convert-3.c  -O2  (test for excess errors)
FAIL: gcc.dg/torture/builtin-convert-3.c  -O3 -fomit-frame-pointer  (test for excess errors)
FAIL: gcc.dg/torture/builtin-convert-3.c  -O3 -g  (test for excess errors)
FAIL: gcc.dg/torture/builtin-convert-3.c  -Os  (test for excess errors)
FAIL: gcc.dg/torture/builtin-power-1.c  -O0  (test for excess errors)
FAIL: gcc.dg/torture/builtin-power-1.c  -O1  (test for excess errors)
FAIL: gcc.dg/torture/builtin-power-1.c  -O2  (test for excess errors)
FAIL: gcc.dg/torture/builtin-power-1.c  -O3 -fomit-frame-pointer  (test for excess errors)
FAIL: gcc.dg/torture/builtin-power-1.c  -O3 -g  (test for excess errors)
FAIL: gcc.dg/torture/builtin-power-1.c  -Os  (test for excess errors)
FAIL: gcc.dg/tree-ssa/sra-1.c scan-tree-dump-times link_error 0

		=== gcc Summary for sh-hms-sim ===

# of expected passes		26245
# of unexpected failures	44
# of unexpected successes	6
# of expected failures		70
# of unresolved testcases	5
# of untested testcases		28
# of unsupported tests		398

Running target sh-hms-sim/-m4/-ml
WARNING: program timed out.
FAIL: gcc.c-torture/compile/20001226-1.c  -O3 -g  (test for excess errors)
XPASS: gcc.c-torture/compile/20020210-1.c  -O1  (test for excess errors)
XPASS: gcc.c-torture/compile/20020210-1.c  -O2  (test for excess errors)
XPASS: gcc.c-torture/compile/20020210-1.c  -O3 -fomit-frame-pointer  (test for excess errors)
XPASS: gcc.c-torture/compile/20020210-1.c  -O3 -g  (test for excess errors)
XPASS: gcc.c-torture/compile/20020210-1.c  -Os  (test for excess errors)
WARNING: program timed out.
FAIL: gcc.c-torture/compile/930503-1.c  -O1  (test for excess errors)
WARNING: program timed out.
FAIL: gcc.c-torture/compile/930503-1.c  -O2  (test for excess errors)
WARNING: program timed out.
FAIL: gcc.c-torture/compile/930503-1.c  -O3 -fomit-frame-pointer  (test for excess errors)
WARNING: program timed out.
FAIL: gcc.c-torture/compile/930503-1.c  -O3 -fomit-frame-pointer -funroll-loops  (test for excess errors)
WARNING: program timed out.
FAIL: gcc.c-torture/compile/930503-1.c  -O3 -fomit-frame-pointer -funroll-all-loops -finline-functions  (test for excess errors)
WARNING: program timed out.
FAIL: gcc.c-torture/compile/930503-1.c  -O3 -g  (test for excess errors)
WARNING: program timed out.
FAIL: gcc.c-torture/compile/930503-1.c  -Os  (test for excess errors)
WARNING: program timed out.
FAIL: gcc.c-torture/compile/980329-1.c  -O1  (test for excess errors)
UNRESOLVED: gcc.c-torture/execute/20020720-1.c execution,  -O1 
UNRESOLVED: gcc.c-torture/execute/20020720-1.c execution,  -O2 
UNRESOLVED: gcc.c-torture/execute/20020720-1.c execution,  -O3 -fomit-frame-pointer 
UNRESOLVED: gcc.c-torture/execute/20020720-1.c execution,  -O3 -g 
UNRESOLVED: gcc.c-torture/execute/20020720-1.c execution,  -Os 
FAIL: gcc.c-torture/execute/930603-3.c compilation,  -O2 
UNRESOLVED: gcc.c-torture/execute/930603-3.c execution,  -O2 
FAIL: gcc.c-torture/execute/930603-3.c compilation,  -O3 -fomit-frame-pointer 
UNRESOLVED: gcc.c-torture/execute/930603-3.c execution,  -O3 -fomit-frame-pointer 
FAIL: gcc.c-torture/execute/930603-3.c compilation,  -O3 -g 
UNRESOLVED: gcc.c-torture/execute/930603-3.c execution,  -O3 -g 
FAIL: gcc.c-torture/execute/930603-3.c compilation,  -Os 
UNRESOLVED: gcc.c-torture/execute/930603-3.c execution,  -Os 
FAIL: gcc.c-torture/execute/simd-1.c execution,  -O0 
FAIL: gcc.c-torture/unsorted/SFset.c,  -O2  
FAIL: gcc.c-torture/unsorted/SFset.c,  -O3 -fomit-frame-pointer  
FAIL: gcc.c-torture/unsorted/SFset.c,  -O3 -g  
FAIL: gcc.c-torture/unsorted/SFset.c,  -Os  
WARNING: program timed out.
FAIL: gcc.c-torture/unsorted/fnul.c,  -O1  
WARNING: program timed out.
FAIL: gcc.c-torture/unsorted/fnul.c,  -O2  
WARNING: program timed out.
FAIL: gcc.c-torture/unsorted/fnul.c,  -O3 -fomit-frame-pointer  
WARNING: program timed out.
FAIL: gcc.c-torture/unsorted/fnul.c,  -O3 -fomit-frame-pointer -funroll-loops  
WARNING: program timed out.
FAIL: gcc.c-torture/unsorted/fnul.c,  -O3 -fomit-frame-pointer -funroll-all-loops -finline-functions  
WARNING: program timed out.
FAIL: gcc.c-torture/unsorted/fnul.c,  -O3 -g  
WARNING: program timed out.
FAIL: gcc.c-torture/unsorted/fnul.c,  -Os  
FAIL: gcc.dg/compat/struct-by-value-19 c_compat_x_tst.o-c_compat_y_tst.o execute 
FAIL: gcc.dg/compat/struct-return-19 c_compat_x_tst.o-c_compat_y_tst.o execute 
FAIL: gcc.dg/debug/dwarf2/dwarf-die7.c scan-assembler 1.*DW_AT_inline
FAIL: gcc.dg/builtins-20.c (test for excess errors)
FAIL: gcc.dg/c90-const-expr-3.c (test for excess errors)
FAIL: gcc.dg/c99-const-expr-3.c (test for excess errors)
XPASS: gcc.dg/setjmp-1.c spurious clobbered warning (test for bogus messages, line 16)
FAIL: gcc.dg/uninit-H.c  (test for bogus messages, line 20)
FAIL: gcc.dg/torture/builtin-convert-1.c  -O1  (test for excess errors)
FAIL: gcc.dg/torture/builtin-convert-1.c  -O2  (test for excess errors)
FAIL: gcc.dg/torture/builtin-convert-1.c  -O3 -fomit-frame-pointer  (test for excess errors)
FAIL: gcc.dg/torture/builtin-convert-1.c  -O3 -g  (test for excess errors)
FAIL: gcc.dg/torture/builtin-convert-1.c  -Os  (test for excess errors)
FAIL: gcc.dg/torture/builtin-convert-2.c  -O1  (test for excess errors)
FAIL: gcc.dg/torture/builtin-convert-2.c  -O2  (test for excess errors)
FAIL: gcc.dg/torture/builtin-convert-2.c  -O3 -fomit-frame-pointer  (test for excess errors)
FAIL: gcc.dg/torture/builtin-convert-2.c  -O3 -g  (test for excess errors)
FAIL: gcc.dg/torture/builtin-convert-2.c  -Os  (test for excess errors)
FAIL: gcc.dg/torture/builtin-convert-3.c  -O1  (test for excess errors)
FAIL: gcc.dg/torture/builtin-convert-3.c  -O2  (test for excess errors)
FAIL: gcc.dg/torture/builtin-convert-3.c  -O3 -fomit-frame-pointer  (test for excess errors)
FAIL: gcc.dg/torture/builtin-convert-3.c  -O3 -g  (test for excess errors)
FAIL: gcc.dg/torture/builtin-convert-3.c  -Os  (test for excess errors)
FAIL: gcc.dg/torture/builtin-power-1.c  -O0  (test for excess errors)
FAIL: gcc.dg/torture/builtin-power-1.c  -O1  (test for excess errors)
FAIL: gcc.dg/torture/builtin-power-1.c  -O2  (test for excess errors)
FAIL: gcc.dg/torture/builtin-power-1.c  -O3 -fomit-frame-pointer  (test for excess errors)
FAIL: gcc.dg/torture/builtin-power-1.c  -O3 -g  (test for excess errors)
FAIL: gcc.dg/torture/builtin-power-1.c  -Os  (test for excess errors)
FAIL: gcc.dg/tree-ssa/sra-1.c scan-tree-dump-times link_error 0

		=== gcc Summary for sh-hms-sim/-m4/-ml ===

# of expected passes		26231
# of unexpected failures	54
# of unexpected successes	6
# of expected failures		70
# of unresolved testcases	9
# of untested testcases		28
# of unsupported tests		398

		=== gcc Summary ===

# of expected passes		52476
# of unexpected failures	98
# of unexpected successes	12
# of expected failures		140
# of unresolved testcases	14
# of untested testcases		56
# of unsupported tests		796
/swbuild/nightly/2004-07-14/sh-elf/gcc/xgcc  version 3.5.0 20040714 (experimental)

Host   is i686-pc-linux-gnu

		=== objc tests ===


Running target sh-hms-sim

		=== objc Summary for sh-hms-sim ===

# of expected passes		1404
# of unsupported tests		7

Running target sh-hms-sim/-m4/-ml

		=== objc Summary for sh-hms-sim/-m4/-ml ===

# of expected passes		1404
# of unsupported tests		7

		=== objc Summary ===

# of expected passes		2808
# of unsupported tests		14
/swbuild/nightly/2004-07-14/sh-elf/gcc/xgcc  version 3.5.0 20040714 (experimental)


Compiler version: 3.5.0 20040714 (experimental) 
Platform: sh-unknown-elf
configure flags: --target=sh-elf --with-headers --with-newlib,;t t



More information about the Gcc-testresults mailing list