Results for 3.3.4-hammer testsuite on i586-suse-linux-gnu

Robert Schiele rschiele@uni-mannheim.de
Tue Jul 13 07:54:00 GMT 2004


# Some comments about the system:

# SuSE Linux 9.1 (i586)
# VERSION = 9.1

# bash-2.05b-305.1
# binutils-2.15.90.0.1.1-31
# dejagnu-1.4.3-330
# expect-5.40-27
# gcc-3.3.3-41
# glibc-2.3.3-97
# kernel-default-2.6.5-7.95
# make-3.80-184
# tcl-8.4.6-26
# texinfo-4.6-61

# Linux 2.6.5-7.75-default #1 Mon Jun 14 10:44:37 UTC 2004 i686 athlon i386 GNU/Linux
#   9:54am  up 17 days 10:31,  23 users,  load average: 1.56, 1.88, 1.85

# Reading specs from /usr/lib/gcc-lib/i586-suse-linux/3.3.3/specs
# Configured with: ../configure --enable-threads=posix --prefix=/usr --with-local-prefix=/usr/local --infodir=/usr/share/info --mandir=/usr/share/man --enable-languages=c,c++,f77,objc,java,ada --disable-checking --libdir=/usr/lib --enable-libgcj --with-gxx-include-dir=/usr/include/g++ --with-slibdir=/lib --with-system-zlib --enable-shared --enable-__cxa_atexit i586-suse-linux
# Thread model: posix
# gcc version 3.3.3 (SuSE Linux)

# GNU C Library stable release version 2.3.3 (20040405), by Roland McGrath et al.
# Configured for i686-suse-linux.
# Compiled by GNU CC version 3.3.3 (SuSE Linux).
# Compiled on a Linux 2.6.4 system on 2004-04-05.
# Available extensions:
# 	GNU libio by Per Bothner
# 	crypt add-on version 2.1 by Michael Glad and others
# 	linuxthreads-0.10 by Xavier Leroy
# 	GNU Libidn by Simon Josefsson
# 	NoVersion patch for broken glibc 2.0 binaries
# 	BIND-8.2.3-T5B
# 	libthread_db work sponsored by Alpha Processor Inc
# 	NIS(YP)/NIS+ NSS modules 0.19 by Thorsten Kukuk
# Thread-local storage support included.

LAST_UPDATED: Mon Jul 12 23:28:48 UTC 2004

Native configuration is i586-suse-linux-gnu

		=== g77 tests ===


Running target unix

		=== g77 Summary ===

# of expected passes		1720
# of unsupported tests		8
/local/build/gcc/testsuite/../g77 version 3.3.4-hammer

		=== gcc tests ===


Running target unix
FAIL: gcc.dg/duff-2.c (test for excess errors)
FAIL: gcc.dg/noreturn-1.c detect falling off end of noreturn (test for warnings, line 10)
FAIL: gcc.dg/noreturn-1.c this function should not get any warnings (test for bogus messages, line 18)
FAIL: gcc.dg/return-type-1.c warning for falling off end of non-void function (test for warnings, line 8)
FAIL: gcc.dg/return-type-1.c (test for excess errors)
FAIL: gcc.dg/warn-1.c  (test for warnings, line 8)
FAIL: gcc.dg/warn-1.c  (test for warnings, line 15)

		=== gcc Summary ===

# of expected passes		21495
# of unexpected failures	7
# of expected failures		69
# of unsupported tests		111
/local/build/gcc/xgcc version 3.3.4-hammer

		=== g++ tests ===


Running target unix
FAIL: g++.dg/overload/template1.C (test for excess errors)
FAIL: 14:is 2:should be 1
FAIL: g++.dg/gcov/gcov-3.C gcov: 1 failures in line counts, 0 in branch percentages, 0 in return percentages
XPASS: g++.other/init5.C  Execution test

		=== g++ Summary ===

# of expected passes		8248
# of unexpected failures	3
# of unexpected successes	1
# of expected failures		97
# of untested testcases		9
# of unsupported tests		25
/local/build/gcc/testsuite/../g++ version 3.3.4-hammer

		=== objc tests ===


Running target unix

		=== objc Summary ===

# of expected passes		1166
/local/build/gcc/xgcc version 3.3.4-hammer


		=== libstdc++-v3 check-abi Summary ===

# of added symbols:		 3
# of missing symbols:		 0
# of incompatible symbols:	 0
		=== libstdc++-v3 tests ===


Running target unix
XPASS: 22_locale/collate_byname.cc execution test
XPASS: 22_locale/collate_members_char.cc execution test
XPASS: 22_locale/collate_members_wchar_t.cc execution test
XPASS: 22_locale/ctype_is_char.cc execution test
XPASS: 22_locale/ctype_is_wchar_t.cc execution test
XPASS: 22_locale/members.cc execution test
XPASS: 22_locale/messages_byname.cc execution test
XPASS: 22_locale/messages_members_char.cc execution test
XPASS: 22_locale/money_get_members_char.cc execution test
XPASS: 22_locale/money_get_members_wchar_t.cc execution test
XPASS: 22_locale/money_put_members_char.cc execution test
XPASS: 22_locale/money_put_members_wchar_t.cc execution test
XPASS: 22_locale/moneypunct_byname.cc execution test
XPASS: 22_locale/moneypunct_members_char.cc execution test
XPASS: 22_locale/moneypunct_members_wchar_t.cc execution test
XPASS: 22_locale/num_get_members_char.cc execution test
XPASS: 22_locale/num_get_members_wchar_t.cc execution test
XPASS: 22_locale/num_put_members_char.cc execution test
XPASS: 22_locale/num_put_members_wchar_t.cc execution test
XPASS: 22_locale/numpunct_byname.cc execution test
XPASS: 22_locale/numpunct_members_char.cc execution test
XPASS: 22_locale/numpunct_members_wchar_t.cc execution test
XPASS: 22_locale/time_get_members_char.cc execution test
XPASS: 22_locale/time_get_members_wchar_t.cc execution test
XPASS: 22_locale/time_put_members_char.cc execution test
XPASS: 22_locale/time_put_members_wchar_t.cc execution test

		=== libstdc++-v3 Summary ===

# of expected passes		433
# of unexpected successes	26
# of expected failures		2

Compiler version: 3.3.4-hammer 
Platform: i586-suse-linux-gnu
configure flags: --host=i586-suse-linux --enable-threads=posix --prefix=/local/inst/gcchammer --enable-languages=c,c++,f77,objc --disable-checking --disable-libgcj --with-gxx-include-dir=/local/inst/gcchammer/include/g++ --with-system-zlib --enable-shared --enable-__cxa_atexit



More information about the Gcc-testresults mailing list