Results for 3.5.0 20040712 (experimental) testsuite on powerpc-unknown-eabispe

Aldy Hernandez aldyh@redhat.com
Mon Jul 12 06:03:00 GMT 2004


LAST_UPDATED: Fri Apr 23 00:45:28 UTC 2004

Target is powerpc-unknown-eabispe
Host   is i686-pc-linux-gnu

		=== binutils tests ===


Running target powerpc-sim

		=== binutils Summary ===

# of expected passes		33
		=== expect tests ===


Running target powerpc-sim

		=== expect Summary ===

# of expected passes		1
/tmp/build/nightly-builds/powerpc-eabispe/raptorred.ges.redhat.com/expect/expect version is 5.26

Host   is i686-pc-linux-gnu

		=== gas tests ===


Running target powerpc-sim

		=== gas Summary ===

# of expected passes		38
Host   is i686-pc-linux-gnu

		=== g++ tests ===


Running target powerpc-sim
FAIL: g++.dg/abi/bitfield4.C (test for excess errors)
WARNING: g++.dg/abi/bitfield4.C compilation failed to produce executable
FAIL: g++.dg/ext/altivec-1.C (test for excess errors)
FAIL: g++.dg/ext/altivec-10.C (test for excess errors)
FAIL: g++.dg/ext/altivec-2.C (test for excess errors)
WARNING: g++.dg/ext/altivec-2.C compilation failed to produce executable
FAIL: g++.dg/ext/altivec-3.C (test for excess errors)
WARNING: g++.dg/ext/altivec-3.C compilation failed to produce executable
FAIL: g++.dg/ext/altivec-4.C (test for excess errors)
FAIL: g++.dg/ext/altivec-5.C (test for excess errors)
FAIL: g++.dg/ext/altivec-6.C (test for excess errors)
FAIL: g++.dg/ext/altivec-7.C (test for excess errors)
ERROR: g++.dg/ext/altivec-7.C: error executing dg-final: couldn't open "altivec-7.s": no such file or directory
UNRESOLVED: g++.dg/ext/altivec-7.C: error executing dg-final: couldn't open "altivec-7.s": no such file or directory
FAIL: g++.dg/ext/altivec-8.C (test for excess errors)
FAIL: g++.dg/ext/altivec-9.C (test for excess errors)
FAIL: g++.dg/ext/label3.C execution test
FAIL: g++.dg/ext/stmtexpr2.C execution test
FAIL: g++.dg/init/enum2.C (test for excess errors)
FAIL: g++.dg/opt/pr15551.C execution test
XPASS: g++.dg/other/packed1.C execution test
FAIL: g++.dg/template/friend10.C execution test
FAIL: g++.old-deja/g++.benjamin/bool01.C (test for excess errors)
WARNING: g++.old-deja/g++.benjamin/bool01.C compilation failed to produce executable
FAIL: g++.old-deja/g++.benjamin/p12475.C (test for excess errors)
FAIL: g++.old-deja/g++.brendan/nest21.C execution test
FAIL: g++.old-deja/g++.jason/2371.C execution test
FAIL: g++.old-deja/g++.jason/rfg10.C (test for excess errors)
FAIL: g++.old-deja/g++.law/ctors12.C execution test
FAIL: g++.old-deja/g++.law/cvt2.C execution test
FAIL: g++.old-deja/g++.law/virtual3.C execution test
FAIL: g++.old-deja/g++.mike/eh2.C execution test
FAIL: g++.old-deja/g++.mike/net16.C execution test
FAIL: g++.old-deja/g++.mike/net34.C execution test
WARNING: g++.old-deja/g++.mike/p10769a.C compilation failed to produce executable
FAIL: g++.old-deja/g++.mike/p789.C execution test
FAIL: g++.old-deja/g++.mike/temp.C execution test
WARNING: g++.old-deja/g++.other/enum5.C compilation failed to produce executable
FAIL: g++.old-deja/g++.other/warn7.C  (test for warnings, line 38)
WARNING: g++.old-deja/g++.pt/friend44.C compilation failed to produce executable
FAIL: g++.old-deja/g++.pt/static11.C execution test
FAIL: g++.old-deja/g++.pt/tiemann2.C execution test
FAIL: g++.old-deja/g++.robertl/eb33.C execution test
FAIL: g++.old-deja/g++.robertl/eb46.C execution test

		=== g++ Summary ===

# of expected passes		9729
# of unexpected failures	34
# of unexpected successes	1
# of expected failures		81
# of unresolved testcases	1
# of unsupported tests		88
/tmp/build/nightly-builds/powerpc-eabispe/raptorred.ges.redhat.com/gcc/testsuite/../g++  version 3.5.0 20040712 (experimental)

Host   is i686-pc-linux-gnu

		=== gcc tests ===


Running target powerpc-sim
WARNING: program timed out.
FAIL: gcc.c-torture/compile/20001226-1.c (test for excess errors)
XPASS: gcc.c-torture/compile/20020210-1.c (test for excess errors)
XPASS: gcc.c-torture/compile/20020210-1.c (test for excess errors)
XPASS: gcc.c-torture/compile/20020210-1.c (test for excess errors)
XPASS: gcc.c-torture/compile/20020210-1.c (test for excess errors)
XPASS: gcc.c-torture/compile/20020210-1.c (test for excess errors)
FAIL: gcc.c-torture/compile/simd-2.c (test for excess errors)
FAIL: gcc.c-torture/compile/simd-2.c (test for excess errors)
FAIL: gcc.c-torture/compile/simd-2.c (test for excess errors)
FAIL: gcc.c-torture/compile/simd-2.c (test for excess errors)
FAIL: gcc.c-torture/compile/simd-2.c (test for excess errors)
FAIL: gcc.c-torture/compile/simd-5.c (test for excess errors)
FAIL: gcc.c-torture/compile/simd-5.c (test for excess errors)
FAIL: gcc.c-torture/compile/simd-5.c (test for excess errors)
FAIL: gcc.c-torture/compile/simd-5.c (test for excess errors)
FAIL: gcc.c-torture/compile/simd-5.c (test for excess errors)
FAIL: gcc.c-torture/execute/builtins/printf.c execution,  -O0 
FAIL: gcc.c-torture/execute/builtins/printf.c execution,  -O3 -g 
FAIL: gcc.c-torture/execute/builtins/printf.c execution,  -O2 
FAIL: gcc.c-torture/execute/builtins/printf.c execution,  -O3 -fomit-frame-pointer 
FAIL: gcc.c-torture/execute/builtins/printf.c execution,  -O3 -g 
FAIL: gcc.c-torture/execute/20020406-1.c execution,  -O1 
UNRESOLVED: gcc.c-torture/execute/20020720-1.c execution,  -O1 
UNRESOLVED: gcc.c-torture/execute/20020720-1.c execution,  -O2 
UNRESOLVED: gcc.c-torture/execute/20020720-1.c execution,  -O3 -fomit-frame-pointer 
UNRESOLVED: gcc.c-torture/execute/20020720-1.c execution,  -O3 -g 
UNRESOLVED: gcc.c-torture/execute/20020720-1.c execution,  -Os 
FAIL: gcc.c-torture/execute/simd-1.c compilation,  -O0 
UNRESOLVED: gcc.c-torture/execute/simd-1.c execution,  -O0 
FAIL: gcc.c-torture/execute/simd-1.c compilation,  -O2 
UNRESOLVED: gcc.c-torture/execute/simd-1.c execution,  -O2 
FAIL: gcc.c-torture/execute/simd-1.c compilation,  -O3 -fomit-frame-pointer 
UNRESOLVED: gcc.c-torture/execute/simd-1.c execution,  -O3 -fomit-frame-pointer 
FAIL: gcc.c-torture/execute/simd-1.c compilation,  -O3 -g 
UNRESOLVED: gcc.c-torture/execute/simd-1.c execution,  -O3 -g 
FAIL: gcc.c-torture/execute/simd-1.c compilation,  -Os 
UNRESOLVED: gcc.c-torture/execute/simd-1.c execution,  -Os 
FAIL: gcc.c-torture/execute/simd-2.c execution,  -O3 -fomit-frame-pointer 
FAIL: gcc.c-torture/execute/simd-2.c execution,  -O3 -g 
FAIL: gcc.c-torture/execute/simd-5.c compilation,  -O1 
UNRESOLVED: gcc.c-torture/execute/simd-5.c execution,  -O1 
FAIL: gcc.c-torture/execute/simd-5.c compilation,  -O2 
UNRESOLVED: gcc.c-torture/execute/simd-5.c execution,  -O2 
FAIL: gcc.c-torture/execute/simd-5.c compilation,  -O3 -fomit-frame-pointer 
UNRESOLVED: gcc.c-torture/execute/simd-5.c execution,  -O3 -fomit-frame-pointer 
FAIL: gcc.c-torture/execute/simd-5.c compilation,  -O3 -g 
UNRESOLVED: gcc.c-torture/execute/simd-5.c execution,  -O3 -g 
FAIL: gcc.c-torture/execute/simd-5.c compilation,  -Os 
UNRESOLVED: gcc.c-torture/execute/simd-5.c execution,  -Os 
FAIL: gcc.c-torture/execute/ieee/compare-fp-1.c compilation,  -O0 
UNRESOLVED: gcc.c-torture/execute/ieee/compare-fp-1.c execution,  -O0 
FAIL: gcc.c-torture/execute/ieee/compare-fp-1.c execution,  -O1 
FAIL: gcc.c-torture/execute/ieee/compare-fp-1.c execution,  -O2 
FAIL: gcc.c-torture/execute/ieee/compare-fp-1.c execution,  -O3 -fomit-frame-pointer 
FAIL: gcc.c-torture/execute/ieee/compare-fp-1.c execution,  -O3 -g 
FAIL: gcc.c-torture/execute/ieee/compare-fp-1.c execution,  -Os 
FAIL: gcc.c-torture/execute/ieee/compare-fp-3.c compilation,  -O0 
UNRESOLVED: gcc.c-torture/execute/ieee/compare-fp-3.c execution,  -O0 
FAIL: gcc.c-torture/execute/ieee/compare-fp-4.c compilation,  -O0 
UNRESOLVED: gcc.c-torture/execute/ieee/compare-fp-4.c execution,  -O0 
FAIL: gcc.c-torture/execute/ieee/compare-fp-4.c execution,  -O1 
FAIL: gcc.c-torture/execute/ieee/compare-fp-4.c execution,  -O2 
FAIL: gcc.c-torture/execute/ieee/compare-fp-4.c execution,  -O3 -fomit-frame-pointer 
FAIL: gcc.c-torture/execute/ieee/compare-fp-4.c execution,  -O3 -g 
FAIL: gcc.c-torture/execute/ieee/compare-fp-4.c execution,  -Os 
FAIL: gcc.c-torture/execute/ieee/fp-cmp-4f.c compilation,  -O0 
UNRESOLVED: gcc.c-torture/execute/ieee/fp-cmp-4f.c execution,  -O0 
FAIL: gcc.c-torture/execute/ieee/fp-cmp-4f.c compilation,  -O1 
UNRESOLVED: gcc.c-torture/execute/ieee/fp-cmp-4f.c execution,  -O1 
FAIL: gcc.c-torture/execute/ieee/fp-cmp-4f.c compilation,  -O2 
UNRESOLVED: gcc.c-torture/execute/ieee/fp-cmp-4f.c execution,  -O2 
FAIL: gcc.c-torture/execute/ieee/fp-cmp-4f.c compilation,  -O3 -fomit-frame-pointer 
UNRESOLVED: gcc.c-torture/execute/ieee/fp-cmp-4f.c execution,  -O3 -fomit-frame-pointer 
FAIL: gcc.c-torture/execute/ieee/fp-cmp-4f.c compilation,  -O3 -g 
UNRESOLVED: gcc.c-torture/execute/ieee/fp-cmp-4f.c execution,  -O3 -g 
FAIL: gcc.c-torture/execute/ieee/fp-cmp-4f.c compilation,  -Os 
UNRESOLVED: gcc.c-torture/execute/ieee/fp-cmp-4f.c execution,  -Os 
FAIL: gcc.c-torture/execute/ieee/fp-cmp-8f.c compilation,  -O0 
UNRESOLVED: gcc.c-torture/execute/ieee/fp-cmp-8f.c execution,  -O0 
FAIL: gcc.c-torture/execute/ieee/fp-cmp-8f.c compilation,  -O1 
UNRESOLVED: gcc.c-torture/execute/ieee/fp-cmp-8f.c execution,  -O1 
FAIL: gcc.c-torture/execute/ieee/fp-cmp-8f.c compilation,  -O2 
UNRESOLVED: gcc.c-torture/execute/ieee/fp-cmp-8f.c execution,  -O2 
FAIL: gcc.c-torture/execute/ieee/fp-cmp-8f.c compilation,  -O3 -fomit-frame-pointer 
UNRESOLVED: gcc.c-torture/execute/ieee/fp-cmp-8f.c execution,  -O3 -fomit-frame-pointer 
FAIL: gcc.c-torture/execute/ieee/fp-cmp-8f.c compilation,  -O3 -g 
UNRESOLVED: gcc.c-torture/execute/ieee/fp-cmp-8f.c execution,  -O3 -g 
FAIL: gcc.c-torture/execute/ieee/fp-cmp-8f.c compilation,  -Os 
UNRESOLVED: gcc.c-torture/execute/ieee/fp-cmp-8f.c execution,  -Os 
FAIL: gcc.c-torture/execute/ieee/inf-1.c execution,  -O0 
FAIL: gcc.c-torture/execute/ieee/mul-subnormal-single-1.c execution,  -O0 
FAIL: gcc.c-torture/execute/ieee/mul-subnormal-single-1.c execution,  -O1 
FAIL: gcc.c-torture/execute/ieee/mul-subnormal-single-1.c execution,  -O2 
FAIL: gcc.c-torture/execute/ieee/mul-subnormal-single-1.c execution,  -O3 -fomit-frame-pointer 
FAIL: gcc.c-torture/execute/ieee/mul-subnormal-single-1.c execution,  -O3 -fomit-frame-pointer -funroll-loops 
FAIL: gcc.c-torture/execute/ieee/mul-subnormal-single-1.c execution,  -O3 -fomit-frame-pointer -funroll-all-loops -finline-functions 
FAIL: gcc.c-torture/execute/ieee/mul-subnormal-single-1.c execution,  -O3 -g 
FAIL: gcc.c-torture/execute/ieee/mul-subnormal-single-1.c execution,  -Os 
FAIL: gcc.c-torture/execute/ieee/compare-fp-1.c compilation,  -O0 
UNRESOLVED: gcc.c-torture/execute/ieee/compare-fp-1.c execution,  -O0 
FAIL: gcc.c-torture/execute/ieee/compare-fp-1.c execution,  -O1 
FAIL: gcc.c-torture/execute/ieee/compare-fp-1.c execution,  -O2 
FAIL: gcc.c-torture/execute/ieee/compare-fp-1.c execution,  -O3 -fomit-frame-pointer 
FAIL: gcc.c-torture/execute/ieee/compare-fp-1.c execution,  -O3 -g 
FAIL: gcc.c-torture/execute/ieee/compare-fp-1.c execution,  -Os 
FAIL: gcc.c-torture/execute/ieee/compare-fp-3.c compilation,  -O0 
UNRESOLVED: gcc.c-torture/execute/ieee/compare-fp-3.c execution,  -O0 
FAIL: gcc.c-torture/execute/ieee/compare-fp-4.c compilation,  -O0 
UNRESOLVED: gcc.c-torture/execute/ieee/compare-fp-4.c execution,  -O0 
FAIL: gcc.c-torture/execute/ieee/compare-fp-4.c execution,  -O1 
FAIL: gcc.c-torture/execute/ieee/compare-fp-4.c execution,  -O2 
FAIL: gcc.c-torture/execute/ieee/compare-fp-4.c execution,  -O3 -fomit-frame-pointer 
FAIL: gcc.c-torture/execute/ieee/compare-fp-4.c execution,  -O3 -g 
FAIL: gcc.c-torture/execute/ieee/compare-fp-4.c execution,  -Os 
FAIL: gcc.c-torture/execute/ieee/fp-cmp-4f.c compilation,  -O0 
UNRESOLVED: gcc.c-torture/execute/ieee/fp-cmp-4f.c execution,  -O0 
FAIL: gcc.c-torture/execute/ieee/fp-cmp-4f.c compilation,  -O1 
UNRESOLVED: gcc.c-torture/execute/ieee/fp-cmp-4f.c execution,  -O1 
FAIL: gcc.c-torture/execute/ieee/fp-cmp-4f.c compilation,  -O2 
UNRESOLVED: gcc.c-torture/execute/ieee/fp-cmp-4f.c execution,  -O2 
FAIL: gcc.c-torture/execute/ieee/fp-cmp-4f.c compilation,  -O3 -fomit-frame-pointer 
UNRESOLVED: gcc.c-torture/execute/ieee/fp-cmp-4f.c execution,  -O3 -fomit-frame-pointer 
FAIL: gcc.c-torture/execute/ieee/fp-cmp-4f.c compilation,  -O3 -g 
UNRESOLVED: gcc.c-torture/execute/ieee/fp-cmp-4f.c execution,  -O3 -g 
FAIL: gcc.c-torture/execute/ieee/fp-cmp-4f.c compilation,  -Os 
UNRESOLVED: gcc.c-torture/execute/ieee/fp-cmp-4f.c execution,  -Os 
FAIL: gcc.c-torture/execute/ieee/fp-cmp-8f.c compilation,  -O0 
UNRESOLVED: gcc.c-torture/execute/ieee/fp-cmp-8f.c execution,  -O0 
FAIL: gcc.c-torture/execute/ieee/fp-cmp-8f.c compilation,  -O1 
UNRESOLVED: gcc.c-torture/execute/ieee/fp-cmp-8f.c execution,  -O1 
FAIL: gcc.c-torture/execute/ieee/fp-cmp-8f.c compilation,  -O2 
UNRESOLVED: gcc.c-torture/execute/ieee/fp-cmp-8f.c execution,  -O2 
FAIL: gcc.c-torture/execute/ieee/fp-cmp-8f.c compilation,  -O3 -fomit-frame-pointer 
UNRESOLVED: gcc.c-torture/execute/ieee/fp-cmp-8f.c execution,  -O3 -fomit-frame-pointer 
FAIL: gcc.c-torture/execute/ieee/fp-cmp-8f.c compilation,  -O3 -g 
UNRESOLVED: gcc.c-torture/execute/ieee/fp-cmp-8f.c execution,  -O3 -g 
FAIL: gcc.c-torture/execute/ieee/fp-cmp-8f.c compilation,  -Os 
UNRESOLVED: gcc.c-torture/execute/ieee/fp-cmp-8f.c execution,  -Os 
FAIL: gcc.c-torture/execute/ieee/inf-1.c execution,  -O0 
FAIL: gcc.c-torture/execute/ieee/mul-subnormal-single-1.c execution,  -O0 
FAIL: gcc.c-torture/execute/ieee/mul-subnormal-single-1.c execution,  -O1 
FAIL: gcc.c-torture/execute/ieee/mul-subnormal-single-1.c execution,  -O2 
FAIL: gcc.c-torture/execute/ieee/mul-subnormal-single-1.c execution,  -O3 -fomit-frame-pointer 
FAIL: gcc.c-torture/execute/ieee/mul-subnormal-single-1.c execution,  -O3 -fomit-frame-pointer -funroll-loops 
FAIL: gcc.c-torture/execute/ieee/mul-subnormal-single-1.c execution,  -O3 -fomit-frame-pointer -funroll-all-loops -finline-functions 
FAIL: gcc.c-torture/execute/ieee/mul-subnormal-single-1.c execution,  -O3 -g 
FAIL: gcc.c-torture/execute/ieee/mul-subnormal-single-1.c execution,  -Os 
FAIL: gcc.dg/cpp/assert4.c (test for excess errors)
FAIL: gcc.dg/debug/dwarf2/dwarf-die7.c scan-assembler 1.*DW_AT_inline
FAIL: gcc.dg/debug/dwarf2/dwarf-die7.c scan-assembler 1.*DW_AT_inline
FAIL: gcc.dg/20020103-1.c scan-assembler-not LC
WARNING: gcc.dg/altivec-1.c compilation failed to produce executable
FAIL: gcc.dg/altivec-10.c (test for excess errors)
FAIL: gcc.dg/altivec-11.c (test for excess errors)
ERROR: gcc.dg/altivec-11.c: error executing dg-final: couldn't open "altivec-11.s": no such file or directory
UNRESOLVED: gcc.dg/altivec-11.c: error executing dg-final: couldn't open "altivec-11.s": no such file or directory
FAIL: gcc.dg/altivec-12.c (test for excess errors)
WARNING: gcc.dg/altivec-12.c compilation failed to produce executable
FAIL: gcc.dg/altivec-13.c (test for excess errors)
FAIL: gcc.dg/altivec-14.c  (test for warnings, line 7)
FAIL: gcc.dg/altivec-14.c  (test for warnings, line 8)
FAIL: gcc.dg/altivec-14.c  (test for warnings, line 9)
FAIL: gcc.dg/altivec-14.c  (test for warnings, line 10)
FAIL: gcc.dg/altivec-14.c  (test for warnings, line 11)
FAIL: gcc.dg/altivec-14.c  (test for warnings, line 12)
FAIL: gcc.dg/altivec-14.c  (test for warnings, line 14)
FAIL: gcc.dg/altivec-14.c  (test for warnings, line 15)
FAIL: gcc.dg/altivec-14.c  (test for warnings, line 16)
FAIL: gcc.dg/altivec-14.c  (test for warnings, line 20)
FAIL: gcc.dg/altivec-14.c  (test for warnings, line 21)
FAIL: gcc.dg/altivec-14.c  (test for warnings, line 22)
FAIL: gcc.dg/altivec-14.c (test for excess errors)
FAIL: gcc.dg/altivec-15.c (test for excess errors)
FAIL: gcc.dg/altivec-16.c (test for excess errors)
FAIL: gcc.dg/altivec-2.c  (test for errors, line 13)
FAIL: gcc.dg/altivec-2.c (test for excess errors)
WARNING: gcc.dg/altivec-3.c compilation failed to produce executable
FAIL: gcc.dg/altivec-4.c (test for excess errors)
FAIL: gcc.dg/altivec-5.c (test for excess errors)
FAIL: gcc.dg/altivec-6.c (test for excess errors)
FAIL: gcc.dg/altivec-7.c (test for excess errors)
FAIL: gcc.dg/altivec-8.c (test for excess errors)
FAIL: gcc.dg/altivec-9.c (test for excess errors)
WARNING: gcc.dg/altivec-varargs-1.c compilation failed to produce executable
FAIL: gcc.dg/builtins-43.c (test for excess errors)
FAIL: gcc.dg/c90-const-expr-3.c (test for excess errors)
FAIL: gcc.dg/c90-intconst-1.c (test for excess errors)
FAIL: gcc.dg/c90-intprom-1.c (test for excess errors)
FAIL: gcc.dg/c99-const-expr-3.c (test for excess errors)
FAIL: gcc.dg/c99-intconst-1.c (test for excess errors)
FAIL: gcc.dg/c99-intprom-1.c (test for excess errors)
FAIL: gcc.dg/darwin-longlong.c execution test
FAIL: gcc.dg/ppc-sdata-1.c scan-assembler sdat@sdarel\\\\(13\\\\)
FAIL: gcc.dg/ppc-sdata-1.c scan-assembler sdat2@sda21\\\\(2\\\\)
FAIL: gcc.dg/rs6000-power2-1.c (test for excess errors)
FAIL: gcc.dg/rs6000-power2-2.c (test for excess errors)
ERROR: gcc.dg/rs6000-power2-2.c: error executing dg-final: couldn't open "rs6000-power2-2.s": no such file or directory
UNRESOLVED: gcc.dg/rs6000-power2-2.c: error executing dg-final: couldn't open "rs6000-power2-2.s": no such file or directory
XPASS: gcc.dg/setjmp-1.c spurious clobbered warning (test for bogus messages, line 16)
FAIL: gcc.dg/spe1.c (test for excess errors)
FAIL: gcc.dg/tls/opt-7.c (test for excess errors)
FAIL: gcc.dg/tree-ssa/sra-1.c scan-tree-dump-times link_error 0
FAIL: gcc.dg/vmx/1b-01.c (test for excess errors)
FAIL: gcc.dg/vmx/1b-01.c (test for excess errors)
FAIL: gcc.dg/vmx/1b-01.c (test for excess errors)
FAIL: gcc.dg/vmx/1b-01.c (test for excess errors)
FAIL: gcc.dg/vmx/1b-01.c (test for excess errors)
FAIL: gcc.dg/vmx/1b-01.c (test for excess errors)
FAIL: gcc.dg/vmx/1b-02.c (test for excess errors)
FAIL: gcc.dg/vmx/1b-02.c (test for excess errors)
FAIL: gcc.dg/vmx/1b-02.c (test for excess errors)
FAIL: gcc.dg/vmx/1b-02.c (test for excess errors)
FAIL: gcc.dg/vmx/1b-02.c (test for excess errors)
FAIL: gcc.dg/vmx/1b-02.c (test for excess errors)
FAIL: gcc.dg/vmx/1b-03.c (test for excess errors)
FAIL: gcc.dg/vmx/1b-03.c (test for excess errors)
FAIL: gcc.dg/vmx/1b-03.c (test for excess errors)
FAIL: gcc.dg/vmx/1b-03.c (test for excess errors)
FAIL: gcc.dg/vmx/1b-03.c (test for excess errors)
FAIL: gcc.dg/vmx/1b-03.c (test for excess errors)
FAIL: gcc.dg/vmx/1b-04.c (test for excess errors)
FAIL: gcc.dg/vmx/1b-04.c (test for excess errors)
FAIL: gcc.dg/vmx/1b-04.c (test for excess errors)
FAIL: gcc.dg/vmx/1b-04.c (test for excess errors)
FAIL: gcc.dg/vmx/1b-04.c (test for excess errors)
FAIL: gcc.dg/vmx/1b-04.c (test for excess errors)
FAIL: gcc.dg/vmx/1b-05.c (test for excess errors)
FAIL: gcc.dg/vmx/1b-05.c (test for excess errors)
FAIL: gcc.dg/vmx/1b-05.c (test for excess errors)
FAIL: gcc.dg/vmx/1b-05.c (test for excess errors)
FAIL: gcc.dg/vmx/1b-05.c (test for excess errors)
FAIL: gcc.dg/vmx/1b-05.c (test for excess errors)
FAIL: gcc.dg/vmx/1b-06.c (test for excess errors)
FAIL: gcc.dg/vmx/1b-06.c (test for excess errors)
FAIL: gcc.dg/vmx/1b-06.c (test for excess errors)
FAIL: gcc.dg/vmx/1b-06.c (test for excess errors)
FAIL: gcc.dg/vmx/1b-06.c (test for excess errors)
FAIL: gcc.dg/vmx/1b-06.c (test for excess errors)
FAIL: gcc.dg/vmx/1b-07.c (test for excess errors)
FAIL: gcc.dg/vmx/1b-07.c (test for excess errors)
FAIL: gcc.dg/vmx/1b-07.c (test for excess errors)
FAIL: gcc.dg/vmx/1b-07.c (test for excess errors)
FAIL: gcc.dg/vmx/1b-07.c (test for excess errors)
FAIL: gcc.dg/vmx/1b-07.c (test for excess errors)
FAIL: gcc.dg/vmx/1c-01.c (test for excess errors)
FAIL: gcc.dg/vmx/1c-01.c (test for excess errors)
FAIL: gcc.dg/vmx/1c-01.c (test for excess errors)
FAIL: gcc.dg/vmx/1c-01.c (test for excess errors)
FAIL: gcc.dg/vmx/1c-01.c (test for excess errors)
FAIL: gcc.dg/vmx/1c-01.c (test for excess errors)
FAIL: gcc.dg/vmx/1c-02.c (test for excess errors)
FAIL: gcc.dg/vmx/1c-02.c (test for excess errors)
FAIL: gcc.dg/vmx/1c-02.c (test for excess errors)
FAIL: gcc.dg/vmx/1c-02.c (test for excess errors)
FAIL: gcc.dg/vmx/1c-02.c (test for excess errors)
FAIL: gcc.dg/vmx/1c-02.c (test for excess errors)
FAIL: gcc.dg/vmx/3a-01.c (test for excess errors)
FAIL: gcc.dg/vmx/3a-01.c (test for excess errors)
FAIL: gcc.dg/vmx/3a-01.c (test for excess errors)
FAIL: gcc.dg/vmx/3a-01.c (test for excess errors)
FAIL: gcc.dg/vmx/3a-01.c (test for excess errors)
FAIL: gcc.dg/vmx/3a-01.c (test for excess errors)
FAIL: gcc.dg/vmx/3a-01a.c (test for excess errors)
FAIL: gcc.dg/vmx/3a-01a.c (test for excess errors)
FAIL: gcc.dg/vmx/3a-01a.c (test for excess errors)
FAIL: gcc.dg/vmx/3a-01a.c (test for excess errors)
FAIL: gcc.dg/vmx/3a-01a.c (test for excess errors)
FAIL: gcc.dg/vmx/3a-01a.c (test for excess errors)
FAIL: gcc.dg/vmx/3a-01m.c (test for excess errors)
FAIL: gcc.dg/vmx/3a-01m.c (test for excess errors)
FAIL: gcc.dg/vmx/3a-01m.c (test for excess errors)
FAIL: gcc.dg/vmx/3a-01m.c (test for excess errors)
FAIL: gcc.dg/vmx/3a-01m.c (test for excess errors)
FAIL: gcc.dg/vmx/3a-01m.c (test for excess errors)
FAIL: gcc.dg/vmx/3a-03.c (test for excess errors)
FAIL: gcc.dg/vmx/3a-03.c (test for excess errors)
FAIL: gcc.dg/vmx/3a-03.c (test for excess errors)
FAIL: gcc.dg/vmx/3a-03.c (test for excess errors)
FAIL: gcc.dg/vmx/3a-03.c (test for excess errors)
FAIL: gcc.dg/vmx/3a-03.c (test for excess errors)
FAIL: gcc.dg/vmx/3a-03m.c (test for excess errors)
FAIL: gcc.dg/vmx/3a-03m.c (test for excess errors)
FAIL: gcc.dg/vmx/3a-03m.c (test for excess errors)
FAIL: gcc.dg/vmx/3a-03m.c (test for excess errors)
FAIL: gcc.dg/vmx/3a-03m.c (test for excess errors)
FAIL: gcc.dg/vmx/3a-03m.c (test for excess errors)
FAIL: gcc.dg/vmx/3a-04.c (test for excess errors)
FAIL: gcc.dg/vmx/3a-04.c (test for excess errors)
FAIL: gcc.dg/vmx/3a-04.c (test for excess errors)
FAIL: gcc.dg/vmx/3a-04.c (test for excess errors)
FAIL: gcc.dg/vmx/3a-04.c (test for excess errors)
FAIL: gcc.dg/vmx/3a-04.c (test for excess errors)
FAIL: gcc.dg/vmx/3a-04m.c (test for excess errors)
FAIL: gcc.dg/vmx/3a-04m.c (test for excess errors)
FAIL: gcc.dg/vmx/3a-04m.c (test for excess errors)
FAIL: gcc.dg/vmx/3a-04m.c (test for excess errors)
FAIL: gcc.dg/vmx/3a-04m.c (test for excess errors)
FAIL: gcc.dg/vmx/3a-04m.c (test for excess errors)
FAIL: gcc.dg/vmx/3a-05.c (test for excess errors)
FAIL: gcc.dg/vmx/3a-05.c (test for excess errors)
FAIL: gcc.dg/vmx/3a-05.c (test for excess errors)
FAIL: gcc.dg/vmx/3a-05.c (test for excess errors)
FAIL: gcc.dg/vmx/3a-05.c (test for excess errors)
FAIL: gcc.dg/vmx/3a-05.c (test for excess errors)
FAIL: gcc.dg/vmx/3a-06.c (test for excess errors)
FAIL: gcc.dg/vmx/3a-06.c (test for excess errors)
FAIL: gcc.dg/vmx/3a-06.c (test for excess errors)
FAIL: gcc.dg/vmx/3a-06.c (test for excess errors)
FAIL: gcc.dg/vmx/3a-06.c (test for excess errors)
FAIL: gcc.dg/vmx/3a-06.c (test for excess errors)
FAIL: gcc.dg/vmx/3a-06m.c (test for excess errors)
FAIL: gcc.dg/vmx/3a-06m.c (test for excess errors)
FAIL: gcc.dg/vmx/3a-06m.c (test for excess errors)
FAIL: gcc.dg/vmx/3a-06m.c (test for excess errors)
FAIL: gcc.dg/vmx/3a-06m.c (test for excess errors)
FAIL: gcc.dg/vmx/3a-06m.c (test for excess errors)
FAIL: gcc.dg/vmx/3a-07.c (test for excess errors)
FAIL: gcc.dg/vmx/3a-07.c (test for excess errors)
FAIL: gcc.dg/vmx/3a-07.c (test for excess errors)
FAIL: gcc.dg/vmx/3a-07.c (test for excess errors)
FAIL: gcc.dg/vmx/3a-07.c (test for excess errors)
FAIL: gcc.dg/vmx/3a-07.c (test for excess errors)
FAIL: gcc.dg/vmx/3b-01.c (test for excess errors)
FAIL: gcc.dg/vmx/3b-01.c (test for excess errors)
FAIL: gcc.dg/vmx/3b-01.c (test for excess errors)
FAIL: gcc.dg/vmx/3b-01.c (test for excess errors)
FAIL: gcc.dg/vmx/3b-01.c (test for excess errors)
FAIL: gcc.dg/vmx/3b-01.c (test for excess errors)
FAIL: gcc.dg/vmx/3b-02.c (test for excess errors)
FAIL: gcc.dg/vmx/3b-02.c (test for excess errors)
FAIL: gcc.dg/vmx/3b-02.c (test for excess errors)
FAIL: gcc.dg/vmx/3b-02.c (test for excess errors)
FAIL: gcc.dg/vmx/3b-02.c (test for excess errors)
FAIL: gcc.dg/vmx/3b-02.c (test for excess errors)
FAIL: gcc.dg/vmx/3b-10.c (test for excess errors)
FAIL: gcc.dg/vmx/3b-10.c (test for excess errors)
FAIL: gcc.dg/vmx/3b-10.c (test for excess errors)
FAIL: gcc.dg/vmx/3b-10.c (test for excess errors)
FAIL: gcc.dg/vmx/3b-10.c (test for excess errors)
FAIL: gcc.dg/vmx/3b-10.c (test for excess errors)
FAIL: gcc.dg/vmx/3b-13.c (test for excess errors)
FAIL: gcc.dg/vmx/3b-13.c (test for excess errors)
FAIL: gcc.dg/vmx/3b-13.c (test for excess errors)
FAIL: gcc.dg/vmx/3b-13.c (test for excess errors)
FAIL: gcc.dg/vmx/3b-13.c (test for excess errors)
FAIL: gcc.dg/vmx/3b-13.c (test for excess errors)
FAIL: gcc.dg/vmx/3b-14.c (test for excess errors)
FAIL: gcc.dg/vmx/3b-14.c (test for excess errors)
FAIL: gcc.dg/vmx/3b-14.c (test for excess errors)
FAIL: gcc.dg/vmx/3b-14.c (test for excess errors)
FAIL: gcc.dg/vmx/3b-14.c (test for excess errors)
FAIL: gcc.dg/vmx/3b-14.c (test for excess errors)
FAIL: gcc.dg/vmx/3b-15.c (test for excess errors)
FAIL: gcc.dg/vmx/3b-15.c (test for excess errors)
FAIL: gcc.dg/vmx/3b-15.c (test for excess errors)
FAIL: gcc.dg/vmx/3b-15.c (test for excess errors)
FAIL: gcc.dg/vmx/3b-15.c (test for excess errors)
FAIL: gcc.dg/vmx/3b-15.c (test for excess errors)
FAIL: gcc.dg/vmx/3c-01.c (test for excess errors)
FAIL: gcc.dg/vmx/3c-01.c (test for excess errors)
FAIL: gcc.dg/vmx/3c-01.c (test for excess errors)
FAIL: gcc.dg/vmx/3c-01.c (test for excess errors)
FAIL: gcc.dg/vmx/3c-01.c (test for excess errors)
FAIL: gcc.dg/vmx/3c-01.c (test for excess errors)
FAIL: gcc.dg/vmx/3c-01a.c (test for excess errors)
FAIL: gcc.dg/vmx/3c-01a.c (test for excess errors)
FAIL: gcc.dg/vmx/3c-01a.c (test for excess errors)
FAIL: gcc.dg/vmx/3c-01a.c (test for excess errors)
FAIL: gcc.dg/vmx/3c-01a.c (test for excess errors)
FAIL: gcc.dg/vmx/3c-01a.c (test for excess errors)
FAIL: gcc.dg/vmx/3c-02.c (test for excess errors)
FAIL: gcc.dg/vmx/3c-02.c (test for excess errors)
FAIL: gcc.dg/vmx/3c-02.c (test for excess errors)
FAIL: gcc.dg/vmx/3c-02.c (test for excess errors)
FAIL: gcc.dg/vmx/3c-02.c (test for excess errors)
FAIL: gcc.dg/vmx/3c-02.c (test for excess errors)
FAIL: gcc.dg/vmx/3c-03.c (test for excess errors)
FAIL: gcc.dg/vmx/3c-03.c (test for excess errors)
FAIL: gcc.dg/vmx/3c-03.c (test for excess errors)
FAIL: gcc.dg/vmx/3c-03.c (test for excess errors)
FAIL: gcc.dg/vmx/3c-03.c (test for excess errors)
FAIL: gcc.dg/vmx/3c-03.c (test for excess errors)
FAIL: gcc.dg/vmx/3d-01.c (test for excess errors)
FAIL: gcc.dg/vmx/3d-01.c (test for excess errors)
FAIL: gcc.dg/vmx/3d-01.c (test for excess errors)
FAIL: gcc.dg/vmx/3d-01.c (test for excess errors)
FAIL: gcc.dg/vmx/3d-01.c (test for excess errors)
FAIL: gcc.dg/vmx/3d-01.c (test for excess errors)
FAIL: gcc.dg/vmx/4-01.c (test for excess errors)
FAIL: gcc.dg/vmx/4-01.c (test for excess errors)
FAIL: gcc.dg/vmx/4-01.c (test for excess errors)
FAIL: gcc.dg/vmx/4-01.c (test for excess errors)
FAIL: gcc.dg/vmx/4-01.c (test for excess errors)
FAIL: gcc.dg/vmx/4-01.c (test for excess errors)
FAIL: gcc.dg/vmx/4-03.c (test for excess errors)
FAIL: gcc.dg/vmx/4-03.c (test for excess errors)
FAIL: gcc.dg/vmx/4-03.c (test for excess errors)
FAIL: gcc.dg/vmx/4-03.c (test for excess errors)
FAIL: gcc.dg/vmx/4-03.c (test for excess errors)
FAIL: gcc.dg/vmx/4-03.c (test for excess errors)
FAIL: gcc.dg/vmx/5-01.c (test for excess errors)
FAIL: gcc.dg/vmx/5-01.c (test for excess errors)
FAIL: gcc.dg/vmx/5-01.c (test for excess errors)
FAIL: gcc.dg/vmx/5-01.c (test for excess errors)
FAIL: gcc.dg/vmx/5-01.c (test for excess errors)
FAIL: gcc.dg/vmx/5-01.c (test for excess errors)
FAIL: gcc.dg/vmx/5-02.c (test for excess errors)
FAIL: gcc.dg/vmx/5-02.c (test for excess errors)
FAIL: gcc.dg/vmx/5-02.c (test for excess errors)
FAIL: gcc.dg/vmx/5-02.c (test for excess errors)
FAIL: gcc.dg/vmx/5-02.c (test for excess errors)
FAIL: gcc.dg/vmx/5-02.c (test for excess errors)
FAIL: gcc.dg/vmx/5-03.c (test for excess errors)
FAIL: gcc.dg/vmx/5-03.c (test for excess errors)
FAIL: gcc.dg/vmx/5-03.c (test for excess errors)
FAIL: gcc.dg/vmx/5-03.c (test for excess errors)
FAIL: gcc.dg/vmx/5-03.c (test for excess errors)
FAIL: gcc.dg/vmx/5-03.c (test for excess errors)
FAIL: gcc.dg/vmx/5-04.c (test for excess errors)
FAIL: gcc.dg/vmx/5-04.c (test for excess errors)
FAIL: gcc.dg/vmx/5-04.c (test for excess errors)
FAIL: gcc.dg/vmx/5-04.c (test for excess errors)
FAIL: gcc.dg/vmx/5-04.c (test for excess errors)
FAIL: gcc.dg/vmx/5-04.c (test for excess errors)
FAIL: gcc.dg/vmx/5-07t.c (test for excess errors)
FAIL: gcc.dg/vmx/5-07t.c (test for excess errors)
FAIL: gcc.dg/vmx/5-07t.c (test for excess errors)
FAIL: gcc.dg/vmx/5-07t.c (test for excess errors)
FAIL: gcc.dg/vmx/5-07t.c (test for excess errors)
FAIL: gcc.dg/vmx/5-07t.c (test for excess errors)
FAIL: gcc.dg/vmx/5-10.c (test for excess errors)
FAIL: gcc.dg/vmx/5-10.c (test for excess errors)
FAIL: gcc.dg/vmx/5-10.c (test for excess errors)
FAIL: gcc.dg/vmx/5-10.c (test for excess errors)
FAIL: gcc.dg/vmx/5-10.c (test for excess errors)
FAIL: gcc.dg/vmx/5-10.c (test for excess errors)
FAIL: gcc.dg/vmx/5-11.c (test for excess errors)
FAIL: gcc.dg/vmx/5-11.c (test for excess errors)
FAIL: gcc.dg/vmx/5-11.c (test for excess errors)
FAIL: gcc.dg/vmx/5-11.c (test for excess errors)
FAIL: gcc.dg/vmx/5-11.c (test for excess errors)
FAIL: gcc.dg/vmx/5-11.c (test for excess errors)
FAIL: gcc.dg/vmx/7-01.c (test for excess errors)
FAIL: gcc.dg/vmx/7-01.c (test for excess errors)
FAIL: gcc.dg/vmx/7-01.c (test for excess errors)
FAIL: gcc.dg/vmx/7-01.c (test for excess errors)
FAIL: gcc.dg/vmx/7-01.c (test for excess errors)
FAIL: gcc.dg/vmx/7-01.c (test for excess errors)
FAIL: gcc.dg/vmx/7-01.c (test for excess errors)
FAIL: gcc.dg/vmx/7-01.c (test for excess errors)
FAIL: gcc.dg/vmx/7-01a.c (test for excess errors)
FAIL: gcc.dg/vmx/7-01a.c (test for excess errors)
FAIL: gcc.dg/vmx/7-01a.c (test for excess errors)
FAIL: gcc.dg/vmx/7-01a.c (test for excess errors)
FAIL: gcc.dg/vmx/7-01a.c (test for excess errors)
FAIL: gcc.dg/vmx/7-01a.c (test for excess errors)
FAIL: gcc.dg/vmx/7-01a.c (test for excess errors)
FAIL: gcc.dg/vmx/7-01a.c (test for excess errors)
FAIL: gcc.dg/vmx/7c-01.c (test for excess errors)
FAIL: gcc.dg/vmx/7c-01.c (test for excess errors)
FAIL: gcc.dg/vmx/7c-01.c (test for excess errors)
FAIL: gcc.dg/vmx/7c-01.c (test for excess errors)
FAIL: gcc.dg/vmx/7c-01.c (test for excess errors)
FAIL: gcc.dg/vmx/7c-01.c (test for excess errors)
FAIL: gcc.dg/vmx/7d-01.c (test for excess errors)
FAIL: gcc.dg/vmx/7d-01.c (test for excess errors)
FAIL: gcc.dg/vmx/7d-01.c (test for excess errors)
FAIL: gcc.dg/vmx/7d-01.c (test for excess errors)
FAIL: gcc.dg/vmx/7d-01.c (test for excess errors)
FAIL: gcc.dg/vmx/7d-01.c (test for excess errors)
FAIL: gcc.dg/vmx/7d-02.c (test for excess errors)
FAIL: gcc.dg/vmx/7d-02.c (test for excess errors)
FAIL: gcc.dg/vmx/7d-02.c (test for excess errors)
FAIL: gcc.dg/vmx/7d-02.c (test for excess errors)
FAIL: gcc.dg/vmx/7d-02.c (test for excess errors)
FAIL: gcc.dg/vmx/7d-02.c (test for excess errors)
FAIL: gcc.dg/vmx/8-01.c (test for excess errors)
FAIL: gcc.dg/vmx/8-01.c (test for excess errors)
FAIL: gcc.dg/vmx/8-01.c (test for excess errors)
FAIL: gcc.dg/vmx/8-01.c (test for excess errors)
FAIL: gcc.dg/vmx/8-01.c (test for excess errors)
FAIL: gcc.dg/vmx/8-01.c (test for excess errors)
FAIL: gcc.dg/vmx/8-02.c (test for excess errors)
FAIL: gcc.dg/vmx/8-02.c (test for excess errors)
FAIL: gcc.dg/vmx/8-02.c (test for excess errors)
FAIL: gcc.dg/vmx/8-02.c (test for excess errors)
FAIL: gcc.dg/vmx/8-02.c (test for excess errors)
FAIL: gcc.dg/vmx/8-02.c (test for excess errors)
FAIL: gcc.dg/vmx/8-02a.c (test for excess errors)
FAIL: gcc.dg/vmx/8-02a.c (test for excess errors)
FAIL: gcc.dg/vmx/8-02a.c (test for excess errors)
FAIL: gcc.dg/vmx/8-02a.c (test for excess errors)
FAIL: gcc.dg/vmx/8-02a.c (test for excess errors)
FAIL: gcc.dg/vmx/8-02a.c (test for excess errors)
FAIL: gcc.dg/vmx/brode-1.c (test for excess errors)
FAIL: gcc.dg/vmx/brode-1.c (test for excess errors)
FAIL: gcc.dg/vmx/brode-1.c (test for excess errors)
FAIL: gcc.dg/vmx/brode-1.c (test for excess errors)
FAIL: gcc.dg/vmx/brode-1.c (test for excess errors)
FAIL: gcc.dg/vmx/brode-1.c (test for excess errors)
FAIL: gcc.dg/vmx/bug-1.c (test for excess errors)
FAIL: gcc.dg/vmx/bug-1.c (test for excess errors)
FAIL: gcc.dg/vmx/bug-1.c (test for excess errors)
FAIL: gcc.dg/vmx/bug-1.c (test for excess errors)
FAIL: gcc.dg/vmx/bug-1.c (test for excess errors)
FAIL: gcc.dg/vmx/bug-1.c (test for excess errors)
FAIL: gcc.dg/vmx/bug-1.c (test for excess errors)
FAIL: gcc.dg/vmx/bug-1.c (test for excess errors)
FAIL: gcc.dg/vmx/bug-2.c (test for excess errors)
FAIL: gcc.dg/vmx/bug-2.c (test for excess errors)
FAIL: gcc.dg/vmx/bug-2.c (test for excess errors)
FAIL: gcc.dg/vmx/bug-2.c (test for excess errors)
FAIL: gcc.dg/vmx/bug-2.c (test for excess errors)
FAIL: gcc.dg/vmx/bug-2.c (test for excess errors)
FAIL: gcc.dg/vmx/bug-3.c (test for excess errors)
FAIL: gcc.dg/vmx/bug-3.c (test for excess errors)
FAIL: gcc.dg/vmx/bug-3.c (test for excess errors)
FAIL: gcc.dg/vmx/bug-3.c (test for excess errors)
FAIL: gcc.dg/vmx/bug-3.c (test for excess errors)
FAIL: gcc.dg/vmx/bug-3.c (test for excess errors)
FAIL: gcc.dg/vmx/cw-bug-1.c (test for excess errors)
FAIL: gcc.dg/vmx/cw-bug-1.c (test for excess errors)
FAIL: gcc.dg/vmx/cw-bug-1.c (test for excess errors)
FAIL: gcc.dg/vmx/cw-bug-1.c (test for excess errors)
FAIL: gcc.dg/vmx/cw-bug-1.c (test for excess errors)
FAIL: gcc.dg/vmx/cw-bug-1.c (test for excess errors)
FAIL: gcc.dg/vmx/cw-bug-2.c (test for excess errors)
FAIL: gcc.dg/vmx/cw-bug-2.c (test for excess errors)
FAIL: gcc.dg/vmx/cw-bug-2.c (test for excess errors)
FAIL: gcc.dg/vmx/cw-bug-2.c (test for excess errors)
FAIL: gcc.dg/vmx/cw-bug-2.c (test for excess errors)
FAIL: gcc.dg/vmx/cw-bug-2.c (test for excess errors)
FAIL: gcc.dg/vmx/cw-bug-3.c (test for excess errors)
FAIL: gcc.dg/vmx/cw-bug-3.c (test for excess errors)
FAIL: gcc.dg/vmx/cw-bug-3.c (test for excess errors)
FAIL: gcc.dg/vmx/cw-bug-3.c (test for excess errors)
FAIL: gcc.dg/vmx/cw-bug-3.c (test for excess errors)
FAIL: gcc.dg/vmx/cw-bug-3.c (test for excess errors)
FAIL: gcc.dg/vmx/dct.c (test for excess errors)
FAIL: gcc.dg/vmx/dct.c (test for excess errors)
FAIL: gcc.dg/vmx/dct.c (test for excess errors)
FAIL: gcc.dg/vmx/dct.c (test for excess errors)
FAIL: gcc.dg/vmx/dct.c (test for excess errors)
FAIL: gcc.dg/vmx/dct.c (test for excess errors)
FAIL: gcc.dg/vmx/debug-1.c (test for excess errors)
FAIL: gcc.dg/vmx/debug-1.c (test for excess errors)
FAIL: gcc.dg/vmx/debug-1.c (test for excess errors)
FAIL: gcc.dg/vmx/debug-1.c (test for excess errors)
FAIL: gcc.dg/vmx/debug-1.c (test for excess errors)
FAIL: gcc.dg/vmx/debug-1.c (test for excess errors)
FAIL: gcc.dg/vmx/debug-2.c (test for excess errors)
FAIL: gcc.dg/vmx/debug-2.c (test for excess errors)
FAIL: gcc.dg/vmx/debug-2.c (test for excess errors)
FAIL: gcc.dg/vmx/debug-2.c (test for excess errors)
FAIL: gcc.dg/vmx/debug-2.c (test for excess errors)
FAIL: gcc.dg/vmx/debug-2.c (test for excess errors)
FAIL: gcc.dg/vmx/debug-3.c (test for excess errors)
FAIL: gcc.dg/vmx/debug-3.c (test for excess errors)
FAIL: gcc.dg/vmx/debug-3.c (test for excess errors)
FAIL: gcc.dg/vmx/debug-3.c (test for excess errors)
FAIL: gcc.dg/vmx/debug-3.c (test for excess errors)
FAIL: gcc.dg/vmx/debug-3.c (test for excess errors)
FAIL: gcc.dg/vmx/debug-4.c (test for excess errors)
FAIL: gcc.dg/vmx/debug-4.c (test for excess errors)
FAIL: gcc.dg/vmx/debug-4.c (test for excess errors)
FAIL: gcc.dg/vmx/debug-4.c (test for excess errors)
FAIL: gcc.dg/vmx/debug-4.c (test for excess errors)
FAIL: gcc.dg/vmx/debug-4.c (test for excess errors)
FAIL: gcc.dg/vmx/dos-bug-1-gdb.c (test for excess errors)
FAIL: gcc.dg/vmx/dos-bug-1-gdb.c (test for excess errors)
FAIL: gcc.dg/vmx/dos-bug-1-gdb.c (test for excess errors)
FAIL: gcc.dg/vmx/dos-bug-1-gdb.c (test for excess errors)
FAIL: gcc.dg/vmx/dos-bug-1-gdb.c (test for excess errors)
FAIL: gcc.dg/vmx/dos-bug-1-gdb.c (test for excess errors)
FAIL: gcc.dg/vmx/dos-bug-2-gdb.c (test for excess errors)
FAIL: gcc.dg/vmx/dos-bug-2-gdb.c (test for excess errors)
FAIL: gcc.dg/vmx/dos-bug-2-gdb.c (test for excess errors)
FAIL: gcc.dg/vmx/dos-bug-2-gdb.c (test for excess errors)
FAIL: gcc.dg/vmx/dos-bug-2-gdb.c (test for excess errors)
FAIL: gcc.dg/vmx/dos-bug-2-gdb.c (test for excess errors)
FAIL: gcc.dg/vmx/eg-5.c (test for excess errors)
FAIL: gcc.dg/vmx/eg-5.c (test for excess errors)
FAIL: gcc.dg/vmx/eg-5.c (test for excess errors)
FAIL: gcc.dg/vmx/eg-5.c (test for excess errors)
FAIL: gcc.dg/vmx/eg-5.c (test for excess errors)
FAIL: gcc.dg/vmx/eg-5.c (test for excess errors)
FAIL: gcc.dg/vmx/fft.c (test for excess errors)
FAIL: gcc.dg/vmx/fft.c (test for excess errors)
FAIL: gcc.dg/vmx/fft.c (test for excess errors)
FAIL: gcc.dg/vmx/fft.c (test for excess errors)
FAIL: gcc.dg/vmx/fft.c (test for excess errors)
FAIL: gcc.dg/vmx/fft.c (test for excess errors)
FAIL: gcc.dg/vmx/fft.c (test for excess errors)
FAIL: gcc.dg/vmx/fft.c (test for excess errors)
FAIL: gcc.dg/vmx/gcc-bug-1.c (test for excess errors)
FAIL: gcc.dg/vmx/gcc-bug-1.c (test for excess errors)
FAIL: gcc.dg/vmx/gcc-bug-1.c (test for excess errors)
FAIL: gcc.dg/vmx/gcc-bug-1.c (test for excess errors)
FAIL: gcc.dg/vmx/gcc-bug-1.c (test for excess errors)
FAIL: gcc.dg/vmx/gcc-bug-1.c (test for excess errors)
FAIL: gcc.dg/vmx/gcc-bug-2.c (test for excess errors)
FAIL: gcc.dg/vmx/gcc-bug-2.c (test for excess errors)
FAIL: gcc.dg/vmx/gcc-bug-2.c (test for excess errors)
FAIL: gcc.dg/vmx/gcc-bug-2.c (test for excess errors)
FAIL: gcc.dg/vmx/gcc-bug-2.c (test for excess errors)
FAIL: gcc.dg/vmx/gcc-bug-2.c (test for excess errors)
FAIL: gcc.dg/vmx/gcc-bug-3.c (test for excess errors)
FAIL: gcc.dg/vmx/gcc-bug-3.c (test for excess errors)
FAIL: gcc.dg/vmx/gcc-bug-3.c (test for excess errors)
FAIL: gcc.dg/vmx/gcc-bug-3.c (test for excess errors)
FAIL: gcc.dg/vmx/gcc-bug-3.c (test for excess errors)
FAIL: gcc.dg/vmx/gcc-bug-3.c (test for excess errors)
FAIL: gcc.dg/vmx/gcc-bug-4.c (test for excess errors)
FAIL: gcc.dg/vmx/gcc-bug-4.c (test for excess errors)
FAIL: gcc.dg/vmx/gcc-bug-4.c (test for excess errors)
FAIL: gcc.dg/vmx/gcc-bug-4.c (test for excess errors)
FAIL: gcc.dg/vmx/gcc-bug-4.c (test for excess errors)
FAIL: gcc.dg/vmx/gcc-bug-4.c (test for excess errors)
FAIL: gcc.dg/vmx/gcc-bug-5.c (test for excess errors)
FAIL: gcc.dg/vmx/gcc-bug-5.c (test for excess errors)
FAIL: gcc.dg/vmx/gcc-bug-5.c (test for excess errors)
FAIL: gcc.dg/vmx/gcc-bug-5.c (test for excess errors)
FAIL: gcc.dg/vmx/gcc-bug-5.c (test for excess errors)
FAIL: gcc.dg/vmx/gcc-bug-5.c (test for excess errors)
FAIL: gcc.dg/vmx/gcc-bug-6.c (test for excess errors)
FAIL: gcc.dg/vmx/gcc-bug-6.c (test for excess errors)
FAIL: gcc.dg/vmx/gcc-bug-6.c (test for excess errors)
FAIL: gcc.dg/vmx/gcc-bug-6.c (test for excess errors)
FAIL: gcc.dg/vmx/gcc-bug-6.c (test for excess errors)
FAIL: gcc.dg/vmx/gcc-bug-6.c (test for excess errors)
FAIL: gcc.dg/vmx/gcc-bug-7.c (test for excess errors)
FAIL: gcc.dg/vmx/gcc-bug-7.c (test for excess errors)
FAIL: gcc.dg/vmx/gcc-bug-7.c (test for excess errors)
FAIL: gcc.dg/vmx/gcc-bug-7.c (test for excess errors)
FAIL: gcc.dg/vmx/gcc-bug-7.c (test for excess errors)
FAIL: gcc.dg/vmx/gcc-bug-7.c (test for excess errors)
FAIL: gcc.dg/vmx/gcc-bug-8.c (test for excess errors)
FAIL: gcc.dg/vmx/gcc-bug-8.c (test for excess errors)
FAIL: gcc.dg/vmx/gcc-bug-8.c (test for excess errors)
FAIL: gcc.dg/vmx/gcc-bug-8.c (test for excess errors)
FAIL: gcc.dg/vmx/gcc-bug-8.c (test for excess errors)
FAIL: gcc.dg/vmx/gcc-bug-8.c (test for excess errors)
FAIL: gcc.dg/vmx/gcc-bug-9.c (test for excess errors)
FAIL: gcc.dg/vmx/gcc-bug-9.c (test for excess errors)
FAIL: gcc.dg/vmx/gcc-bug-9.c (test for excess errors)
FAIL: gcc.dg/vmx/gcc-bug-9.c (test for excess errors)
FAIL: gcc.dg/vmx/gcc-bug-9.c (test for excess errors)
FAIL: gcc.dg/vmx/gcc-bug-9.c (test for excess errors)
FAIL: gcc.dg/vmx/gcc-bug-b.c (test for excess errors)
FAIL: gcc.dg/vmx/gcc-bug-b.c (test for excess errors)
FAIL: gcc.dg/vmx/gcc-bug-b.c (test for excess errors)
FAIL: gcc.dg/vmx/gcc-bug-b.c (test for excess errors)
FAIL: gcc.dg/vmx/gcc-bug-b.c (test for excess errors)
FAIL: gcc.dg/vmx/gcc-bug-b.c (test for excess errors)
FAIL: gcc.dg/vmx/gcc-bug-c.c (test for excess errors)
FAIL: gcc.dg/vmx/gcc-bug-c.c (test for excess errors)
FAIL: gcc.dg/vmx/gcc-bug-c.c (test for excess errors)
FAIL: gcc.dg/vmx/gcc-bug-c.c (test for excess errors)
FAIL: gcc.dg/vmx/gcc-bug-c.c (test for excess errors)
FAIL: gcc.dg/vmx/gcc-bug-c.c (test for excess errors)
FAIL: gcc.dg/vmx/gcc-bug-d.c (test for excess errors)
FAIL: gcc.dg/vmx/gcc-bug-d.c (test for excess errors)
FAIL: gcc.dg/vmx/gcc-bug-d.c (test for excess errors)
FAIL: gcc.dg/vmx/gcc-bug-d.c (test for excess errors)
FAIL: gcc.dg/vmx/gcc-bug-d.c (test for excess errors)
FAIL: gcc.dg/vmx/gcc-bug-d.c (test for excess errors)
FAIL: gcc.dg/vmx/gcc-bug-e.c (test for excess errors)
FAIL: gcc.dg/vmx/gcc-bug-e.c (test for excess errors)
FAIL: gcc.dg/vmx/gcc-bug-e.c (test for excess errors)
FAIL: gcc.dg/vmx/gcc-bug-e.c (test for excess errors)
FAIL: gcc.dg/vmx/gcc-bug-e.c (test for excess errors)
FAIL: gcc.dg/vmx/gcc-bug-e.c (test for excess errors)
FAIL: gcc.dg/vmx/gcc-bug-f.c (test for excess errors)
FAIL: gcc.dg/vmx/gcc-bug-f.c (test for excess errors)
FAIL: gcc.dg/vmx/gcc-bug-f.c (test for excess errors)
FAIL: gcc.dg/vmx/gcc-bug-f.c (test for excess errors)
FAIL: gcc.dg/vmx/gcc-bug-f.c (test for excess errors)
FAIL: gcc.dg/vmx/gcc-bug-f.c (test for excess errors)
FAIL: gcc.dg/vmx/gcc-bug-g.c (test for excess errors)
FAIL: gcc.dg/vmx/gcc-bug-g.c (test for excess errors)
FAIL: gcc.dg/vmx/gcc-bug-g.c (test for excess errors)
FAIL: gcc.dg/vmx/gcc-bug-g.c (test for excess errors)
FAIL: gcc.dg/vmx/gcc-bug-g.c (test for excess errors)
FAIL: gcc.dg/vmx/gcc-bug-g.c (test for excess errors)
FAIL: gcc.dg/vmx/gcc-bug-i.c (test for excess errors)
FAIL: gcc.dg/vmx/gcc-bug-i.c (test for excess errors)
FAIL: gcc.dg/vmx/gcc-bug-i.c (test for excess errors)
FAIL: gcc.dg/vmx/gcc-bug-i.c (test for excess errors)
FAIL: gcc.dg/vmx/gcc-bug-i.c (test for excess errors)
FAIL: gcc.dg/vmx/gcc-bug-i.c (test for excess errors)
FAIL: gcc.dg/vmx/gcc-bug-i.c (test for excess errors)
FAIL: gcc.dg/vmx/gcc-bug-i.c (test for excess errors)
FAIL: gcc.dg/vmx/ira1.c (test for excess errors)
FAIL: gcc.dg/vmx/ira1.c (test for excess errors)
FAIL: gcc.dg/vmx/ira1.c (test for excess errors)
FAIL: gcc.dg/vmx/ira1.c (test for excess errors)
FAIL: gcc.dg/vmx/ira1.c (test for excess errors)
FAIL: gcc.dg/vmx/ira1.c (test for excess errors)
FAIL: gcc.dg/vmx/ira2.c (test for excess errors)
FAIL: gcc.dg/vmx/ira2.c (test for excess errors)
FAIL: gcc.dg/vmx/ira2.c (test for excess errors)
FAIL: gcc.dg/vmx/ira2.c (test for excess errors)
FAIL: gcc.dg/vmx/ira2.c (test for excess errors)
FAIL: gcc.dg/vmx/ira2.c (test for excess errors)
FAIL: gcc.dg/vmx/ira2a.c (test for excess errors)
FAIL: gcc.dg/vmx/ira2a.c (test for excess errors)
FAIL: gcc.dg/vmx/ira2a.c (test for excess errors)
FAIL: gcc.dg/vmx/ira2a.c (test for excess errors)
FAIL: gcc.dg/vmx/ira2a.c (test for excess errors)
FAIL: gcc.dg/vmx/ira2a.c (test for excess errors)
FAIL: gcc.dg/vmx/ira2b.c (test for excess errors)
FAIL: gcc.dg/vmx/ira2b.c (test for excess errors)
FAIL: gcc.dg/vmx/ira2b.c (test for excess errors)
FAIL: gcc.dg/vmx/ira2b.c (test for excess errors)
FAIL: gcc.dg/vmx/ira2b.c (test for excess errors)
FAIL: gcc.dg/vmx/ira2b.c (test for excess errors)
FAIL: gcc.dg/vmx/ira2c.c (test for excess errors)
FAIL: gcc.dg/vmx/ira2c.c (test for excess errors)
FAIL: gcc.dg/vmx/ira2c.c (test for excess errors)
FAIL: gcc.dg/vmx/ira2c.c (test for excess errors)
FAIL: gcc.dg/vmx/ira2c.c (test for excess errors)
FAIL: gcc.dg/vmx/ira2c.c (test for excess errors)
FAIL: gcc.dg/vmx/mem.c (test for excess errors)
FAIL: gcc.dg/vmx/mem.c (test for excess errors)
FAIL: gcc.dg/vmx/mem.c (test for excess errors)
FAIL: gcc.dg/vmx/mem.c (test for excess errors)
FAIL: gcc.dg/vmx/mem.c (test for excess errors)
FAIL: gcc.dg/vmx/mem.c (test for excess errors)
FAIL: gcc.dg/vmx/mem.c (test for excess errors)
FAIL: gcc.dg/vmx/mem.c (test for excess errors)
FAIL: gcc.dg/vmx/newton-1.c (test for excess errors)
FAIL: gcc.dg/vmx/newton-1.c (test for excess errors)
FAIL: gcc.dg/vmx/newton-1.c (test for excess errors)
FAIL: gcc.dg/vmx/newton-1.c (test for excess errors)
FAIL: gcc.dg/vmx/newton-1.c (test for excess errors)
FAIL: gcc.dg/vmx/newton-1.c (test for excess errors)
FAIL: gcc.dg/vmx/newton-1.c (test for excess errors)
FAIL: gcc.dg/vmx/newton-1.c (test for excess errors)
FAIL: gcc.dg/vmx/ops.c (test for excess errors)
FAIL: gcc.dg/vmx/ops.c (test for excess errors)
FAIL: gcc.dg/vmx/ops.c (test for excess errors)
FAIL: gcc.dg/vmx/ops.c (test for excess errors)
FAIL: gcc.dg/vmx/ops.c (test for excess errors)
FAIL: gcc.dg/vmx/ops.c (test for excess errors)
FAIL: gcc.dg/vmx/sn7153.c (test for excess errors)
FAIL: gcc.dg/vmx/sn7153.c (test for excess errors)
FAIL: gcc.dg/vmx/sn7153.c (test for excess errors)
FAIL: gcc.dg/vmx/sn7153.c (test for excess errors)
FAIL: gcc.dg/vmx/sn7153.c (test for excess errors)
FAIL: gcc.dg/vmx/sn7153.c (test for excess errors)
FAIL: gcc.dg/vmx/sn7153.c (test for excess errors)
FAIL: gcc.dg/vmx/sn7153.c (test for excess errors)
FAIL: gcc.dg/vmx/spill.c (test for excess errors)
FAIL: gcc.dg/vmx/spill.c (test for excess errors)
FAIL: gcc.dg/vmx/spill.c (test for excess errors)
FAIL: gcc.dg/vmx/spill.c (test for excess errors)
FAIL: gcc.dg/vmx/spill.c (test for excess errors)
FAIL: gcc.dg/vmx/spill.c (test for excess errors)
FAIL: gcc.dg/vmx/spill2.c (test for excess errors)
FAIL: gcc.dg/vmx/spill2.c (test for excess errors)
FAIL: gcc.dg/vmx/spill2.c (test for excess errors)
FAIL: gcc.dg/vmx/spill2.c (test for excess errors)
FAIL: gcc.dg/vmx/spill2.c (test for excess errors)
FAIL: gcc.dg/vmx/spill2.c (test for excess errors)
FAIL: gcc.dg/vmx/spill3.c (test for excess errors)
FAIL: gcc.dg/vmx/spill3.c (test for excess errors)
FAIL: gcc.dg/vmx/spill3.c (test for excess errors)
FAIL: gcc.dg/vmx/spill3.c (test for excess errors)
FAIL: gcc.dg/vmx/spill3.c (test for excess errors)
FAIL: gcc.dg/vmx/spill3.c (test for excess errors)
FAIL: gcc.dg/vmx/t.c (test for excess errors)
FAIL: gcc.dg/vmx/t.c (test for excess errors)
FAIL: gcc.dg/vmx/t.c (test for excess errors)
FAIL: gcc.dg/vmx/t.c (test for excess errors)
FAIL: gcc.dg/vmx/t.c (test for excess errors)
FAIL: gcc.dg/vmx/t.c (test for excess errors)
FAIL: gcc.dg/vmx/varargs-1.c (test for excess errors)
FAIL: gcc.dg/vmx/varargs-1.c (test for excess errors)
FAIL: gcc.dg/vmx/varargs-1.c (test for excess errors)
FAIL: gcc.dg/vmx/varargs-1.c (test for excess errors)
FAIL: gcc.dg/vmx/varargs-1.c (test for excess errors)
FAIL: gcc.dg/vmx/varargs-1.c (test for excess errors)
FAIL: gcc.dg/vmx/varargs-1.c (test for excess errors)
FAIL: gcc.dg/vmx/varargs-1.c (test for excess errors)
FAIL: gcc.dg/vmx/varargs-2.c (test for excess errors)
FAIL: gcc.dg/vmx/varargs-2.c (test for excess errors)
FAIL: gcc.dg/vmx/varargs-2.c (test for excess errors)
FAIL: gcc.dg/vmx/varargs-2.c (test for excess errors)
FAIL: gcc.dg/vmx/varargs-2.c (test for excess errors)
FAIL: gcc.dg/vmx/varargs-2.c (test for excess errors)
FAIL: gcc.dg/vmx/varargs-3.c (test for excess errors)
FAIL: gcc.dg/vmx/varargs-3.c (test for excess errors)
FAIL: gcc.dg/vmx/varargs-3.c (test for excess errors)
FAIL: gcc.dg/vmx/varargs-3.c (test for excess errors)
FAIL: gcc.dg/vmx/varargs-3.c (test for excess errors)
FAIL: gcc.dg/vmx/varargs-3.c (test for excess errors)
FAIL: gcc.dg/vmx/varargs-4.c (test for excess errors)
FAIL: gcc.dg/vmx/varargs-4.c (test for excess errors)
FAIL: gcc.dg/vmx/varargs-4.c (test for excess errors)
FAIL: gcc.dg/vmx/varargs-4.c (test for excess errors)
FAIL: gcc.dg/vmx/varargs-4.c (test for excess errors)
FAIL: gcc.dg/vmx/varargs-4.c (test for excess errors)
FAIL: gcc.dg/vmx/varargs-4.c (test for excess errors)
FAIL: gcc.dg/vmx/varargs-4.c (test for excess errors)
FAIL: gcc.dg/vmx/varargs-5.c (test for excess errors)
FAIL: gcc.dg/vmx/varargs-5.c (test for excess errors)
FAIL: gcc.dg/vmx/varargs-5.c (test for excess errors)
FAIL: gcc.dg/vmx/varargs-5.c (test for excess errors)
FAIL: gcc.dg/vmx/varargs-5.c (test for excess errors)
FAIL: gcc.dg/vmx/varargs-5.c (test for excess errors)
FAIL: gcc.dg/vmx/varargs-6.c (test for excess errors)
FAIL: gcc.dg/vmx/varargs-6.c (test for excess errors)
FAIL: gcc.dg/vmx/varargs-6.c (test for excess errors)
FAIL: gcc.dg/vmx/varargs-6.c (test for excess errors)
FAIL: gcc.dg/vmx/varargs-6.c (test for excess errors)
FAIL: gcc.dg/vmx/varargs-6.c (test for excess errors)
FAIL: gcc.dg/vmx/varargs-7.c (test for excess errors)
FAIL: gcc.dg/vmx/varargs-7.c (test for excess errors)
FAIL: gcc.dg/vmx/varargs-7.c (test for excess errors)
FAIL: gcc.dg/vmx/varargs-7.c (test for excess errors)
FAIL: gcc.dg/vmx/varargs-7.c (test for excess errors)
FAIL: gcc.dg/vmx/varargs-7.c (test for excess errors)
FAIL: gcc.dg/vmx/vprint-1.c (test for excess errors)
FAIL: gcc.dg/vmx/vprint-1.c (test for excess errors)
FAIL: gcc.dg/vmx/vprint-1.c (test for excess errors)
FAIL: gcc.dg/vmx/vprint-1.c (test for excess errors)
FAIL: gcc.dg/vmx/vprint-1.c (test for excess errors)
FAIL: gcc.dg/vmx/vprint-1.c (test for excess errors)
FAIL: gcc.dg/vmx/vprint-1.c (test for excess errors)
FAIL: gcc.dg/vmx/vprint-1.c (test for excess errors)
FAIL: gcc.dg/vmx/vscan-1.c (test for excess errors)
FAIL: gcc.dg/vmx/vscan-1.c (test for excess errors)
FAIL: gcc.dg/vmx/vscan-1.c (test for excess errors)
FAIL: gcc.dg/vmx/vscan-1.c (test for excess errors)
FAIL: gcc.dg/vmx/vscan-1.c (test for excess errors)
FAIL: gcc.dg/vmx/vscan-1.c (test for excess errors)
FAIL: gcc.dg/vmx/vscan-1.c (test for excess errors)
FAIL: gcc.dg/vmx/vscan-1.c (test for excess errors)
FAIL: gcc.dg/vmx/x-01.c (test for excess errors)
FAIL: gcc.dg/vmx/x-01.c (test for excess errors)
FAIL: gcc.dg/vmx/x-01.c (test for excess errors)
FAIL: gcc.dg/vmx/x-01.c (test for excess errors)
FAIL: gcc.dg/vmx/x-01.c (test for excess errors)
FAIL: gcc.dg/vmx/x-01.c (test for excess errors)
FAIL: gcc.dg/vmx/x-02.c (test for excess errors)
FAIL: gcc.dg/vmx/x-02.c (test for excess errors)
FAIL: gcc.dg/vmx/x-02.c (test for excess errors)
FAIL: gcc.dg/vmx/x-02.c (test for excess errors)
FAIL: gcc.dg/vmx/x-02.c (test for excess errors)
FAIL: gcc.dg/vmx/x-02.c (test for excess errors)
FAIL: gcc.dg/vmx/x-03.c (test for excess errors)
FAIL: gcc.dg/vmx/x-03.c (test for excess errors)
FAIL: gcc.dg/vmx/x-03.c (test for excess errors)
FAIL: gcc.dg/vmx/x-03.c (test for excess errors)
FAIL: gcc.dg/vmx/x-03.c (test for excess errors)
FAIL: gcc.dg/vmx/x-03.c (test for excess errors)
FAIL: gcc.dg/vmx/x-04.c (test for excess errors)
FAIL: gcc.dg/vmx/x-04.c (test for excess errors)
FAIL: gcc.dg/vmx/x-04.c (test for excess errors)
FAIL: gcc.dg/vmx/x-04.c (test for excess errors)
FAIL: gcc.dg/vmx/x-04.c (test for excess errors)
FAIL: gcc.dg/vmx/x-04.c (test for excess errors)
FAIL: gcc.dg/vmx/x-05.c (test for excess errors)
FAIL: gcc.dg/vmx/x-05.c (test for excess errors)
FAIL: gcc.dg/vmx/x-05.c (test for excess errors)
FAIL: gcc.dg/vmx/x-05.c (test for excess errors)
FAIL: gcc.dg/vmx/x-05.c (test for excess errors)
FAIL: gcc.dg/vmx/x-05.c (test for excess errors)
FAIL: gcc.dg/vmx/yousufi-1.c (test for excess errors)
FAIL: gcc.dg/vmx/yousufi-1.c (test for excess errors)
FAIL: gcc.dg/vmx/yousufi-1.c (test for excess errors)
FAIL: gcc.dg/vmx/yousufi-1.c (test for excess errors)
FAIL: gcc.dg/vmx/yousufi-1.c (test for excess errors)
FAIL: gcc.dg/vmx/yousufi-1.c (test for excess errors)
FAIL: gcc.dg/vmx/zero-1.c (test for excess errors)
FAIL: gcc.dg/vmx/zero-1.c (test for excess errors)
FAIL: gcc.dg/vmx/zero-1.c (test for excess errors)
FAIL: gcc.dg/vmx/zero-1.c (test for excess errors)
FAIL: gcc.dg/vmx/zero-1.c (test for excess errors)
FAIL: gcc.dg/vmx/zero-1.c (test for excess errors)
FAIL: gcc.dg/vmx/zero.c (test for excess errors)
FAIL: gcc.dg/vmx/zero.c (test for excess errors)
FAIL: gcc.dg/vmx/zero.c (test for excess errors)
FAIL: gcc.dg/vmx/zero.c (test for excess errors)
FAIL: gcc.dg/vmx/zero.c (test for excess errors)
FAIL: gcc.dg/vmx/zero.c (test for excess errors)

		=== gcc Summary ===

# of expected passes		27241
# of unexpected failures	827
# of unexpected successes	6
# of expected failures		73
# of unresolved testcases	47
# of untested testcases		28
# of unsupported tests		361
/tmp/build/nightly-builds/powerpc-eabispe/raptorred.ges.redhat.com/gcc/xgcc  version 3.5.0 20040712 (experimental)

Host   is i686-pc-linux-gnu

		=== objc tests ===


Running target powerpc-sim
FAIL: objc/execute/bf-1.m execution,  -O2 
FAIL: objc/execute/bf-1.m execution,  -O3 -g 
FAIL: objc/execute/bf-10.m execution,  -O2 
FAIL: objc/execute/bf-10.m execution,  -O3 -g 
FAIL: objc/execute/bf-10.m execution,  -Os 
FAIL: objc/execute/bf-11.m execution,  -O1 
FAIL: objc/execute/bf-11.m execution,  -O3 -fomit-frame-pointer 
FAIL: objc/execute/bf-11.m execution,  -Os 
FAIL: objc/execute/bf-12.m execution,  -O0 
FAIL: objc/execute/bf-12.m execution,  -O1 
FAIL: objc/execute/bf-12.m execution,  -O2 
FAIL: objc/execute/bf-12.m execution,  -O3 -fomit-frame-pointer 
FAIL: objc/execute/bf-13.m execution,  -O0 
FAIL: objc/execute/bf-13.m execution,  -O1 
FAIL: objc/execute/bf-13.m execution,  -O2 
FAIL: objc/execute/bf-13.m execution,  -O3 -fomit-frame-pointer 
FAIL: objc/execute/bf-13.m execution,  -Os 
FAIL: objc/execute/bf-14.m execution,  -O0 
FAIL: objc/execute/bf-14.m execution,  -O1 
FAIL: objc/execute/bf-14.m execution,  -O2 
FAIL: objc/execute/bf-14.m execution,  -O3 -g 
FAIL: objc/execute/bf-14.m execution,  -Os 
FAIL: objc/execute/bf-15.m execution,  -O0 
FAIL: objc/execute/bf-15.m execution,  -O2 
FAIL: objc/execute/bf-15.m execution,  -O3 -fomit-frame-pointer 
FAIL: objc/execute/bf-15.m execution,  -O3 -g 
FAIL: objc/execute/bf-16.m execution,  -O2 
FAIL: objc/execute/bf-16.m execution,  -O3 -g 
FAIL: objc/execute/bf-16.m execution,  -Os 
FAIL: objc/execute/bf-17.m execution,  -O0 
FAIL: objc/execute/bf-17.m execution,  -O2 
FAIL: objc/execute/bf-17.m execution,  -O3 -fomit-frame-pointer 
FAIL: objc/execute/bf-18.m execution,  -O0 
FAIL: objc/execute/bf-18.m execution,  -O3 -fomit-frame-pointer 
FAIL: objc/execute/bf-19.m execution,  -O2 
FAIL: objc/execute/bf-19.m execution,  -O3 -fomit-frame-pointer 
FAIL: objc/execute/bf-19.m execution,  -O3 -g 
FAIL: objc/execute/bf-19.m execution,  -Os 
FAIL: objc/execute/bf-2.m execution,  -O0 
FAIL: objc/execute/bf-2.m execution,  -O1 
FAIL: objc/execute/bf-2.m execution,  -O3 -fomit-frame-pointer 
FAIL: objc/execute/bf-2.m execution,  -Os 
FAIL: objc/execute/bf-20.m execution,  -O2 
FAIL: objc/execute/bf-20.m execution,  -O3 -fomit-frame-pointer 
FAIL: objc/execute/bf-20.m execution,  -O3 -g 
FAIL: objc/execute/bf-20.m execution,  -Os 
FAIL: objc/execute/bf-21.m execution,  -O0 
FAIL: objc/execute/bf-21.m execution,  -O1 
FAIL: objc/execute/bf-3.m execution,  -O0 
FAIL: objc/execute/bf-3.m execution,  -O1 
FAIL: objc/execute/bf-3.m execution,  -Os 
FAIL: objc/execute/bf-4.m execution,  -O2 
FAIL: objc/execute/bf-4.m execution,  -O3 -g 
FAIL: objc/execute/bf-5.m execution,  -O2 
FAIL: objc/execute/bf-5.m execution,  -O3 -g 
FAIL: objc/execute/bf-5.m execution,  -Os 
FAIL: objc/execute/bf-6.m execution,  -O0 
FAIL: objc/execute/bf-6.m execution,  -O1 
FAIL: objc/execute/bf-6.m execution,  -O3 -g 
FAIL: objc/execute/bf-6.m execution,  -Os 
FAIL: objc/execute/bf-7.m execution,  -O3 -fomit-frame-pointer 
FAIL: objc/execute/bf-8.m execution,  -Os 
FAIL: objc/execute/bf-9.m execution,  -O0 
FAIL: objc/execute/bf-9.m execution,  -O1 
FAIL: objc/execute/bf-9.m execution,  -O2 
FAIL: objc/execute/bf-9.m execution,  -Os 
FAIL: objc/execute/load-3.m execution,  -O3 -g 
FAIL: objc.dg/bitfield-3.m (test for excess errors)

		=== objc Summary ===

# of expected passes		1336
# of unexpected failures	68
# of unsupported tests		7
/tmp/build/nightly-builds/powerpc-eabispe/raptorred.ges.redhat.com/gcc/xgcc  version 3.5.0 20040712 (experimental)

Host   is i686-pc-linux-gnu

		=== gdb tests ===


Running target powerpc-sim
ERROR: powerpc-eabispe-gdb does not exist.
Host   is i686-pc-linux-gnu

		=== ld tests ===


Running target powerpc-sim
XPASS: S-records with constructors

		=== ld Summary ===

# of expected passes		48
# of unexpected successes	1
# of expected failures		4
Host   is powerpc-unknown-eabispe

		=== libstdc++ tests ===


Running target powerpc-sim
FAIL: 21_strings/basic_string/inserters_extractors/char/10.cc execution test
FAIL: 21_strings/basic_string/inserters_extractors/char/5.cc execution test
WARNING: program timed out.
FAIL: 22_locale/locale/cons/12438.cc execution test
FAIL: 22_locale/num_get/get/char/4.cc execution test
FAIL: 22_locale/time_put/put/char/12439_1.cc (test for excess errors)
WARNING: 22_locale/time_put/put/char/12439_1.cc compilation failed to produce executable
FAIL: 22_locale/time_put/put/char/12439_3.cc (test for excess errors)
WARNING: 22_locale/time_put/put/char/12439_3.cc compilation failed to produce executable
FAIL: 23_containers/deque/invalidation/3.cc (test for excess errors)
WARNING: 23_containers/deque/invalidation/3.cc compilation failed to produce executable
FAIL: 23_containers/list/invalidation/3.cc (test for excess errors)
WARNING: 23_containers/list/invalidation/3.cc compilation failed to produce executable
FAIL: 23_containers/map/operators/1.cc execution test
FAIL: 23_containers/multimap/invalidation/2.cc (test for excess errors)
WARNING: 23_containers/multimap/invalidation/2.cc compilation failed to produce executable
FAIL: 23_containers/multiset/invalidation/2.cc (test for excess errors)
WARNING: 23_containers/multiset/invalidation/2.cc compilation failed to produce executable
FAIL: 23_containers/set/invalidation/2.cc (test for excess errors)
WARNING: 23_containers/set/invalidation/2.cc compilation failed to produce executable
FAIL: 23_containers/vector/invalidation/3.cc (test for excess errors)
WARNING: 23_containers/vector/invalidation/3.cc compilation failed to produce executable
FAIL: 23_containers/vector/invalidation/4.cc (test for excess errors)
WARNING: 23_containers/vector/invalidation/4.cc compilation failed to produce executable
FAIL: 26_numerics/cmath/fabs_inline.cc execution test
FAIL: 26_numerics/complex/13450.cc (test for excess errors)
WARNING: 26_numerics/complex/13450.cc compilation failed to produce executable
FAIL: 26_numerics/complex/complex_value.cc (test for excess errors)
WARNING: 26_numerics/complex/complex_value.cc compilation failed to produce executable
FAIL: 26_numerics/complex/pow.cc (test for excess errors)
WARNING: 26_numerics/complex/pow.cc compilation failed to produce executable
FAIL: 27_io/basic_filebuf/close/char/1.cc execution test
FAIL: 27_io/basic_filebuf/close/char/2.cc execution test
FAIL: 27_io/basic_filebuf/close/char/4.cc execution test
FAIL: 27_io/basic_filebuf/close/char/4879.cc (test for excess errors)
WARNING: 27_io/basic_filebuf/close/char/4879.cc compilation failed to produce executable
FAIL: 27_io/basic_filebuf/close/char/9964.cc (test for excess errors)
WARNING: 27_io/basic_filebuf/close/char/9964.cc compilation failed to produce executable
FAIL: 27_io/basic_filebuf/imbue/char/13171-2.cc (test for excess errors)
WARNING: 27_io/basic_filebuf/imbue/char/13171-2.cc compilation failed to produce executable
FAIL: 27_io/basic_filebuf/imbue/char/13582-2.cc (test for excess errors)
WARNING: 27_io/basic_filebuf/imbue/char/13582-2.cc compilation failed to produce executable
FAIL: 27_io/basic_filebuf/imbue/char/2.cc execution test
FAIL: 27_io/basic_filebuf/in_avail/char/1.cc execution test
FAIL: 27_io/basic_filebuf/is_open/char/1.cc execution test
FAIL: 27_io/basic_filebuf/open/12790-1.cc execution test
FAIL: 27_io/basic_filebuf/open/char/1.cc execution test
FAIL: 27_io/basic_filebuf/open/char/2.cc execution test
FAIL: 27_io/basic_filebuf/open/char/9507.cc (test for excess errors)
WARNING: 27_io/basic_filebuf/open/char/9507.cc compilation failed to produce executable
FAIL: 27_io/basic_filebuf/overflow/char/9988.cc execution test
FAIL: 27_io/basic_filebuf/pbackfail/char/9761.cc execution test
FAIL: 27_io/basic_filebuf/sbumpc/char/1-in.cc execution test
FAIL: 27_io/basic_filebuf/sbumpc/char/1-io.cc execution test
FAIL: 27_io/basic_filebuf/sbumpc/char/1-out.cc execution test
FAIL: 27_io/basic_filebuf/sbumpc/char/2-in.cc execution test
FAIL: 27_io/basic_filebuf/sbumpc/char/2-io.cc execution test
FAIL: 27_io/basic_filebuf/sbumpc/char/9825.cc execution test
FAIL: 27_io/basic_filebuf/seekoff/12790-1.cc execution test
FAIL: 27_io/basic_filebuf/seekoff/12790-3.cc execution test
FAIL: 27_io/basic_filebuf/seekoff/char/1-in.cc execution test
FAIL: 27_io/basic_filebuf/seekoff/char/1-io.cc execution test
FAIL: 27_io/basic_filebuf/seekoff/char/1-out.cc execution test
FAIL: 27_io/basic_filebuf/seekoff/char/11543.cc execution test
FAIL: 27_io/basic_filebuf/seekoff/char/12790-2.cc execution test
FAIL: 27_io/basic_filebuf/seekoff/char/12790-4.cc execution test
FAIL: 27_io/basic_filebuf/seekoff/char/2-in.cc execution test
FAIL: 27_io/basic_filebuf/seekoff/char/2-io.cc execution test
FAIL: 27_io/basic_filebuf/seekoff/char/2-out.cc execution test
FAIL: 27_io/basic_filebuf/seekoff/char/3-in.cc execution test
FAIL: 27_io/basic_filebuf/seekoff/char/3-io.cc execution test
FAIL: 27_io/basic_filebuf/seekoff/char/3-out.cc execution test
FAIL: 27_io/basic_filebuf/seekpos/12790-2.cc execution test
FAIL: 27_io/basic_filebuf/seekpos/char/1-in.cc execution test
FAIL: 27_io/basic_filebuf/seekpos/char/1-io.cc execution test
FAIL: 27_io/basic_filebuf/seekpos/char/1-out.cc execution test
FAIL: 27_io/basic_filebuf/seekpos/char/12790-1.cc execution test
FAIL: 27_io/basic_filebuf/seekpos/char/12790-3.cc execution test
FAIL: 27_io/basic_filebuf/seekpos/char/12790-4.cc execution test
FAIL: 27_io/basic_filebuf/seekpos/char/2-in.cc execution test
FAIL: 27_io/basic_filebuf/seekpos/char/2-io.cc execution test
FAIL: 27_io/basic_filebuf/seekpos/char/2-out.cc execution test
FAIL: 27_io/basic_filebuf/seekpos/char/3-out.cc execution test
FAIL: 27_io/basic_filebuf/setbuf/char/1.cc execution test
FAIL: 27_io/basic_filebuf/setbuf/char/12875-2.cc execution test
FAIL: 27_io/basic_filebuf/sgetc/char/1-in.cc execution test
FAIL: 27_io/basic_filebuf/sgetc/char/1-io.cc execution test
FAIL: 27_io/basic_filebuf/sgetc/char/2-in.cc execution test
FAIL: 27_io/basic_filebuf/sgetc/char/2-io.cc execution test
FAIL: 27_io/basic_filebuf/sgetn/char/1-in.cc execution test
FAIL: 27_io/basic_filebuf/sgetn/char/1-io.cc execution test
FAIL: 27_io/basic_filebuf/sgetn/char/1-out.cc execution test
FAIL: 27_io/basic_filebuf/sgetn/char/2-in.cc execution test
FAIL: 27_io/basic_filebuf/sgetn/char/2-io.cc execution test
FAIL: 27_io/basic_filebuf/sgetn/char/2-out.cc execution test
FAIL: 27_io/basic_filebuf/sgetn/char/3.cc execution test
FAIL: 27_io/basic_filebuf/showmanyc/char/9533-1.cc (test for excess errors)
WARNING: 27_io/basic_filebuf/showmanyc/char/9533-1.cc compilation failed to produce executable
FAIL: 27_io/basic_filebuf/showmanyc/char/9533-2.cc execution test
FAIL: 27_io/basic_filebuf/snextc/char/1-in.cc execution test
FAIL: 27_io/basic_filebuf/snextc/char/1-io.cc execution test
FAIL: 27_io/basic_filebuf/snextc/char/1-out.cc execution test
FAIL: 27_io/basic_filebuf/snextc/char/2-in.cc execution test
FAIL: 27_io/basic_filebuf/snextc/char/2-io.cc execution test
FAIL: 27_io/basic_filebuf/snextc/char/2-out.cc execution test
FAIL: 27_io/basic_filebuf/sputbackc/char/1-in.cc execution test
FAIL: 27_io/basic_filebuf/sputbackc/char/1-out.cc execution test
FAIL: 27_io/basic_filebuf/sputbackc/char/2-in.cc execution test
FAIL: 27_io/basic_filebuf/sputc/char/1-io.cc execution test
FAIL: 27_io/basic_filebuf/sputc/char/1-out.cc execution test
FAIL: 27_io/basic_filebuf/sputc/char/2-in.cc execution test
FAIL: 27_io/basic_filebuf/sputn/char/9339.cc execution test
FAIL: 27_io/basic_filebuf/sungetc/char/1-in.cc execution test
FAIL: 27_io/basic_filebuf/sungetc/char/1-out.cc execution test
FAIL: 27_io/basic_filebuf/sungetc/char/2-in.cc execution test
FAIL: 27_io/basic_filebuf/sungetc/char/2-io.cc execution test
FAIL: 27_io/basic_filebuf/sungetc/char/2-out.cc execution test
FAIL: 27_io/basic_filebuf/underflow/10096.cc execution test
FAIL: 27_io/basic_filebuf/underflow/char/10097.cc (test for excess errors)
WARNING: 27_io/basic_filebuf/underflow/char/10097.cc compilation failed to produce executable
FAIL: 27_io/basic_ifstream/cons/char/1.cc execution test
FAIL: 27_io/basic_ifstream/open/char/1.cc execution test
FAIL: 27_io/basic_istream/extractors_arithmetic/char/01.cc execution test
FAIL: 27_io/basic_istream/extractors_arithmetic/char/12.cc execution test
FAIL: 27_io/basic_istream/extractors_other/char/2.cc execution test
FAIL: 27_io/basic_istream/get/char/2.cc execution test
FAIL: 27_io/basic_istream/getline/char/5.cc execution test
FAIL: 27_io/basic_istream/ignore/char/2.cc execution test
FAIL: 27_io/basic_istream/ignore/char/3.cc execution test
FAIL: 27_io/basic_istream/readsome/char/6746-2.cc execution test
FAIL: 27_io/basic_istream/seekg/char/2346-fstream.cc execution test
FAIL: 27_io/basic_istream/seekg/char/fstream.cc execution test
FAIL: 27_io/basic_istream/seekg/char/sstream.cc execution test
FAIL: 27_io/basic_istream/tellg/char/1.cc execution test
FAIL: 27_io/basic_istream/tellg/char/fstream.cc execution test
FAIL: 27_io/basic_istream/tellg/char/sstream.cc execution test
FAIL: 27_io/basic_ofstream/open/char/1.cc execution test
FAIL: 27_io/basic_ostream/inserters_other/char/1.cc execution test
FAIL: 27_io/objects/char/1.cc execution test
FAIL: 27_io/objects/char/10.cc execution test
FAIL: 27_io/objects/char/12048-1.cc execution test
FAIL: 27_io/objects/char/12048-2.cc execution test
FAIL: 27_io/objects/char/12048-3.cc execution test
FAIL: 27_io/objects/char/12048-4.cc execution test
XPASS: 27_io/objects/char/12048-5.cc execution test
FAIL: 27_io/objects/char/2.cc execution test
FAIL: 27_io/objects/char/5.cc execution test
FAIL: 27_io/objects/char/7.cc (test for excess errors)
WARNING: 27_io/objects/char/7.cc compilation failed to produce executable
FAIL: 27_io/objects/char/8.cc execution test
FAIL: 27_io/objects/char/9661-1.cc (test for excess errors)
WARNING: 27_io/objects/char/9661-1.cc compilation failed to produce executable
FAIL: ext/14648.cc (test for excess errors)
WARNING: ext/14648.cc compilation failed to produce executable
FAIL: ext/rope/1.cc (test for excess errors)
WARNING: ext/rope/1.cc compilation failed to produce executable
FAIL: ext/rope/2.cc (test for excess errors)
WARNING: ext/rope/2.cc compilation failed to produce executable
FAIL: ext/rope/3.cc (test for excess errors)
WARNING: ext/rope/3.cc compilation failed to produce executable
FAIL: ext/stdio_filebuf/char/2.cc execution test
FAIL: ext/stdio_sync_filebuf/char/12048-1.cc execution test
FAIL: ext/stdio_sync_filebuf/char/12048-2.cc execution test
FAIL: ext/stdio_sync_filebuf/char/12048-3.cc execution test
FAIL: ext/stdio_sync_filebuf/char/12048-4.cc execution test

		=== libstdc++ Summary ===

# of expected passes		1855
# of unexpected failures	138
# of unexpected successes	1
# of expected failures		3
# of unsupported tests		8
Host   is i686-pc-linux-gnu

		=== newlib tests ===


Running target powerpc-sim
FAIL: Failed to compile /home/cygnus/aldyh/source/untainted-sources/uber/newlib/testsuite/newlib.iconv/iconvjp.c.
FAIL: Failed to compile /home/cygnus/aldyh/source/untainted-sources/uber/newlib/testsuite/newlib.iconv/iconvnm.c.
FAIL: Failed to compile /home/cygnus/aldyh/source/untainted-sources/uber/newlib/testsuite/newlib.iconv/iconvru.c.
FAIL: Failed to compile UTF-8.c.
FAIL: Failed to compile /home/cygnus/aldyh/source/untainted-sources/uber/newlib/testsuite/newlib.search/hsearchtest.c.
FAIL: Failed to compile atexit.c.
FAIL: Failed to compile /home/cygnus/aldyh/source/untainted-sources/uber/newlib/testsuite/newlib.string/tstring.c.
FAIL: Failed to compile /home/cygnus/aldyh/source/untainted-sources/uber/newlib/testsuite/newlib.wctype/tiswctype.c.
FAIL: Failed to compile /home/cygnus/aldyh/source/untainted-sources/uber/newlib/testsuite/newlib.wctype/twctrans.c.
FAIL: Failed to compile /home/cygnus/aldyh/source/untainted-sources/uber/newlib/testsuite/newlib.wctype/twctype.c.

		=== newlib Summary ===

# of unexpected failures	10
		=== tcl tests ===


Running target powerpc-sim
ERROR: /home/cygnus/aldyh/source/untainted-sources/uber/tcl/testsuite/../tests/defs does not exist.
ERROR: Couldn't start the Tcl test shell

		=== tcl Summary ===

		=== tk tests ===


Running target powerpc-sim
ERROR: Couldn't start the Tk test environment

		=== tk Summary ===


Compiler version: 3.5.0 20040712 (experimental) 
Platform: powerpc-unknown-eabispe
configure flags: --target=powerpc-eabispe --disable-libmudflap --disable-multilib --enable-languages=c,c++,java,objc



More information about the Gcc-testresults mailing list