Results for 3.4.2 20040710 (prerelease) testsuite on x86_64-unknown-linux-gnu

H..J. Lu hjl@gnu-64.sc.intel.com
Sun Jul 11 05:51:00 GMT 2004


LAST_UPDATED: Sat Jul 10 18:16:43 UTC 2004

		=== acats tests ===
FAIL:	c37213f
FAIL:	c37215f
FAIL:	c380004
FAIL:	cd2a83c
FAIL:	cd2a91c
FAIL:	cxa5015
FAIL:	cxg1001
FAIL:	cxg1002
FAIL:	cxg1003
FAIL:	cxg1004
FAIL:	cxg1005
FAIL:	cxg2002
FAIL:	cxg2006
FAIL:	cxg2007
FAIL:	cxg2008
FAIL:	cxg2009
FAIL:	cxg2018
FAIL:	cxg2019
FAIL:	cxg2020
FAIL:	cxg2021

		=== acats Summary ===
# of expected passes		2285
# of unexpected failures	20
Native configuration is x86_64-unknown-linux-gnu

		=== g++ tests ===


Running target unix/-m32
FAIL: g++.dg/eh/simd-1.C (test for excess errors)
FAIL: g++.dg/eh/simd-2.C (test for excess errors)
WARNING: g++.old-deja/g++.mike/p10769a.C compilation failed to produce executable
WARNING: g++.old-deja/g++.other/enum5.C compilation failed to produce executable
WARNING: g++.old-deja/g++.pt/friend44.C compilation failed to produce executable

		=== g++ Summary for unix/-m32 ===

# of expected passes		9568
# of unexpected failures	2
# of expected failures		68
# of unsupported tests		69

Running target unix
FAIL: g++.dg/opt/conj1.C (test for excess errors)
FAIL: g++.dg/opt/conj2.C (test for excess errors)
FAIL: g++.old-deja/g++.brendan/crash20.C (test for excess errors)
WARNING: g++.old-deja/g++.mike/p10769a.C compilation failed to produce executable
FAIL: g++.old-deja/g++.other/debug9.C (test for excess errors)
WARNING: g++.old-deja/g++.other/enum5.C compilation failed to produce executable
WARNING: g++.old-deja/g++.pt/friend44.C compilation failed to produce executable

		=== g++ Summary for unix ===

# of expected passes		9566
# of unexpected failures	4
# of expected failures		68
# of unsupported tests		69

		=== g++ Summary ===

# of expected passes		19134
# of unexpected failures	6
# of expected failures		136
# of unsupported tests		138
/export/build/gnu/gcc-3.4/build-x86_64-linux/gcc/testsuite/../g++ version 3.4.2 20040710 (prerelease)

		=== g77 tests ===


Running target unix/-m32

		=== g77 Summary for unix/-m32 ===

# of expected passes		1800
# of unsupported tests		6

Running target unix
FAIL: g77.f-torture/execute/19990826-2.f compilation,  -O0 
FAIL: g77.f-torture/execute/19990826-2.f compilation,  -O1 
FAIL: g77.f-torture/execute/19990826-2.f compilation,  -O2 
FAIL: g77.f-torture/execute/19990826-2.f compilation,  -O3 -fomit-frame-pointer 
FAIL: g77.f-torture/execute/19990826-2.f compilation,  -O3 -g 
FAIL: g77.f-torture/execute/19990826-2.f compilation,  -Os 
FAIL: g77.f-torture/execute/20010116.f compilation,  -O0 
FAIL: g77.f-torture/execute/20010116.f compilation,  -O1 
FAIL: g77.f-torture/execute/20010116.f compilation,  -O2 
FAIL: g77.f-torture/execute/20010116.f compilation,  -O3 -fomit-frame-pointer 
FAIL: g77.f-torture/execute/20010116.f compilation,  -O3 -fomit-frame-pointer -funroll-loops 
FAIL: g77.f-torture/execute/20010116.f compilation,  -O3 -fomit-frame-pointer -funroll-all-loops -finline-functions 
FAIL: g77.f-torture/execute/20010116.f compilation,  -O3 -g 
FAIL: g77.f-torture/execute/20010116.f compilation,  -Os 

		=== g77 Summary for unix ===

# of expected passes		1772
# of unexpected failures	14
# of untested testcases		14
# of unsupported tests		6

		=== g77 Summary ===

# of expected passes		3572
# of unexpected failures	14
# of untested testcases		14
# of unsupported tests		12
/export/build/gnu/gcc-3.4/build-x86_64-linux/gcc/testsuite/../g77 version 3.4.2 20040710 (prerelease)

		=== gcc tests ===


Running target unix/-m32
FAIL: gcc.c-torture/execute/loop-2e.c execution,  -Os 
FAIL: gcc.c-torture/execute/va-arg-25.c execution,  -Os 
FAIL: gcc.c-torture/execute/ieee/20010114-2.c execution,  -O1 
FAIL: gcc.c-torture/execute/ieee/20010114-2.c execution,  -O2 
FAIL: gcc.c-torture/execute/ieee/20010114-2.c execution,  -Os 
FAIL: gcc.c-torture/execute/ieee/20030331-1.c execution,  -O1 
FAIL: gcc.c-torture/execute/ieee/20030331-1.c execution,  -O2 
FAIL: gcc.c-torture/execute/ieee/20030331-1.c execution,  -O3 -fomit-frame-pointer 
FAIL: gcc.c-torture/execute/ieee/20030331-1.c execution,  -O3 -g 
FAIL: gcc.c-torture/execute/ieee/20030331-1.c execution,  -Os 
FAIL: gcc.c-torture/execute/ieee/980619-1.c execution,  -O1 
FAIL: gcc.c-torture/execute/ieee/980619-1.c execution,  -O2 
FAIL: gcc.c-torture/execute/ieee/980619-1.c execution,  -O3 -fomit-frame-pointer 
FAIL: gcc.c-torture/execute/ieee/980619-1.c execution,  -O3 -fomit-frame-pointer -funroll-loops 
FAIL: gcc.c-torture/execute/ieee/980619-1.c execution,  -O3 -fomit-frame-pointer -funroll-all-loops -finline-functions 
FAIL: gcc.c-torture/execute/ieee/980619-1.c execution,  -O3 -g 
FAIL: gcc.c-torture/execute/ieee/980619-1.c execution,  -Os 

		=== gcc Summary for unix/-m32 ===

# of expected passes		24515
# of unexpected failures	17
# of expected failures		69
# of untested testcases		7
# of unsupported tests		283

Running target unix
FAIL: gcc.c-torture/compile/20000804-1.c (test for excess errors)
FAIL: gcc.c-torture/compile/20000804-1.c (test for excess errors)
FAIL: gcc.c-torture/compile/20000804-1.c (test for excess errors)
FAIL: gcc.c-torture/compile/20000804-1.c (test for excess errors)
FAIL: gcc.c-torture/compile/20000804-1.c (test for excess errors)
FAIL: gcc.c-torture/compile/20000804-1.c (test for excess errors)
FAIL: gcc.c-torture/compile/20000804-1.c (test for excess errors)
FAIL: gcc.c-torture/compile/20000804-1.c (test for excess errors)
FAIL: gcc.c-torture/compile/20001222-1.c (test for excess errors)
FAIL: gcc.c-torture/compile/20001222-1.c (test for excess errors)
FAIL: gcc.c-torture/compile/20001222-1.c (test for excess errors)
FAIL: gcc.c-torture/compile/20001222-1.c (test for excess errors)
FAIL: gcc.c-torture/compile/20001222-1.c (test for excess errors)
FAIL: gcc.c-torture/compile/20001222-1.c (test for excess errors)
FAIL: gcc.c-torture/compile/20030903-1.c (test for excess errors)
FAIL: gcc.c-torture/compile/20030903-1.c (test for excess errors)
FAIL: gcc.c-torture/compile/20030903-1.c (test for excess errors)
FAIL: gcc.c-torture/compile/20030903-1.c (test for excess errors)
FAIL: gcc.c-torture/compile/20030903-1.c (test for excess errors)
FAIL: gcc.c-torture/compile/20030903-1.c (test for excess errors)
FAIL: gcc.c-torture/compile/941019-1.c (test for excess errors)
FAIL: gcc.c-torture/compile/941019-1.c (test for excess errors)
FAIL: gcc.c-torture/compile/941019-1.c (test for excess errors)
FAIL: gcc.c-torture/compile/941019-1.c (test for excess errors)
FAIL: gcc.c-torture/compile/941019-1.c (test for excess errors)
FAIL: gcc.c-torture/compile/941019-1.c (test for excess errors)
FAIL: gcc.c-torture/compile/981223-1.c (test for excess errors)
FAIL: gcc.c-torture/compile/981223-1.c (test for excess errors)
FAIL: gcc.c-torture/compile/981223-1.c (test for excess errors)
FAIL: gcc.c-torture/compile/981223-1.c (test for excess errors)
FAIL: gcc.c-torture/compile/981223-1.c (test for excess errors)
FAIL: gcc.c-torture/compile/981223-1.c (test for excess errors)
FAIL: gcc.c-torture/compile/complex-1.c (test for excess errors)
FAIL: gcc.c-torture/compile/complex-1.c (test for excess errors)
FAIL: gcc.c-torture/compile/complex-1.c (test for excess errors)
FAIL: gcc.c-torture/compile/complex-1.c (test for excess errors)
FAIL: gcc.c-torture/compile/complex-1.c (test for excess errors)
FAIL: gcc.c-torture/compile/complex-1.c (test for excess errors)
FAIL: gcc.c-torture/execute/20010605-2.c compilation,  -O0 
UNRESOLVED: gcc.c-torture/execute/20010605-2.c execution,  -O0 
FAIL: gcc.c-torture/execute/20010605-2.c compilation,  -O1 
UNRESOLVED: gcc.c-torture/execute/20010605-2.c execution,  -O1 
FAIL: gcc.c-torture/execute/20010605-2.c compilation,  -O2 
UNRESOLVED: gcc.c-torture/execute/20010605-2.c execution,  -O2 
FAIL: gcc.c-torture/execute/20010605-2.c compilation,  -O3 -fomit-frame-pointer 
UNRESOLVED: gcc.c-torture/execute/20010605-2.c execution,  -O3 -fomit-frame-pointer 
FAIL: gcc.c-torture/execute/20010605-2.c compilation,  -O3 -g 
UNRESOLVED: gcc.c-torture/execute/20010605-2.c execution,  -O3 -g 
FAIL: gcc.c-torture/execute/20010605-2.c compilation,  -Os 
UNRESOLVED: gcc.c-torture/execute/20010605-2.c execution,  -Os 
FAIL: gcc.c-torture/execute/20020411-1.c compilation,  -O0 
UNRESOLVED: gcc.c-torture/execute/20020411-1.c execution,  -O0 
FAIL: gcc.c-torture/execute/20020411-1.c compilation,  -O1 
UNRESOLVED: gcc.c-torture/execute/20020411-1.c execution,  -O1 
FAIL: gcc.c-torture/execute/20020411-1.c compilation,  -O2 
UNRESOLVED: gcc.c-torture/execute/20020411-1.c execution,  -O2 
FAIL: gcc.c-torture/execute/20020411-1.c compilation,  -O3 -fomit-frame-pointer 
UNRESOLVED: gcc.c-torture/execute/20020411-1.c execution,  -O3 -fomit-frame-pointer 
FAIL: gcc.c-torture/execute/20020411-1.c compilation,  -O3 -g 
UNRESOLVED: gcc.c-torture/execute/20020411-1.c execution,  -O3 -g 
FAIL: gcc.c-torture/execute/20020411-1.c compilation,  -Os 
UNRESOLVED: gcc.c-torture/execute/20020411-1.c execution,  -Os 
FAIL: gcc.c-torture/execute/960512-1.c compilation,  -O0 
UNRESOLVED: gcc.c-torture/execute/960512-1.c execution,  -O0 
FAIL: gcc.c-torture/execute/960512-1.c compilation,  -O1 
UNRESOLVED: gcc.c-torture/execute/960512-1.c execution,  -O1 
FAIL: gcc.c-torture/execute/960512-1.c compilation,  -O2 
UNRESOLVED: gcc.c-torture/execute/960512-1.c execution,  -O2 
FAIL: gcc.c-torture/execute/960512-1.c compilation,  -O3 -fomit-frame-pointer 
UNRESOLVED: gcc.c-torture/execute/960512-1.c execution,  -O3 -fomit-frame-pointer 
FAIL: gcc.c-torture/execute/960512-1.c compilation,  -O3 -g 
UNRESOLVED: gcc.c-torture/execute/960512-1.c execution,  -O3 -g 
FAIL: gcc.c-torture/execute/960512-1.c compilation,  -Os 
UNRESOLVED: gcc.c-torture/execute/960512-1.c execution,  -Os 
FAIL: gcc.c-torture/execute/builtin-complex-1.c compilation,  -O0 
UNRESOLVED: gcc.c-torture/execute/builtin-complex-1.c execution,  -O0 
FAIL: gcc.c-torture/execute/builtin-complex-1.c compilation,  -O1 
UNRESOLVED: gcc.c-torture/execute/builtin-complex-1.c execution,  -O1 
FAIL: gcc.c-torture/execute/builtin-complex-1.c compilation,  -O2 
UNRESOLVED: gcc.c-torture/execute/builtin-complex-1.c execution,  -O2 
FAIL: gcc.c-torture/execute/builtin-complex-1.c compilation,  -O3 -fomit-frame-pointer 
UNRESOLVED: gcc.c-torture/execute/builtin-complex-1.c execution,  -O3 -fomit-frame-pointer 
FAIL: gcc.c-torture/execute/builtin-complex-1.c compilation,  -O3 -g 
UNRESOLVED: gcc.c-torture/execute/builtin-complex-1.c execution,  -O3 -g 
FAIL: gcc.c-torture/execute/builtin-complex-1.c compilation,  -Os 
UNRESOLVED: gcc.c-torture/execute/builtin-complex-1.c execution,  -Os 
FAIL: gcc.c-torture/execute/complex-1.c compilation,  -O0 
UNRESOLVED: gcc.c-torture/execute/complex-1.c execution,  -O0 
FAIL: gcc.c-torture/execute/complex-1.c compilation,  -O1 
UNRESOLVED: gcc.c-torture/execute/complex-1.c execution,  -O1 
FAIL: gcc.c-torture/execute/complex-1.c compilation,  -O2 
UNRESOLVED: gcc.c-torture/execute/complex-1.c execution,  -O2 
FAIL: gcc.c-torture/execute/complex-1.c compilation,  -O3 -fomit-frame-pointer 
UNRESOLVED: gcc.c-torture/execute/complex-1.c execution,  -O3 -fomit-frame-pointer 
FAIL: gcc.c-torture/execute/complex-1.c compilation,  -O3 -g 
UNRESOLVED: gcc.c-torture/execute/complex-1.c execution,  -O3 -g 
FAIL: gcc.c-torture/execute/complex-1.c compilation,  -Os 
UNRESOLVED: gcc.c-torture/execute/complex-1.c execution,  -Os 
FAIL: gcc.c-torture/execute/complex-2.c compilation,  -O0 
UNRESOLVED: gcc.c-torture/execute/complex-2.c execution,  -O0 
FAIL: gcc.c-torture/execute/complex-2.c compilation,  -O1 
UNRESOLVED: gcc.c-torture/execute/complex-2.c execution,  -O1 
FAIL: gcc.c-torture/execute/complex-2.c compilation,  -O2 
UNRESOLVED: gcc.c-torture/execute/complex-2.c execution,  -O2 
FAIL: gcc.c-torture/execute/complex-2.c compilation,  -O3 -fomit-frame-pointer 
UNRESOLVED: gcc.c-torture/execute/complex-2.c execution,  -O3 -fomit-frame-pointer 
FAIL: gcc.c-torture/execute/complex-2.c compilation,  -O3 -g 
UNRESOLVED: gcc.c-torture/execute/complex-2.c execution,  -O3 -g 
FAIL: gcc.c-torture/execute/complex-2.c compilation,  -Os 
UNRESOLVED: gcc.c-torture/execute/complex-2.c execution,  -Os 
FAIL: gcc.c-torture/execute/complex-5.c compilation,  -O0 
UNRESOLVED: gcc.c-torture/execute/complex-5.c execution,  -O0 
FAIL: gcc.c-torture/execute/complex-5.c compilation,  -O1 
UNRESOLVED: gcc.c-torture/execute/complex-5.c execution,  -O1 
FAIL: gcc.c-torture/execute/complex-5.c compilation,  -O2 
UNRESOLVED: gcc.c-torture/execute/complex-5.c execution,  -O2 
FAIL: gcc.c-torture/execute/complex-5.c compilation,  -O3 -fomit-frame-pointer 
UNRESOLVED: gcc.c-torture/execute/complex-5.c execution,  -O3 -fomit-frame-pointer 
FAIL: gcc.c-torture/execute/complex-5.c compilation,  -O3 -g 
UNRESOLVED: gcc.c-torture/execute/complex-5.c execution,  -O3 -g 
FAIL: gcc.c-torture/execute/complex-5.c compilation,  -Os 
UNRESOLVED: gcc.c-torture/execute/complex-5.c execution,  -Os 
FAIL: gcc.c-torture/execute/complex-6.c compilation,  -O0 
UNRESOLVED: gcc.c-torture/execute/complex-6.c execution,  -O0 
FAIL: gcc.c-torture/execute/complex-6.c compilation,  -O1 
UNRESOLVED: gcc.c-torture/execute/complex-6.c execution,  -O1 
FAIL: gcc.c-torture/execute/complex-6.c compilation,  -O2 
UNRESOLVED: gcc.c-torture/execute/complex-6.c execution,  -O2 
FAIL: gcc.c-torture/execute/complex-6.c compilation,  -O3 -fomit-frame-pointer 
UNRESOLVED: gcc.c-torture/execute/complex-6.c execution,  -O3 -fomit-frame-pointer 
FAIL: gcc.c-torture/execute/complex-6.c compilation,  -O3 -g 
UNRESOLVED: gcc.c-torture/execute/complex-6.c execution,  -O3 -g 
FAIL: gcc.c-torture/execute/complex-6.c compilation,  -Os 
UNRESOLVED: gcc.c-torture/execute/complex-6.c execution,  -Os 
FAIL: gcc.c-torture/execute/ieee/fp-cmp-4q.c compilation,  -O0 
UNRESOLVED: gcc.c-torture/execute/ieee/fp-cmp-4q.c execution,  -O0 
FAIL: gcc.c-torture/execute/ieee/fp-cmp-4q.c compilation,  -O1 
UNRESOLVED: gcc.c-torture/execute/ieee/fp-cmp-4q.c execution,  -O1 
FAIL: gcc.c-torture/execute/ieee/fp-cmp-4q.c compilation,  -O2 
UNRESOLVED: gcc.c-torture/execute/ieee/fp-cmp-4q.c execution,  -O2 
FAIL: gcc.c-torture/execute/ieee/fp-cmp-4q.c compilation,  -O3 -fomit-frame-pointer 
UNRESOLVED: gcc.c-torture/execute/ieee/fp-cmp-4q.c execution,  -O3 -fomit-frame-pointer 
FAIL: gcc.c-torture/execute/ieee/fp-cmp-4q.c compilation,  -O3 -g 
UNRESOLVED: gcc.c-torture/execute/ieee/fp-cmp-4q.c execution,  -O3 -g 
FAIL: gcc.c-torture/execute/ieee/fp-cmp-4q.c compilation,  -Os 
UNRESOLVED: gcc.c-torture/execute/ieee/fp-cmp-4q.c execution,  -Os 
FAIL: gcc.c-torture/execute/ieee/fp-cmp-8q.c compilation,  -O0 
UNRESOLVED: gcc.c-torture/execute/ieee/fp-cmp-8q.c execution,  -O0 
FAIL: gcc.c-torture/execute/ieee/fp-cmp-8q.c compilation,  -O1 
UNRESOLVED: gcc.c-torture/execute/ieee/fp-cmp-8q.c execution,  -O1 
FAIL: gcc.c-torture/execute/ieee/fp-cmp-8q.c compilation,  -O2 
UNRESOLVED: gcc.c-torture/execute/ieee/fp-cmp-8q.c execution,  -O2 
FAIL: gcc.c-torture/execute/ieee/fp-cmp-8q.c compilation,  -O3 -fomit-frame-pointer 
UNRESOLVED: gcc.c-torture/execute/ieee/fp-cmp-8q.c execution,  -O3 -fomit-frame-pointer 
FAIL: gcc.c-torture/execute/ieee/fp-cmp-8q.c compilation,  -O3 -g 
UNRESOLVED: gcc.c-torture/execute/ieee/fp-cmp-8q.c execution,  -O3 -g 
FAIL: gcc.c-torture/execute/ieee/fp-cmp-8q.c compilation,  -Os 
UNRESOLVED: gcc.c-torture/execute/ieee/fp-cmp-8q.c execution,  -Os 
FAIL: gcc.dg/compat/scalar-by-value-3 c_compat_x_tst.o compile
FAIL: gcc.dg/compat/scalar-by-value-3 c_compat_y_tst.o compile
UNRESOLVED: gcc.dg/compat/scalar-by-value-3 c_compat_x_tst.o-c_compat_y_tst.o link 
UNRESOLVED: gcc.dg/compat/scalar-by-value-3 c_compat_x_tst.o-c_compat_y_tst.o execute 
FAIL: gcc.dg/compat/scalar-by-value-4 c_compat_x_tst.o compile
FAIL: gcc.dg/compat/scalar-by-value-4 c_compat_y_tst.o compile
UNRESOLVED: gcc.dg/compat/scalar-by-value-4 c_compat_x_tst.o-c_compat_y_tst.o link 
UNRESOLVED: gcc.dg/compat/scalar-by-value-4 c_compat_x_tst.o-c_compat_y_tst.o execute 
FAIL: gcc.dg/compat/scalar-return-3 c_compat_x_tst.o compile
FAIL: gcc.dg/compat/scalar-return-3 c_compat_y_tst.o compile
UNRESOLVED: gcc.dg/compat/scalar-return-3 c_compat_x_tst.o-c_compat_y_tst.o link 
UNRESOLVED: gcc.dg/compat/scalar-return-3 c_compat_x_tst.o-c_compat_y_tst.o execute 
FAIL: gcc.dg/compat/scalar-return-4 c_compat_x_tst.o compile
FAIL: gcc.dg/compat/scalar-return-4 c_compat_y_tst.o compile
UNRESOLVED: gcc.dg/compat/scalar-return-4 c_compat_x_tst.o-c_compat_y_tst.o link 
UNRESOLVED: gcc.dg/compat/scalar-return-4 c_compat_x_tst.o-c_compat_y_tst.o execute 
FAIL: gcc.dg/compat/struct-by-value-11 c_compat_x_tst.o compile
FAIL: gcc.dg/compat/struct-by-value-11 c_compat_y_tst.o compile
UNRESOLVED: gcc.dg/compat/struct-by-value-11 c_compat_x_tst.o-c_compat_y_tst.o link 
UNRESOLVED: gcc.dg/compat/struct-by-value-11 c_compat_x_tst.o-c_compat_y_tst.o execute 
FAIL: gcc.dg/compat/struct-by-value-12 c_compat_x_tst.o compile
FAIL: gcc.dg/compat/struct-by-value-12 c_compat_y_tst.o compile
UNRESOLVED: gcc.dg/compat/struct-by-value-12 c_compat_x_tst.o-c_compat_y_tst.o link 
UNRESOLVED: gcc.dg/compat/struct-by-value-12 c_compat_x_tst.o-c_compat_y_tst.o execute 
FAIL: gcc.dg/compat/struct-by-value-13 c_compat_x_tst.o compile
FAIL: gcc.dg/compat/struct-by-value-13 c_compat_y_tst.o compile
UNRESOLVED: gcc.dg/compat/struct-by-value-13 c_compat_x_tst.o-c_compat_y_tst.o link 
UNRESOLVED: gcc.dg/compat/struct-by-value-13 c_compat_x_tst.o-c_compat_y_tst.o execute 
FAIL: gcc.dg/compat/struct-by-value-14 c_compat_x_tst.o compile
FAIL: gcc.dg/compat/struct-by-value-14 c_compat_y_tst.o compile
UNRESOLVED: gcc.dg/compat/struct-by-value-14 c_compat_x_tst.o-c_compat_y_tst.o link 
UNRESOLVED: gcc.dg/compat/struct-by-value-14 c_compat_x_tst.o-c_compat_y_tst.o execute 
FAIL: gcc.dg/compat/struct-by-value-15 c_compat_x_tst.o compile
FAIL: gcc.dg/compat/struct-by-value-15 c_compat_y_tst.o compile
UNRESOLVED: gcc.dg/compat/struct-by-value-15 c_compat_x_tst.o-c_compat_y_tst.o link 
UNRESOLVED: gcc.dg/compat/struct-by-value-15 c_compat_x_tst.o-c_compat_y_tst.o execute 
FAIL: gcc.dg/compat/struct-by-value-16 c_compat_x_tst.o compile
FAIL: gcc.dg/compat/struct-by-value-16 c_compat_y_tst.o compile
UNRESOLVED: gcc.dg/compat/struct-by-value-16 c_compat_x_tst.o-c_compat_y_tst.o link 
UNRESOLVED: gcc.dg/compat/struct-by-value-16 c_compat_x_tst.o-c_compat_y_tst.o execute 
FAIL: gcc.dg/compat/struct-by-value-17 c_compat_x_tst.o compile
FAIL: gcc.dg/compat/struct-by-value-17 c_compat_y_tst.o compile
UNRESOLVED: gcc.dg/compat/struct-by-value-17 c_compat_x_tst.o-c_compat_y_tst.o link 
UNRESOLVED: gcc.dg/compat/struct-by-value-17 c_compat_x_tst.o-c_compat_y_tst.o execute 
FAIL: gcc.dg/compat/struct-by-value-18 c_compat_x_tst.o compile
FAIL: gcc.dg/compat/struct-by-value-18 c_compat_y_tst.o compile
UNRESOLVED: gcc.dg/compat/struct-by-value-18 c_compat_x_tst.o-c_compat_y_tst.o link 
UNRESOLVED: gcc.dg/compat/struct-by-value-18 c_compat_x_tst.o-c_compat_y_tst.o execute 
FAIL: gcc.dg/compat/vector-1 c_compat_x_tst.o compile
FAIL: gcc.dg/compat/vector-1 c_compat_y_tst.o compile
UNRESOLVED: gcc.dg/compat/vector-1 c_compat_x_tst.o-c_compat_y_tst.o link 
UNRESOLVED: gcc.dg/compat/vector-1 c_compat_x_tst.o-c_compat_y_tst.o execute 
FAIL: gcc.dg/compat/vector-2 c_compat_x_tst.o compile
FAIL: gcc.dg/compat/vector-2 c_compat_y_tst.o compile
UNRESOLVED: gcc.dg/compat/vector-2 c_compat_x_tst.o-c_compat_y_tst.o link 
UNRESOLVED: gcc.dg/compat/vector-2 c_compat_x_tst.o-c_compat_y_tst.o execute 
FAIL: gcc.dg/debug/20020220-1.c (test for excess errors)
WARNING: gcc.dg/debug/20020220-1.c compilation failed to produce executable
FAIL: gcc.dg/debug/20020220-1.c (test for excess errors)
WARNING: gcc.dg/debug/20020220-1.c compilation failed to produce executable
FAIL: gcc.dg/debug/20020220-1.c (test for excess errors)
WARNING: gcc.dg/debug/20020220-1.c compilation failed to produce executable
FAIL: gcc.dg/debug/20020220-1.c (test for excess errors)
WARNING: gcc.dg/debug/20020220-1.c compilation failed to produce executable
FAIL: gcc.dg/debug/20020220-1.c (test for excess errors)
WARNING: gcc.dg/debug/20020220-1.c compilation failed to produce executable
FAIL: gcc.dg/debug/20020220-1.c (test for excess errors)
WARNING: gcc.dg/debug/20020220-1.c compilation failed to produce executable
FAIL: gcc.dg/debug/20020220-1.c (test for excess errors)
WARNING: gcc.dg/debug/20020220-1.c compilation failed to produce executable
FAIL: gcc.dg/debug/20020220-1.c (test for excess errors)
WARNING: gcc.dg/debug/20020220-1.c compilation failed to produce executable
FAIL: gcc.dg/debug/20020220-1.c (test for excess errors)
WARNING: gcc.dg/debug/20020220-1.c compilation failed to produce executable
FAIL: gcc.dg/debug/20020220-1.c (test for excess errors)
WARNING: gcc.dg/debug/20020220-1.c compilation failed to produce executable
FAIL: gcc.dg/debug/20020220-1.c (test for excess errors)
WARNING: gcc.dg/debug/20020220-1.c compilation failed to produce executable
FAIL: gcc.dg/debug/20020220-1.c (test for excess errors)
WARNING: gcc.dg/debug/20020220-1.c compilation failed to produce executable
FAIL: gcc.dg/debug/20020220-1.c (test for excess errors)
WARNING: gcc.dg/debug/20020220-1.c compilation failed to produce executable
FAIL: gcc.dg/debug/20020220-1.c (test for excess errors)
WARNING: gcc.dg/debug/20020220-1.c compilation failed to produce executable
FAIL: gcc.dg/debug/20020220-1.c (test for excess errors)
WARNING: gcc.dg/debug/20020220-1.c compilation failed to produce executable
FAIL: gcc.dg/debug/20020220-1.c (test for excess errors)
WARNING: gcc.dg/debug/20020220-1.c compilation failed to produce executable
FAIL: gcc.dg/debug/20020220-1.c (test for excess errors)
WARNING: gcc.dg/debug/20020220-1.c compilation failed to produce executable
FAIL: gcc.dg/debug/20020220-1.c (test for excess errors)
WARNING: gcc.dg/debug/20020220-1.c compilation failed to produce executable
FAIL: gcc.dg/debug/20020220-1.c (test for excess errors)
WARNING: gcc.dg/debug/20020220-1.c compilation failed to produce executable
FAIL: gcc.dg/debug/20020220-1.c (test for excess errors)
WARNING: gcc.dg/debug/20020220-1.c compilation failed to produce executable
FAIL: gcc.dg/debug/20020220-1.c (test for excess errors)
WARNING: gcc.dg/debug/20020220-1.c compilation failed to produce executable
FAIL: gcc.dg/debug/20020220-1.c (test for excess errors)
WARNING: gcc.dg/debug/20020220-1.c compilation failed to produce executable
FAIL: gcc.dg/debug/20020220-1.c (test for excess errors)
WARNING: gcc.dg/debug/20020220-1.c compilation failed to produce executable
FAIL: gcc.dg/debug/20020220-1.c (test for excess errors)
WARNING: gcc.dg/debug/20020220-1.c compilation failed to produce executable
FAIL: gcc.dg/debug/20020220-1.c (test for excess errors)
WARNING: gcc.dg/debug/20020220-1.c compilation failed to produce executable
FAIL: gcc.dg/debug/20020220-1.c (test for excess errors)
WARNING: gcc.dg/debug/20020220-1.c compilation failed to produce executable
FAIL: gcc.dg/debug/20020220-1.c (test for excess errors)
WARNING: gcc.dg/debug/20020220-1.c compilation failed to produce executable
FAIL: gcc.dg/20020103-1.c scan-assembler-not LC
FAIL: gcc.dg/20020319-1.c (test for excess errors)
FAIL: gcc.dg/builtins-1.c (test for excess errors)
ERROR: gcc.dg/builtins-1.c: error executing dg-final: couldn't open "builtins-1.s": no such file or directory
UNRESOLVED: gcc.dg/builtins-1.c: error executing dg-final: couldn't open "builtins-1.s": no such file or directory
FAIL: gcc.dg/builtins-16.c (test for excess errors)
ERROR: gcc.dg/builtins-16.c: error executing dg-final: couldn't open "builtins-16.s": no such file or directory
UNRESOLVED: gcc.dg/builtins-16.c: error executing dg-final: couldn't open "builtins-16.s": no such file or directory
FAIL: gcc.dg/c99-complex-1.c ~ for conjugation (test for errors, line 31)
FAIL: gcc.dg/c99-complex-1.c (test for excess errors)
FAIL: gcc.dg/c99-complex-2.c postinc (test for errors, line 13)
FAIL: gcc.dg/c99-complex-2.c preinc (test for errors, line 15)
FAIL: gcc.dg/c99-complex-2.c postdec (test for errors, line 17)
FAIL: gcc.dg/c99-complex-2.c predec (test for errors, line 19)
FAIL: gcc.dg/c99-complex-2.c (test for excess errors)
FAIL: gcc.dg/complex-1.c (test for excess errors)
WARNING: gcc.dg/complex-1.c compilation failed to produce executable
FAIL: gcc.dg/const-elim-1.c (test for excess errors)
ERROR: gcc.dg/const-elim-1.c: error executing dg-final: couldn't open "const-elim-1.s": no such file or directory
UNRESOLVED: gcc.dg/const-elim-1.c: error executing dg-final: couldn't open "const-elim-1.s": no such file or directory
FAIL: gcc.dg/i386-local.c scan-assembler magic[^\\\\n]*eax
FAIL: gcc.dg/i386-sse-2.c (test for excess errors)
FAIL: gcc.dg/loop-3.c (test for excess errors)
FAIL: gcc.dg/titype-1.c (test for excess errors)
WARNING: gcc.dg/titype-1.c compilation failed to produce executable
FAIL: gcc.dg/wtr-conversion-1.c (test for excess errors)
FAIL: gcc.dg/torture/builtin-attr-1.c (test for excess errors)
FAIL: gcc.dg/torture/builtin-attr-1.c (test for excess errors)
FAIL: gcc.dg/torture/builtin-attr-1.c (test for excess errors)
FAIL: gcc.dg/torture/builtin-attr-1.c (test for excess errors)
FAIL: gcc.dg/torture/builtin-attr-1.c (test for excess errors)
FAIL: gcc.dg/torture/builtin-attr-1.c (test for excess errors)

		=== gcc Summary for unix ===

# of expected passes		24235
# of unexpected failures	177
# of expected failures		69
# of unresolved testcases	91
# of untested testcases		7
# of unsupported tests		283

		=== gcc Summary ===

# of expected passes		48750
# of unexpected failures	194
# of expected failures		138
# of unresolved testcases	91
# of untested testcases		14
# of unsupported tests		566
/export/build/gnu/gcc-3.4/build-x86_64-linux/gcc/xgcc version 3.4.2 20040710 (prerelease)

		=== objc tests ===


Running target unix/-m32

		=== objc Summary for unix/-m32 ===

# of expected passes		1352
# of unsupported tests		8

Running target unix

		=== objc Summary for unix ===

# of expected passes		1352
# of unsupported tests		8

		=== objc Summary ===

# of expected passes		2704
# of unsupported tests		16
/export/build/gnu/gcc-3.4/build-x86_64-linux/gcc/xgcc version 3.4.2 20040710 (prerelease)

		=== libffi tests ===


Running target unix/-m32

		=== libffi Summary for unix/-m32 ===

# of expected passes		212
# of unsupported tests		2

Running target unix
FAIL: libffi.call/cls_12byte.c output pattern test, is 7 4 9 1 5 3: 8 9 12
FAIL: libffi.call/cls_16byte.c output pattern test, is 7 8 9 1 9 3: 8 17 12
FAIL: libffi.call/cls_18byte.c output pattern test, is 1 127 126 3 4 125 124 5: 5 252 250 8
FAIL: libffi.call/cls_19byte.c output pattern test, is 1 127 126 3 120 4 125 124 5 119: 5 252 250 8 239
FAIL: libffi.call/cls_1_1byte.c execution test
FAIL: libffi.call/cls_20byte.c output pattern test, is 1 2 3 4 5 7: 5 7 10
FAIL: libffi.call/cls_20byte1.c output pattern test, is 1 2 3 4 5 7: 5 7 10
FAIL: libffi.call/cls_24byte.c execution test
FAIL: libffi.call/cls_2byte.c output pattern test, is 12 127 1 13: 13 140
FAIL: libffi.call/cls_3_1byte.c output pattern test, is 12 13 14 178 179 180: 190 192 194
FAIL: libffi.call/cls_3byte1.c output pattern test, is 12 119 1 15: 13 134
FAIL: libffi.call/cls_3byte2.c output pattern test, is 15 125 9 19: 24 144
FAIL: libffi.call/cls_4_1byte.c output pattern test, is 12 13 14 15 178 179 180 181: 190 192 194 196
FAIL: libffi.call/cls_4byte.c output pattern test, is 127 120 12 128: 139 248
FAIL: libffi.call/cls_5byte.c output pattern test, is 127 120 1 12 128 9: 139 248 10
FAIL: libffi.call/cls_64byte.c execution test
FAIL: libffi.call/cls_6byte.c output pattern test, is 127 120 1 128 12 128 9 127: 139 248 10 255
FAIL: libffi.call/cls_7byte.c output pattern test, is 127 120 1 254 12 128 9 255: 139 248 10 509
FAIL: libffi.call/cls_8byte.c output pattern test, is 1 2 4 5: 5 7
FAIL: libffi.call/cls_9byte1.c output pattern test, is 7 8 1 9: 8 17
FAIL: libffi.call/cls_9byte2.c output pattern test, is 7 8 1 9: 8 17
FAIL: libffi.call/cls_align_double.c output pattern test, is 12 4951 127 1 9320 13: 13 14271 140
FAIL: libffi.call/cls_align_float.c output pattern test, is 12 4951 127 1 9320 13: 13 14271 140
FAIL: libffi.call/cls_align_longdouble.c output pattern test, is 12 4951 127 1 9320 13: 13 14271 140
FAIL: libffi.call/cls_align_pointer.c output pattern test, is 12 4951 127 1 9320 13: 13 14271 140
FAIL: libffi.call/cls_align_sint16.c output pattern test, is 12 4951 127 1 9320 13: 13 14271 140
FAIL: libffi.call/cls_align_sint32.c output pattern test, is 12 4951 127 1 9320 13: 13 14271 140
FAIL: libffi.call/cls_align_sint64.c output pattern test, is 12 4951 127 1 9320 13: 13 14271 140
FAIL: libffi.call/cls_align_uint16.c output pattern test, is 12 4951 127 1 9320 13: 13 14271 140
FAIL: libffi.call/cls_align_uint32.c output pattern test, is 12 4951 127 1 9320 13: 13 14271 140
FAIL: libffi.call/cls_align_uint64.c output pattern test, is 12 4951 127 1 9320 13: 13 14271 140
FAIL: libffi.call/nested_struct.c execution test
FAIL: libffi.call/nested_struct1.c output pattern test, is 9 2 6 1 2 3 4 5 6 3 1 8 3 2 4: 15 10 13 10 12 13
FAIL: libffi.call/nested_struct2.c output pattern test, is 1 7 12 127 99: 13 233 134
FAIL: libffi.call/nested_struct3.c output pattern test, is 1 7 12 127 99: 13 233 134
FAIL: libffi.call/problem1.c output pattern test, is 1 2 3 1 2 3: 2 4 6
FAIL: libffi.call/pyobjc-tc.c execution test

		=== libffi Summary for unix ===

# of expected passes		171
# of unexpected failures	37
# of unsupported tests		2

		=== libffi Summary ===

# of expected passes		383
# of unexpected failures	37
# of unsupported tests		4
		=== libjava tests ===


Running target unix/-m32

		=== libjava Summary for unix/-m32 ===

# of expected passes		3262
# of expected failures		10
# of untested testcases		8

Running target unix

		=== libjava Summary for unix ===

# of expected passes		3262
# of expected failures		10
# of untested testcases		8

		=== libjava Summary ===

# of expected passes		6524
# of expected failures		20
# of untested testcases		16

		=== libstdc++-v3 check-abi Summary ===

# of added symbols:		 288
# of missing symbols:		 271
# of incompatible symbols:	 271
		=== libstdc++ tests ===


Running target unix/-m32
FAIL: 22_locale/messages/members/char/1.cc execution test
FAIL: 22_locale/messages/members/char/2.cc execution test
FAIL: 22_locale/messages/members/char/wrapped_env.cc execution test
FAIL: 22_locale/messages/members/char/wrapped_locale.cc execution test
FAIL: 22_locale/messages_byname/named_equivalence.cc execution test
XPASS: 26_numerics/c99_classification_macros_c.cc (test for excess errors)

		=== libstdc++ Summary for unix/-m32 ===

# of expected passes		2691
# of unexpected failures	5
# of unexpected successes	1
# of expected failures		5

Running target unix
FAIL: 26_numerics/buggy_complex.cc (test for excess errors)
WARNING: 26_numerics/buggy_complex.cc compilation failed to produce executable
XPASS: 26_numerics/c99_classification_macros_c.cc (test for excess errors)
FAIL: 26_numerics/complex/13450.cc (test for excess errors)
WARNING: 26_numerics/complex/13450.cc compilation failed to produce executable
FAIL: 26_numerics/complex/pow.cc (test for excess errors)
WARNING: 26_numerics/complex/pow.cc compilation failed to produce executable
FAIL: 26_numerics/complex_value.cc (test for excess errors)
WARNING: 26_numerics/complex_value.cc compilation failed to produce executable
XPASS: 27_io/fpos/14320-1.cc execution test

		=== libstdc++ Summary for unix ===

# of expected passes		2688
# of unexpected failures	4
# of unexpected successes	2
# of expected failures		4

		=== libstdc++ Summary ===

# of expected passes		5379
# of unexpected failures	9
# of unexpected successes	3
# of expected failures		9

Compiler version: 3.4.2 20040710 (prerelease) 
Platform: x86_64-unknown-linux-gnu
configure flags: --enable-clocale=gnu --with-system-zlib --with-demangler-in-ld --enable-shared --enable-threads=posix --enable-haifa --disable-checking --prefix=/usr/gcc-3.4 --with-local-prefix=/usr/local



More information about the Gcc-testresults mailing list