Results for 3.5.0-sh-elf 20040628 (experimental) testsuite on sh64-unknown-elf

Joern Rennecke joern.rennecke@superh.com
Sat Jul 10 07:38:00 GMT 2004


LAST_UPDATED: 2004-07-09 21:59 UTC

Target is sh64-unknown-elf
Host   is i686-pc-linux-gnu

		=== g++ tests ===


Running target sh64
FAIL: g++.dg/bprob/g++-bprob-1.C compilation,  -O3  -fprofile-arcs
UNRESOLVED: g++.dg/bprob/g++-bprob-1.C execution,    -O3  -fprofile-arcs
UNRESOLVED: g++.dg/bprob/g++-bprob-1.C compilation,  -O3  -fbranch-probabilities
UNRESOLVED: g++.dg/bprob/g++-bprob-1.C execution,    -O3  -fbranch-probabilities
FAIL: g++.dg/bprob/g++-bprob-1.C compilation,  -O3 -g  -fprofile-arcs
UNRESOLVED: g++.dg/bprob/g++-bprob-1.C execution,    -O3 -g  -fprofile-arcs
UNRESOLVED: g++.dg/bprob/g++-bprob-1.C compilation,  -O3 -g  -fbranch-probabilities
UNRESOLVED: g++.dg/bprob/g++-bprob-1.C execution,    -O3 -g  -fbranch-probabilities
FAIL: g++.dg/compat/eh/unexpected1 cp_compat_x_tst.o-cp_compat_y_tst.o execute 
FAIL: g++.dg/abi/bitfield5.C  (test for warnings, line 10)
WARNING: program timed out.
FAIL: g++.dg/eh/cleanup1.C (test for excess errors)
FAIL: g++.dg/eh/registers1.C execution test
FAIL: g++.dg/eh/unexpected1.C execution test
FAIL: g++.dg/ext/stmtexpr2.C execution test
FAIL: g++.dg/opt/ptrmem4.C (test for excess errors)
WARNING: g++.dg/opt/ptrmem4.C compilation failed to produce executable
FAIL: g++.dg/other/packed1.C execution test
FAIL: g++.dg/parse/varmod1.C  (test for errors, line 5)
FAIL: g++.old-deja/g++.abi/cxa_vec.C execution test
FAIL: g++.old-deja/g++.abi/ptrflags.C (test for excess errors)
WARNING: g++.old-deja/g++.abi/ptrflags.C compilation failed to produce executable
FAIL: g++.old-deja/g++.bugs/900322_01.C  (test for errors, line 46)
FAIL: g++.old-deja/g++.bugs/900322_01.C  (test for errors, line 51)
FAIL: g++.old-deja/g++.bugs/900322_01.C  (test for errors, line 52)
FAIL: g++.old-deja/g++.eh/catchptr1.C (test for excess errors)
WARNING: g++.old-deja/g++.eh/catchptr1.C compilation failed to produce executable
FAIL: g++.old-deja/g++.eh/spec2.C execution test
XPASS: g++.old-deja/g++.jason/rfg16.C  (test for bogus messages, line 5)
FAIL: g++.old-deja/g++.jason/thunk2.C (test for excess errors)
WARNING: g++.old-deja/g++.jason/thunk2.C compilation failed to produce executable
XPASS: g++.old-deja/g++.jason/thunk3.C execution test
FAIL: g++.old-deja/g++.law/profile1.C (test for excess errors)
FAIL: g++.old-deja/g++.mike/eh33.C execution test
FAIL: g++.old-deja/g++.mike/eh50.C execution test
FAIL: g++.old-deja/g++.mike/eh51.C execution test
WARNING: g++.old-deja/g++.mike/p10769a.C compilation failed to produce executable
FAIL: g++.old-deja/g++.other/decl3.C (test for excess errors)
WARNING: g++.old-deja/g++.other/enum5.C compilation failed to produce executable
FAIL: g++.old-deja/g++.other/warn7.C  (test for warnings, line 38)
WARNING: g++.old-deja/g++.pt/friend44.C compilation failed to produce executable

		=== g++ Summary for sh64 ===

# of expected passes		9699
# of unexpected failures	25
# of unexpected successes	2
# of expected failures		78
# of unresolved testcases	6
# of unsupported tests		101

Running target sh64/-ml
FAIL: g++.dg/bprob/g++-bprob-1.C compilation,  -O3  -fprofile-arcs
UNRESOLVED: g++.dg/bprob/g++-bprob-1.C execution,    -O3  -fprofile-arcs
UNRESOLVED: g++.dg/bprob/g++-bprob-1.C compilation,  -O3  -fbranch-probabilities
UNRESOLVED: g++.dg/bprob/g++-bprob-1.C execution,    -O3  -fbranch-probabilities
FAIL: g++.dg/bprob/g++-bprob-1.C compilation,  -O3 -g  -fprofile-arcs
UNRESOLVED: g++.dg/bprob/g++-bprob-1.C execution,    -O3 -g  -fprofile-arcs
UNRESOLVED: g++.dg/bprob/g++-bprob-1.C compilation,  -O3 -g  -fbranch-probabilities
UNRESOLVED: g++.dg/bprob/g++-bprob-1.C execution,    -O3 -g  -fbranch-probabilities
FAIL: g++.dg/compat/eh/unexpected1 cp_compat_x_tst.o-cp_compat_y_tst.o execute 
FAIL: g++.dg/abi/bitfield5.C  (test for warnings, line 10)
WARNING: program timed out.
FAIL: g++.dg/eh/cleanup1.C (test for excess errors)
FAIL: g++.dg/eh/forced1.C execution test
FAIL: g++.dg/eh/registers1.C execution test
FAIL: g++.dg/eh/unexpected1.C execution test
FAIL: g++.dg/ext/stmtexpr2.C execution test
FAIL: g++.dg/opt/ptrmem4.C (test for excess errors)
WARNING: g++.dg/opt/ptrmem4.C compilation failed to produce executable
FAIL: g++.dg/other/packed1.C execution test
FAIL: g++.dg/parse/varmod1.C  (test for errors, line 5)
FAIL: g++.old-deja/g++.abi/cxa_vec.C execution test
FAIL: g++.old-deja/g++.abi/ptrflags.C (test for excess errors)
WARNING: g++.old-deja/g++.abi/ptrflags.C compilation failed to produce executable
FAIL: g++.old-deja/g++.bugs/900322_01.C  (test for errors, line 46)
FAIL: g++.old-deja/g++.bugs/900322_01.C  (test for errors, line 51)
FAIL: g++.old-deja/g++.bugs/900322_01.C  (test for errors, line 52)
FAIL: g++.old-deja/g++.eh/catchptr1.C (test for excess errors)
WARNING: g++.old-deja/g++.eh/catchptr1.C compilation failed to produce executable
FAIL: g++.old-deja/g++.eh/spec2.C execution test
FAIL: g++.old-deja/g++.eh/spec3.C execution test
XPASS: g++.old-deja/g++.jason/rfg16.C  (test for bogus messages, line 5)
FAIL: g++.old-deja/g++.jason/thunk2.C (test for excess errors)
WARNING: g++.old-deja/g++.jason/thunk2.C compilation failed to produce executable
XPASS: g++.old-deja/g++.jason/thunk3.C execution test
FAIL: g++.old-deja/g++.law/profile1.C (test for excess errors)
FAIL: g++.old-deja/g++.mike/eh33.C execution test
FAIL: g++.old-deja/g++.mike/eh50.C execution test
FAIL: g++.old-deja/g++.mike/eh51.C execution test
WARNING: g++.old-deja/g++.mike/p10769a.C compilation failed to produce executable
FAIL: g++.old-deja/g++.other/decl3.C (test for excess errors)
WARNING: g++.old-deja/g++.other/enum5.C compilation failed to produce executable
FAIL: g++.old-deja/g++.other/warn7.C  (test for warnings, line 38)
WARNING: g++.old-deja/g++.pt/friend44.C compilation failed to produce executable

		=== g++ Summary for sh64/-ml ===

# of expected passes		9697
# of unexpected failures	27
# of unexpected successes	2
# of expected failures		78
# of unresolved testcases	6
# of unsupported tests		101

Running target sh64/-m5-compact/-ml
FAIL: g++.dg/compat/eh/unexpected1 cp_compat_x_tst.o-cp_compat_y_tst.o execute 
FAIL: g++.dg/abi/bitfield5.C  (test for warnings, line 10)
FAIL: g++.dg/eh/crossjump1.C execution test
FAIL: g++.dg/eh/forced1.C execution test
FAIL: g++.dg/eh/forced2.C execution test
FAIL: g++.dg/eh/forced4.C execution test
FAIL: g++.dg/eh/registers1.C execution test
FAIL: g++.dg/eh/unexpected1.C execution test
FAIL: g++.dg/ext/stmtexpr2.C execution test
FAIL: g++.dg/opt/ptrmem4.C (test for excess errors)
WARNING: g++.dg/opt/ptrmem4.C compilation failed to produce executable
FAIL: g++.dg/opt/reg-stack2.C (test for excess errors)
FAIL: g++.dg/other/packed1.C execution test
FAIL: g++.dg/parse/varmod1.C  (test for errors, line 5)
FAIL: g++.old-deja/g++.abi/cxa_vec.C execution test
FAIL: g++.old-deja/g++.abi/ptrflags.C (test for excess errors)
WARNING: g++.old-deja/g++.abi/ptrflags.C compilation failed to produce executable
FAIL: g++.old-deja/g++.bugs/900322_01.C  (test for errors, line 46)
FAIL: g++.old-deja/g++.bugs/900322_01.C  (test for errors, line 51)
FAIL: g++.old-deja/g++.bugs/900322_01.C  (test for errors, line 52)
FAIL: g++.old-deja/g++.eh/catchptr1.C (test for excess errors)
WARNING: g++.old-deja/g++.eh/catchptr1.C compilation failed to produce executable
FAIL: g++.old-deja/g++.eh/spec2.C execution test
FAIL: g++.old-deja/g++.eh/spec3.C execution test
XPASS: g++.old-deja/g++.jason/rfg16.C  (test for bogus messages, line 5)
XPASS: g++.old-deja/g++.jason/thunk3.C execution test
FAIL: g++.old-deja/g++.law/profile1.C (test for excess errors)
FAIL: g++.old-deja/g++.mike/eh33.C execution test
FAIL: g++.old-deja/g++.mike/eh50.C execution test
FAIL: g++.old-deja/g++.mike/eh51.C execution test
WARNING: g++.old-deja/g++.mike/p10769a.C compilation failed to produce executable
FAIL: g++.old-deja/g++.other/decl3.C (test for excess errors)
WARNING: g++.old-deja/g++.other/enum5.C compilation failed to produce executable
FAIL: g++.old-deja/g++.other/warn7.C  (test for warnings, line 38)
WARNING: g++.old-deja/g++.pt/friend44.C compilation failed to produce executable

		=== g++ Summary for sh64/-m5-compact/-ml ===

# of expected passes		9704
# of unexpected failures	27
# of unexpected successes	2
# of expected failures		78
# of unsupported tests		101

		=== g++ Summary ===

# of expected passes		29100
# of unexpected failures	79
# of unexpected successes	6
# of expected failures		234
# of unresolved testcases	12
# of unsupported tests		303
/swbuild/nightly/sh-elf-3.5-2004-07-09-2159/sh64-elf/gcc/testsuite/../g++  version 3.5.0-sh-elf 20040628 (experimental)

Host   is i686-pc-linux-gnu

		=== gcc tests ===


Running target sh64
WARNING: program timed out.
FAIL: gcc.c-torture/compile/20001226-1.c  -O3 -g  (test for excess errors)
FAIL: gcc.c-torture/compile/920723-1.c  -O3 -fomit-frame-pointer  (test for excess errors)
FAIL: gcc.c-torture/compile/920723-1.c  -O3 -fomit-frame-pointer -funroll-loops  (test for excess errors)
FAIL: gcc.c-torture/compile/920723-1.c  -O3 -fomit-frame-pointer -funroll-all-loops -finline-functions  (test for excess errors)
FAIL: gcc.c-torture/compile/920723-1.c  -O3 -g  (test for excess errors)
FAIL: gcc.c-torture/execute/builtins/string-4.c execution,  -Os 
FAIL: gcc.c-torture/execute/20000822-1.c execution,  -Os 
FAIL: gcc.c-torture/execute/20020412-1.c compilation,  -O0 
UNRESOLVED: gcc.c-torture/execute/20020412-1.c execution,  -O0 
FAIL: gcc.c-torture/execute/20020412-1.c compilation,  -O1 
UNRESOLVED: gcc.c-torture/execute/20020412-1.c execution,  -O1 
FAIL: gcc.c-torture/execute/20020412-1.c compilation,  -O2 
UNRESOLVED: gcc.c-torture/execute/20020412-1.c execution,  -O2 
FAIL: gcc.c-torture/execute/20020412-1.c compilation,  -O3 -fomit-frame-pointer 
UNRESOLVED: gcc.c-torture/execute/20020412-1.c execution,  -O3 -fomit-frame-pointer 
FAIL: gcc.c-torture/execute/20020412-1.c compilation,  -O3 -fomit-frame-pointer -funroll-loops 
UNRESOLVED: gcc.c-torture/execute/20020412-1.c execution,  -O3 -fomit-frame-pointer -funroll-loops 
FAIL: gcc.c-torture/execute/20020412-1.c compilation,  -O3 -fomit-frame-pointer -funroll-all-loops -finline-functions 
UNRESOLVED: gcc.c-torture/execute/20020412-1.c execution,  -O3 -fomit-frame-pointer -funroll-all-loops -finline-functions 
FAIL: gcc.c-torture/execute/20020412-1.c compilation,  -O3 -g 
UNRESOLVED: gcc.c-torture/execute/20020412-1.c execution,  -O3 -g 
FAIL: gcc.c-torture/execute/20020412-1.c compilation,  -Os 
UNRESOLVED: gcc.c-torture/execute/20020412-1.c execution,  -Os 
FAIL: gcc.c-torture/execute/20030714-1.c compilation,  -O3 -fomit-frame-pointer 
UNRESOLVED: gcc.c-torture/execute/20030714-1.c execution,  -O3 -fomit-frame-pointer 
FAIL: gcc.c-torture/execute/20030714-1.c compilation,  -O3 -g 
UNRESOLVED: gcc.c-torture/execute/20030714-1.c execution,  -O3 -g 
FAIL: gcc.c-torture/execute/930518-1.c compilation,  -O3 -fomit-frame-pointer 
UNRESOLVED: gcc.c-torture/execute/930518-1.c execution,  -O3 -fomit-frame-pointer 
FAIL: gcc.c-torture/execute/930518-1.c compilation,  -O3 -fomit-frame-pointer -funroll-loops 
UNRESOLVED: gcc.c-torture/execute/930518-1.c execution,  -O3 -fomit-frame-pointer -funroll-loops 
FAIL: gcc.c-torture/execute/930518-1.c compilation,  -O3 -g 
UNRESOLVED: gcc.c-torture/execute/930518-1.c execution,  -O3 -g 
FAIL: gcc.c-torture/execute/981001-1.c compilation,  -O3 -fomit-frame-pointer 
UNRESOLVED: gcc.c-torture/execute/981001-1.c execution,  -O3 -fomit-frame-pointer 
FAIL: gcc.c-torture/execute/981001-1.c compilation,  -O3 -g 
UNRESOLVED: gcc.c-torture/execute/981001-1.c execution,  -O3 -g 
FAIL: gcc.c-torture/execute/990628-1.c compilation,  -O3 -fomit-frame-pointer 
UNRESOLVED: gcc.c-torture/execute/990628-1.c execution,  -O3 -fomit-frame-pointer 
FAIL: gcc.c-torture/execute/990628-1.c compilation,  -O3 -fomit-frame-pointer -funroll-loops 
UNRESOLVED: gcc.c-torture/execute/990628-1.c execution,  -O3 -fomit-frame-pointer -funroll-loops 
FAIL: gcc.c-torture/execute/990628-1.c compilation,  -O3 -fomit-frame-pointer -funroll-all-loops -finline-functions 
UNRESOLVED: gcc.c-torture/execute/990628-1.c execution,  -O3 -fomit-frame-pointer -funroll-all-loops -finline-functions 
FAIL: gcc.c-torture/execute/990628-1.c compilation,  -O3 -g 
UNRESOLVED: gcc.c-torture/execute/990628-1.c execution,  -O3 -g 
FAIL: gcc.c-torture/execute/nestfunc-3.c execution,  -Os 
FAIL: gcc.c-torture/execute/nestfunc-5.c execution,  -Os 
FAIL: gcc.c-torture/execute/nestfunc-6.c execution,  -Os 
FAIL: gcc.c-torture/execute/ieee/20030331-1.c compilation,  -O3 -fomit-frame-pointer 
UNRESOLVED: gcc.c-torture/execute/ieee/20030331-1.c execution,  -O3 -fomit-frame-pointer 
FAIL: gcc.c-torture/execute/ieee/20030331-1.c compilation,  -O3 -g 
UNRESOLVED: gcc.c-torture/execute/ieee/20030331-1.c execution,  -O3 -g 
FAIL: gcc.dg/debug/dwarf2/dwarf-die7.c scan-assembler 1.*DW_AT_inline
FAIL: gcc.dg/20021014-1.c (test for excess errors)
FAIL: gcc.dg/builtins-20.c (test for excess errors)
FAIL: gcc.dg/c90-const-expr-3.c (test for excess errors)
FAIL: gcc.dg/c99-complit-2.c non-const (test for errors, line 40)
FAIL: gcc.dg/c99-complit-2.c non-const (test for errors, line 42)
FAIL: gcc.dg/c99-complit-2.c non-const (test for errors, line 46)
FAIL: gcc.dg/c99-complit-2.c struct bad init (test for errors, line 51)
FAIL: gcc.dg/c99-complit-2.c union bad init (test for errors, line 53)
FAIL: gcc.dg/c99-complit-2.c array bad init (test for errors, line 58)
FAIL: gcc.dg/c99-complit-2.c array bad init (test for errors, line 66)
FAIL: gcc.dg/c99-complit-2.c (test for excess errors)
FAIL: gcc.dg/c99-const-expr-3.c (test for excess errors)
WARNING: program timed out.
FAIL: gcc.dg/c99-intconst-1.c (test for excess errors)
FAIL: gcc.dg/nest.c (test for excess errors)
FAIL: gcc.dg/pr14963.c parameter names (test for warnings, line 1)
FAIL: gcc.dg/pr14963.c data definition (test for warnings, line 1)
XPASS: gcc.dg/setjmp-1.c spurious clobbered warning (test for bogus messages, line 16)
FAIL: gcc.dg/uninit-H.c  (test for bogus messages, line 20)
FAIL: gcc.dg/va-arg-3.c (test for excess errors)
FAIL: gcc.dg/noncompile/920507-1.c  -O1  (test for excess errors)
FAIL: gcc.dg/noncompile/920507-1.c  -O2  (test for excess errors)
FAIL: gcc.dg/noncompile/920507-1.c  -O3 -fomit-frame-pointer  (test for excess errors)
FAIL: gcc.dg/noncompile/920507-1.c  -O3 -g  (test for excess errors)
FAIL: gcc.dg/noncompile/920507-1.c  -Os  (test for excess errors)
FAIL: gcc.dg/torture/builtin-convert-1.c  -O1  (test for excess errors)
FAIL: gcc.dg/torture/builtin-convert-1.c  -O2  (test for excess errors)
FAIL: gcc.dg/torture/builtin-convert-1.c  -O3 -fomit-frame-pointer  (test for excess errors)
FAIL: gcc.dg/torture/builtin-convert-1.c  -O3 -g  (test for excess errors)
FAIL: gcc.dg/torture/builtin-convert-1.c  -Os  (test for excess errors)
FAIL: gcc.dg/torture/builtin-convert-2.c  -O1  (test for excess errors)
FAIL: gcc.dg/torture/builtin-convert-2.c  -O2  (test for excess errors)
FAIL: gcc.dg/torture/builtin-convert-2.c  -O3 -fomit-frame-pointer  (test for excess errors)
FAIL: gcc.dg/torture/builtin-convert-2.c  -O3 -g  (test for excess errors)
FAIL: gcc.dg/torture/builtin-convert-2.c  -Os  (test for excess errors)
FAIL: gcc.dg/torture/builtin-convert-3.c  -O1  (test for excess errors)
FAIL: gcc.dg/torture/builtin-convert-3.c  -O2  (test for excess errors)
FAIL: gcc.dg/torture/builtin-convert-3.c  -O3 -fomit-frame-pointer  (test for excess errors)
FAIL: gcc.dg/torture/builtin-convert-3.c  -O3 -g  (test for excess errors)
FAIL: gcc.dg/torture/builtin-convert-3.c  -Os  (test for excess errors)
FAIL: gcc.dg/torture/builtin-power-1.c  -O0  (test for excess errors)
FAIL: gcc.dg/torture/builtin-power-1.c  -O1  (test for excess errors)
FAIL: gcc.dg/torture/builtin-power-1.c  -O2  (test for excess errors)
FAIL: gcc.dg/torture/builtin-power-1.c  -O3 -fomit-frame-pointer  (test for excess errors)
FAIL: gcc.dg/torture/builtin-power-1.c  -O3 -g  (test for excess errors)
FAIL: gcc.dg/torture/builtin-power-1.c  -Os  (test for excess errors)
XPASS: gcc.dg/tree-ssa/20040204-1.c scan-tree-dump-times link_error 0
FAIL: gcc.misc-tests/bprob-1.c compilation,  -O3 -DPERFTIME  -fprofile-arcs
UNRESOLVED: gcc.misc-tests/bprob-1.c execution,    -O3 -DPERFTIME  -fprofile-arcs
UNRESOLVED: gcc.misc-tests/bprob-1.c compilation,  -O3 -DPERFTIME  -fbranch-probabilities
UNRESOLVED: gcc.misc-tests/bprob-1.c execution,    -O3 -DPERFTIME  -fbranch-probabilities
FAIL: gcc.misc-tests/bprob-1.c compilation,  -O3 -g -DPERFTIME  -fprofile-arcs
UNRESOLVED: gcc.misc-tests/bprob-1.c execution,    -O3 -g -DPERFTIME  -fprofile-arcs
UNRESOLVED: gcc.misc-tests/bprob-1.c compilation,  -O3 -g -DPERFTIME  -fbranch-probabilities
UNRESOLVED: gcc.misc-tests/bprob-1.c execution,    -O3 -g -DPERFTIME  -fbranch-probabilities

		=== gcc Summary for sh64 ===

# of expected passes		25900
# of unexpected failures	78
# of unexpected successes	2
# of expected failures		71
# of unresolved testcases	27
# of untested testcases		28
# of unsupported tests		383

Running target sh64/-ml
WARNING: program timed out.
FAIL: gcc.c-torture/compile/20001226-1.c  -O3 -g  (test for excess errors)
FAIL: gcc.c-torture/compile/920723-1.c  -O3 -fomit-frame-pointer  (test for excess errors)
FAIL: gcc.c-torture/compile/920723-1.c  -O3 -fomit-frame-pointer -funroll-loops  (test for excess errors)
FAIL: gcc.c-torture/compile/920723-1.c  -O3 -fomit-frame-pointer -funroll-all-loops -finline-functions  (test for excess errors)
FAIL: gcc.c-torture/compile/920723-1.c  -O3 -g  (test for excess errors)
FAIL: gcc.c-torture/execute/builtins/string-4.c execution,  -Os 
FAIL: gcc.c-torture/execute/20000822-1.c execution,  -Os 
FAIL: gcc.c-torture/execute/20020412-1.c compilation,  -O0 
UNRESOLVED: gcc.c-torture/execute/20020412-1.c execution,  -O0 
FAIL: gcc.c-torture/execute/20020412-1.c compilation,  -O1 
UNRESOLVED: gcc.c-torture/execute/20020412-1.c execution,  -O1 
FAIL: gcc.c-torture/execute/20020412-1.c compilation,  -O2 
UNRESOLVED: gcc.c-torture/execute/20020412-1.c execution,  -O2 
FAIL: gcc.c-torture/execute/20020412-1.c compilation,  -O3 -fomit-frame-pointer 
UNRESOLVED: gcc.c-torture/execute/20020412-1.c execution,  -O3 -fomit-frame-pointer 
FAIL: gcc.c-torture/execute/20020412-1.c compilation,  -O3 -fomit-frame-pointer -funroll-loops 
UNRESOLVED: gcc.c-torture/execute/20020412-1.c execution,  -O3 -fomit-frame-pointer -funroll-loops 
FAIL: gcc.c-torture/execute/20020412-1.c compilation,  -O3 -fomit-frame-pointer -funroll-all-loops -finline-functions 
UNRESOLVED: gcc.c-torture/execute/20020412-1.c execution,  -O3 -fomit-frame-pointer -funroll-all-loops -finline-functions 
FAIL: gcc.c-torture/execute/20020412-1.c compilation,  -O3 -g 
UNRESOLVED: gcc.c-torture/execute/20020412-1.c execution,  -O3 -g 
FAIL: gcc.c-torture/execute/20020412-1.c compilation,  -Os 
UNRESOLVED: gcc.c-torture/execute/20020412-1.c execution,  -Os 
FAIL: gcc.c-torture/execute/20030714-1.c compilation,  -O3 -fomit-frame-pointer 
UNRESOLVED: gcc.c-torture/execute/20030714-1.c execution,  -O3 -fomit-frame-pointer 
FAIL: gcc.c-torture/execute/20030714-1.c compilation,  -O3 -g 
UNRESOLVED: gcc.c-torture/execute/20030714-1.c execution,  -O3 -g 
FAIL: gcc.c-torture/execute/930518-1.c compilation,  -O3 -fomit-frame-pointer 
UNRESOLVED: gcc.c-torture/execute/930518-1.c execution,  -O3 -fomit-frame-pointer 
FAIL: gcc.c-torture/execute/930518-1.c compilation,  -O3 -fomit-frame-pointer -funroll-loops 
UNRESOLVED: gcc.c-torture/execute/930518-1.c execution,  -O3 -fomit-frame-pointer -funroll-loops 
FAIL: gcc.c-torture/execute/930518-1.c compilation,  -O3 -g 
UNRESOLVED: gcc.c-torture/execute/930518-1.c execution,  -O3 -g 
FAIL: gcc.c-torture/execute/981001-1.c compilation,  -O3 -fomit-frame-pointer 
UNRESOLVED: gcc.c-torture/execute/981001-1.c execution,  -O3 -fomit-frame-pointer 
FAIL: gcc.c-torture/execute/981001-1.c compilation,  -O3 -g 
UNRESOLVED: gcc.c-torture/execute/981001-1.c execution,  -O3 -g 
FAIL: gcc.c-torture/execute/990628-1.c compilation,  -O3 -fomit-frame-pointer 
UNRESOLVED: gcc.c-torture/execute/990628-1.c execution,  -O3 -fomit-frame-pointer 
FAIL: gcc.c-torture/execute/990628-1.c compilation,  -O3 -fomit-frame-pointer -funroll-loops 
UNRESOLVED: gcc.c-torture/execute/990628-1.c execution,  -O3 -fomit-frame-pointer -funroll-loops 
FAIL: gcc.c-torture/execute/990628-1.c compilation,  -O3 -fomit-frame-pointer -funroll-all-loops -finline-functions 
UNRESOLVED: gcc.c-torture/execute/990628-1.c execution,  -O3 -fomit-frame-pointer -funroll-all-loops -finline-functions 
FAIL: gcc.c-torture/execute/990628-1.c compilation,  -O3 -g 
UNRESOLVED: gcc.c-torture/execute/990628-1.c execution,  -O3 -g 
FAIL: gcc.c-torture/execute/nestfunc-3.c execution,  -Os 
FAIL: gcc.c-torture/execute/nestfunc-5.c execution,  -Os 
FAIL: gcc.c-torture/execute/nestfunc-6.c execution,  -Os 
FAIL: gcc.c-torture/execute/ieee/20030331-1.c compilation,  -O3 -fomit-frame-pointer 
UNRESOLVED: gcc.c-torture/execute/ieee/20030331-1.c execution,  -O3 -fomit-frame-pointer 
FAIL: gcc.c-torture/execute/ieee/20030331-1.c compilation,  -O3 -g 
UNRESOLVED: gcc.c-torture/execute/ieee/20030331-1.c execution,  -O3 -g 
FAIL: gcc.dg/debug/dwarf2/dwarf-die7.c scan-assembler 1.*DW_AT_inline
FAIL: gcc.dg/20021014-1.c (test for excess errors)
FAIL: gcc.dg/builtins-20.c (test for excess errors)
FAIL: gcc.dg/c90-const-expr-3.c (test for excess errors)
FAIL: gcc.dg/c99-complit-2.c non-const (test for errors, line 40)
FAIL: gcc.dg/c99-complit-2.c non-const (test for errors, line 42)
FAIL: gcc.dg/c99-complit-2.c non-const (test for errors, line 46)
FAIL: gcc.dg/c99-complit-2.c struct bad init (test for errors, line 51)
FAIL: gcc.dg/c99-complit-2.c union bad init (test for errors, line 53)
FAIL: gcc.dg/c99-complit-2.c array bad init (test for errors, line 58)
FAIL: gcc.dg/c99-complit-2.c array bad init (test for errors, line 66)
FAIL: gcc.dg/c99-complit-2.c (test for excess errors)
FAIL: gcc.dg/c99-const-expr-3.c (test for excess errors)
WARNING: program timed out.
FAIL: gcc.dg/c99-intconst-1.c (test for excess errors)
FAIL: gcc.dg/nest.c (test for excess errors)
FAIL: gcc.dg/pr14963.c parameter names (test for warnings, line 1)
FAIL: gcc.dg/pr14963.c data definition (test for warnings, line 1)
XPASS: gcc.dg/setjmp-1.c spurious clobbered warning (test for bogus messages, line 16)
FAIL: gcc.dg/uninit-H.c  (test for bogus messages, line 20)
FAIL: gcc.dg/va-arg-3.c (test for excess errors)
FAIL: gcc.dg/torture/builtin-convert-1.c  -O1  (test for excess errors)
FAIL: gcc.dg/torture/builtin-convert-1.c  -O2  (test for excess errors)
FAIL: gcc.dg/torture/builtin-convert-1.c  -O3 -fomit-frame-pointer  (test for excess errors)
FAIL: gcc.dg/torture/builtin-convert-1.c  -O3 -g  (test for excess errors)
FAIL: gcc.dg/torture/builtin-convert-1.c  -Os  (test for excess errors)
FAIL: gcc.dg/torture/builtin-convert-2.c  -O1  (test for excess errors)
FAIL: gcc.dg/torture/builtin-convert-2.c  -O2  (test for excess errors)
FAIL: gcc.dg/torture/builtin-convert-2.c  -O3 -fomit-frame-pointer  (test for excess errors)
FAIL: gcc.dg/torture/builtin-convert-2.c  -O3 -g  (test for excess errors)
FAIL: gcc.dg/torture/builtin-convert-2.c  -Os  (test for excess errors)
FAIL: gcc.dg/torture/builtin-convert-3.c  -O1  (test for excess errors)
FAIL: gcc.dg/torture/builtin-convert-3.c  -O2  (test for excess errors)
FAIL: gcc.dg/torture/builtin-convert-3.c  -O3 -fomit-frame-pointer  (test for excess errors)
FAIL: gcc.dg/torture/builtin-convert-3.c  -O3 -g  (test for excess errors)
FAIL: gcc.dg/torture/builtin-convert-3.c  -Os  (test for excess errors)
FAIL: gcc.dg/torture/builtin-power-1.c  -O0  (test for excess errors)
FAIL: gcc.dg/torture/builtin-power-1.c  -O1  (test for excess errors)
FAIL: gcc.dg/torture/builtin-power-1.c  -O2  (test for excess errors)
FAIL: gcc.dg/torture/builtin-power-1.c  -O3 -fomit-frame-pointer  (test for excess errors)
FAIL: gcc.dg/torture/builtin-power-1.c  -O3 -g  (test for excess errors)
FAIL: gcc.dg/torture/builtin-power-1.c  -Os  (test for excess errors)
XPASS: gcc.dg/tree-ssa/20040204-1.c scan-tree-dump-times link_error 0
FAIL: gcc.misc-tests/bprob-1.c compilation,  -O3 -DPERFTIME  -fprofile-arcs
UNRESOLVED: gcc.misc-tests/bprob-1.c execution,    -O3 -DPERFTIME  -fprofile-arcs
UNRESOLVED: gcc.misc-tests/bprob-1.c compilation,  -O3 -DPERFTIME  -fbranch-probabilities
UNRESOLVED: gcc.misc-tests/bprob-1.c execution,    -O3 -DPERFTIME  -fbranch-probabilities
FAIL: gcc.misc-tests/bprob-1.c compilation,  -O3 -g -DPERFTIME  -fprofile-arcs
UNRESOLVED: gcc.misc-tests/bprob-1.c execution,    -O3 -g -DPERFTIME  -fprofile-arcs
UNRESOLVED: gcc.misc-tests/bprob-1.c compilation,  -O3 -g -DPERFTIME  -fbranch-probabilities
UNRESOLVED: gcc.misc-tests/bprob-1.c execution,    -O3 -g -DPERFTIME  -fbranch-probabilities

		=== gcc Summary for sh64/-ml ===

# of expected passes		25905
# of unexpected failures	73
# of unexpected successes	2
# of expected failures		71
# of unresolved testcases	27
# of untested testcases		28
# of unsupported tests		383

Running target sh64/-m5-compact/-ml
WARNING: program timed out.
FAIL: gcc.c-torture/compile/20001226-1.c  -O2  (test for excess errors)
WARNING: program timed out.
FAIL: gcc.c-torture/compile/20001226-1.c  -O3 -fomit-frame-pointer  (test for excess errors)
WARNING: program timed out.
FAIL: gcc.c-torture/compile/20001226-1.c  -O3 -g  (test for excess errors)
WARNING: program timed out.
FAIL: gcc.c-torture/compile/20001226-1.c  -Os  (test for excess errors)
FAIL: gcc.c-torture/execute/20000822-1.c execution,  -Os 
XPASS: gcc.c-torture/execute/20020227-1.c execution,  -O0 
XPASS: gcc.c-torture/execute/20020227-1.c execution,  -O1 
XPASS: gcc.c-torture/execute/20020227-1.c execution,  -O2 
XPASS: gcc.c-torture/execute/20020227-1.c execution,  -O3 -fomit-frame-pointer 
XPASS: gcc.c-torture/execute/20020227-1.c execution,  -O3 -g 
XPASS: gcc.c-torture/execute/20020227-1.c execution,  -Os 
FAIL: gcc.c-torture/execute/20020406-1.c execution,  -Os 
FAIL: gcc.c-torture/execute/20020412-1.c compilation,  -O0 
UNRESOLVED: gcc.c-torture/execute/20020412-1.c execution,  -O0 
FAIL: gcc.c-torture/execute/20020412-1.c compilation,  -O1 
UNRESOLVED: gcc.c-torture/execute/20020412-1.c execution,  -O1 
FAIL: gcc.c-torture/execute/20020412-1.c compilation,  -O2 
UNRESOLVED: gcc.c-torture/execute/20020412-1.c execution,  -O2 
FAIL: gcc.c-torture/execute/20020412-1.c compilation,  -O3 -fomit-frame-pointer 
UNRESOLVED: gcc.c-torture/execute/20020412-1.c execution,  -O3 -fomit-frame-pointer 
FAIL: gcc.c-torture/execute/20020412-1.c compilation,  -O3 -fomit-frame-pointer -funroll-loops 
UNRESOLVED: gcc.c-torture/execute/20020412-1.c execution,  -O3 -fomit-frame-pointer -funroll-loops 
FAIL: gcc.c-torture/execute/20020412-1.c compilation,  -O3 -fomit-frame-pointer -funroll-all-loops -finline-functions 
UNRESOLVED: gcc.c-torture/execute/20020412-1.c execution,  -O3 -fomit-frame-pointer -funroll-all-loops -finline-functions 
FAIL: gcc.c-torture/execute/20020412-1.c compilation,  -O3 -g 
UNRESOLVED: gcc.c-torture/execute/20020412-1.c execution,  -O3 -g 
FAIL: gcc.c-torture/execute/20020412-1.c compilation,  -Os 
UNRESOLVED: gcc.c-torture/execute/20020412-1.c execution,  -Os 
FAIL: gcc.c-torture/execute/20020720-1.c compilation,  -O1 
UNRESOLVED: gcc.c-torture/execute/20020720-1.c execution,  -O1 
FAIL: gcc.c-torture/execute/20020720-1.c compilation,  -O2 
UNRESOLVED: gcc.c-torture/execute/20020720-1.c execution,  -O2 
FAIL: gcc.c-torture/execute/20020720-1.c compilation,  -O3 -fomit-frame-pointer 
UNRESOLVED: gcc.c-torture/execute/20020720-1.c execution,  -O3 -fomit-frame-pointer 
FAIL: gcc.c-torture/execute/20020720-1.c compilation,  -O3 -g 
UNRESOLVED: gcc.c-torture/execute/20020720-1.c execution,  -O3 -g 
FAIL: gcc.c-torture/execute/20020720-1.c compilation,  -Os 
UNRESOLVED: gcc.c-torture/execute/20020720-1.c execution,  -Os 
FAIL: gcc.c-torture/execute/nestfunc-3.c execution,  -Os 
FAIL: gcc.c-torture/execute/nestfunc-5.c execution,  -Os 
FAIL: gcc.c-torture/execute/nestfunc-6.c execution,  -Os 
FAIL: gcc.c-torture/execute/ieee/compare-fp-1.c execution,  -O3 -fomit-frame-pointer 
FAIL: gcc.c-torture/execute/ieee/compare-fp-1.c execution,  -O3 -g 
FAIL: gcc.c-torture/execute/ieee/compare-fp-4.c execution,  -O3 -fomit-frame-pointer 
FAIL: gcc.c-torture/execute/ieee/compare-fp-4.c execution,  -O3 -g 
FAIL: gcc.c-torture/execute/ieee/fp-cmp-4f.c execution,  -O3 -fomit-frame-pointer 
FAIL: gcc.c-torture/execute/ieee/fp-cmp-4f.c execution,  -O3 -g 
FAIL: gcc.dg/debug/dwarf2/dwarf-die7.c scan-assembler 1.*DW_AT_inline
FAIL: gcc.dg/20021014-1.c (test for excess errors)
FAIL: gcc.dg/builtins-20.c (test for excess errors)
FAIL: gcc.dg/c90-const-expr-3.c (test for excess errors)
FAIL: gcc.dg/c99-complit-2.c non-const (test for errors, line 40)
FAIL: gcc.dg/c99-complit-2.c non-const (test for errors, line 42)
FAIL: gcc.dg/c99-complit-2.c non-const (test for errors, line 46)
FAIL: gcc.dg/c99-complit-2.c struct bad init (test for errors, line 51)
FAIL: gcc.dg/c99-complit-2.c union bad init (test for errors, line 53)
FAIL: gcc.dg/c99-complit-2.c array bad init (test for errors, line 58)
FAIL: gcc.dg/c99-complit-2.c array bad init (test for errors, line 66)
FAIL: gcc.dg/c99-complit-2.c (test for excess errors)
FAIL: gcc.dg/c99-const-expr-3.c (test for excess errors)
FAIL: gcc.dg/nest.c (test for excess errors)
FAIL: gcc.dg/pr14963.c parameter names (test for warnings, line 1)
FAIL: gcc.dg/pr14963.c data definition (test for warnings, line 1)
XPASS: gcc.dg/setjmp-1.c spurious clobbered warning (test for bogus messages, line 16)
FAIL: gcc.dg/uninit-H.c  (test for bogus messages, line 20)
FAIL: gcc.dg/va-arg-3.c (test for excess errors)
FAIL: gcc.dg/torture/builtin-convert-1.c  -O1  (test for excess errors)
FAIL: gcc.dg/torture/builtin-convert-1.c  -O2  (test for excess errors)
FAIL: gcc.dg/torture/builtin-convert-1.c  -O3 -fomit-frame-pointer  (test for excess errors)
FAIL: gcc.dg/torture/builtin-convert-1.c  -O3 -g  (test for excess errors)
FAIL: gcc.dg/torture/builtin-convert-1.c  -Os  (test for excess errors)
FAIL: gcc.dg/torture/builtin-convert-2.c  -O1  (test for excess errors)
FAIL: gcc.dg/torture/builtin-convert-2.c  -O2  (test for excess errors)
FAIL: gcc.dg/torture/builtin-convert-2.c  -O3 -fomit-frame-pointer  (test for excess errors)
FAIL: gcc.dg/torture/builtin-convert-2.c  -O3 -g  (test for excess errors)
FAIL: gcc.dg/torture/builtin-convert-2.c  -Os  (test for excess errors)
FAIL: gcc.dg/torture/builtin-convert-3.c  -O1  (test for excess errors)
FAIL: gcc.dg/torture/builtin-convert-3.c  -O2  (test for excess errors)
FAIL: gcc.dg/torture/builtin-convert-3.c  -O3 -fomit-frame-pointer  (test for excess errors)
FAIL: gcc.dg/torture/builtin-convert-3.c  -O3 -g  (test for excess errors)
FAIL: gcc.dg/torture/builtin-convert-3.c  -Os  (test for excess errors)
FAIL: gcc.dg/torture/builtin-power-1.c  -O0  (test for excess errors)
FAIL: gcc.dg/torture/builtin-power-1.c  -O1  (test for excess errors)
FAIL: gcc.dg/torture/builtin-power-1.c  -O2  (test for excess errors)
FAIL: gcc.dg/torture/builtin-power-1.c  -O3 -fomit-frame-pointer  (test for excess errors)
FAIL: gcc.dg/torture/builtin-power-1.c  -O3 -g  (test for excess errors)
FAIL: gcc.dg/torture/builtin-power-1.c  -Os  (test for excess errors)
XPASS: gcc.dg/tree-ssa/20040204-1.c scan-tree-dump-times link_error 0

		=== gcc Summary for sh64/-m5-compact/-ml ===

# of expected passes		25925
# of unexpected failures	67
# of unexpected successes	8
# of expected failures		65
# of unresolved testcases	13
# of untested testcases		28
# of unsupported tests		383

		=== gcc Summary ===

# of expected passes		77730
# of unexpected failures	218
# of unexpected successes	12
# of expected failures		207
# of unresolved testcases	67
# of untested testcases		84
# of unsupported tests		1149
/swbuild/nightly/sh-elf-3.5-2004-07-09-2159/sh64-elf/gcc/xgcc  version 3.5.0-sh-elf 20040628 (experimental)

Host   is i686-pc-linux-gnu

		=== objc tests ===


Running target sh64
FAIL: objc/execute/bf-10.m execution,  -O0 
FAIL: objc/execute/bf-10.m execution,  -O1 
FAIL: objc/execute/bf-10.m execution,  -O2 
FAIL: objc/execute/bf-10.m execution,  -O3 -fomit-frame-pointer 
FAIL: objc/execute/bf-10.m execution,  -O3 -g 
FAIL: objc/execute/bf-10.m execution,  -Os 
FAIL: objc/execute/bf-11.m execution,  -O0 
FAIL: objc/execute/bf-11.m execution,  -O1 
FAIL: objc/execute/bf-11.m execution,  -O2 
FAIL: objc/execute/bf-11.m execution,  -O3 -fomit-frame-pointer 
FAIL: objc/execute/bf-11.m execution,  -O3 -g 
FAIL: objc/execute/bf-11.m execution,  -Os 
FAIL: objc/execute/bf-12.m execution,  -O0 
FAIL: objc/execute/bf-12.m execution,  -O1 
FAIL: objc/execute/bf-12.m execution,  -O2 
FAIL: objc/execute/bf-12.m execution,  -O3 -fomit-frame-pointer 
FAIL: objc/execute/bf-12.m execution,  -O3 -g 
FAIL: objc/execute/bf-12.m execution,  -Os 
FAIL: objc/execute/bf-5.m execution,  -O0 
FAIL: objc/execute/bf-5.m execution,  -O1 
FAIL: objc/execute/bf-5.m execution,  -O2 
FAIL: objc/execute/bf-5.m execution,  -O3 -fomit-frame-pointer 
FAIL: objc/execute/bf-5.m execution,  -O3 -g 
FAIL: objc/execute/bf-5.m execution,  -Os 
FAIL: objc/execute/bf-6.m execution,  -O0 
FAIL: objc/execute/bf-6.m execution,  -O1 
FAIL: objc/execute/bf-6.m execution,  -O2 
FAIL: objc/execute/bf-6.m execution,  -O3 -fomit-frame-pointer 
FAIL: objc/execute/bf-6.m execution,  -O3 -g 
FAIL: objc/execute/bf-6.m execution,  -Os 
FAIL: objc/execute/bf-7.m execution,  -O0 
FAIL: objc/execute/bf-7.m execution,  -O1 
FAIL: objc/execute/bf-7.m execution,  -O2 
FAIL: objc/execute/bf-7.m execution,  -O3 -fomit-frame-pointer 
FAIL: objc/execute/bf-7.m execution,  -O3 -g 
FAIL: objc/execute/bf-7.m execution,  -Os 
FAIL: objc/execute/bf-8.m execution,  -O0 
FAIL: objc/execute/bf-8.m execution,  -O1 
FAIL: objc/execute/bf-8.m execution,  -O2 
FAIL: objc/execute/bf-8.m execution,  -O3 -fomit-frame-pointer 
FAIL: objc/execute/bf-8.m execution,  -O3 -g 
FAIL: objc/execute/bf-8.m execution,  -Os 
FAIL: objc/execute/bf-9.m execution,  -O0 
FAIL: objc/execute/bf-9.m execution,  -O1 
FAIL: objc/execute/bf-9.m execution,  -O2 
FAIL: objc/execute/bf-9.m execution,  -O3 -fomit-frame-pointer 
FAIL: objc/execute/bf-9.m execution,  -O3 -g 
FAIL: objc/execute/bf-9.m execution,  -Os 

		=== objc Summary for sh64 ===

# of expected passes		1356
# of unexpected failures	48
# of unsupported tests		7

Running target sh64/-ml
FAIL: objc/execute/bf-10.m execution,  -O0 
FAIL: objc/execute/bf-10.m execution,  -O1 
FAIL: objc/execute/bf-10.m execution,  -O2 
FAIL: objc/execute/bf-10.m execution,  -O3 -fomit-frame-pointer 
FAIL: objc/execute/bf-10.m execution,  -O3 -g 
FAIL: objc/execute/bf-10.m execution,  -Os 
FAIL: objc/execute/bf-11.m execution,  -O0 
FAIL: objc/execute/bf-11.m execution,  -O1 
FAIL: objc/execute/bf-11.m execution,  -O2 
FAIL: objc/execute/bf-11.m execution,  -O3 -fomit-frame-pointer 
FAIL: objc/execute/bf-11.m execution,  -O3 -g 
FAIL: objc/execute/bf-11.m execution,  -Os 
FAIL: objc/execute/bf-12.m execution,  -O0 
FAIL: objc/execute/bf-12.m execution,  -O1 
FAIL: objc/execute/bf-12.m execution,  -O2 
FAIL: objc/execute/bf-12.m execution,  -O3 -fomit-frame-pointer 
FAIL: objc/execute/bf-12.m execution,  -O3 -g 
FAIL: objc/execute/bf-12.m execution,  -Os 
FAIL: objc/execute/bf-5.m execution,  -O0 
FAIL: objc/execute/bf-5.m execution,  -O1 
FAIL: objc/execute/bf-5.m execution,  -O2 
FAIL: objc/execute/bf-5.m execution,  -O3 -fomit-frame-pointer 
FAIL: objc/execute/bf-5.m execution,  -O3 -g 
FAIL: objc/execute/bf-5.m execution,  -Os 
FAIL: objc/execute/bf-6.m execution,  -O0 
FAIL: objc/execute/bf-6.m execution,  -O1 
FAIL: objc/execute/bf-6.m execution,  -O2 
FAIL: objc/execute/bf-6.m execution,  -O3 -fomit-frame-pointer 
FAIL: objc/execute/bf-6.m execution,  -O3 -g 
FAIL: objc/execute/bf-6.m execution,  -Os 
FAIL: objc/execute/bf-7.m execution,  -O0 
FAIL: objc/execute/bf-7.m execution,  -O1 
FAIL: objc/execute/bf-7.m execution,  -O2 
FAIL: objc/execute/bf-7.m execution,  -O3 -fomit-frame-pointer 
FAIL: objc/execute/bf-7.m execution,  -O3 -g 
FAIL: objc/execute/bf-7.m execution,  -Os 
FAIL: objc/execute/bf-8.m execution,  -O0 
FAIL: objc/execute/bf-8.m execution,  -O1 
FAIL: objc/execute/bf-8.m execution,  -O2 
FAIL: objc/execute/bf-8.m execution,  -O3 -fomit-frame-pointer 
FAIL: objc/execute/bf-8.m execution,  -O3 -g 
FAIL: objc/execute/bf-8.m execution,  -Os 
FAIL: objc/execute/bf-9.m execution,  -O0 
FAIL: objc/execute/bf-9.m execution,  -O1 
FAIL: objc/execute/bf-9.m execution,  -O2 
FAIL: objc/execute/bf-9.m execution,  -O3 -fomit-frame-pointer 
FAIL: objc/execute/bf-9.m execution,  -O3 -g 
FAIL: objc/execute/bf-9.m execution,  -Os 

		=== objc Summary for sh64/-ml ===

# of expected passes		1356
# of unexpected failures	48
# of unsupported tests		7

Running target sh64/-m5-compact/-ml
FAIL: objc/execute/bf-10.m execution,  -O0 
FAIL: objc/execute/bf-10.m execution,  -O1 
FAIL: objc/execute/bf-10.m execution,  -O2 
FAIL: objc/execute/bf-10.m execution,  -O3 -fomit-frame-pointer 
FAIL: objc/execute/bf-10.m execution,  -O3 -g 
FAIL: objc/execute/bf-10.m execution,  -Os 
FAIL: objc/execute/bf-11.m execution,  -O0 
FAIL: objc/execute/bf-11.m execution,  -O1 
FAIL: objc/execute/bf-11.m execution,  -O2 
FAIL: objc/execute/bf-11.m execution,  -O3 -fomit-frame-pointer 
FAIL: objc/execute/bf-11.m execution,  -O3 -g 
FAIL: objc/execute/bf-11.m execution,  -Os 
FAIL: objc/execute/bf-12.m execution,  -O0 
FAIL: objc/execute/bf-12.m execution,  -O1 
FAIL: objc/execute/bf-12.m execution,  -O2 
FAIL: objc/execute/bf-12.m execution,  -O3 -fomit-frame-pointer 
FAIL: objc/execute/bf-12.m execution,  -O3 -g 
FAIL: objc/execute/bf-12.m execution,  -Os 
FAIL: objc/execute/bf-5.m execution,  -O0 
FAIL: objc/execute/bf-5.m execution,  -O1 
FAIL: objc/execute/bf-5.m execution,  -O2 
FAIL: objc/execute/bf-5.m execution,  -O3 -fomit-frame-pointer 
FAIL: objc/execute/bf-5.m execution,  -O3 -g 
FAIL: objc/execute/bf-5.m execution,  -Os 
FAIL: objc/execute/bf-6.m execution,  -O0 
FAIL: objc/execute/bf-6.m execution,  -O1 
FAIL: objc/execute/bf-6.m execution,  -O2 
FAIL: objc/execute/bf-6.m execution,  -O3 -fomit-frame-pointer 
FAIL: objc/execute/bf-6.m execution,  -O3 -g 
FAIL: objc/execute/bf-6.m execution,  -Os 
FAIL: objc/execute/bf-7.m execution,  -O0 
FAIL: objc/execute/bf-7.m execution,  -O1 
FAIL: objc/execute/bf-7.m execution,  -O2 
FAIL: objc/execute/bf-7.m execution,  -O3 -fomit-frame-pointer 
FAIL: objc/execute/bf-7.m execution,  -O3 -g 
FAIL: objc/execute/bf-7.m execution,  -Os 
FAIL: objc/execute/bf-8.m execution,  -O0 
FAIL: objc/execute/bf-8.m execution,  -O1 
FAIL: objc/execute/bf-8.m execution,  -O2 
FAIL: objc/execute/bf-8.m execution,  -O3 -fomit-frame-pointer 
FAIL: objc/execute/bf-8.m execution,  -O3 -g 
FAIL: objc/execute/bf-8.m execution,  -Os 
FAIL: objc/execute/bf-9.m execution,  -O0 
FAIL: objc/execute/bf-9.m execution,  -O1 
FAIL: objc/execute/bf-9.m execution,  -O2 
FAIL: objc/execute/bf-9.m execution,  -O3 -fomit-frame-pointer 
FAIL: objc/execute/bf-9.m execution,  -O3 -g 
FAIL: objc/execute/bf-9.m execution,  -Os 

		=== objc Summary for sh64/-m5-compact/-ml ===

# of expected passes		1356
# of unexpected failures	48
# of unsupported tests		7

		=== objc Summary ===

# of expected passes		4068
# of unexpected failures	144
# of unsupported tests		21
/swbuild/nightly/sh-elf-3.5-2004-07-09-2159/sh64-elf/gcc/xgcc  version 3.5.0-sh-elf 20040628 (experimental)


Compiler version: 3.5.0-sh-elf 20040628 (experimental) 
Platform: sh64-unknown-elf
configure flags: --target=sh64-elf --with-headers --with-newlib --disable-gdb --enable-languages=c,c++,objc



More information about the Gcc-testresults mailing list