Results for 3.4.2 20040709 (prerelease) testsuite on i686-pc-linux-gnu

H.J. Lu hjl@gnu-psc.sc.intel.com
Sat Jul 10 03:43:00 GMT 2004


LAST_UPDATED: Fri Jul  9 22:05:15 UTC 2004

		=== acats tests ===

		=== acats Summary ===
# of expected passes		2305
# of unexpected failures	0
Native configuration is i686-pc-linux-gnu

		=== g++ tests ===


Running target unix
WARNING: g++.old-deja/g++.mike/p10769a.C compilation failed to produce executable
WARNING: g++.old-deja/g++.other/enum5.C compilation failed to produce executable
		=== g77 tests ===


Running target unix

		=== g77 Summary ===

# of expected passes		1812
/export/build/gnu/gcc-3.4/build-pentium4-linux/gcc/testsuite/../g77 version 3.4.2 20040709 (prerelease)

		=== gcc tests ===


Running target unix
FAIL: gcc.c-torture/execute/va-arg-25.c execution,  -Os 

		=== gcc Summary ===

# of expected passes		24747
# of unexpected failures	1
# of expected failures		70
# of untested testcases		7
# of unsupported tests		191
/export/build/gnu/gcc-3.4/build-pentium4-linux/gcc/xgcc version 3.4.2 20040709 (prerelease)

		=== objc tests ===


Running target unix

		=== objc Summary ===

# of expected passes		1352
# of unsupported tests		8
/export/build/gnu/gcc-3.4/build-pentium4-linux/gcc/xgcc version 3.4.2 20040709 (prerelease)

		=== libffi tests ===


Running target unix

		=== libffi Summary ===

# of expected passes		212
# of unsupported tests		2
		=== libjava tests ===


Running target unix
FAIL: linking simple

		=== libjava Summary ===

# of expected passes		3260
# of unexpected failures	1
# of expected failures		11
# of untested testcases		8

		=== libstdc++-v3 check-abi Summary ===

# of added symbols:		 301
# of missing symbols:		 284
# of incompatible symbols:	 284
		=== libstdc++ tests ===


Running target unix
FAIL: 22_locale/locale/cons/12658_thread.cc execution test
XPASS: 26_numerics/c99_classification_macros_c.cc (test for excess errors)

		=== libstdc++ Summary ===

# of expected passes		2695
# of unexpected failures	1
# of unexpected successes	1
# of expected failures		5

Compiler version: 3.4.2 20040709 (prerelease) 
Platform: i686-pc-linux-gnu
configure flags: --enable-clocale=gnu --with-system-zlib --with-demangler-in-ld --enable-shared --enable-threads=posix --enable-haifa --disable-checking --prefix=/usr/gcc-3.4 --with-local-prefix=/usr/local



More information about the Gcc-testresults mailing list