Results for 3.4.2 20040709 (prerelease) testsuite on hppa-unknown-linux-gnu

John David Anglin dave@gsyprf11.external.hp.com
Sat Jul 10 02:42:00 GMT 2004


LAST_UPDATED: Fri Jul  9 16:35:37 UTC 2004

		=== acats tests ===

		=== acats Summary ===
# of expected passes		1965
# of unexpected failures	0
# of unsupported tests		357
Native configuration is hppa-unknown-linux-gnu

		=== g++ tests ===


Running target unix
WARNING: g++.old-deja/g++.mike/p10769a.C compilation failed to produce executable
WARNING: g++.old-deja/g++.other/enum5.C compilation failed to produce executable
XPASS: g++.old-deja/g++.other/init5.C execution test
WARNING: g++.old-deja/g++.pt/friend44.C compilation failed to produce executable

		=== g++ Summary ===

# of expected passes		9543
# of unexpected successes	1
# of expected failures		68
# of unsupported tests		72
/home/dave/gcc-3.4/objdir/gcc/testsuite/../g++ version 3.4.2 20040709 (prerelease)

		=== g77 tests ===


Running target unix

		=== g77 Summary ===

# of expected passes		1800
# of unsupported tests		6
/home/dave/gcc-3.4/objdir/gcc/testsuite/../g77 version 3.4.2 20040709 (prerelease)

		=== gcc tests ===


Running target unix

		=== gcc Summary ===

# of expected passes		24265
# of expected failures		69
# of untested testcases		7
# of unsupported tests		327
/home/dave/gcc-3.4/objdir/gcc/xgcc version 3.4.2 20040709 (prerelease)

		=== objc tests ===


Running target unix

		=== objc Summary ===

# of expected passes		1352
# of unsupported tests		8
/home/dave/gcc-3.4/objdir/gcc/xgcc version 3.4.2 20040709 (prerelease)


		=== libstdc++-v3 check-abi Summary ===

# of added symbols:		 301
# of missing symbols:		 284
# of incompatible symbols:	 284
		=== libstdc++ tests ===


Running target unix
FAIL: 22_locale/messages/members/char/1.cc execution test
FAIL: 22_locale/messages/members/char/2.cc execution test
FAIL: 22_locale/messages/members/char/wrapped_env.cc execution test
FAIL: 22_locale/messages/members/char/wrapped_locale.cc execution test
FAIL: 22_locale/messages_byname/named_equivalence.cc execution test
XPASS: 26_numerics/c99_classification_macros_c.cc (test for excess errors)
WARNING: program timed out.
FAIL: thread/pthread4.cc execution test

		=== libstdc++ Summary ===

# of expected passes		2690
# of unexpected failures	6
# of unexpected successes	1
# of expected failures		5

Compiler version: 3.4.2 20040709 (prerelease) 
Platform: hppa-unknown-linux-gnu
configure flags: --with-gnu-as --with-as=/home/dave/opt/gnu/bin/as --with-gnu-ld --with-ld=/home/dave/opt/gnu/bin/ld --enable-shared --disable-nls --prefix=/home/dave/opt/gnu/gcc/gcc-3.4.2 --with-local-prefix=/home/dave/opt/gnu --enable-threads=posix --enable-__cxa_atexit --host=hppa-linux



More information about the Gcc-testresults mailing list