Results for 3.5.0 20040618 (experimental) testsuite on sparc-sun-solaris2.10
Rainer Orth
ro@TechFak.Uni-Bielefeld.DE
Fri Jul 9 18:08:00 GMT 2004
LAST_UPDATED: Fri Jun 18 17:40:38 UTC 2004
Native configuration is sparc-sun-solaris2.10
=== g++ tests ===
Running target unix
FAIL: g++.dg/ext/stmtexpr2.C execution test
FAIL: g++.dg/parse/stack1.C (test for excess errors)
FAIL: 258: expected branch percentages not found: 25
FAIL: g++.dg/gcov/gcov-1.C gcov: 0 failures in line counts, 1 in branch percentages, 0 in return percentages
FAIL: g++.old-deja/g++.eh/badalloc1.C execution test
WARNING: g++.old-deja/g++.mike/p10769a.C compilation failed to produce executable
WARNING: g++.old-deja/g++.other/enum5.C compilation failed to produce executable
FAIL: g++.old-deja/g++.other/warn7.C (test for warnings, line 38)
WARNING: g++.old-deja/g++.pt/friend44.C compilation failed to produce executable
=== g++ Summary for unix ===
# of expected passes 9769
# of unexpected failures 6
# of expected failures 81
# of unsupported tests 89
Running target unix/-m64
FAIL: g++.dg/ext/stmtexpr2.C execution test
FAIL: g++.dg/parse/stack1.C (test for excess errors)
FAIL: 258: expected branch percentages not found: 25
FAIL: g++.dg/gcov/gcov-1.C gcov: 0 failures in line counts, 1 in branch percentages, 0 in return percentages
FAIL: g++.old-deja/g++.benjamin/14664-2.C (test for excess errors)
FAIL: g++.old-deja/g++.eh/badalloc1.C execution test
WARNING: g++.old-deja/g++.mike/p10769a.C compilation failed to produce executable
FAIL: g++.old-deja/g++.other/copy1.C (test for excess errors)
WARNING: g++.old-deja/g++.other/copy1.C compilation failed to produce executable
WARNING: g++.old-deja/g++.other/enum5.C compilation failed to produce executable
FAIL: g++.old-deja/g++.other/warn7.C (test for warnings, line 38)
FAIL: g++.old-deja/g++.pt/crash51.C (test for excess errors)
WARNING: g++.old-deja/g++.pt/friend44.C compilation failed to produce executable
=== g++ Summary for unix/-m64 ===
# of expected passes 9765
# of unexpected failures 9
# of expected failures 81
# of unsupported tests 89
=== g++ Summary ===
# of expected passes 19534
# of unexpected failures 15
# of expected failures 162
# of unsupported tests 178
/amnt/figaro/volumes/obj-gcc/gcc/obj.sol2/gcc-3.5.0-20040618-10-gcc/gcc/testsuite/../g++ version 3.5.0 20040618 (experimental)
=== gcc tests ===
Running target unix
FAIL: gcc.c-torture/compile/20040323-1.c (test for excess errors)
FAIL: gcc.c-torture/compile/20040323-1.c (test for excess errors)
FAIL: gcc.c-torture/compile/20040323-1.c (test for excess errors)
FAIL: gcc.c-torture/compile/20040323-1.c (test for excess errors)
FAIL: gcc.c-torture/compile/20040323-1.c (test for excess errors)
FAIL: gcc.c-torture/compile/20040323-1.c (test for excess errors)
FAIL: gcc.dg/debug/dwarf2/dwarf-die7.c scan-assembler 1.*DW_AT_inline
FAIL: gcc.dg/20020425-1.c (test for excess errors)
FAIL: gcc.dg/c90-const-expr-3.c (test for excess errors)
FAIL: gcc.dg/c99-const-expr-3.c (test for excess errors)
FAIL: gcc.dg/noreturn-1.c detect return from noreturn (test for warnings, line 37)
FAIL: gcc.dg/noreturn-1.c (test for excess errors)
XPASS: gcc.dg/setjmp-1.c spurious clobbered warning (test for bogus messages, line 16)
FAIL: gcc.dg/titype-1.c TI (test for errors, line 5)
FAIL: gcc.dg/uninit-C.c TI (test for errors, line 7)
FAIL: gcc.dg/uninit-H.c (test for bogus messages, line 20)
UNRESOLVED: gcc.dg/visibility-1.c
UNRESOLVED: gcc.dg/visibility-2.c
UNRESOLVED: gcc.dg/visibility-3.c
UNRESOLVED: gcc.dg/visibility-4.c
UNRESOLVED: gcc.dg/visibility-5.c
UNRESOLVED: gcc.dg/visibility-6.c
UNRESOLVED: gcc.dg/visibility-7.c
UNRESOLVED: gcc.dg/visibility-8.c
FAIL: largefile.c (test for excess errors)
FAIL: largefile.c (test for excess errors)
FAIL: largefile.c (test for excess errors)
FAIL: largefile.c (test for excess errors)
FAIL: largefile.c (test for excess errors)
FAIL: largefile.c (test for excess errors)
FAIL: largefile.c (test for excess errors)
FAIL: 209: expected branch percentages not found: 25
FAIL: gcc.misc-tests/gcov-4b.c gcov: 0 failures in line counts, 1 in branch percentages, 0 in return percentages
=== gcc Summary for unix ===
# of expected passes 25992
# of unexpected failures 24
# of unexpected successes 1
# of expected failures 67
# of unresolved testcases 8
# of untested testcases 35
# of unsupported tests 351
Running target unix/-m64
FAIL: gcc.c-torture/compile/20040323-1.c (test for excess errors)
FAIL: gcc.c-torture/compile/20040323-1.c (test for excess errors)
FAIL: gcc.c-torture/compile/20040323-1.c (test for excess errors)
FAIL: gcc.c-torture/compile/20040323-1.c (test for excess errors)
FAIL: gcc.c-torture/compile/20040323-1.c (test for excess errors)
FAIL: gcc.c-torture/compile/20040323-1.c (test for excess errors)
FAIL: gcc.c-torture/execute/loop-14.c execution, -Os
FAIL: gcc.c-torture/execute/simd-5.c compilation, -O0
UNRESOLVED: gcc.c-torture/execute/simd-5.c execution, -O0
FAIL: gcc.dg/debug/dwarf2/dwarf-die7.c scan-assembler 1.*DW_AT_inline
FAIL: gcc.dg/20020425-1.c (test for excess errors)
FAIL: gcc.dg/c90-const-expr-3.c (test for excess errors)
FAIL: gcc.dg/c99-const-expr-3.c (test for excess errors)
FAIL: gcc.dg/noreturn-1.c detect return from noreturn (test for warnings, line 37)
FAIL: gcc.dg/noreturn-1.c (test for excess errors)
XPASS: gcc.dg/setjmp-1.c spurious clobbered warning (test for bogus messages, line 16)
FAIL: gcc.dg/titype-1.c TI (test for errors, line 5)
FAIL: gcc.dg/uninit-C.c TI (test for errors, line 7)
FAIL: gcc.dg/uninit-H.c (test for bogus messages, line 20)
UNRESOLVED: gcc.dg/visibility-1.c
UNRESOLVED: gcc.dg/visibility-2.c
UNRESOLVED: gcc.dg/visibility-3.c
UNRESOLVED: gcc.dg/visibility-4.c
UNRESOLVED: gcc.dg/visibility-5.c
UNRESOLVED: gcc.dg/visibility-6.c
UNRESOLVED: gcc.dg/visibility-7.c
UNRESOLVED: gcc.dg/visibility-8.c
FAIL: largefile.c (test for excess errors)
FAIL: largefile.c (test for excess errors)
FAIL: largefile.c (test for excess errors)
FAIL: largefile.c (test for excess errors)
FAIL: largefile.c (test for excess errors)
FAIL: largefile.c (test for excess errors)
FAIL: largefile.c (test for excess errors)
FAIL: 209: expected branch percentages not found: 25
FAIL: gcc.misc-tests/gcov-4b.c gcov: 0 failures in line counts, 1 in branch percentages, 0 in return percentages
=== gcc Summary for unix/-m64 ===
# of expected passes 25981
# of unexpected failures 26
# of unexpected successes 1
# of expected failures 73
# of unresolved testcases 9
# of untested testcases 35
# of unsupported tests 351
=== gcc Summary ===
# of expected passes 51973
# of unexpected failures 50
# of unexpected successes 2
# of expected failures 140
# of unresolved testcases 17
# of untested testcases 70
# of unsupported tests 702
/amnt/figaro/volumes/obj-gcc/gcc/obj.sol2/gcc-3.5.0-20040618-10-gcc/gcc/xgcc version 3.5.0 20040618 (experimental)
=== objc tests ===
Running target unix
=== objc Summary for unix ===
# of expected passes 1404
# of unsupported tests 7
Running target unix/-m64
=== objc Summary for unix/-m64 ===
# of expected passes 1404
# of unsupported tests 7
=== objc Summary ===
# of expected passes 2808
# of unsupported tests 14
/amnt/figaro/volumes/obj-gcc/gcc/obj.sol2/gcc-3.5.0-20040618-10-gcc/gcc/xgcc version 3.5.0 20040618 (experimental)
=== libffi tests ===
Running target unix
=== libffi Summary for unix ===
# of expected passes 212
# of unsupported tests 2
Running target unix/-m64
=== libffi Summary for unix/-m64 ===
# of expected passes 212
# of unsupported tests 2
=== libffi Summary ===
# of expected passes 424
# of unsupported tests 4
=== libjava tests ===
Running target unix
FAIL: Array_3 execution - gij test
FAIL: Array_3 execution - gij test
FAIL: FileHandleGcTest execution - source compiled test
FAIL: FileHandleGcTest execution - gij test
FAIL: FileHandleGcTest execution - bytecode->native test
FAIL: FileHandleGcTest -O3 execution - source compiled test
FAIL: FileHandleGcTest execution - gij test
FAIL: FileHandleGcTest -O3 execution - bytecode->native test
FAIL: SyncTest execution - gij test
FAIL: SyncTest execution - gij test
FAIL: TLtest execution - gij test
FAIL: Thread_Join execution - gij test
FAIL: Thread_Join execution - gij test
FAIL: Thread_Monitor execution - gij test
FAIL: Thread_Wait_Interrupt execution - gij test
FAIL: Thread_Wait_Interrupt execution - gij test
FAIL: Throw_2 execution - source compiled test
FAIL: Throw_2 execution - gij test
FAIL: Throw_2 execution - bytecode->native test
FAIL: Throw_2 -O3 execution - source compiled test
FAIL: Throw_2 execution - gij test
FAIL: Throw_2 -O3 execution - bytecode->native test
=== libjava Summary for unix ===
# of expected passes 3325
# of unexpected failures 22
# of expected failures 14
# of untested testcases 38
Running target unix/-m64
WARNING: program timed out.
FAIL: PR9577 run
WARNING: program timed out.
FAIL: longfield run
WARNING: program timed out.
FAIL: shortfield run
WARNING: program timed out.
FAIL: simple run
WARNING: program timed out.
FAIL: /vol/gnu/src/gcc/gcc-dist/libjava/testsuite/libjava.jar/simple.jar execution - gij test
WARNING: program timed out.
FAIL: PR15133 run
WARNING: program timed out.
FAIL: calls run
WARNING: program timed out.
FAIL: cxxtest run
WARNING: program timed out.
FAIL: field run
WARNING: program timed out.
FAIL: final_method run
WARNING: program timed out.
FAIL: findclass run
WARNING: program timed out.
FAIL: invoke run
WARNING: program timed out.
FAIL: jniutf run
WARNING: program timed out.
FAIL: martin run
WARNING: program timed out.
FAIL: noclass run
WARNING: program timed out.
FAIL: overload run
WARNING: program timed out.
FAIL: pr11951 run
WARNING: program timed out.
FAIL: register run
WARNING: program timed out.
FAIL: simple_int run
WARNING: program timed out.
FAIL: throwit run
WARNING: program timed out.
FAIL: virtual run
WARNING: program timed out.
FAIL: ArrayStore execution - source compiled test
WARNING: program timed out.
FAIL: ArrayStore execution - gij test
WARNING: program timed out.
FAIL: ArrayStore execution - bytecode->native test
WARNING: program timed out.
FAIL: ArrayStore -O3 execution - source compiled test
WARNING: program timed out.
FAIL: ArrayStore execution - gij test
WARNING: program timed out.
FAIL: ArrayStore -O3 execution - bytecode->native test
WARNING: program timed out.
FAIL: ArrayStore2 execution - source compiled test
WARNING: program timed out.
FAIL: ArrayStore2 execution - gij test
WARNING: program timed out.
FAIL: ArrayStore2 execution - bytecode->native test
WARNING: program timed out.
FAIL: ArrayStore2 -O3 execution - source compiled test
WARNING: program timed out.
FAIL: ArrayStore2 execution - gij test
WARNING: program timed out.
FAIL: ArrayStore2 -O3 execution - bytecode->native test
WARNING: program timed out.
FAIL: Array_1 execution - source compiled test
WARNING: program timed out.
FAIL: Array_1 execution - gij test
WARNING: program timed out.
FAIL: Array_1 execution - bytecode->native test
WARNING: program timed out.
FAIL: Array_1 -O3 execution - source compiled test
WARNING: program timed out.
FAIL: Array_1 execution - gij test
WARNING: program timed out.
FAIL: Array_1 -O3 execution - bytecode->native test
WARNING: program timed out.
FAIL: Array_2 execution - source compiled test
WARNING: program timed out.
FAIL: Array_2 execution - gij test
WARNING: program timed out.
FAIL: Array_2 execution - bytecode->native test
WARNING: program timed out.
FAIL: Array_2 -O3 execution - source compiled test
WARNING: program timed out.
FAIL: Array_2 execution - gij test
WARNING: program timed out.
FAIL: Array_2 -O3 execution - bytecode->native test
WARNING: program timed out.
FAIL: Array_3 execution - source compiled test
WARNING: program timed out.
FAIL: Array_3 execution - gij test
WARNING: program timed out.
FAIL: Array_3 execution - bytecode->native test
WARNING: program timed out.
FAIL: Array_3 -O3 execution - source compiled test
WARNING: program timed out.
FAIL: Array_3 execution - gij test
WARNING: program timed out.
FAIL: Array_3 -O3 execution - bytecode->native test
WARNING: program timed out.
FAIL: Class_1 execution - source compiled test
WARNING: program timed out.
FAIL: Class_1 execution - gij test
WARNING: program timed out.
FAIL: Class_1 execution - bytecode->native test
WARNING: program timed out.
FAIL: Class_1 -O3 execution - source compiled test
WARNING: program timed out.
FAIL: Class_1 execution - gij test
WARNING: program timed out.
FAIL: Class_1 -O3 execution - bytecode->native test
WARNING: program timed out.
FAIL: CompareNaN execution - source compiled test
WARNING: program timed out.
FAIL: CompareNaN execution - gij test
WARNING: program timed out.
FAIL: CompareNaN execution - bytecode->native test
WARNING: program timed out.
FAIL: CompareNaN -O3 execution - source compiled test
WARNING: program timed out.
FAIL: CompareNaN execution - gij test
WARNING: program timed out.
FAIL: CompareNaN -O3 execution - bytecode->native test
WARNING: program timed out.
FAIL: Divide_1 execution - source compiled test
WARNING: program timed out.
FAIL: Divide_1 execution - gij test
WARNING: program timed out.
FAIL: Divide_1 execution - bytecode->native test
WARNING: program timed out.
FAIL: Divide_1 -O3 execution - source compiled test
WARNING: program timed out.
FAIL: Divide_1 execution - gij test
WARNING: program timed out.
FAIL: Divide_1 -O3 execution - bytecode->native test
WARNING: program timed out.
FAIL: EvaluationOrder execution - source compiled test
WARNING: program timed out.
FAIL: EvaluationOrder execution - gij test
WARNING: program timed out.
FAIL: EvaluationOrder execution - bytecode->native test
WARNING: program timed out.
FAIL: EvaluationOrder -O3 execution - source compiled test
WARNING: program timed out.
FAIL: EvaluationOrder execution - gij test
WARNING: program timed out.
FAIL: EvaluationOrder -O3 execution - bytecode->native test
WARNING: program timed out.
FAIL: FileHandleGcTest execution - source compiled test
WARNING: program timed out.
FAIL: FileHandleGcTest execution - gij test
WARNING: program timed out.
FAIL: FileHandleGcTest execution - bytecode->native test
WARNING: program timed out.
FAIL: FileHandleGcTest -O3 execution - source compiled test
WARNING: program timed out.
FAIL: FileHandleGcTest execution - gij test
WARNING: program timed out.
FAIL: FileHandleGcTest -O3 execution - bytecode->native test
WARNING: program timed out.
FAIL: Final execution - source compiled test
WARNING: program timed out.
FAIL: Final execution - gij test
WARNING: program timed out.
FAIL: Final execution - bytecode->native test
WARNING: program timed out.
FAIL: Final -O3 execution - source compiled test
WARNING: program timed out.
FAIL: Final execution - gij test
WARNING: program timed out.
FAIL: Final -O3 execution - bytecode->native test
WARNING: program timed out.
FAIL: Float_1 execution - source compiled test
WARNING: program timed out.
FAIL: Float_1 execution - gij test
WARNING: program timed out.
FAIL: Float_1 execution - bytecode->native test
WARNING: program timed out.
FAIL: Float_1 -O3 execution - source compiled test
WARNING: program timed out.
FAIL: Float_1 execution - gij test
WARNING: program timed out.
FAIL: Float_1 -O3 execution - bytecode->native test
WARNING: program timed out.
FAIL: G19990301_01 execution - source compiled test
WARNING: program timed out.
FAIL: G19990301_01 execution - gij test
WARNING: program timed out.
FAIL: G19990301_01 execution - bytecode->native test
WARNING: program timed out.
FAIL: G19990301_01 -O3 execution - source compiled test
WARNING: program timed out.
FAIL: G19990301_01 execution - gij test
WARNING: program timed out.
FAIL: G19990301_01 -O3 execution - bytecode->native test
WARNING: program timed out.
FAIL: G19990302_02 execution - source compiled test
WARNING: program timed out.
FAIL: G19990302_02 execution - gij test
WARNING: program timed out.
FAIL: G19990302_02 execution - bytecode->native test
WARNING: program timed out.
FAIL: G19990302_02 -O3 execution - source compiled test
WARNING: program timed out.
FAIL: G19990302_02 execution - gij test
WARNING: program timed out.
FAIL: G19990302_02 -O3 execution - bytecode->native test
WARNING: program timed out.
FAIL: G19990303_01 execution - source compiled test
WARNING: program timed out.
FAIL: G19990303_01 execution - gij test
WARNING: program timed out.
FAIL: G19990303_01 execution - bytecode->native test
WARNING: program timed out.
FAIL: G19990303_01 -O3 execution - source compiled test
WARNING: program timed out.
FAIL: G19990303_01 execution - gij test
WARNING: program timed out.
FAIL: G19990303_01 -O3 execution - bytecode->native test
WARNING: program timed out.
FAIL: G19990303_02 execution - source compiled test
WARNING: program timed out.
FAIL: G19990303_02 execution - gij test
WARNING: program timed out.
FAIL: G19990303_02 execution - bytecode->native test
WARNING: program timed out.
FAIL: G19990303_02 -O3 execution - source compiled test
WARNING: program timed out.
FAIL: G19990303_02 execution - gij test
WARNING: program timed out.
FAIL: G19990303_02 -O3 execution - bytecode->native test
WARNING: program timed out.
FAIL: G19990304_01 execution - source compiled test
WARNING: program timed out.
FAIL: G19990304_01 execution - gij test
WARNING: program timed out.
FAIL: G19990304_01 execution - bytecode->native test
WARNING: program timed out.
FAIL: G19990304_01 -O3 execution - source compiled test
WARNING: program timed out.
FAIL: G19990304_01 execution - gij test
WARNING: program timed out.
FAIL: G19990304_01 -O3 execution - bytecode->native test
WARNING: program timed out.
FAIL: G19990310_01 execution - source compiled test
WARNING: program timed out.
FAIL: G19990310_01 execution - gij test
WARNING: program timed out.
FAIL: G19990310_01 execution - bytecode->native test
WARNING: program timed out.
FAIL: G19990310_01 -O3 execution - source compiled test
WARNING: program timed out.
FAIL: G19990310_01 execution - gij test
WARNING: program timed out.
FAIL: G19990310_01 -O3 execution - bytecode->native test
WARNING: program timed out.
FAIL: II execution - source compiled test
WARNING: program timed out.
FAIL: II execution - gij test
WARNING: program timed out.
FAIL: II execution - bytecode->native test
WARNING: program timed out.
FAIL: II -O3 execution - source compiled test
WARNING: program timed out.
FAIL: II execution - gij test
WARNING: program timed out.
FAIL: II -O3 execution - bytecode->native test
WARNING: program timed out.
FAIL: InterfaceDispatch execution - source compiled test
WARNING: program timed out.
FAIL: InterfaceDispatch execution - gij test
WARNING: program timed out.
FAIL: InterfaceDispatch execution - bytecode->native test
WARNING: program timed out.
FAIL: InterfaceDispatch -O3 execution - source compiled test
WARNING: program timed out.
FAIL: InterfaceDispatch execution - gij test
WARNING: program timed out.
FAIL: InterfaceDispatch -O3 execution - bytecode->native test
WARNING: program timed out.
FAIL: InvokeInterface execution - source compiled test
WARNING: program timed out.
FAIL: InvokeInterface execution - gij test
WARNING: program timed out.
FAIL: InvokeInterface execution - bytecode->native test
WARNING: program timed out.
FAIL: InvokeInterface -O3 execution - source compiled test
WARNING: program timed out.
FAIL: InvokeInterface execution - gij test
WARNING: program timed out.
FAIL: InvokeInterface -O3 execution - bytecode->native test
WARNING: program timed out.
FAIL: InvokeReturn execution - source compiled test
WARNING: program timed out.
FAIL: InvokeReturn execution - gij test
WARNING: program timed out.
FAIL: InvokeReturn execution - bytecode->native test
WARNING: program timed out.
FAIL: InvokeReturn -O3 execution - source compiled test
WARNING: program timed out.
FAIL: InvokeReturn execution - gij test
WARNING: program timed out.
FAIL: InvokeReturn -O3 execution - bytecode->native test
WARNING: program timed out.
FAIL: Invoke_1 execution - source compiled test
WARNING: program timed out.
FAIL: Invoke_1 execution - gij test
WARNING: program timed out.
FAIL: Invoke_1 execution - bytecode->native test
WARNING: program timed out.
FAIL: Invoke_1 -O3 execution - source compiled test
WARNING: program timed out.
FAIL: Invoke_1 execution - gij test
WARNING: program timed out.
FAIL: Invoke_1 -O3 execution - bytecode->native test
WARNING: program timed out.
FAIL: Invoke_2 execution - source compiled test
WARNING: program timed out.
FAIL: Invoke_2 execution - gij test
WARNING: program timed out.
FAIL: Invoke_2 execution - bytecode->native test
WARNING: program timed out.
FAIL: Invoke_2 -O3 execution - source compiled test
WARNING: program timed out.
FAIL: Invoke_2 execution - gij test
WARNING: program timed out.
FAIL: Invoke_2 -O3 execution - bytecode->native test
WARNING: program timed out.
FAIL: KeepInline execution - source compiled test
WARNING: program timed out.
FAIL: KeepInline execution - gij test
WARNING: program timed out.
FAIL: KeepInline execution - bytecode->native test
WARNING: program timed out.
FAIL: KeepInline -O3 execution - source compiled test
WARNING: program timed out.
FAIL: KeepInline execution - gij test
WARNING: program timed out.
FAIL: KeepInline -O3 execution - bytecode->native test
WARNING: program timed out.
FAIL: MathBuiltin execution - source compiled test
=== libjava Summary ===
# of expected passes 4096
# of unexpected failures 194
# of expected failures 18
# of untested testcases 218
=== libstdc++ tests ===
Running target unix
FAIL: 26_numerics/c99_classification_macros_c++.cc (test for excess errors)
FAIL: 26_numerics/c99_classification_macros_c.cc (test for excess errors)
=== libstdc++ Summary for unix ===
# of expected passes 2690
# of unexpected failures 2
# of expected failures 6
Running target unix/-m64
FAIL: 21_strings/basic_string/append/char/1.cc (test for excess errors)
WARNING: 21_strings/basic_string/append/char/1.cc compilation failed to produce executable
FAIL: 21_strings/basic_string/cons/char/1.cc (test for excess errors)
WARNING: 21_strings/basic_string/cons/char/1.cc compilation failed to produce executable
FAIL: 21_strings/basic_string/find/wchar_t/1.cc (test for excess errors)
WARNING: 21_strings/basic_string/find/wchar_t/1.cc compilation failed to produce executable
FAIL: 21_strings/basic_string/find/wchar_t/2.cc (test for excess errors)
WARNING: 21_strings/basic_string/find/wchar_t/2.cc compilation failed to produce executable
FAIL: 21_strings/basic_string/inserters_extractors/char/10.cc (test for excess errors)
WARNING: 21_strings/basic_string/inserters_extractors/char/10.cc compilation failed to produce executable
FAIL: 21_strings/basic_string/inserters_extractors/char/11.cc (test for excess errors)
WARNING: 21_strings/basic_string/inserters_extractors/char/11.cc compilation failed to produce executable
FAIL: 21_strings/basic_string/inserters_extractors/char/5.cc (test for excess errors)
WARNING: 21_strings/basic_string/inserters_extractors/char/5.cc compilation failed to produce executable
FAIL: 21_strings/basic_string/inserters_extractors/wchar_t/10.cc (test for excess errors)
WARNING: 21_strings/basic_string/inserters_extractors/wchar_t/10.cc compilation failed to produce executable
FAIL: 21_strings/basic_string/inserters_extractors/wchar_t/11.cc (test for excess errors)
WARNING: 21_strings/basic_string/inserters_extractors/wchar_t/11.cc compilation failed to produce executable
FAIL: 21_strings/basic_string/inserters_extractors/wchar_t/5.cc (test for excess errors)
WARNING: 21_strings/basic_string/inserters_extractors/wchar_t/5.cc compilation failed to produce executable
FAIL: 21_strings/basic_string/replace/char/1.cc (test for excess errors)
WARNING: 21_strings/basic_string/replace/char/1.cc compilation failed to produce executable
FAIL: 21_strings/basic_string/rfind/wchar_t/1.cc (test for excess errors)
WARNING: 21_strings/basic_string/rfind/wchar_t/1.cc compilation failed to produce executable
FAIL: 21_strings/basic_string/substr/char/1.cc (test for excess errors)
WARNING: 21_strings/basic_string/substr/char/1.cc compilation failed to produce executable
FAIL: 21_strings/char_traits/requirements/char/1.cc (test for excess errors)
WARNING: 21_strings/char_traits/requirements/char/1.cc compilation failed to produce executable
FAIL: 26_numerics/c99_classification_macros_c++.cc (test for excess errors)
FAIL: 26_numerics/c99_classification_macros_c.cc (test for excess errors)
FAIL: 27_io/basic_filebuf/imbue/char/2.cc (test for excess errors)
WARNING: 27_io/basic_filebuf/imbue/char/2.cc compilation failed to produce executable
FAIL: 27_io/basic_filebuf/imbue/wchar_t/2.cc (test for excess errors)
WARNING: 27_io/basic_filebuf/imbue/wchar_t/2.cc compilation failed to produce executable
FAIL: 27_io/basic_filebuf/seekoff/wchar_t/1.cc (test for excess errors)
WARNING: 27_io/basic_filebuf/seekoff/wchar_t/1.cc compilation failed to produce executable
FAIL: 27_io/basic_filebuf/seekoff/wchar_t/2.cc (test for excess errors)
WARNING: 27_io/basic_filebuf/seekoff/wchar_t/2.cc compilation failed to produce executable
FAIL: 27_io/basic_filebuf/seekpos/wchar_t/9874.cc (test for excess errors)
WARNING: 27_io/basic_filebuf/seekpos/wchar_t/9874.cc compilation failed to produce executable
FAIL: 27_io/basic_filebuf/underflow/wchar_t/1.cc (test for excess errors)
WARNING: 27_io/basic_filebuf/underflow/wchar_t/1.cc compilation failed to produce executable
FAIL: 27_io/basic_filebuf/underflow/wchar_t/2.cc (test for excess errors)
WARNING: 27_io/basic_filebuf/underflow/wchar_t/2.cc compilation failed to produce executable
FAIL: 27_io/basic_filebuf/underflow/wchar_t/3.cc (test for excess errors)
WARNING: 27_io/basic_filebuf/underflow/wchar_t/3.cc compilation failed to produce executable
FAIL: 27_io/basic_istream/extractors_other/char/2.cc (test for excess errors)
WARNING: 27_io/basic_istream/extractors_other/char/2.cc compilation failed to produce executable
FAIL: 27_io/basic_istream/getline/char/5.cc (test for excess errors)
WARNING: 27_io/basic_istream/getline/char/5.cc compilation failed to produce executable
FAIL: 27_io/basic_istream/ignore/char/2.cc (test for excess errors)
WARNING: 27_io/basic_istream/ignore/char/2.cc compilation failed to produce executable
FAIL: 27_io/basic_istream/peek/char/6414.cc (test for excess errors)
WARNING: 27_io/basic_istream/peek/char/6414.cc compilation failed to produce executable
FAIL: 27_io/basic_istream/seekg/char/fstream.cc (test for excess errors)
WARNING: 27_io/basic_istream/seekg/char/fstream.cc compilation failed to produce executable
FAIL: 27_io/basic_istream/seekg/char/sstream.cc (test for excess errors)
WARNING: 27_io/basic_istream/seekg/char/sstream.cc compilation failed to produce executable
FAIL: 27_io/basic_istream/tellg/char/1.cc (test for excess errors)
WARNING: 27_io/basic_istream/tellg/char/1.cc compilation failed to produce executable
FAIL: 27_io/basic_istream/tellg/char/fstream.cc (test for excess errors)
WARNING: 27_io/basic_istream/tellg/char/fstream.cc compilation failed to produce executable
FAIL: 27_io/basic_istream/tellg/char/sstream.cc (test for excess errors)
WARNING: 27_io/basic_istream/tellg/char/sstream.cc compilation failed to produce executable
FAIL: 27_io/basic_ostream/inserters_character/char/1.cc (test for excess errors)
WARNING: 27_io/basic_ostream/inserters_character/char/1.cc compilation failed to produce executable
FAIL: 27_io/basic_ostream/tellp/char/1.cc (test for excess errors)
WARNING: 27_io/basic_ostream/tellp/char/1.cc compilation failed to produce executable
FAIL: 27_io/basic_stringbuf/sgetn/char/1.cc (test for excess errors)
WARNING: 27_io/basic_stringbuf/sgetn/char/1.cc compilation failed to produce executable
XPASS: 27_io/fpos/14320-1.cc execution test
=== libstdc++ Summary for unix/-m64 ===
# of expected passes 2622
# of unexpected failures 36
# of unexpected successes 1
# of expected failures 5
=== libstdc++ Summary ===
# of expected passes 5312
# of unexpected failures 38
# of unexpected successes 1
# of expected failures 11
Compiler version: 3.5.0 20040618 (experimental)
Platform: sparc-sun-solaris2.10
configure flags: --prefix=/vol/gcc --with-local-prefix=/vol/gcc --disable-nls --disable-libmudflap --enable-languages=c,c++,java,objc
More information about the Gcc-testresults
mailing list